[INFO] fetching crate winres 0.1.11...
[INFO] testing winres-0.1.11 against 1.54.0 for beta-1.55-1
[INFO] extracting crate winres 0.1.11 into /workspace/builds/worker-11/source
[INFO] validating manifest of crates.io crate winres 0.1.11 on toolchain 1.54.0
[INFO] running `Command { std: "/workspace/cargo-home/bin/cargo" "+1.54.0" "metadata" "--manifest-path" "Cargo.toml" "--no-deps", kill_on_drop: false }`
[INFO] started tweaking crates.io crate winres 0.1.11
[INFO] finished tweaking crates.io crate winres 0.1.11
[INFO] tweaked toml for crates.io crate winres 0.1.11 written to /workspace/builds/worker-11/source/Cargo.toml
[INFO] running `Command { std: "/workspace/cargo-home/bin/cargo" "+1.54.0" "generate-lockfile" "--manifest-path" "Cargo.toml" "-Zno-index-update", kill_on_drop: false }`
[INFO] running `Command { std: "/workspace/cargo-home/bin/cargo" "+1.54.0" "fetch" "--manifest-path" "Cargo.toml", kill_on_drop: false }`
[INFO] running `Command { std: "docker" "create" "-v" "/var/lib/crater-agent-workspace/builds/worker-11/target:/opt/rustwide/target:rw,Z" "-v" "/var/lib/crater-agent-workspace/builds/worker-11/source:/opt/rustwide/workdir:ro,Z" "-v" "/var/lib/crater-agent-workspace/cargo-home:/opt/rustwide/cargo-home:ro,Z" "-v" "/var/lib/crater-agent-workspace/rustup-home:/opt/rustwide/rustup-home:ro,Z" "-e" "SOURCE_DIR=/opt/rustwide/workdir" "-e" "CARGO_TARGET_DIR=/opt/rustwide/target" "-e" "CARGO_HOME=/opt/rustwide/cargo-home" "-e" "RUSTUP_HOME=/opt/rustwide/rustup-home" "-w" "/opt/rustwide/workdir" "-m" "1610612736" "--user" "0:0" "--network" "none" "ghcr.io/rust-lang/crates-build-env/linux@sha256:34b6a614d2c27851fe6cbf88fbd1137609cefab8b10d0615aaeb6fd47975d74e" "/opt/rustwide/cargo-home/bin/cargo" "+1.54.0" "metadata" "--no-deps" "--format-version=1", kill_on_drop: false }`
[INFO] [stdout] cdab3666a615977c5549d24cc2fecd7971c1b354eb48195b124767cc5bf939b8
[INFO] running `Command { std: "docker" "start" "-a" "cdab3666a615977c5549d24cc2fecd7971c1b354eb48195b124767cc5bf939b8", kill_on_drop: false }`
[INFO] running `Command { std: "docker" "inspect" "cdab3666a615977c5549d24cc2fecd7971c1b354eb48195b124767cc5bf939b8", kill_on_drop: false }`
[INFO] running `Command { std: "docker" "rm" "-f" "cdab3666a615977c5549d24cc2fecd7971c1b354eb48195b124767cc5bf939b8", kill_on_drop: false }`
[INFO] [stdout] cdab3666a615977c5549d24cc2fecd7971c1b354eb48195b124767cc5bf939b8
[INFO] running `Command { std: "docker" "create" "-v" "/var/lib/crater-agent-workspace/builds/worker-11/target:/opt/rustwide/target:rw,Z" "-v" "/var/lib/crater-agent-workspace/builds/worker-11/source:/opt/rustwide/workdir:ro,Z" "-v" "/var/lib/crater-agent-workspace/cargo-home:/opt/rustwide/cargo-home:ro,Z" "-v" "/var/lib/crater-agent-workspace/rustup-home:/opt/rustwide/rustup-home:ro,Z" "-e" "SOURCE_DIR=/opt/rustwide/workdir" "-e" "CARGO_TARGET_DIR=/opt/rustwide/target" "-e" "CARGO_INCREMENTAL=0" "-e" "RUST_BACKTRACE=full" "-e" "RUSTFLAGS=--cap-lints=warn" "-e" "CARGO_HOME=/opt/rustwide/cargo-home" "-e" "RUSTUP_HOME=/opt/rustwide/rustup-home" "-w" "/opt/rustwide/workdir" "-m" "1610612736" "--user" "0:0" "--network" "none" "ghcr.io/rust-lang/crates-build-env/linux@sha256:34b6a614d2c27851fe6cbf88fbd1137609cefab8b10d0615aaeb6fd47975d74e" "/opt/rustwide/cargo-home/bin/cargo" "+1.54.0" "build" "--frozen" "--message-format=json", kill_on_drop: false }`
[INFO] [stdout] 8843cf9ef38c92c738abbe893b65d5b219d16b0562943786d1e507bbdb9a8e1f
[INFO] running `Command { std: "docker" "start" "-a" "8843cf9ef38c92c738abbe893b65d5b219d16b0562943786d1e507bbdb9a8e1f", kill_on_drop: false }`
[INFO] [stderr]    Compiling toml v0.5.8
[INFO] [stderr]    Compiling winres v0.1.11 (/opt/rustwide/workdir)
[INFO] [stdout] warning: use of deprecated macro `try`: use the `?` operator instead
[INFO] [stdout]    --> lib.rs:373:21
[INFO] [stdout]     |
[INFO] [stdout] 373 |         let mut f = try!(fs::File::create(path));
[INFO] [stdout]     |                     ^^^
[INFO] [stdout]     |
[INFO] [stdout]     = note: `#[warn(deprecated)]` on by default
[INFO] [stdout] 
[INFO] [stdout] 
[INFO] [stdout] warning: use of deprecated associated function `std::error::Error::description`: use the Display impl or to_string()
[INFO] [stdout]    --> lib.rs:557:65
[INFO] [stdout]     |
[INFO] [stdout] 557 |         .or_else(|e| Err(io::Error::new(io::ErrorKind::Other, e.description())))?;
[INFO] [stdout]     |                                                                 ^^^^^^^^^^^
[INFO] [stdout] 
[INFO] [stdout] 
[INFO] [stdout] warning: 2 warnings emitted
[INFO] [stdout] 
[INFO] [stdout] 
[INFO] [stderr]     Finished dev [unoptimized + debuginfo] target(s) in 1.60s
[INFO] running `Command { std: "docker" "inspect" "8843cf9ef38c92c738abbe893b65d5b219d16b0562943786d1e507bbdb9a8e1f", kill_on_drop: false }`
[INFO] running `Command { std: "docker" "rm" "-f" "8843cf9ef38c92c738abbe893b65d5b219d16b0562943786d1e507bbdb9a8e1f", kill_on_drop: false }`
[INFO] [stdout] 8843cf9ef38c92c738abbe893b65d5b219d16b0562943786d1e507bbdb9a8e1f
[INFO] running `Command { std: "docker" "create" "-v" "/var/lib/crater-agent-workspace/builds/worker-11/target:/opt/rustwide/target:rw,Z" "-v" "/var/lib/crater-agent-workspace/builds/worker-11/source:/opt/rustwide/workdir:ro,Z" "-v" "/var/lib/crater-agent-workspace/cargo-home:/opt/rustwide/cargo-home:ro,Z" "-v" "/var/lib/crater-agent-workspace/rustup-home:/opt/rustwide/rustup-home:ro,Z" "-e" "SOURCE_DIR=/opt/rustwide/workdir" "-e" "CARGO_TARGET_DIR=/opt/rustwide/target" "-e" "CARGO_INCREMENTAL=0" "-e" "RUST_BACKTRACE=full" "-e" "RUSTFLAGS=--cap-lints=warn" "-e" "CARGO_HOME=/opt/rustwide/cargo-home" "-e" "RUSTUP_HOME=/opt/rustwide/rustup-home" "-w" "/opt/rustwide/workdir" "-m" "1610612736" "--user" "0:0" "--network" "none" "ghcr.io/rust-lang/crates-build-env/linux@sha256:34b6a614d2c27851fe6cbf88fbd1137609cefab8b10d0615aaeb6fd47975d74e" "/opt/rustwide/cargo-home/bin/cargo" "+1.54.0" "test" "--frozen" "--no-run" "--message-format=json", kill_on_drop: false }`
[INFO] [stdout] 362f46675520eb60d13b87d7bb85db84aab627664fa8b32ec072721b2e1d22eb
[INFO] running `Command { std: "docker" "start" "-a" "362f46675520eb60d13b87d7bb85db84aab627664fa8b32ec072721b2e1d22eb", kill_on_drop: false }`
[INFO] [stderr]    Compiling winapi v0.3.9
[INFO] [stdout] warning: use of deprecated macro `try`: use the `?` operator instead
[INFO] [stdout]    --> lib.rs:373:21
[INFO] [stdout]     |
[INFO] [stdout] 373 |         let mut f = try!(fs::File::create(path));
[INFO] [stdout]     |                     ^^^
[INFO] [stdout]     |
[INFO] [stdout]     = note: `#[warn(deprecated)]` on by default
[INFO] [stdout] 
[INFO] [stdout] 
[INFO] [stdout] warning: use of deprecated associated function `std::error::Error::description`: use the Display impl or to_string()
[INFO] [stdout]    --> lib.rs:557:65
[INFO] [stdout]     |
[INFO] [stdout] 557 |         .or_else(|e| Err(io::Error::new(io::ErrorKind::Other, e.description())))?;
[INFO] [stdout]     |                                                                 ^^^^^^^^^^^
[INFO] [stdout] 
[INFO] [stdout] 
[INFO] [stdout] warning: 2 warnings emitted
[INFO] [stdout] 
[INFO] [stdout] 
[INFO] [stderr]    Compiling winres v0.1.11 (/opt/rustwide/workdir)
[INFO] [stdout] warning: use of deprecated macro `try`: use the `?` operator instead
[INFO] [stdout]    --> lib.rs:373:21
[INFO] [stdout]     |
[INFO] [stdout] 373 |         let mut f = try!(fs::File::create(path));
[INFO] [stdout]     |                     ^^^
[INFO] [stdout]     |
[INFO] [stdout]     = note: `#[warn(deprecated)]` on by default
[INFO] [stdout] 
[INFO] [stdout] 
[INFO] [stdout] warning: use of deprecated associated function `std::error::Error::description`: use the Display impl or to_string()
[INFO] [stdout]    --> lib.rs:557:65
[INFO] [stdout]     |
[INFO] [stdout] 557 |         .or_else(|e| Err(io::Error::new(io::ErrorKind::Other, e.description())))?;
[INFO] [stdout]     |                                                                 ^^^^^^^^^^^
[INFO] [stdout] 
[INFO] [stdout] 
[INFO] [stdout] warning: 2 warnings emitted
[INFO] [stdout] 
[INFO] [stdout] 
[INFO] [stderr]     Finished test [unoptimized + debuginfo] target(s) in 1.42s
[INFO] running `Command { std: "docker" "inspect" "362f46675520eb60d13b87d7bb85db84aab627664fa8b32ec072721b2e1d22eb", kill_on_drop: false }`
[INFO] running `Command { std: "docker" "rm" "-f" "362f46675520eb60d13b87d7bb85db84aab627664fa8b32ec072721b2e1d22eb", kill_on_drop: false }`
[INFO] [stdout] 362f46675520eb60d13b87d7bb85db84aab627664fa8b32ec072721b2e1d22eb
[INFO] running `Command { std: "docker" "create" "-v" "/var/lib/crater-agent-workspace/builds/worker-11/target:/opt/rustwide/target:rw,Z" "-v" "/var/lib/crater-agent-workspace/builds/worker-11/source:/opt/rustwide/workdir:ro,Z" "-v" "/var/lib/crater-agent-workspace/cargo-home:/opt/rustwide/cargo-home:ro,Z" "-v" "/var/lib/crater-agent-workspace/rustup-home:/opt/rustwide/rustup-home:ro,Z" "-e" "SOURCE_DIR=/opt/rustwide/workdir" "-e" "CARGO_TARGET_DIR=/opt/rustwide/target" "-e" "CARGO_INCREMENTAL=0" "-e" "RUST_BACKTRACE=full" "-e" "RUSTFLAGS=--cap-lints=warn" "-e" "CARGO_HOME=/opt/rustwide/cargo-home" "-e" "RUSTUP_HOME=/opt/rustwide/rustup-home" "-w" "/opt/rustwide/workdir" "-m" "1610612736" "--user" "0:0" "--network" "none" "ghcr.io/rust-lang/crates-build-env/linux@sha256:34b6a614d2c27851fe6cbf88fbd1137609cefab8b10d0615aaeb6fd47975d74e" "/opt/rustwide/cargo-home/bin/cargo" "+1.54.0" "test" "--frozen", kill_on_drop: false }`
[INFO] [stdout] e60fc5090d02bd38530709d88121aaeb83ad00205e69a40535b0a87a496064a0
[INFO] running `Command { std: "docker" "start" "-a" "e60fc5090d02bd38530709d88121aaeb83ad00205e69a40535b0a87a496064a0", kill_on_drop: false }`
[INFO] [stderr] warning: use of deprecated macro `try`: use the `?` operator instead
[INFO] [stderr]    --> lib.rs:373:21
[INFO] [stderr]     |
[INFO] [stderr] 373 |         let mut f = try!(fs::File::create(path));
[INFO] [stderr]     |                     ^^^
[INFO] [stderr]     |
[INFO] [stderr]     = note: `#[warn(deprecated)]` on by default
[INFO] [stderr] 
[INFO] [stderr] warning: use of deprecated associated function `std::error::Error::description`: use the Display impl or to_string()
[INFO] [stderr]    --> lib.rs:557:65
[INFO] [stderr]     |
[INFO] [stderr] 557 |         .or_else(|e| Err(io::Error::new(io::ErrorKind::Other, e.description())))?;
[INFO] [stderr]     |                                                                 ^^^^^^^^^^^
[INFO] [stderr] 
[INFO] [stderr] warning: 2 warnings emitted
[INFO] [stderr] 
[INFO] [stderr] warning: use of deprecated macro `try`: use the `?` operator instead
[INFO] [stderr]    --> lib.rs:373:21
[INFO] [stderr]     |
[INFO] [stderr] 373 |         let mut f = try!(fs::File::create(path));
[INFO] [stderr]     |                     ^^^
[INFO] [stderr]     |
[INFO] [stderr]     = note: `#[warn(deprecated)]` on by default
[INFO] [stderr] 
[INFO] [stderr] warning: use of deprecated associated function `std::error::Error::description`: use the Display impl or to_string()
[INFO] [stderr]    --> lib.rs:557:65
[INFO] [stderr]     |
[INFO] [stderr] 557 |         .or_else(|e| Err(io::Error::new(io::ErrorKind::Other, e.description())))?;
[INFO] [stderr]     |                                                                 ^^^^^^^^^^^
[INFO] [stderr] 
[INFO] [stderr] warning: 2 warnings emitted
[INFO] [stderr] 
[INFO] [stderr]     Finished test [unoptimized + debuginfo] target(s) in 0.01s
[INFO] [stderr]      Running unittests (/opt/rustwide/target/debug/deps/winres-6c6e65867ba76dda)
[INFO] [stdout] 
[INFO] [stdout] running 1 test
[INFO] [stdout] test tests::string_escaping ... ok
[INFO] [stdout] 
[INFO] [stdout] test result: ok. 1 passed; 0 failed; 0 ignored; 0 measured; 0 filtered out; finished in 0.00s
[INFO] [stdout] 
[INFO] [stderr]    Doc-tests winres
[INFO] [stdout] 
[INFO] [stdout] running 3 tests
[INFO] [stdout] test lib.rs - WindowsResource::set_language (line 246) ... FAILED
[INFO] [stdout] test lib.rs - (line 12) ... ok
[INFO] [stdout] test lib.rs - WindowsResource::set_manifest (line 327) ... ok
[INFO] [stdout] 
[INFO] [stdout] failures:
[INFO] [stdout] 
[INFO] [stdout] ---- lib.rs - WindowsResource::set_language (line 246) stdout ----
[INFO] [stdout] error[E0433]: failed to resolve: could not find `um` in `winapi`
[INFO] [stdout]  --> lib.rs:254:30
[INFO] [stdout]   |
[INFO] [stdout] 9 |     res.set_language(winapi::um::winnt::MAKELANGID(
[INFO] [stdout]   |                              ^^ could not find `um` in `winapi`
[INFO] [stdout] 
[INFO] [stdout] error[E0433]: failed to resolve: could not find `um` in `winapi`
[INFO] [stdout]   --> lib.rs:255:17
[INFO] [stdout]    |
[INFO] [stdout] 10 |         winapi::um::winnt::LANG_ENGLISH,
[INFO] [stdout]    |                 ^^ could not find `um` in `winapi`
[INFO] [stdout] 
[INFO] [stdout] error[E0433]: failed to resolve: could not find `um` in `winapi`
[INFO] [stdout]   --> lib.rs:256:17
[INFO] [stdout]    |
[INFO] [stdout] 11 |         winapi::um::winnt::SUBLANG_ENGLISH_US
[INFO] [stdout]    |                 ^^ could not find `um` in `winapi`
[INFO] [stdout] 
[INFO] [stdout] error: aborting due to 3 previous errors
[INFO] [stdout] 
[INFO] [stdout] For more information about this error, try `rustc --explain E0433`.
[INFO] [stdout] Couldn't compile the test.
[INFO] [stdout] 
[INFO] [stdout] failures:
[INFO] [stdout]     lib.rs - WindowsResource::set_language (line 246)
[INFO] [stdout] 
[INFO] [stdout] test result: FAILED. 2 passed; 1 failed; 0 ignored; 0 measured; 0 filtered out; finished in 0.42s
[INFO] [stdout] 
[INFO] [stderr] error: test failed, to rerun pass '--doc'
[INFO] running `Command { std: "docker" "inspect" "e60fc5090d02bd38530709d88121aaeb83ad00205e69a40535b0a87a496064a0", kill_on_drop: false }`
[INFO] running `Command { std: "docker" "rm" "-f" "e60fc5090d02bd38530709d88121aaeb83ad00205e69a40535b0a87a496064a0", kill_on_drop: false }`
[INFO] [stdout] e60fc5090d02bd38530709d88121aaeb83ad00205e69a40535b0a87a496064a0
