[INFO] fetching crate winit-fullscreen 0.1.1...
[INFO] testing winit-fullscreen-0.1.1 against 1.54.0 for beta-1.55-1
[INFO] extracting crate winit-fullscreen 0.1.1 into /workspace/builds/worker-14/source
[INFO] validating manifest of crates.io crate winit-fullscreen 0.1.1 on toolchain 1.54.0
[INFO] running `Command { std: "/workspace/cargo-home/bin/cargo" "+1.54.0" "metadata" "--manifest-path" "Cargo.toml" "--no-deps", kill_on_drop: false }`
[INFO] started tweaking crates.io crate winit-fullscreen 0.1.1
[INFO] finished tweaking crates.io crate winit-fullscreen 0.1.1
[INFO] tweaked toml for crates.io crate winit-fullscreen 0.1.1 written to /workspace/builds/worker-14/source/Cargo.toml
[INFO] crate crates.io crate winit-fullscreen 0.1.1 already has a lockfile, it will not be regenerated
[INFO] running `Command { std: "/workspace/cargo-home/bin/cargo" "+1.54.0" "fetch" "--manifest-path" "Cargo.toml", kill_on_drop: false }`
[INFO] running `Command { std: "docker" "create" "-v" "/var/lib/crater-agent-workspace/builds/worker-14/target:/opt/rustwide/target:rw,Z" "-v" "/var/lib/crater-agent-workspace/builds/worker-14/source:/opt/rustwide/workdir:ro,Z" "-v" "/var/lib/crater-agent-workspace/cargo-home:/opt/rustwide/cargo-home:ro,Z" "-v" "/var/lib/crater-agent-workspace/rustup-home:/opt/rustwide/rustup-home:ro,Z" "-e" "SOURCE_DIR=/opt/rustwide/workdir" "-e" "CARGO_TARGET_DIR=/opt/rustwide/target" "-e" "CARGO_HOME=/opt/rustwide/cargo-home" "-e" "RUSTUP_HOME=/opt/rustwide/rustup-home" "-w" "/opt/rustwide/workdir" "-m" "1610612736" "--user" "0:0" "--network" "none" "ghcr.io/rust-lang/crates-build-env/linux@sha256:34b6a614d2c27851fe6cbf88fbd1137609cefab8b10d0615aaeb6fd47975d74e" "/opt/rustwide/cargo-home/bin/cargo" "+1.54.0" "metadata" "--no-deps" "--format-version=1", kill_on_drop: false }`
[INFO] [stdout] b2802aa2dc79d98b757bde892e4036b27fe1b21c3b744e8361f6c3005b492136
[INFO] running `Command { std: "docker" "start" "-a" "b2802aa2dc79d98b757bde892e4036b27fe1b21c3b744e8361f6c3005b492136", kill_on_drop: false }`
[INFO] running `Command { std: "docker" "inspect" "b2802aa2dc79d98b757bde892e4036b27fe1b21c3b744e8361f6c3005b492136", kill_on_drop: false }`
[INFO] running `Command { std: "docker" "rm" "-f" "b2802aa2dc79d98b757bde892e4036b27fe1b21c3b744e8361f6c3005b492136", kill_on_drop: false }`
[INFO] [stdout] b2802aa2dc79d98b757bde892e4036b27fe1b21c3b744e8361f6c3005b492136
[INFO] running `Command { std: "docker" "create" "-v" "/var/lib/crater-agent-workspace/builds/worker-14/target:/opt/rustwide/target:rw,Z" "-v" "/var/lib/crater-agent-workspace/builds/worker-14/source:/opt/rustwide/workdir:ro,Z" "-v" "/var/lib/crater-agent-workspace/cargo-home:/opt/rustwide/cargo-home:ro,Z" "-v" "/var/lib/crater-agent-workspace/rustup-home:/opt/rustwide/rustup-home:ro,Z" "-e" "SOURCE_DIR=/opt/rustwide/workdir" "-e" "CARGO_TARGET_DIR=/opt/rustwide/target" "-e" "CARGO_INCREMENTAL=0" "-e" "RUST_BACKTRACE=full" "-e" "RUSTFLAGS=--cap-lints=warn" "-e" "CARGO_HOME=/opt/rustwide/cargo-home" "-e" "RUSTUP_HOME=/opt/rustwide/rustup-home" "-w" "/opt/rustwide/workdir" "-m" "1610612736" "--user" "0:0" "--network" "none" "ghcr.io/rust-lang/crates-build-env/linux@sha256:34b6a614d2c27851fe6cbf88fbd1137609cefab8b10d0615aaeb6fd47975d74e" "/opt/rustwide/cargo-home/bin/cargo" "+1.54.0" "build" "--frozen" "--message-format=json", kill_on_drop: false }`
[INFO] [stdout] 413ea94c2f37bfdd4617bc02306bdebfb446fe65fdc8a301dfddb5b245b1248e
[INFO] running `Command { std: "docker" "start" "-a" "413ea94c2f37bfdd4617bc02306bdebfb446fe65fdc8a301dfddb5b245b1248e", kill_on_drop: false }`
[INFO] [stderr]    Compiling libc v0.2.97
[INFO] [stderr]    Compiling proc-macro2 v1.0.27
[INFO] [stderr]    Compiling xml-rs v0.8.3
[INFO] [stderr]    Compiling crossbeam-utils v0.8.5
[INFO] [stderr]    Compiling scopeguard v1.1.0
[INFO] [stderr]    Compiling memchr v2.4.0
[INFO] [stderr]    Compiling scoped-tls v1.0.0
[INFO] [stderr]    Compiling ttf-parser v0.6.2
[INFO] [stderr]    Compiling downcast-rs v1.2.0
[INFO] [stderr]    Compiling nix v0.18.0
[INFO] [stderr]    Compiling crossbeam-queue v0.3.2
[INFO] [stderr]    Compiling ab_glyph_rasterizer v0.1.4
[INFO] [stderr]    Compiling xdg v2.2.0
[INFO] [stderr]    Compiling winit v0.25.0
[INFO] [stderr]    Compiling libloading v0.7.0
[INFO] [stderr]    Compiling instant v0.1.9
[INFO] [stderr]    Compiling libloading v0.6.7
[INFO] [stderr]    Compiling wayland-sys v0.28.5
[INFO] [stderr]    Compiling nom v6.1.2
[INFO] [stderr]    Compiling x11-dl v2.18.5
[INFO] [stderr]    Compiling lock_api v0.4.4
[INFO] [stderr]    Compiling dlib v0.5.0
[INFO] [stderr]    Compiling dlib v0.4.2
[INFO] [stderr]    Compiling owned_ttf_parser v0.6.0
[INFO] [stderr]    Compiling crossbeam-epoch v0.9.5
[INFO] [stderr]    Compiling crossbeam-channel v0.5.1
[INFO] [stderr]    Compiling quote v1.0.9
[INFO] [stderr]    Compiling rusttype v0.9.2
[INFO] [stderr]    Compiling wayland-scanner v0.28.5
[INFO] [stderr]    Compiling crossbeam-deque v0.8.0
[INFO] [stderr]    Compiling andrew v0.3.1
[INFO] [stderr]    Compiling crossbeam v0.8.1
[INFO] [stderr]    Compiling nix v0.20.0
[INFO] [stderr]    Compiling mio v0.7.13
[INFO] [stderr]    Compiling parking_lot_core v0.8.3
[INFO] [stderr]    Compiling memmap2 v0.1.0
[INFO] [stderr]    Compiling raw-window-handle v0.3.3
[INFO] [stderr]    Compiling xcursor v0.3.3
[INFO] [stderr]    Compiling wayland-client v0.28.5
[INFO] [stderr]    Compiling wayland-protocols v0.28.5
[INFO] [stderr]    Compiling parking_lot v0.11.1
[INFO] [stderr]    Compiling mio-misc v1.2.1
[INFO] [stderr]    Compiling wayland-commons v0.28.5
[INFO] [stderr]    Compiling calloop v0.6.5
[INFO] [stderr]    Compiling wayland-cursor v0.28.5
[INFO] [stderr]    Compiling smithay-client-toolkit v0.12.3
[INFO] [stderr]    Compiling winit-fullscreen v0.1.1 (/opt/rustwide/workdir)
[INFO] [stderr]     Finished dev [unoptimized + debuginfo] target(s) in 54.55s
[INFO] running `Command { std: "docker" "inspect" "413ea94c2f37bfdd4617bc02306bdebfb446fe65fdc8a301dfddb5b245b1248e", kill_on_drop: false }`
[INFO] running `Command { std: "docker" "rm" "-f" "413ea94c2f37bfdd4617bc02306bdebfb446fe65fdc8a301dfddb5b245b1248e", kill_on_drop: false }`
[INFO] [stdout] 413ea94c2f37bfdd4617bc02306bdebfb446fe65fdc8a301dfddb5b245b1248e
[INFO] running `Command { std: "docker" "create" "-v" "/var/lib/crater-agent-workspace/builds/worker-14/target:/opt/rustwide/target:rw,Z" "-v" "/var/lib/crater-agent-workspace/builds/worker-14/source:/opt/rustwide/workdir:ro,Z" "-v" "/var/lib/crater-agent-workspace/cargo-home:/opt/rustwide/cargo-home:ro,Z" "-v" "/var/lib/crater-agent-workspace/rustup-home:/opt/rustwide/rustup-home:ro,Z" "-e" "SOURCE_DIR=/opt/rustwide/workdir" "-e" "CARGO_TARGET_DIR=/opt/rustwide/target" "-e" "CARGO_INCREMENTAL=0" "-e" "RUST_BACKTRACE=full" "-e" "RUSTFLAGS=--cap-lints=warn" "-e" "CARGO_HOME=/opt/rustwide/cargo-home" "-e" "RUSTUP_HOME=/opt/rustwide/rustup-home" "-w" "/opt/rustwide/workdir" "-m" "1610612736" "--user" "0:0" "--network" "none" "ghcr.io/rust-lang/crates-build-env/linux@sha256:34b6a614d2c27851fe6cbf88fbd1137609cefab8b10d0615aaeb6fd47975d74e" "/opt/rustwide/cargo-home/bin/cargo" "+1.54.0" "test" "--frozen" "--no-run" "--message-format=json", kill_on_drop: false }`
[INFO] [stdout] 69f425f52b7ffeddb5144527146786befffae406f6cca68f09fc0cf1ffd815fb
[INFO] running `Command { std: "docker" "start" "-a" "69f425f52b7ffeddb5144527146786befffae406f6cca68f09fc0cf1ffd815fb", kill_on_drop: false }`
[INFO] [stderr]    Compiling winit-fullscreen v0.1.1 (/opt/rustwide/workdir)
[INFO] [stderr]     Finished test [unoptimized + debuginfo] target(s) in 5.52s
[INFO] running `Command { std: "docker" "inspect" "69f425f52b7ffeddb5144527146786befffae406f6cca68f09fc0cf1ffd815fb", kill_on_drop: false }`
[INFO] running `Command { std: "docker" "rm" "-f" "69f425f52b7ffeddb5144527146786befffae406f6cca68f09fc0cf1ffd815fb", kill_on_drop: false }`
[INFO] [stdout] 69f425f52b7ffeddb5144527146786befffae406f6cca68f09fc0cf1ffd815fb
[INFO] running `Command { std: "docker" "create" "-v" "/var/lib/crater-agent-workspace/builds/worker-14/target:/opt/rustwide/target:rw,Z" "-v" "/var/lib/crater-agent-workspace/builds/worker-14/source:/opt/rustwide/workdir:ro,Z" "-v" "/var/lib/crater-agent-workspace/cargo-home:/opt/rustwide/cargo-home:ro,Z" "-v" "/var/lib/crater-agent-workspace/rustup-home:/opt/rustwide/rustup-home:ro,Z" "-e" "SOURCE_DIR=/opt/rustwide/workdir" "-e" "CARGO_TARGET_DIR=/opt/rustwide/target" "-e" "CARGO_INCREMENTAL=0" "-e" "RUST_BACKTRACE=full" "-e" "RUSTFLAGS=--cap-lints=warn" "-e" "CARGO_HOME=/opt/rustwide/cargo-home" "-e" "RUSTUP_HOME=/opt/rustwide/rustup-home" "-w" "/opt/rustwide/workdir" "-m" "1610612736" "--user" "0:0" "--network" "none" "ghcr.io/rust-lang/crates-build-env/linux@sha256:34b6a614d2c27851fe6cbf88fbd1137609cefab8b10d0615aaeb6fd47975d74e" "/opt/rustwide/cargo-home/bin/cargo" "+1.54.0" "test" "--frozen", kill_on_drop: false }`
[INFO] [stdout] bbb209b908ed66a934affc88871fdbfceee2216eab50e1006e88d16802029c50
[INFO] running `Command { std: "docker" "start" "-a" "bbb209b908ed66a934affc88871fdbfceee2216eab50e1006e88d16802029c50", kill_on_drop: false }`
[INFO] [stderr]     Blocking waiting for file lock on package cache
[INFO] [stderr]     Finished test [unoptimized + debuginfo] target(s) in 0.14s
[INFO] [stderr]      Running unittests (/opt/rustwide/target/debug/deps/winit_fullscreen-6064f53c16acda3e)
[INFO] [stdout] 
[INFO] [stderr]    Doc-tests winit-fullscreen
[INFO] [stdout] running 0 tests
[INFO] [stdout] 
[INFO] [stdout] test result: ok. 0 passed; 0 failed; 0 ignored; 0 measured; 0 filtered out; finished in 0.00s
[INFO] [stdout] 
[INFO] [stdout] 
[INFO] [stdout] running 1 test
[INFO] [stderr] error: test failed, to rerun pass '--doc'
[INFO] [stdout] test src/lib.rs - (line 3) ... FAILED
[INFO] [stdout] 
[INFO] [stdout] failures:
[INFO] [stdout] 
[INFO] [stdout] ---- src/lib.rs - (line 3) stdout ----
[INFO] [stdout] error[E0425]: cannot find value `window` in this scope
[INFO] [stdout]  --> src/lib.rs:4:1
[INFO] [stdout]   |
[INFO] [stdout] 3 | window.toggle_fullscreen()
[INFO] [stdout]   | ^^^^^^ not found in this scope
[INFO] [stdout] 
[INFO] [stdout] error: aborting due to previous error
[INFO] [stdout] 
[INFO] [stdout] For more information about this error, try `rustc --explain E0425`.
[INFO] [stdout] Couldn't compile the test.
[INFO] [stdout] 
[INFO] [stdout] failures:
[INFO] [stdout]     src/lib.rs - (line 3)
[INFO] [stdout] 
[INFO] [stdout] test result: FAILED. 0 passed; 1 failed; 0 ignored; 0 measured; 0 filtered out; finished in 0.13s
[INFO] [stdout] 
[INFO] running `Command { std: "docker" "inspect" "bbb209b908ed66a934affc88871fdbfceee2216eab50e1006e88d16802029c50", kill_on_drop: false }`
[INFO] running `Command { std: "docker" "rm" "-f" "bbb209b908ed66a934affc88871fdbfceee2216eab50e1006e88d16802029c50", kill_on_drop: false }`
[INFO] [stdout] bbb209b908ed66a934affc88871fdbfceee2216eab50e1006e88d16802029c50
