[INFO] fetching crate windows-dll-codegen 0.3.0...
[INFO] testing windows-dll-codegen-0.3.0 against 1.54.0 for beta-1.55-1
[INFO] extracting crate windows-dll-codegen 0.3.0 into /workspace/builds/worker-9/source
[INFO] validating manifest of crates.io crate windows-dll-codegen 0.3.0 on toolchain 1.54.0
[INFO] running `Command { std: "/workspace/cargo-home/bin/cargo" "+1.54.0" "metadata" "--manifest-path" "Cargo.toml" "--no-deps", kill_on_drop: false }`
[INFO] started tweaking crates.io crate windows-dll-codegen 0.3.0
[INFO] finished tweaking crates.io crate windows-dll-codegen 0.3.0
[INFO] tweaked toml for crates.io crate windows-dll-codegen 0.3.0 written to /workspace/builds/worker-9/source/Cargo.toml
[INFO] running `Command { std: "/workspace/cargo-home/bin/cargo" "+1.54.0" "generate-lockfile" "--manifest-path" "Cargo.toml" "-Zno-index-update", kill_on_drop: false }`
[INFO] running `Command { std: "/workspace/cargo-home/bin/cargo" "+1.54.0" "fetch" "--manifest-path" "Cargo.toml", kill_on_drop: false }`
[INFO] running `Command { std: "docker" "create" "-v" "/var/lib/crater-agent-workspace/builds/worker-9/target:/opt/rustwide/target:rw,Z" "-v" "/var/lib/crater-agent-workspace/builds/worker-9/source:/opt/rustwide/workdir:ro,Z" "-v" "/var/lib/crater-agent-workspace/cargo-home:/opt/rustwide/cargo-home:ro,Z" "-v" "/var/lib/crater-agent-workspace/rustup-home:/opt/rustwide/rustup-home:ro,Z" "-e" "SOURCE_DIR=/opt/rustwide/workdir" "-e" "CARGO_TARGET_DIR=/opt/rustwide/target" "-e" "CARGO_HOME=/opt/rustwide/cargo-home" "-e" "RUSTUP_HOME=/opt/rustwide/rustup-home" "-w" "/opt/rustwide/workdir" "-m" "1610612736" "--user" "0:0" "--network" "none" "ghcr.io/rust-lang/crates-build-env/linux@sha256:34b6a614d2c27851fe6cbf88fbd1137609cefab8b10d0615aaeb6fd47975d74e" "/opt/rustwide/cargo-home/bin/cargo" "+1.54.0" "metadata" "--no-deps" "--format-version=1", kill_on_drop: false }`
[INFO] [stdout] b864fae3a5333820a4b046518d90ef042d33c7afe203994a21cdb9ea0c28df73
[INFO] running `Command { std: "docker" "start" "-a" "b864fae3a5333820a4b046518d90ef042d33c7afe203994a21cdb9ea0c28df73", kill_on_drop: false }`
[INFO] running `Command { std: "docker" "inspect" "b864fae3a5333820a4b046518d90ef042d33c7afe203994a21cdb9ea0c28df73", kill_on_drop: false }`
[INFO] running `Command { std: "docker" "rm" "-f" "b864fae3a5333820a4b046518d90ef042d33c7afe203994a21cdb9ea0c28df73", kill_on_drop: false }`
[INFO] [stdout] b864fae3a5333820a4b046518d90ef042d33c7afe203994a21cdb9ea0c28df73
[INFO] running `Command { std: "docker" "create" "-v" "/var/lib/crater-agent-workspace/builds/worker-9/target:/opt/rustwide/target:rw,Z" "-v" "/var/lib/crater-agent-workspace/builds/worker-9/source:/opt/rustwide/workdir:ro,Z" "-v" "/var/lib/crater-agent-workspace/cargo-home:/opt/rustwide/cargo-home:ro,Z" "-v" "/var/lib/crater-agent-workspace/rustup-home:/opt/rustwide/rustup-home:ro,Z" "-e" "SOURCE_DIR=/opt/rustwide/workdir" "-e" "CARGO_TARGET_DIR=/opt/rustwide/target" "-e" "CARGO_INCREMENTAL=0" "-e" "RUST_BACKTRACE=full" "-e" "RUSTFLAGS=--cap-lints=warn" "-e" "CARGO_HOME=/opt/rustwide/cargo-home" "-e" "RUSTUP_HOME=/opt/rustwide/rustup-home" "-w" "/opt/rustwide/workdir" "-m" "1610612736" "--user" "0:0" "--network" "none" "ghcr.io/rust-lang/crates-build-env/linux@sha256:34b6a614d2c27851fe6cbf88fbd1137609cefab8b10d0615aaeb6fd47975d74e" "/opt/rustwide/cargo-home/bin/cargo" "+1.54.0" "build" "--frozen" "--message-format=json", kill_on_drop: false }`
[INFO] [stdout] 909a8cb048dabe6eefc9347122c9607ee2536be8ef2fe5b168462fe6b6a2297b
[INFO] running `Command { std: "docker" "start" "-a" "909a8cb048dabe6eefc9347122c9607ee2536be8ef2fe5b168462fe6b6a2297b", kill_on_drop: false }`
[INFO] [stderr]     Blocking waiting for file lock on package cache
[INFO] [stderr]     Blocking waiting for file lock on package cache
[INFO] [stderr]    Compiling windows-dll-codegen v0.3.0 (/opt/rustwide/workdir)
[INFO] [stderr]     Finished dev [unoptimized + debuginfo] target(s) in 2.38s
[INFO] running `Command { std: "docker" "inspect" "909a8cb048dabe6eefc9347122c9607ee2536be8ef2fe5b168462fe6b6a2297b", kill_on_drop: false }`
[INFO] running `Command { std: "docker" "rm" "-f" "909a8cb048dabe6eefc9347122c9607ee2536be8ef2fe5b168462fe6b6a2297b", kill_on_drop: false }`
[INFO] [stdout] 909a8cb048dabe6eefc9347122c9607ee2536be8ef2fe5b168462fe6b6a2297b
[INFO] running `Command { std: "docker" "create" "-v" "/var/lib/crater-agent-workspace/builds/worker-9/target:/opt/rustwide/target:rw,Z" "-v" "/var/lib/crater-agent-workspace/builds/worker-9/source:/opt/rustwide/workdir:ro,Z" "-v" "/var/lib/crater-agent-workspace/cargo-home:/opt/rustwide/cargo-home:ro,Z" "-v" "/var/lib/crater-agent-workspace/rustup-home:/opt/rustwide/rustup-home:ro,Z" "-e" "SOURCE_DIR=/opt/rustwide/workdir" "-e" "CARGO_TARGET_DIR=/opt/rustwide/target" "-e" "CARGO_INCREMENTAL=0" "-e" "RUST_BACKTRACE=full" "-e" "RUSTFLAGS=--cap-lints=warn" "-e" "CARGO_HOME=/opt/rustwide/cargo-home" "-e" "RUSTUP_HOME=/opt/rustwide/rustup-home" "-w" "/opt/rustwide/workdir" "-m" "1610612736" "--user" "0:0" "--network" "none" "ghcr.io/rust-lang/crates-build-env/linux@sha256:34b6a614d2c27851fe6cbf88fbd1137609cefab8b10d0615aaeb6fd47975d74e" "/opt/rustwide/cargo-home/bin/cargo" "+1.54.0" "test" "--frozen" "--no-run" "--message-format=json", kill_on_drop: false }`
[INFO] [stdout] 0b68995ad747008d76b77ba065268fc1c87689ab0ae065e29ac3f5d83bd4b30e
[INFO] running `Command { std: "docker" "start" "-a" "0b68995ad747008d76b77ba065268fc1c87689ab0ae065e29ac3f5d83bd4b30e", kill_on_drop: false }`
[INFO] [stderr]    Compiling windows-dll-codegen v0.3.0 (/opt/rustwide/workdir)
[INFO] [stderr]     Finished test [unoptimized + debuginfo] target(s) in 0.48s
[INFO] running `Command { std: "docker" "inspect" "0b68995ad747008d76b77ba065268fc1c87689ab0ae065e29ac3f5d83bd4b30e", kill_on_drop: false }`
[INFO] running `Command { std: "docker" "rm" "-f" "0b68995ad747008d76b77ba065268fc1c87689ab0ae065e29ac3f5d83bd4b30e", kill_on_drop: false }`
[INFO] [stdout] 0b68995ad747008d76b77ba065268fc1c87689ab0ae065e29ac3f5d83bd4b30e
[INFO] running `Command { std: "docker" "create" "-v" "/var/lib/crater-agent-workspace/builds/worker-9/target:/opt/rustwide/target:rw,Z" "-v" "/var/lib/crater-agent-workspace/builds/worker-9/source:/opt/rustwide/workdir:ro,Z" "-v" "/var/lib/crater-agent-workspace/cargo-home:/opt/rustwide/cargo-home:ro,Z" "-v" "/var/lib/crater-agent-workspace/rustup-home:/opt/rustwide/rustup-home:ro,Z" "-e" "SOURCE_DIR=/opt/rustwide/workdir" "-e" "CARGO_TARGET_DIR=/opt/rustwide/target" "-e" "CARGO_INCREMENTAL=0" "-e" "RUST_BACKTRACE=full" "-e" "RUSTFLAGS=--cap-lints=warn" "-e" "CARGO_HOME=/opt/rustwide/cargo-home" "-e" "RUSTUP_HOME=/opt/rustwide/rustup-home" "-w" "/opt/rustwide/workdir" "-m" "1610612736" "--user" "0:0" "--network" "none" "ghcr.io/rust-lang/crates-build-env/linux@sha256:34b6a614d2c27851fe6cbf88fbd1137609cefab8b10d0615aaeb6fd47975d74e" "/opt/rustwide/cargo-home/bin/cargo" "+1.54.0" "test" "--frozen", kill_on_drop: false }`
[INFO] [stdout] 22992e4d8191774ec19d14723717da14575a7d03e9cb50dde6df26d1e7121e5d
[INFO] running `Command { std: "docker" "start" "-a" "22992e4d8191774ec19d14723717da14575a7d03e9cb50dde6df26d1e7121e5d", kill_on_drop: false }`
[INFO] [stderr]     Finished test [unoptimized + debuginfo] target(s) in 0.01s
[INFO] [stderr]      Running unittests (/opt/rustwide/target/debug/deps/windows_dll_codegen-fc9e8dfedf466aa9)
[INFO] [stdout] 
[INFO] [stdout] running 0 tests
[INFO] [stdout] 
[INFO] [stdout] test result: ok. 0 passed; 0 failed; 0 ignored; 0 measured; 0 filtered out; finished in 0.00s
[INFO] [stdout] 
[INFO] [stderr]    Doc-tests windows-dll-codegen
[INFO] [stdout] 
[INFO] [stdout] running 8 tests
[INFO] [stdout] test src/lib.rs - dll (line 19) ... FAILED
[INFO] [stdout] test src/lib.rs - dll (line 71) ... FAILED
[INFO] [stdout] test src/lib.rs - dll (line 26) ... FAILED
[INFO] [stdout] test src/lib.rs - dll (line 40) ... FAILED
[INFO] [stdout] test src/lib.rs - dll (line 90) ... FAILED
[INFO] [stdout] test src/lib.rs - dll (line 51) ... FAILED
[INFO] [stdout] test src/lib.rs - dll (line 11) ... FAILED
[INFO] [stdout] test src/lib.rs - dll (line 62) ... FAILED
[INFO] [stdout] 
[INFO] [stdout] failures:
[INFO] [stdout] 
[INFO] [stdout] ---- src/lib.rs - dll (line 19) stdout ----
[INFO] [stdout] error: non-item in item list
[INFO] [stdout]  --> src/lib.rs:22:5
[INFO] [stdout]   |
[INFO] [stdout] 4 | extern "system" {
[INFO] [stdout]   |                 - item list starts here
[INFO] [stdout] 5 |     ...
[INFO] [stdout]   |     ^^^ non-item starts here
[INFO] [stdout] 6 | }
[INFO] [stdout]   | - item list ends here
[INFO] [stdout] 
[INFO] [stdout] error: cannot find attribute `dll` in this scope
[INFO] [stdout]  --> src/lib.rs:20:3
[INFO] [stdout]   |
[INFO] [stdout] 3 | #[dll("user32")]
[INFO] [stdout]   |   ^^^
[INFO] [stdout] 
[INFO] [stdout] error: aborting due to 2 previous errors
[INFO] [stdout] 
[INFO] [stdout] Couldn't compile the test.
[INFO] [stdout] ---- src/lib.rs - dll (line 71) stdout ----
[INFO] [stdout] error: unexpected token: `...`
[INFO] [stdout]  --> src/lib.rs:79:5
[INFO] [stdout]   |
[INFO] [stdout] 9 |     ...
[INFO] [stdout]   |     ^^^
[INFO] [stdout]   |
[INFO] [stdout] help: use `..` for an exclusive range
[INFO] [stdout]   |
[INFO] [stdout] 9 |     ..
[INFO] [stdout]   |
[INFO] [stdout] help: or `..=` for an inclusive range
[INFO] [stdout]   |
[INFO] [stdout] 9 |     ..=
[INFO] [stdout]   |
[INFO] [stdout] 
[INFO] [stdout] error: expected one of `=`, `@`, or `|`, found `:`
[INFO] [stdout]   --> src/lib.rs:80:15
[INFO] [stdout]    |
[INFO] [stdout] 10 |     let result: Result<BOOL, windows_dll::Error<SetWindowCompositionAttribute>> = SetWindowCompositionAttribute(h_wnd, data);
[INFO] [stdout]    |               ^ expected one of `=`, `@`, or `|`
[INFO] [stdout] 
[INFO] [stdout] error: cannot find attribute `dll` in this scope
[INFO] [stdout]  --> src/lib.rs:72:3
[INFO] [stdout]   |
[INFO] [stdout] 2 | #[dll(user32)]
[INFO] [stdout]   |   ^^^
[INFO] [stdout] 
[INFO] [stdout] error: cannot find attribute `fallible` in this scope
[INFO] [stdout]  --> src/lib.rs:75:7
[INFO] [stdout]   |
[INFO] [stdout] 5 |     #[fallible]
[INFO] [stdout]   |       ^^^^^^^^
[INFO] [stdout] 
[INFO] [stdout] error[E0412]: cannot find type `HWND` in this scope
[INFO] [stdout]  --> src/lib.rs:76:45
[INFO] [stdout]   |
[INFO] [stdout] 6 |     fn SetWindowCompositionAttribute(h_wnd: HWND, data: *mut WINDOWCOMPOSITIONATTRIBDATA) -> BOOL;
[INFO] [stdout]   |                                             ^^^^ not found in this scope
[INFO] [stdout] 
[INFO] [stdout] error[E0412]: cannot find type `WINDOWCOMPOSITIONATTRIBDATA` in this scope
[INFO] [stdout]  --> src/lib.rs:76:62
[INFO] [stdout]   |
[INFO] [stdout] 6 |     fn SetWindowCompositionAttribute(h_wnd: HWND, data: *mut WINDOWCOMPOSITIONATTRIBDATA) -> BOOL;
[INFO] [stdout]   |                                                              ^^^^^^^^^^^^^^^^^^^^^^^^^^^ not found in this scope
[INFO] [stdout] 
[INFO] [stdout] error[E0412]: cannot find type `BOOL` in this scope
[INFO] [stdout]  --> src/lib.rs:76:94
[INFO] [stdout]   |
[INFO] [stdout] 6 |     fn SetWindowCompositionAttribute(h_wnd: HWND, data: *mut WINDOWCOMPOSITIONATTRIBDATA) -> BOOL;
[INFO] [stdout]   |                                                                                              ^^^^ not found in this scope
[INFO] [stdout] 
[INFO] [stdout] error[E0405]: cannot find trait `Error` in this scope
[INFO] [stdout]  --> src/lib.rs:78:33
[INFO] [stdout]   |
[INFO] [stdout] 8 | fn main() -> Result<(), Box<dyn Error>> {
[INFO] [stdout]   |                                 ^^^^^ not found in this scope
[INFO] [stdout]   |
[INFO] [stdout] help: consider importing this trait
[INFO] [stdout]   |
[INFO] [stdout] 2 | use std::error::Error;
[INFO] [stdout]   |
[INFO] [stdout] 
[INFO] [stdout] error: aborting due to 8 previous errors
[INFO] [stdout] 
[INFO] [stdout] Some errors have detailed explanations: E0405, E0412.
[INFO] [stdout] For more information about an error, try `rustc --explain E0405`.
[INFO] [stdout] Couldn't compile the test.
[INFO] [stdout] ---- src/lib.rs - dll (line 26) stdout ----
[INFO] [stdout] error: non-item in item list
[INFO] [stdout]  --> src/lib.rs:29:5
[INFO] [stdout]   |
[INFO] [stdout] 4 | extern "system" {
[INFO] [stdout]   |                 - item list starts here
[INFO] [stdout] 5 |     ...
[INFO] [stdout]   |     ^^^ non-item starts here
[INFO] [stdout] 6 | }
[INFO] [stdout]   | - item list ends here
[INFO] [stdout] 
[INFO] [stdout] error: cannot find attribute `dll` in this scope
[INFO] [stdout]  --> src/lib.rs:27:3
[INFO] [stdout]   |
[INFO] [stdout] 3 | #[dll(user32)]
[INFO] [stdout]   |   ^^^
[INFO] [stdout] 
[INFO] [stdout] error: aborting due to 2 previous errors
[INFO] [stdout] 
[INFO] [stdout] Couldn't compile the test.
[INFO] [stdout] ---- src/lib.rs - dll (line 40) stdout ----
[INFO] [stdout] error: cannot find attribute `dll` in this scope
[INFO] [stdout]  --> src/lib.rs:41:3
[INFO] [stdout]   |
[INFO] [stdout] 3 | #[dll(user32)]
[INFO] [stdout]   |   ^^^
[INFO] [stdout] 
[INFO] [stdout] error[E0412]: cannot find type `HWND` in this scope
[INFO] [stdout]  --> src/lib.rs:44:48
[INFO] [stdout]   |
[INFO] [stdout] 6 |     fn set_window_composition_attribute(h_wnd: HWND, data: *mut WINDOWCOMPOSITIONATTRIBDATA) -> BOOL;
[INFO] [stdout]   |                                                ^^^^ not found in this scope
[INFO] [stdout] 
[INFO] [stdout] error[E0412]: cannot find type `WINDOWCOMPOSITIONATTRIBDATA` in this scope
[INFO] [stdout]  --> src/lib.rs:44:65
[INFO] [stdout]   |
[INFO] [stdout] 6 |     fn set_window_composition_attribute(h_wnd: HWND, data: *mut WINDOWCOMPOSITIONATTRIBDATA) -> BOOL;
[INFO] [stdout]   |                                                                 ^^^^^^^^^^^^^^^^^^^^^^^^^^^ not found in this scope
[INFO] [stdout] 
[INFO] [stdout] error[E0412]: cannot find type `BOOL` in this scope
[INFO] [stdout]  --> src/lib.rs:44:97
[INFO] [stdout]   |
[INFO] [stdout] 6 |     fn set_window_composition_attribute(h_wnd: HWND, data: *mut WINDOWCOMPOSITIONATTRIBDATA) -> BOOL;
[INFO] [stdout]   |                                                                                                 ^^^^ not found in this scope
[INFO] [stdout] 
[INFO] [stdout] error: aborting due to 4 previous errors
[INFO] [stdout] 
[INFO] [stdout] For more information about this error, try `rustc --explain E0412`.
[INFO] [stdout] Couldn't compile the test.
[INFO] [stdout] ---- src/lib.rs - dll (line 90) stdout ----
[INFO] [stdout] error: cannot find attribute `dll` in this scope
[INFO] [stdout]  --> src/lib.rs:91:3
[INFO] [stdout]   |
[INFO] [stdout] 3 | #[dll(bcrypt, LOAD_LIBRARY_SEARCH_SYSTEM32)]
[INFO] [stdout]   |   ^^^
[INFO] [stdout] 
[INFO] [stdout] error[E0412]: cannot find type `ULONG` in this scope
[INFO] [stdout]  --> src/lib.rs:94:46
[INFO] [stdout]   |
[INFO] [stdout] 6 |     fn bcrypt_add_context_function(dw_table: ULONG, psz_context: LPCWSTR, dw_interface: ULONG, psz_function: LPCWSTR, dw_position: ULONG)...
[INFO] [stdout]   |                                              ^^^^^ not found in this scope
[INFO] [stdout] 
[INFO] [stdout] error[E0412]: cannot find type `LPCWSTR` in this scope
[INFO] [stdout]  --> src/lib.rs:94:66
[INFO] [stdout]   |
[INFO] [stdout] 6 |     fn bcrypt_add_context_function(dw_table: ULONG, psz_context: LPCWSTR, dw_interface: ULONG, psz_function: LPCWSTR, dw_position: ULONG)...
[INFO] [stdout]   |                                                                  ^^^^^^^ not found in this scope
[INFO] [stdout] 
[INFO] [stdout] error[E0412]: cannot find type `ULONG` in this scope
[INFO] [stdout]  --> src/lib.rs:94:89
[INFO] [stdout]   |
[INFO] [stdout] 6 |     fn bcrypt_add_context_function(dw_table: ULONG, psz_context: LPCWSTR, dw_interface: ULONG, psz_function: LPCWSTR, dw_position: ULONG)...
[INFO] [stdout]   |                                                                                         ^^^^^ not found in this scope
[INFO] [stdout] 
[INFO] [stdout] error[E0412]: cannot find type `LPCWSTR` in this scope
[INFO] [stdout]  --> src/lib.rs:94:110
[INFO] [stdout]   |
[INFO] [stdout] 6 | ...ntext: LPCWSTR, dw_interface: ULONG, psz_function: LPCWSTR, dw_position: ULONG) -> BOOL;
[INFO] [stdout]   |                                                       ^^^^^^^ not found in this scope
[INFO] [stdout] 
[INFO] [stdout] error[E0412]: cannot find type `ULONG` in this scope
[INFO] [stdout]  --> src/lib.rs:94:132
[INFO] [stdout]   |
[INFO] [stdout] 6 | ...terface: ULONG, psz_function: LPCWSTR, dw_position: ULONG) -> BOOL;
[INFO] [stdout]   |                                                        ^^^^^ not found in this scope
[INFO] [stdout] 
[INFO] [stdout] error[E0412]: cannot find type `BOOL` in this scope
[INFO] [stdout]  --> src/lib.rs:94:142
[INFO] [stdout]   |
[INFO] [stdout] 6 | ...ULONG, psz_function: LPCWSTR, dw_position: ULONG) -> BOOL;
[INFO] [stdout]   |                                                         ^^^^ not found in this scope
[INFO] [stdout] 
[INFO] [stdout] error: aborting due to 7 previous errors
[INFO] [stdout] 
[INFO] [stdout] For more information about this error, try `rustc --explain E0412`.
[INFO] [stdout] Couldn't compile the test.
[INFO] [stdout] ---- src/lib.rs - dll (line 51) stdout ----
[INFO] [stdout] error: malformed `link_ordinal` attribute input
[INFO] [stdout]  --> src/lib.rs:54:5
[INFO] [stdout]   |
[INFO] [stdout] 5 |     #[link_ordinal = 133]
[INFO] [stdout]   |     ^^^^^^^^^^^^^^^^^^^^^ help: must be of the form: `#[link_ordinal(ordinal)]`
[INFO] [stdout] 
[INFO] [stdout] error: cannot find attribute `dll` in this scope
[INFO] [stdout]  --> src/lib.rs:52:3
[INFO] [stdout]   |
[INFO] [stdout] 3 | #[dll(uxtheme)]
[INFO] [stdout]   |   ^^^
[INFO] [stdout] 
[INFO] [stdout] error[E0412]: cannot find type `HWND` in this scope
[INFO] [stdout]  --> src/lib.rs:55:41
[INFO] [stdout]   |
[INFO] [stdout] 6 |     fn allow_dark_mode_for_window(hwnd: HWND, allow: BOOL) -> BOOL;
[INFO] [stdout]   |                                         ^^^^ not found in this scope
[INFO] [stdout] 
[INFO] [stdout] error[E0412]: cannot find type `BOOL` in this scope
[INFO] [stdout]  --> src/lib.rs:55:54
[INFO] [stdout]   |
[INFO] [stdout] 6 |     fn allow_dark_mode_for_window(hwnd: HWND, allow: BOOL) -> BOOL;
[INFO] [stdout]   |                                                      ^^^^ not found in this scope
[INFO] [stdout] 
[INFO] [stdout] error[E0412]: cannot find type `BOOL` in this scope
[INFO] [stdout]  --> src/lib.rs:55:63
[INFO] [stdout]   |
[INFO] [stdout] 6 |     fn allow_dark_mode_for_window(hwnd: HWND, allow: BOOL) -> BOOL;
[INFO] [stdout]   |                                                               ^^^^ not found in this scope
[INFO] [stdout] 
[INFO] [stdout] error[E0658]: the `#[link_ordinal]` attribute is an experimental feature
[INFO] [stdout]  --> src/lib.rs:54:5
[INFO] [stdout]   |
[INFO] [stdout] 5 |     #[link_ordinal = 133]
[INFO] [stdout]   |     ^^^^^^^^^^^^^^^^^^^^^
[INFO] [stdout]   |
[INFO] [stdout]   = note: see issue #58713 <https://github.com/rust-lang/rust/issues/58713> for more information
[INFO] [stdout] 
[INFO] [stdout] error: illegal ordinal format in `link_ordinal`
[INFO] [stdout]  --> src/lib.rs:54:5
[INFO] [stdout]   |
[INFO] [stdout] 5 |     #[link_ordinal = 133]
[INFO] [stdout]   |     ^^^^^^^^^^^^^^^^^^^^^
[INFO] [stdout]   |
[INFO] [stdout]   = note: an unsuffixed integer value, e.g., `1`, is expected
[INFO] [stdout] 
[INFO] [stdout] error: aborting due to 7 previous errors
[INFO] [stdout] 
[INFO] [stdout] Some errors have detailed explanations: E0412, E0658.
[INFO] [stdout] For more information about an error, try `rustc --explain E0412`.
[INFO] [stdout] Couldn't compile the test.
[INFO] [stdout] ---- src/lib.rs - dll (line 11) stdout ----
[INFO] [stdout] error: cannot find attribute `dll` in this scope
[INFO] [stdout]  --> src/lib.rs:12:3
[INFO] [stdout]   |
[INFO] [stdout] 3 | #[dll("user32.dll")]
[INFO] [stdout]   |   ^^^
[INFO] [stdout] 
[INFO] [stdout] error[E0412]: cannot find type `HWND` in this scope
[INFO] [stdout]  --> src/lib.rs:15:45
[INFO] [stdout]   |
[INFO] [stdout] 6 |     fn SetWindowCompositionAttribute(h_wnd: HWND, data: *mut WINDOWCOMPOSITIONATTRIBDATA) -> BOOL;
[INFO] [stdout]   |                                             ^^^^ not found in this scope
[INFO] [stdout] 
[INFO] [stdout] error[E0412]: cannot find type `WINDOWCOMPOSITIONATTRIBDATA` in this scope
[INFO] [stdout]  --> src/lib.rs:15:62
[INFO] [stdout]   |
[INFO] [stdout] 6 |     fn SetWindowCompositionAttribute(h_wnd: HWND, data: *mut WINDOWCOMPOSITIONATTRIBDATA) -> BOOL;
[INFO] [stdout]   |                                                              ^^^^^^^^^^^^^^^^^^^^^^^^^^^ not found in this scope
[INFO] [stdout] 
[INFO] [stdout] error[E0412]: cannot find type `BOOL` in this scope
[INFO] [stdout]  --> src/lib.rs:15:94
[INFO] [stdout]   |
[INFO] [stdout] 6 |     fn SetWindowCompositionAttribute(h_wnd: HWND, data: *mut WINDOWCOMPOSITIONATTRIBDATA) -> BOOL;
[INFO] [stdout]   |                                                                                              ^^^^ not found in this scope
[INFO] [stdout] 
[INFO] [stdout] error: aborting due to 4 previous errors
[INFO] [stdout] 
[INFO] [stdout] For more information about this error, try `rustc --explain E0412`.
[INFO] [stdout] Couldn't compile the test.
[INFO] [stdout] ---- src/lib.rs - dll (line 62) stdout ----
[INFO] [stdout] error[E0433]: failed to resolve: use of undeclared crate or module `allow_dark_mode_for_window`
[INFO] [stdout]  --> src/lib.rs:63:4
[INFO] [stdout]   |
[INFO] [stdout] 3 | if allow_dark_mode_for_window::exists() {
[INFO] [stdout]   |    ^^^^^^^^^^^^^^^^^^^^^^^^^^ use of undeclared crate or module `allow_dark_mode_for_window`
[INFO] [stdout] 
[INFO] [stdout] error[E0425]: cannot find function `allow_dark_mode_for_window` in this scope
[INFO] [stdout]  --> src/lib.rs:64:5
[INFO] [stdout]   |
[INFO] [stdout] 4 |     allow_dark_mode_for_window(hwnd, allow)
[INFO] [stdout]   |     ^^^^^^^^^^^^^^^^^^^^^^^^^^ not found in this scope
[INFO] [stdout] 
[INFO] [stdout] error[E0425]: cannot find value `hwnd` in this scope
[INFO] [stdout]  --> src/lib.rs:64:32
[INFO] [stdout]   |
[INFO] [stdout] 4 |     allow_dark_mode_for_window(hwnd, allow)
[INFO] [stdout]   |                                ^^^^ not found in this scope
[INFO] [stdout] 
[INFO] [stdout] error[E0423]: expected value, found built-in attribute `allow`
[INFO] [stdout]  --> src/lib.rs:64:38
[INFO] [stdout]   |
[INFO] [stdout] 4 |     allow_dark_mode_for_window(hwnd, allow)
[INFO] [stdout]   |                                      ^^^^^ not a value
[INFO] [stdout] 
[INFO] [stdout] error: aborting due to 4 previous errors
[INFO] [stdout] 
[INFO] [stdout] Some errors have detailed explanations: E0423, E0425, E0433.
[INFO] [stdout] For more information about an error, try `rustc --explain E0423`.
[INFO] [stdout] Couldn't compile the test.
[INFO] [stdout] 
[INFO] [stdout] failures:
[INFO] [stdout]     src/lib.rs - dll (line 11)
[INFO] [stdout]     src/lib.rs - dll (line 19)
[INFO] [stdout]     src/lib.rs - dll (line 26)
[INFO] [stdout]     src/lib.rs - dll (line 40)
[INFO] [stdout]     src/lib.rs - dll (line 51)
[INFO] [stdout]     src/lib.rs - dll (line 62)
[INFO] [stdout]     src/lib.rs - dll (line 71)
[INFO] [stdout]     src/lib.rs - dll (line 90)
[INFO] [stdout] 
[INFO] [stdout] test result: FAILED. 0 passed; 8 failed; 0 ignored; 0 measured; 0 filtered out; finished in 0.09s
[INFO] [stdout] 
[INFO] [stderr] error: test failed, to rerun pass '--doc'
[INFO] running `Command { std: "docker" "inspect" "22992e4d8191774ec19d14723717da14575a7d03e9cb50dde6df26d1e7121e5d", kill_on_drop: false }`
[INFO] running `Command { std: "docker" "rm" "-f" "22992e4d8191774ec19d14723717da14575a7d03e9cb50dde6df26d1e7121e5d", kill_on_drop: false }`
[INFO] [stdout] 22992e4d8191774ec19d14723717da14575a7d03e9cb50dde6df26d1e7121e5d
