[INFO] fetching crate whitespace-conf 1.0.0...
[INFO] testing whitespace-conf-1.0.0 against beta-2021-08-01 for beta-1.55-1
[INFO] extracting crate whitespace-conf 1.0.0 into /workspace/builds/worker-7/source
[INFO] validating manifest of crates.io crate whitespace-conf 1.0.0 on toolchain beta-2021-08-01
[INFO] running `Command { std: "/workspace/cargo-home/bin/cargo" "+beta-2021-08-01" "metadata" "--manifest-path" "Cargo.toml" "--no-deps", kill_on_drop: false }`
[INFO] started tweaking crates.io crate whitespace-conf 1.0.0
[INFO] finished tweaking crates.io crate whitespace-conf 1.0.0
[INFO] tweaked toml for crates.io crate whitespace-conf 1.0.0 written to /workspace/builds/worker-7/source/Cargo.toml
[INFO] crate crates.io crate whitespace-conf 1.0.0 already has a lockfile, it will not be regenerated
[INFO] running `Command { std: "/workspace/cargo-home/bin/cargo" "+beta-2021-08-01" "fetch" "--manifest-path" "Cargo.toml", kill_on_drop: false }`
[INFO] running `Command { std: "docker" "create" "-v" "/var/lib/crater-agent-workspace/builds/worker-7/target:/opt/rustwide/target:rw,Z" "-v" "/var/lib/crater-agent-workspace/builds/worker-7/source:/opt/rustwide/workdir:ro,Z" "-v" "/var/lib/crater-agent-workspace/cargo-home:/opt/rustwide/cargo-home:ro,Z" "-v" "/var/lib/crater-agent-workspace/rustup-home:/opt/rustwide/rustup-home:ro,Z" "-e" "SOURCE_DIR=/opt/rustwide/workdir" "-e" "CARGO_TARGET_DIR=/opt/rustwide/target" "-e" "CARGO_HOME=/opt/rustwide/cargo-home" "-e" "RUSTUP_HOME=/opt/rustwide/rustup-home" "-w" "/opt/rustwide/workdir" "-m" "1610612736" "--user" "0:0" "--network" "none" "ghcr.io/rust-lang/crates-build-env/linux@sha256:34b6a614d2c27851fe6cbf88fbd1137609cefab8b10d0615aaeb6fd47975d74e" "/opt/rustwide/cargo-home/bin/cargo" "+beta-2021-08-01" "metadata" "--no-deps" "--format-version=1", kill_on_drop: false }`
[INFO] [stdout] eef33ff2cfa0a5ec72f69aaf91e31489f6e85ba5e6d1aabcd644a1e2ef1a4cba
[INFO] running `Command { std: "docker" "start" "-a" "eef33ff2cfa0a5ec72f69aaf91e31489f6e85ba5e6d1aabcd644a1e2ef1a4cba", kill_on_drop: false }`
[INFO] running `Command { std: "docker" "inspect" "eef33ff2cfa0a5ec72f69aaf91e31489f6e85ba5e6d1aabcd644a1e2ef1a4cba", kill_on_drop: false }`
[INFO] running `Command { std: "docker" "rm" "-f" "eef33ff2cfa0a5ec72f69aaf91e31489f6e85ba5e6d1aabcd644a1e2ef1a4cba", kill_on_drop: false }`
[INFO] [stdout] eef33ff2cfa0a5ec72f69aaf91e31489f6e85ba5e6d1aabcd644a1e2ef1a4cba
[INFO] running `Command { std: "docker" "create" "-v" "/var/lib/crater-agent-workspace/builds/worker-7/target:/opt/rustwide/target:rw,Z" "-v" "/var/lib/crater-agent-workspace/builds/worker-7/source:/opt/rustwide/workdir:ro,Z" "-v" "/var/lib/crater-agent-workspace/cargo-home:/opt/rustwide/cargo-home:ro,Z" "-v" "/var/lib/crater-agent-workspace/rustup-home:/opt/rustwide/rustup-home:ro,Z" "-e" "SOURCE_DIR=/opt/rustwide/workdir" "-e" "CARGO_TARGET_DIR=/opt/rustwide/target" "-e" "CARGO_INCREMENTAL=0" "-e" "RUST_BACKTRACE=full" "-e" "RUSTFLAGS=--cap-lints=warn" "-e" "CARGO_HOME=/opt/rustwide/cargo-home" "-e" "RUSTUP_HOME=/opt/rustwide/rustup-home" "-w" "/opt/rustwide/workdir" "-m" "1610612736" "--user" "0:0" "--network" "none" "ghcr.io/rust-lang/crates-build-env/linux@sha256:34b6a614d2c27851fe6cbf88fbd1137609cefab8b10d0615aaeb6fd47975d74e" "/opt/rustwide/cargo-home/bin/cargo" "+beta-2021-08-01" "build" "--frozen" "--message-format=json", kill_on_drop: false }`
[INFO] [stdout] f4b0df613747b30e5b833a3e7335434c443b0193494108e3cceeed6c74ce3b1d
[INFO] running `Command { std: "docker" "start" "-a" "f4b0df613747b30e5b833a3e7335434c443b0193494108e3cceeed6c74ce3b1d", kill_on_drop: false }`
[INFO] [stderr]    Compiling whitespace-conf v1.0.0 (/opt/rustwide/workdir)
[INFO] [stderr]     Finished dev [unoptimized + debuginfo] target(s) in 0.32s
[INFO] running `Command { std: "docker" "inspect" "f4b0df613747b30e5b833a3e7335434c443b0193494108e3cceeed6c74ce3b1d", kill_on_drop: false }`
[INFO] running `Command { std: "docker" "rm" "-f" "f4b0df613747b30e5b833a3e7335434c443b0193494108e3cceeed6c74ce3b1d", kill_on_drop: false }`
[INFO] [stdout] f4b0df613747b30e5b833a3e7335434c443b0193494108e3cceeed6c74ce3b1d
[INFO] running `Command { std: "docker" "create" "-v" "/var/lib/crater-agent-workspace/builds/worker-7/target:/opt/rustwide/target:rw,Z" "-v" "/var/lib/crater-agent-workspace/builds/worker-7/source:/opt/rustwide/workdir:ro,Z" "-v" "/var/lib/crater-agent-workspace/cargo-home:/opt/rustwide/cargo-home:ro,Z" "-v" "/var/lib/crater-agent-workspace/rustup-home:/opt/rustwide/rustup-home:ro,Z" "-e" "SOURCE_DIR=/opt/rustwide/workdir" "-e" "CARGO_TARGET_DIR=/opt/rustwide/target" "-e" "CARGO_INCREMENTAL=0" "-e" "RUST_BACKTRACE=full" "-e" "RUSTFLAGS=--cap-lints=warn" "-e" "CARGO_HOME=/opt/rustwide/cargo-home" "-e" "RUSTUP_HOME=/opt/rustwide/rustup-home" "-w" "/opt/rustwide/workdir" "-m" "1610612736" "--user" "0:0" "--network" "none" "ghcr.io/rust-lang/crates-build-env/linux@sha256:34b6a614d2c27851fe6cbf88fbd1137609cefab8b10d0615aaeb6fd47975d74e" "/opt/rustwide/cargo-home/bin/cargo" "+beta-2021-08-01" "test" "--frozen" "--no-run" "--message-format=json", kill_on_drop: false }`
[INFO] [stdout] ca71b952c5879ae8fa949480f760dc68fb65dbe2c597edf914a267861f28c921
[INFO] running `Command { std: "docker" "start" "-a" "ca71b952c5879ae8fa949480f760dc68fb65dbe2c597edf914a267861f28c921", kill_on_drop: false }`
[INFO] [stderr]    Compiling whitespace-conf v1.0.0 (/opt/rustwide/workdir)
[INFO] [stderr]     Finished test [unoptimized + debuginfo] target(s) in 0.39s
[INFO] running `Command { std: "docker" "inspect" "ca71b952c5879ae8fa949480f760dc68fb65dbe2c597edf914a267861f28c921", kill_on_drop: false }`
[INFO] running `Command { std: "docker" "rm" "-f" "ca71b952c5879ae8fa949480f760dc68fb65dbe2c597edf914a267861f28c921", kill_on_drop: false }`
[INFO] [stdout] ca71b952c5879ae8fa949480f760dc68fb65dbe2c597edf914a267861f28c921
[INFO] running `Command { std: "docker" "create" "-v" "/var/lib/crater-agent-workspace/builds/worker-7/target:/opt/rustwide/target:rw,Z" "-v" "/var/lib/crater-agent-workspace/builds/worker-7/source:/opt/rustwide/workdir:ro,Z" "-v" "/var/lib/crater-agent-workspace/cargo-home:/opt/rustwide/cargo-home:ro,Z" "-v" "/var/lib/crater-agent-workspace/rustup-home:/opt/rustwide/rustup-home:ro,Z" "-e" "SOURCE_DIR=/opt/rustwide/workdir" "-e" "CARGO_TARGET_DIR=/opt/rustwide/target" "-e" "CARGO_INCREMENTAL=0" "-e" "RUST_BACKTRACE=full" "-e" "RUSTFLAGS=--cap-lints=warn" "-e" "CARGO_HOME=/opt/rustwide/cargo-home" "-e" "RUSTUP_HOME=/opt/rustwide/rustup-home" "-w" "/opt/rustwide/workdir" "-m" "1610612736" "--user" "0:0" "--network" "none" "ghcr.io/rust-lang/crates-build-env/linux@sha256:34b6a614d2c27851fe6cbf88fbd1137609cefab8b10d0615aaeb6fd47975d74e" "/opt/rustwide/cargo-home/bin/cargo" "+beta-2021-08-01" "test" "--frozen", kill_on_drop: false }`
[INFO] [stdout] 196775bc5f53996d18670bf29dbf96af4cc46f2cd2768a255684e0a10bafa366
[INFO] running `Command { std: "docker" "start" "-a" "196775bc5f53996d18670bf29dbf96af4cc46f2cd2768a255684e0a10bafa366", kill_on_drop: false }`
[INFO] [stderr]     Finished test [unoptimized + debuginfo] target(s) in 0.00s
[INFO] [stderr]      Running unittests (/opt/rustwide/target/debug/deps/whitespace_conf-6bd42470722133c0)
[INFO] [stdout] 
[INFO] [stdout] running 0 tests
[INFO] [stdout] 
[INFO] [stdout] test result: ok. 0 passed; 0 failed; 0 ignored; 0 measured; 0 filtered out; finished in 0.00s
[INFO] [stdout] 
[INFO] [stderr]    Doc-tests whitespace-conf
[INFO] [stdout] 
[INFO] [stdout] running 1 test
[INFO] [stdout] test src/lib.rs - (line 7) ... FAILED
[INFO] [stdout] 
[INFO] [stdout] failures:
[INFO] [stdout] 
[INFO] [stdout] ---- src/lib.rs - (line 7) stdout ----
[INFO] [stdout] error[E0433]: failed to resolve: use of undeclared crate or module `linux_login_defs`
[INFO] [stdout]  --> src/lib.rs:13:16
[INFO] [stdout]   |
[INFO] [stdout] 7 |     let defs = linux_login_defs::parse(&string);
[INFO] [stdout]   |                ^^^^^^^^^^^^^^^^ use of undeclared crate or module `linux_login_defs`
[INFO] [stdout] 
[INFO] [stdout] error: aborting due to previous error
[INFO] [stdout] 
[INFO] [stdout] For more information about this error, try `rustc --explain E0433`.
[INFO] [stdout] Couldn't compile the test.
[INFO] [stdout] 
[INFO] [stdout] failures:
[INFO] [stdout]     src/lib.rs - (line 7)
[INFO] [stdout] 
[INFO] [stdout] test result: FAILED. 0 passed; 1 failed; 0 ignored; 0 measured; 0 filtered out; finished in 0.06s
[INFO] [stdout] 
[INFO] [stderr] error: test failed, to rerun pass '--doc'
[INFO] running `Command { std: "docker" "inspect" "196775bc5f53996d18670bf29dbf96af4cc46f2cd2768a255684e0a10bafa366", kill_on_drop: false }`
[INFO] running `Command { std: "docker" "rm" "-f" "196775bc5f53996d18670bf29dbf96af4cc46f2cd2768a255684e0a10bafa366", kill_on_drop: false }`
[INFO] [stdout] 196775bc5f53996d18670bf29dbf96af4cc46f2cd2768a255684e0a10bafa366
