[INFO] fetching crate weechat-macro 0.4.0...
[INFO] testing weechat-macro-0.4.0 against beta-2021-08-01 for beta-1.55-1
[INFO] extracting crate weechat-macro 0.4.0 into /workspace/builds/worker-6/source
[INFO] validating manifest of crates.io crate weechat-macro 0.4.0 on toolchain beta-2021-08-01
[INFO] running `Command { std: "/workspace/cargo-home/bin/cargo" "+beta-2021-08-01" "metadata" "--manifest-path" "Cargo.toml" "--no-deps", kill_on_drop: false }`
[INFO] started tweaking crates.io crate weechat-macro 0.4.0
[INFO] finished tweaking crates.io crate weechat-macro 0.4.0
[INFO] tweaked toml for crates.io crate weechat-macro 0.4.0 written to /workspace/builds/worker-6/source/Cargo.toml
[INFO] running `Command { std: "/workspace/cargo-home/bin/cargo" "+beta-2021-08-01" "generate-lockfile" "--manifest-path" "Cargo.toml" "-Zno-index-update", kill_on_drop: false }`
[INFO] running `Command { std: "/workspace/cargo-home/bin/cargo" "+beta-2021-08-01" "fetch" "--manifest-path" "Cargo.toml", kill_on_drop: false }`
[INFO] running `Command { std: "docker" "create" "-v" "/var/lib/crater-agent-workspace/builds/worker-6/target:/opt/rustwide/target:rw,Z" "-v" "/var/lib/crater-agent-workspace/builds/worker-6/source:/opt/rustwide/workdir:ro,Z" "-v" "/var/lib/crater-agent-workspace/cargo-home:/opt/rustwide/cargo-home:ro,Z" "-v" "/var/lib/crater-agent-workspace/rustup-home:/opt/rustwide/rustup-home:ro,Z" "-e" "SOURCE_DIR=/opt/rustwide/workdir" "-e" "CARGO_TARGET_DIR=/opt/rustwide/target" "-e" "CARGO_HOME=/opt/rustwide/cargo-home" "-e" "RUSTUP_HOME=/opt/rustwide/rustup-home" "-w" "/opt/rustwide/workdir" "-m" "1610612736" "--user" "0:0" "--network" "none" "ghcr.io/rust-lang/crates-build-env/linux@sha256:34b6a614d2c27851fe6cbf88fbd1137609cefab8b10d0615aaeb6fd47975d74e" "/opt/rustwide/cargo-home/bin/cargo" "+beta-2021-08-01" "metadata" "--no-deps" "--format-version=1", kill_on_drop: false }`
[INFO] [stdout] d641f436e744b49dfbaa1dd6e64158ff527829a526caef29ab862cf2d323c9f7
[INFO] running `Command { std: "docker" "start" "-a" "d641f436e744b49dfbaa1dd6e64158ff527829a526caef29ab862cf2d323c9f7", kill_on_drop: false }`
[INFO] running `Command { std: "docker" "inspect" "d641f436e744b49dfbaa1dd6e64158ff527829a526caef29ab862cf2d323c9f7", kill_on_drop: false }`
[INFO] running `Command { std: "docker" "rm" "-f" "d641f436e744b49dfbaa1dd6e64158ff527829a526caef29ab862cf2d323c9f7", kill_on_drop: false }`
[INFO] [stdout] d641f436e744b49dfbaa1dd6e64158ff527829a526caef29ab862cf2d323c9f7
[INFO] running `Command { std: "docker" "create" "-v" "/var/lib/crater-agent-workspace/builds/worker-6/target:/opt/rustwide/target:rw,Z" "-v" "/var/lib/crater-agent-workspace/builds/worker-6/source:/opt/rustwide/workdir:ro,Z" "-v" "/var/lib/crater-agent-workspace/cargo-home:/opt/rustwide/cargo-home:ro,Z" "-v" "/var/lib/crater-agent-workspace/rustup-home:/opt/rustwide/rustup-home:ro,Z" "-e" "SOURCE_DIR=/opt/rustwide/workdir" "-e" "CARGO_TARGET_DIR=/opt/rustwide/target" "-e" "CARGO_INCREMENTAL=0" "-e" "RUST_BACKTRACE=full" "-e" "RUSTFLAGS=--cap-lints=warn" "-e" "CARGO_HOME=/opt/rustwide/cargo-home" "-e" "RUSTUP_HOME=/opt/rustwide/rustup-home" "-w" "/opt/rustwide/workdir" "-m" "1610612736" "--user" "0:0" "--network" "none" "ghcr.io/rust-lang/crates-build-env/linux@sha256:34b6a614d2c27851fe6cbf88fbd1137609cefab8b10d0615aaeb6fd47975d74e" "/opt/rustwide/cargo-home/bin/cargo" "+beta-2021-08-01" "build" "--frozen" "--message-format=json", kill_on_drop: false }`
[INFO] [stdout] 485e66739e7f93ce3799c1247581f189816e3f9b420fc1140accabba572d3218
[INFO] running `Command { std: "docker" "start" "-a" "485e66739e7f93ce3799c1247581f189816e3f9b420fc1140accabba572d3218", kill_on_drop: false }`
[INFO] [stderr]    Compiling weechat-macro v0.4.0 (/opt/rustwide/workdir)
[INFO] [stderr]     Finished dev [unoptimized + debuginfo] target(s) in 1.99s
[INFO] running `Command { std: "docker" "inspect" "485e66739e7f93ce3799c1247581f189816e3f9b420fc1140accabba572d3218", kill_on_drop: false }`
[INFO] running `Command { std: "docker" "rm" "-f" "485e66739e7f93ce3799c1247581f189816e3f9b420fc1140accabba572d3218", kill_on_drop: false }`
[INFO] [stdout] 485e66739e7f93ce3799c1247581f189816e3f9b420fc1140accabba572d3218
[INFO] running `Command { std: "docker" "create" "-v" "/var/lib/crater-agent-workspace/builds/worker-6/target:/opt/rustwide/target:rw,Z" "-v" "/var/lib/crater-agent-workspace/builds/worker-6/source:/opt/rustwide/workdir:ro,Z" "-v" "/var/lib/crater-agent-workspace/cargo-home:/opt/rustwide/cargo-home:ro,Z" "-v" "/var/lib/crater-agent-workspace/rustup-home:/opt/rustwide/rustup-home:ro,Z" "-e" "SOURCE_DIR=/opt/rustwide/workdir" "-e" "CARGO_TARGET_DIR=/opt/rustwide/target" "-e" "CARGO_INCREMENTAL=0" "-e" "RUST_BACKTRACE=full" "-e" "RUSTFLAGS=--cap-lints=warn" "-e" "CARGO_HOME=/opt/rustwide/cargo-home" "-e" "RUSTUP_HOME=/opt/rustwide/rustup-home" "-w" "/opt/rustwide/workdir" "-m" "1610612736" "--user" "0:0" "--network" "none" "ghcr.io/rust-lang/crates-build-env/linux@sha256:34b6a614d2c27851fe6cbf88fbd1137609cefab8b10d0615aaeb6fd47975d74e" "/opt/rustwide/cargo-home/bin/cargo" "+beta-2021-08-01" "test" "--frozen" "--no-run" "--message-format=json", kill_on_drop: false }`
[INFO] [stdout] 726a041a01fe51ce141a80511d21d9bc311d9b13418df932504f1dcc69954d72
[INFO] running `Command { std: "docker" "start" "-a" "726a041a01fe51ce141a80511d21d9bc311d9b13418df932504f1dcc69954d72", kill_on_drop: false }`
[INFO] [stderr]     Blocking waiting for file lock on package cache
[INFO] [stderr]    Compiling weechat-macro v0.4.0 (/opt/rustwide/workdir)
[INFO] [stderr]     Finished test [unoptimized + debuginfo] target(s) in 0.63s
[INFO] running `Command { std: "docker" "inspect" "726a041a01fe51ce141a80511d21d9bc311d9b13418df932504f1dcc69954d72", kill_on_drop: false }`
[INFO] running `Command { std: "docker" "rm" "-f" "726a041a01fe51ce141a80511d21d9bc311d9b13418df932504f1dcc69954d72", kill_on_drop: false }`
[INFO] [stdout] 726a041a01fe51ce141a80511d21d9bc311d9b13418df932504f1dcc69954d72
[INFO] running `Command { std: "docker" "create" "-v" "/var/lib/crater-agent-workspace/builds/worker-6/target:/opt/rustwide/target:rw,Z" "-v" "/var/lib/crater-agent-workspace/builds/worker-6/source:/opt/rustwide/workdir:ro,Z" "-v" "/var/lib/crater-agent-workspace/cargo-home:/opt/rustwide/cargo-home:ro,Z" "-v" "/var/lib/crater-agent-workspace/rustup-home:/opt/rustwide/rustup-home:ro,Z" "-e" "SOURCE_DIR=/opt/rustwide/workdir" "-e" "CARGO_TARGET_DIR=/opt/rustwide/target" "-e" "CARGO_INCREMENTAL=0" "-e" "RUST_BACKTRACE=full" "-e" "RUSTFLAGS=--cap-lints=warn" "-e" "CARGO_HOME=/opt/rustwide/cargo-home" "-e" "RUSTUP_HOME=/opt/rustwide/rustup-home" "-w" "/opt/rustwide/workdir" "-m" "1610612736" "--user" "0:0" "--network" "none" "ghcr.io/rust-lang/crates-build-env/linux@sha256:34b6a614d2c27851fe6cbf88fbd1137609cefab8b10d0615aaeb6fd47975d74e" "/opt/rustwide/cargo-home/bin/cargo" "+beta-2021-08-01" "test" "--frozen", kill_on_drop: false }`
[INFO] [stdout] 06f795f1122094a6a4919b454784d0501bdfa445fde4367700c1423e4478c8d8
[INFO] running `Command { std: "docker" "start" "-a" "06f795f1122094a6a4919b454784d0501bdfa445fde4367700c1423e4478c8d8", kill_on_drop: false }`
[INFO] [stderr]     Finished test [unoptimized + debuginfo] target(s) in 0.03s
[INFO] [stderr]      Running unittests (/opt/rustwide/target/debug/deps/weechat_macro-ea67eae5d62aa90b)
[INFO] [stdout] 
[INFO] [stderr]    Doc-tests weechat-macro
[INFO] [stdout] running 0 tests
[INFO] [stdout] 
[INFO] [stdout] test result: ok. 0 passed; 0 failed; 0 ignored; 0 measured; 0 filtered out; finished in 0.00s
[INFO] [stdout] 
[INFO] [stdout] 
[INFO] [stdout] running 1 test
[INFO] [stdout] test src/lib.rs - plugin (line 137) ... FAILED
[INFO] [stdout] 
[INFO] [stdout] failures:
[INFO] [stdout] 
[INFO] [stdout] ---- src/lib.rs - plugin (line 137) stdout ----
[INFO] [stdout] error[E0432]: unresolved import `weechat`
[INFO] [stdout]  --> src/lib.rs:138:5
[INFO] [stdout]   |
[INFO] [stdout] 3 | use weechat::{plugin, Args, Weechat, Plugin};
[INFO] [stdout]   |     ^^^^^^^ use of undeclared crate or module `weechat`
[INFO] [stdout] 
[INFO] [stdout] error: cannot determine resolution for the macro `plugin`
[INFO] [stdout]   --> src/lib.rs:145:1
[INFO] [stdout]    |
[INFO] [stdout] 10 | plugin!(
[INFO] [stdout]    | ^^^^^^
[INFO] [stdout]    |
[INFO] [stdout]    = note: import resolution is stuck, try simplifying macro imports
[INFO] [stdout] 
[INFO] [stdout] error: aborting due to 2 previous errors
[INFO] [stdout] 
[INFO] [stdout] For more information about this error, try `rustc --explain E0432`.
[INFO] [stdout] Couldn't compile the test.
[INFO] [stdout] 
[INFO] [stdout] failures:
[INFO] [stdout]     src/lib.rs - plugin (line 137)
[INFO] [stdout] 
[INFO] [stdout] test result: FAILED. 0 passed; 1 failed; 0 ignored; 0 measured; 0 filtered out; finished in 0.14s
[INFO] [stdout] 
[INFO] [stderr] error: test failed, to rerun pass '--doc'
[INFO] running `Command { std: "docker" "inspect" "06f795f1122094a6a4919b454784d0501bdfa445fde4367700c1423e4478c8d8", kill_on_drop: false }`
[INFO] running `Command { std: "docker" "rm" "-f" "06f795f1122094a6a4919b454784d0501bdfa445fde4367700c1423e4478c8d8", kill_on_drop: false }`
[INFO] [stdout] 06f795f1122094a6a4919b454784d0501bdfa445fde4367700c1423e4478c8d8
