[INFO] fetching crate webworker 0.1.4...
[INFO] testing webworker-0.1.4 against 1.54.0 for beta-1.55-1
[INFO] extracting crate webworker 0.1.4 into /workspace/builds/worker-8/source
[INFO] validating manifest of crates.io crate webworker 0.1.4 on toolchain 1.54.0
[INFO] running `Command { std: "/workspace/cargo-home/bin/cargo" "+1.54.0" "metadata" "--manifest-path" "Cargo.toml" "--no-deps", kill_on_drop: false }`
[INFO] started tweaking crates.io crate webworker 0.1.4
[INFO] finished tweaking crates.io crate webworker 0.1.4
[INFO] tweaked toml for crates.io crate webworker 0.1.4 written to /workspace/builds/worker-8/source/Cargo.toml
[INFO] running `Command { std: "/workspace/cargo-home/bin/cargo" "+1.54.0" "generate-lockfile" "--manifest-path" "Cargo.toml" "-Zno-index-update", kill_on_drop: false }`
[INFO] running `Command { std: "/workspace/cargo-home/bin/cargo" "+1.54.0" "fetch" "--manifest-path" "Cargo.toml", kill_on_drop: false }`
[INFO] running `Command { std: "docker" "create" "-v" "/var/lib/crater-agent-workspace/builds/worker-8/target:/opt/rustwide/target:rw,Z" "-v" "/var/lib/crater-agent-workspace/builds/worker-8/source:/opt/rustwide/workdir:ro,Z" "-v" "/var/lib/crater-agent-workspace/cargo-home:/opt/rustwide/cargo-home:ro,Z" "-v" "/var/lib/crater-agent-workspace/rustup-home:/opt/rustwide/rustup-home:ro,Z" "-e" "SOURCE_DIR=/opt/rustwide/workdir" "-e" "CARGO_TARGET_DIR=/opt/rustwide/target" "-e" "CARGO_HOME=/opt/rustwide/cargo-home" "-e" "RUSTUP_HOME=/opt/rustwide/rustup-home" "-w" "/opt/rustwide/workdir" "-m" "1610612736" "--user" "0:0" "--network" "none" "ghcr.io/rust-lang/crates-build-env/linux@sha256:34b6a614d2c27851fe6cbf88fbd1137609cefab8b10d0615aaeb6fd47975d74e" "/opt/rustwide/cargo-home/bin/cargo" "+1.54.0" "metadata" "--no-deps" "--format-version=1", kill_on_drop: false }`
[INFO] [stdout] f791e069b6cf28a50e20236f4e5747b55fefd9935d4012dc3ae004d3cbad93e7
[INFO] running `Command { std: "docker" "start" "-a" "f791e069b6cf28a50e20236f4e5747b55fefd9935d4012dc3ae004d3cbad93e7", kill_on_drop: false }`
[INFO] running `Command { std: "docker" "inspect" "f791e069b6cf28a50e20236f4e5747b55fefd9935d4012dc3ae004d3cbad93e7", kill_on_drop: false }`
[INFO] running `Command { std: "docker" "rm" "-f" "f791e069b6cf28a50e20236f4e5747b55fefd9935d4012dc3ae004d3cbad93e7", kill_on_drop: false }`
[INFO] [stdout] f791e069b6cf28a50e20236f4e5747b55fefd9935d4012dc3ae004d3cbad93e7
[INFO] running `Command { std: "docker" "create" "-v" "/var/lib/crater-agent-workspace/builds/worker-8/target:/opt/rustwide/target:rw,Z" "-v" "/var/lib/crater-agent-workspace/builds/worker-8/source:/opt/rustwide/workdir:ro,Z" "-v" "/var/lib/crater-agent-workspace/cargo-home:/opt/rustwide/cargo-home:ro,Z" "-v" "/var/lib/crater-agent-workspace/rustup-home:/opt/rustwide/rustup-home:ro,Z" "-e" "SOURCE_DIR=/opt/rustwide/workdir" "-e" "CARGO_TARGET_DIR=/opt/rustwide/target" "-e" "CARGO_INCREMENTAL=0" "-e" "RUST_BACKTRACE=full" "-e" "RUSTFLAGS=--cap-lints=warn" "-e" "CARGO_HOME=/opt/rustwide/cargo-home" "-e" "RUSTUP_HOME=/opt/rustwide/rustup-home" "-w" "/opt/rustwide/workdir" "-m" "1610612736" "--user" "0:0" "--network" "none" "ghcr.io/rust-lang/crates-build-env/linux@sha256:34b6a614d2c27851fe6cbf88fbd1137609cefab8b10d0615aaeb6fd47975d74e" "/opt/rustwide/cargo-home/bin/cargo" "+1.54.0" "build" "--frozen" "--message-format=json", kill_on_drop: false }`
[INFO] [stdout] ae5e036ac19ab300d1c28f087677639b7cc8ec401a6bf5381e9b9b78ba58aaf2
[INFO] running `Command { std: "docker" "start" "-a" "ae5e036ac19ab300d1c28f087677639b7cc8ec401a6bf5381e9b9b78ba58aaf2", kill_on_drop: false }`
[INFO] [stderr]    Compiling syn v1.0.74
[INFO] [stderr]    Compiling wasm-bindgen-shared v0.2.75
[INFO] [stderr]    Compiling bumpalo v3.7.0
[INFO] [stderr]    Compiling wasm-bindgen v0.2.75
[INFO] [stderr]    Compiling path-tree v0.1.12
[INFO] [stderr]    Compiling wasm-bindgen-backend v0.2.75
[INFO] [stderr]    Compiling wasm-bindgen-macro-support v0.2.75
[INFO] [stderr]    Compiling wasm-bindgen-macro v0.2.75
[INFO] [stderr]    Compiling js-sys v0.3.52
[INFO] [stderr]    Compiling web-sys v0.3.52
[INFO] [stderr]    Compiling webworker v0.1.4 (/opt/rustwide/workdir)
[INFO] [stderr]     Finished dev [unoptimized + debuginfo] target(s) in 20.45s
[INFO] running `Command { std: "docker" "inspect" "ae5e036ac19ab300d1c28f087677639b7cc8ec401a6bf5381e9b9b78ba58aaf2", kill_on_drop: false }`
[INFO] running `Command { std: "docker" "rm" "-f" "ae5e036ac19ab300d1c28f087677639b7cc8ec401a6bf5381e9b9b78ba58aaf2", kill_on_drop: false }`
[INFO] [stdout] ae5e036ac19ab300d1c28f087677639b7cc8ec401a6bf5381e9b9b78ba58aaf2
[INFO] running `Command { std: "docker" "create" "-v" "/var/lib/crater-agent-workspace/builds/worker-8/target:/opt/rustwide/target:rw,Z" "-v" "/var/lib/crater-agent-workspace/builds/worker-8/source:/opt/rustwide/workdir:ro,Z" "-v" "/var/lib/crater-agent-workspace/cargo-home:/opt/rustwide/cargo-home:ro,Z" "-v" "/var/lib/crater-agent-workspace/rustup-home:/opt/rustwide/rustup-home:ro,Z" "-e" "SOURCE_DIR=/opt/rustwide/workdir" "-e" "CARGO_TARGET_DIR=/opt/rustwide/target" "-e" "CARGO_INCREMENTAL=0" "-e" "RUST_BACKTRACE=full" "-e" "RUSTFLAGS=--cap-lints=warn" "-e" "CARGO_HOME=/opt/rustwide/cargo-home" "-e" "RUSTUP_HOME=/opt/rustwide/rustup-home" "-w" "/opt/rustwide/workdir" "-m" "1610612736" "--user" "0:0" "--network" "none" "ghcr.io/rust-lang/crates-build-env/linux@sha256:34b6a614d2c27851fe6cbf88fbd1137609cefab8b10d0615aaeb6fd47975d74e" "/opt/rustwide/cargo-home/bin/cargo" "+1.54.0" "test" "--frozen" "--no-run" "--message-format=json", kill_on_drop: false }`
[INFO] [stdout] 14d804c7c316d74bb215037682c60f8dd2b6c8f0512ea7d9a855d50bbefb6985
[INFO] running `Command { std: "docker" "start" "-a" "14d804c7c316d74bb215037682c60f8dd2b6c8f0512ea7d9a855d50bbefb6985", kill_on_drop: false }`
[INFO] [stderr]    Compiling wasm-bindgen-test-macro v0.3.25
[INFO] [stderr]    Compiling console_error_panic_hook v0.1.6
[INFO] [stderr]    Compiling wasm-bindgen-futures v0.4.25
[INFO] [stderr]    Compiling wasm-bindgen-test v0.3.25
[INFO] [stderr]    Compiling webworker v0.1.4 (/opt/rustwide/workdir)
[INFO] [stderr]     Finished test [unoptimized + debuginfo] target(s) in 2.92s
[INFO] running `Command { std: "docker" "inspect" "14d804c7c316d74bb215037682c60f8dd2b6c8f0512ea7d9a855d50bbefb6985", kill_on_drop: false }`
[INFO] running `Command { std: "docker" "rm" "-f" "14d804c7c316d74bb215037682c60f8dd2b6c8f0512ea7d9a855d50bbefb6985", kill_on_drop: false }`
[INFO] [stdout] 14d804c7c316d74bb215037682c60f8dd2b6c8f0512ea7d9a855d50bbefb6985
[INFO] running `Command { std: "docker" "create" "-v" "/var/lib/crater-agent-workspace/builds/worker-8/target:/opt/rustwide/target:rw,Z" "-v" "/var/lib/crater-agent-workspace/builds/worker-8/source:/opt/rustwide/workdir:ro,Z" "-v" "/var/lib/crater-agent-workspace/cargo-home:/opt/rustwide/cargo-home:ro,Z" "-v" "/var/lib/crater-agent-workspace/rustup-home:/opt/rustwide/rustup-home:ro,Z" "-e" "SOURCE_DIR=/opt/rustwide/workdir" "-e" "CARGO_TARGET_DIR=/opt/rustwide/target" "-e" "CARGO_INCREMENTAL=0" "-e" "RUST_BACKTRACE=full" "-e" "RUSTFLAGS=--cap-lints=warn" "-e" "CARGO_HOME=/opt/rustwide/cargo-home" "-e" "RUSTUP_HOME=/opt/rustwide/rustup-home" "-w" "/opt/rustwide/workdir" "-m" "1610612736" "--user" "0:0" "--network" "none" "ghcr.io/rust-lang/crates-build-env/linux@sha256:34b6a614d2c27851fe6cbf88fbd1137609cefab8b10d0615aaeb6fd47975d74e" "/opt/rustwide/cargo-home/bin/cargo" "+1.54.0" "test" "--frozen", kill_on_drop: false }`
[INFO] [stdout] 7ec7972e247a6f56e090f605fd69479e5fdcbb2320b1c61c398f7b81300d3a14
[INFO] running `Command { std: "docker" "start" "-a" "7ec7972e247a6f56e090f605fd69479e5fdcbb2320b1c61c398f7b81300d3a14", kill_on_drop: false }`
[INFO] [stderr]     Finished test [unoptimized + debuginfo] target(s) in 0.02s
[INFO] [stderr]      Running unittests (/opt/rustwide/target/debug/deps/webworker-39eddbe02d8bc24d)
[INFO] [stdout] 
[INFO] [stderr]      Running tests/webworker.rs (/opt/rustwide/target/debug/deps/webworker-858113285f7ed79e)
[INFO] [stdout] running 0 tests
[INFO] [stdout] 
[INFO] [stdout] test result: ok. 0 passed; 0 failed; 0 ignored; 0 measured; 0 filtered out; finished in 0.00s
[INFO] [stdout] 
[INFO] [stdout] 
[INFO] [stdout] running 0 tests
[INFO] [stdout] 
[INFO] [stdout] test result: ok. 0 passed; 0 failed; 0 ignored; 0 measured; 0 filtered out; finished in 0.00s
[INFO] [stdout] 
[INFO] [stderr]    Doc-tests webworker
[INFO] [stdout] 
[INFO] [stdout] running 1 test
[INFO] [stdout] test src/lib.rs - (line 4) ... FAILED
[INFO] [stdout] 
[INFO] [stdout] failures:
[INFO] [stdout] 
[INFO] [stdout] ---- src/lib.rs - (line 4) stdout ----
[INFO] [stdout] error[E0433]: failed to resolve: use of undeclared type `Router`
[INFO] [stdout]  --> src/lib.rs:5:18
[INFO] [stdout]   |
[INFO] [stdout] 3 | let mut router = Router::new();
[INFO] [stdout]   |                  ^^^^^^ not found in this scope
[INFO] [stdout]   |
[INFO] [stdout] help: consider importing this struct
[INFO] [stdout]   |
[INFO] [stdout] 2 | use webworker::router::Router;
[INFO] [stdout]   |
[INFO] [stdout] 
[INFO] [stdout] error[E0425]: cannot find value `index` in this scope
[INFO] [stdout]  --> src/lib.rs:6:26
[INFO] [stdout]   |
[INFO] [stdout] 4 | router.get("/", Box::new(index));
[INFO] [stdout]   |                          ^^^^^ not found in this scope
[INFO] [stdout] 
[INFO] [stdout] error[E0433]: failed to resolve: use of undeclared type `WebWorker`
[INFO] [stdout]  --> src/lib.rs:7:14
[INFO] [stdout]   |
[INFO] [stdout] 5 | let mut ww = WebWorker::new();
[INFO] [stdout]   |              ^^^^^^^^^ not found in this scope
[INFO] [stdout]   |
[INFO] [stdout] help: consider importing this struct
[INFO] [stdout]   |
[INFO] [stdout] 2 | use webworker::WebWorker;
[INFO] [stdout]   |
[INFO] [stdout] 
[INFO] [stdout] error[E0425]: cannot find value `request` in this scope
[INFO] [stdout]  --> src/lib.rs:9:11
[INFO] [stdout]   |
[INFO] [stdout] 7 | ww.handle(request)
[INFO] [stdout]   |           ^^^^^^^ not found in this scope
[INFO] [stdout] 
[INFO] [stdout] error: aborting due to 4 previous errors
[INFO] [stdout] 
[INFO] [stdout] Some errors have detailed explanations: E0425, E0433.
[INFO] [stdout] For more information about an error, try `rustc --explain E0425`.
[INFO] [stdout] Couldn't compile the test.
[INFO] [stdout] 
[INFO] [stdout] failures:
[INFO] [stdout]     src/lib.rs - (line 4)
[INFO] [stdout] 
[INFO] [stdout] test result: FAILED. 0 passed; 1 failed; 0 ignored; 0 measured; 0 filtered out; finished in 0.08s
[INFO] [stdout] 
[INFO] [stderr] error: test failed, to rerun pass '--doc'
[INFO] running `Command { std: "docker" "inspect" "7ec7972e247a6f56e090f605fd69479e5fdcbb2320b1c61c398f7b81300d3a14", kill_on_drop: false }`
[INFO] running `Command { std: "docker" "rm" "-f" "7ec7972e247a6f56e090f605fd69479e5fdcbb2320b1c61c398f7b81300d3a14", kill_on_drop: false }`
[INFO] [stdout] 7ec7972e247a6f56e090f605fd69479e5fdcbb2320b1c61c398f7b81300d3a14
