[INFO] fetching crate websocat 1.8.0...
[INFO] testing websocat-1.8.0 against beta-2021-08-01 for beta-1.55-1
[INFO] extracting crate websocat 1.8.0 into /workspace/builds/worker-3/source
[INFO] validating manifest of crates.io crate websocat 1.8.0 on toolchain beta-2021-08-01
[INFO] running `Command { std: "/workspace/cargo-home/bin/cargo" "+beta-2021-08-01" "metadata" "--manifest-path" "Cargo.toml" "--no-deps", kill_on_drop: false }`
[INFO] started tweaking crates.io crate websocat 1.8.0
[INFO] finished tweaking crates.io crate websocat 1.8.0
[INFO] tweaked toml for crates.io crate websocat 1.8.0 written to /workspace/builds/worker-3/source/Cargo.toml
[INFO] crate crates.io crate websocat 1.8.0 already has a lockfile, it will not be regenerated
[INFO] running `Command { std: "/workspace/cargo-home/bin/cargo" "+beta-2021-08-01" "fetch" "--manifest-path" "Cargo.toml", kill_on_drop: false }`
[INFO] [stderr]  Downloading crates ...
[INFO] [stderr]   Downloaded readwrite v0.1.1
[INFO] [stderr]   Downloaded websocket v0.26.2
[INFO] [stderr]   Downloaded structopt v0.2.16
[INFO] [stderr]   Downloaded derivative v1.0.3
[INFO] [stderr]   Downloaded smart-default v0.3.0
[INFO] [stderr]   Downloaded unicode-segmentation v1.5.0
[INFO] [stderr]   Downloaded tokio-file-unix v0.5.1
[INFO] [stderr]   Downloaded structopt-derive v0.2.16
[INFO] [stderr]   Downloaded websocket-base v0.26.2
[INFO] [stderr]   Downloaded slab_typesafe v0.1.3
[INFO] [stderr]   Downloaded tokio-named-pipes v0.1.0
[INFO] [stderr]   Downloaded http v0.1.19
[INFO] [stderr]   Downloaded tokio-process v0.2.4
[INFO] [stderr]   Downloaded tokio-udp v0.1.5
[INFO] [stderr]   Downloaded tk-listen v0.2.1
[INFO] [stderr]   Downloaded http-bytes v0.1.0
[INFO] [stderr]   Downloaded openssl-src v111.13.0+1.1.1i
[INFO] [stderr]   Downloaded tokio-stdin-stdout v0.1.5
[INFO] running `Command { std: "docker" "create" "-v" "/var/lib/crater-agent-workspace/builds/worker-3/target:/opt/rustwide/target:rw,Z" "-v" "/var/lib/crater-agent-workspace/builds/worker-3/source:/opt/rustwide/workdir:ro,Z" "-v" "/var/lib/crater-agent-workspace/cargo-home:/opt/rustwide/cargo-home:ro,Z" "-v" "/var/lib/crater-agent-workspace/rustup-home:/opt/rustwide/rustup-home:ro,Z" "-e" "SOURCE_DIR=/opt/rustwide/workdir" "-e" "CARGO_TARGET_DIR=/opt/rustwide/target" "-e" "CARGO_HOME=/opt/rustwide/cargo-home" "-e" "RUSTUP_HOME=/opt/rustwide/rustup-home" "-w" "/opt/rustwide/workdir" "-m" "1610612736" "--user" "0:0" "--network" "none" "ghcr.io/rust-lang/crates-build-env/linux@sha256:34b6a614d2c27851fe6cbf88fbd1137609cefab8b10d0615aaeb6fd47975d74e" "/opt/rustwide/cargo-home/bin/cargo" "+beta-2021-08-01" "metadata" "--no-deps" "--format-version=1", kill_on_drop: false }`
[INFO] [stdout] 3d92fab7b90a5496ea1a2f64141af4cb927282ee24cd76f1f6826a29c9e48f9a
[INFO] running `Command { std: "docker" "start" "-a" "3d92fab7b90a5496ea1a2f64141af4cb927282ee24cd76f1f6826a29c9e48f9a", kill_on_drop: false }`
[INFO] running `Command { std: "docker" "inspect" "3d92fab7b90a5496ea1a2f64141af4cb927282ee24cd76f1f6826a29c9e48f9a", kill_on_drop: false }`
[INFO] running `Command { std: "docker" "rm" "-f" "3d92fab7b90a5496ea1a2f64141af4cb927282ee24cd76f1f6826a29c9e48f9a", kill_on_drop: false }`
[INFO] [stdout] 3d92fab7b90a5496ea1a2f64141af4cb927282ee24cd76f1f6826a29c9e48f9a
[INFO] running `Command { std: "docker" "create" "-v" "/var/lib/crater-agent-workspace/builds/worker-3/target:/opt/rustwide/target:rw,Z" "-v" "/var/lib/crater-agent-workspace/builds/worker-3/source:/opt/rustwide/workdir:ro,Z" "-v" "/var/lib/crater-agent-workspace/cargo-home:/opt/rustwide/cargo-home:ro,Z" "-v" "/var/lib/crater-agent-workspace/rustup-home:/opt/rustwide/rustup-home:ro,Z" "-e" "SOURCE_DIR=/opt/rustwide/workdir" "-e" "CARGO_TARGET_DIR=/opt/rustwide/target" "-e" "CARGO_INCREMENTAL=0" "-e" "RUST_BACKTRACE=full" "-e" "RUSTFLAGS=--cap-lints=warn" "-e" "CARGO_HOME=/opt/rustwide/cargo-home" "-e" "RUSTUP_HOME=/opt/rustwide/rustup-home" "-w" "/opt/rustwide/workdir" "-m" "1610612736" "--user" "0:0" "--network" "none" "ghcr.io/rust-lang/crates-build-env/linux@sha256:34b6a614d2c27851fe6cbf88fbd1137609cefab8b10d0615aaeb6fd47975d74e" "/opt/rustwide/cargo-home/bin/cargo" "+beta-2021-08-01" "build" "--frozen" "--message-format=json", kill_on_drop: false }`
[INFO] [stdout] c78a39c2075317ba65a932d59b3e07239b4e08fc45654c30d3d0628d05ea4cb9
[INFO] running `Command { std: "docker" "start" "-a" "c78a39c2075317ba65a932d59b3e07239b4e08fc45654c30d3d0628d05ea4cb9", kill_on_drop: false }`
[INFO] [stderr]    Compiling cfg-if v0.1.9
[INFO] [stderr]    Compiling byteorder v1.3.2
[INFO] [stderr]    Compiling log v0.4.8
[INFO] [stderr]    Compiling futures v0.1.29
[INFO] [stderr]    Compiling slab v0.4.2
[INFO] [stderr]    Compiling fnv v1.0.6
[INFO] [stderr]    Compiling stable_deref_trait v1.1.1
[INFO] [stderr]    Compiling getrandom v0.1.13
[INFO] [stderr]    Compiling scopeguard v1.0.0
[INFO] [stderr]    Compiling syn v0.15.44
[INFO] [stderr]    Compiling httparse v1.3.4
[INFO] [stderr]    Compiling arc-swap v0.4.3
[INFO] [stderr]    Compiling ppv-lite86 v0.2.6
[INFO] [stderr]    Compiling unicode-segmentation v1.5.0
[INFO] [stderr]    Compiling unicode-width v0.1.5
[INFO] [stderr]    Compiling itoa v0.4.4
[INFO] [stderr]    Compiling remove_dir_all v0.5.2
[INFO] [stderr]    Compiling anymap v0.12.1
[INFO] [stderr]    Compiling hex v0.4.2
[INFO] [stderr]    Compiling crossbeam-utils v0.7.0
[INFO] [stderr]    Compiling crossbeam-epoch v0.8.0
[INFO] [stderr]    Compiling unicode-bidi v0.3.4
[INFO] [stderr]    Compiling iovec v0.1.4
[INFO] [stderr]    Compiling smallvec v0.6.13
[INFO] [stderr]    Compiling parking_lot_core v0.4.0
[INFO] [stderr]    Compiling rand_os v0.1.3
[INFO] [stderr]    Compiling num_cpus v1.11.0
[INFO] [stderr]    Compiling memoffset v0.5.3
[INFO] [stderr]    Compiling time v0.1.42
[INFO] [stderr]    Compiling atty v0.2.14
[INFO] [stderr]    Compiling generic-array v0.12.3
[INFO] [stderr]    Compiling owning_ref v0.4.0
[INFO] [stderr]    Compiling crossbeam-utils v0.6.6
[INFO] [stderr]    Compiling net2 v0.2.33
[INFO] [stderr]    Compiling rand v0.6.5
[INFO] [stderr]    Compiling signal-hook-registry v1.1.1
[INFO] [stderr]    Compiling unicode-normalization v0.1.9
[INFO] [stderr]    Compiling lock_api v0.1.5
[INFO] [stderr]    Compiling c2-chacha v0.2.3
[INFO] [stderr]    Compiling slab_typesafe v0.1.3
[INFO] [stderr]    Compiling crossbeam-queue v0.1.2
[INFO] [stderr]    Compiling signal-hook v0.1.11
[INFO] [stderr]    Compiling textwrap v0.11.0
[INFO] [stderr]    Compiling digest v0.8.1
[INFO] [stderr]    Compiling mio v0.6.19
[INFO] [stderr]    Compiling log v0.3.9
[INFO] [stderr]    Compiling env_logger v0.6.2
[INFO] [stderr]    Compiling clap v2.33.0
[INFO] [stderr]    Compiling heck v0.3.1
[INFO] [stderr]    Compiling rand_core v0.5.1
[INFO] [stderr]    Compiling mime v0.2.6
[INFO] [stderr]    Compiling bytes v0.4.12
[INFO] [stderr]    Compiling block-buffer v0.7.3
[INFO] [stderr]    Compiling base64 v0.10.1
[INFO] [stderr]    Compiling base64 v0.9.3
[INFO] [stderr]    Compiling rand_chacha v0.2.1
[INFO] [stderr]    Compiling tokio-executor v0.1.8
[INFO] [stderr]    Compiling tokio-sync v0.1.7
[INFO] [stderr]    Compiling sha-1 v0.8.2
[INFO] [stderr]    Compiling idna v0.1.5
[INFO] [stderr]    Compiling rand v0.7.2
[INFO] [stderr]    Compiling tokio-timer v0.2.11
[INFO] [stderr]    Compiling tokio-current-thread v0.1.6
[INFO] [stderr]    Compiling tokio-io v0.1.12
[INFO] [stderr]    Compiling http v0.1.19
[INFO] [stderr]    Compiling mio-uds v0.6.7
[INFO] [stderr]    Compiling parking_lot v0.7.1
[INFO] [stderr]    Compiling crossbeam-deque v0.7.2
[INFO] [stderr]    Compiling url v1.7.2
[INFO] [stderr]    Compiling tokio-codec v0.1.1
[INFO] [stderr]    Compiling tokio-stdin-stdout v0.1.5
[INFO] [stderr]    Compiling tokio-threadpool v0.1.16
[INFO] [stderr]    Compiling tokio-reactor v0.1.9
[INFO] [stderr]    Compiling tempfile v3.1.0
[INFO] [stderr]    Compiling tokio-fs v0.1.6
[INFO] [stderr]    Compiling tokio-tcp v0.1.3
[INFO] [stderr]    Compiling tokio-uds v0.2.5
[INFO] [stderr]    Compiling tokio-udp v0.1.5
[INFO] [stderr]    Compiling tokio-signal v0.2.7
[INFO] [stderr]    Compiling tokio-file-unix v0.5.1
[INFO] [stderr]    Compiling hyper v0.10.16
[INFO] [stderr]    Compiling http-bytes v0.1.0
[INFO] [stderr]    Compiling tokio-process v0.2.4
[INFO] [stderr]    Compiling websocket-base v0.26.2
[INFO] [stderr]    Compiling tokio v0.1.22
[INFO] [stderr]    Compiling tk-listen v0.2.1
[INFO] [stderr]    Compiling structopt-derive v0.2.16
[INFO] [stderr]    Compiling smart-default v0.3.0
[INFO] [stderr]    Compiling derivative v1.0.3
[INFO] [stderr]    Compiling websocket v0.26.2
[INFO] [stderr]    Compiling structopt v0.2.16
[INFO] [stderr]    Compiling websocat v1.8.0 (/opt/rustwide/workdir)
[INFO] [stdout] warning: trait objects without an explicit `dyn` are deprecated
[INFO] [stdout]    --> src/util.rs:100:27
[INFO] [stdout]     |
[INFO] [stdout] 100 | pub fn peer_err_sb(e: Box<std::error::Error + 'static>) -> BoxedNewPeerStream {
[INFO] [stdout]     |                           ^^^^^^^^^^^^^^^^^^^^^^^^^^^ help: use `dyn`: `dyn std::error::Error + 'static`
[INFO] [stdout]     |
[INFO] [stdout]     = note: `#[warn(bare_trait_objects)]` on by default
[INFO] [stdout]     = warning: this is accepted in the current edition (Rust 2018) but is a hard error in Rust 2021!
[INFO] [stdout]     = note: for more information, see issue #80165 <https://github.com/rust-lang/rust/issues/80165>
[INFO] [stdout] 
[INFO] [stdout] 
[INFO] [stdout] warning: trait objects without an explicit `dyn` are deprecated
[INFO] [stdout]   --> src/lib.rs:92:17
[INFO] [stdout]    |
[INFO] [stdout] 92 |             s1: Specifier::from_stack(&self.s1)?,
[INFO] [stdout]    |                 ^^^^^^^^^ help: use `dyn`: `<dyn Specifier>`
[INFO] [stdout]    |
[INFO] [stdout]    = warning: this is accepted in the current edition (Rust 2018) but is a hard error in Rust 2021!
[INFO] [stdout]    = note: for more information, see issue #80165 <https://github.com/rust-lang/rust/issues/80165>
[INFO] [stdout] 
[INFO] [stdout] 
[INFO] [stdout] warning: trait objects without an explicit `dyn` are deprecated
[INFO] [stdout]   --> src/lib.rs:93:17
[INFO] [stdout]    |
[INFO] [stdout] 93 |             s2: Specifier::from_stack(&self.s2)?,
[INFO] [stdout]    |                 ^^^^^^^^^ help: use `dyn`: `<dyn Specifier>`
[INFO] [stdout]    |
[INFO] [stdout]    = warning: this is accepted in the current edition (Rust 2018) but is a hard error in Rust 2021!
[INFO] [stdout]    = note: for more information, see issue #80165 <https://github.com/rust-lang/rust/issues/80165>
[INFO] [stdout] 
[INFO] [stdout] 
[INFO] [stdout] warning: trait objects without an explicit `dyn` are deprecated
[INFO] [stdout]  --> src/specparse.rs:7:5
[INFO] [stdout]   |
[INFO] [stdout] 7 |     Specifier::from_stack(&SpecifierStack::from_str(s)?)
[INFO] [stdout]   |     ^^^^^^^^^ help: use `dyn`: `<dyn Specifier>`
[INFO] [stdout]   |
[INFO] [stdout]   = warning: this is accepted in the current edition (Rust 2018) but is a hard error in Rust 2021!
[INFO] [stdout]   = note: for more information, see issue #80165 <https://github.com/rust-lang/rust/issues/80165>
[INFO] [stdout] 
[INFO] [stdout] 
[INFO] [stdout] warning: value assigned to `finished_but_loop_around` is never read
[INFO] [stdout]    --> src/foreachmsg_peer.rs:176:21
[INFO] [stdout]     |
[INFO] [stdout] 176 |             let mut finished_but_loop_around = false;
[INFO] [stdout]     |                     ^^^^^^^^^^^^^^^^^^^^^^^^
[INFO] [stdout]     |
[INFO] [stdout]     = note: `#[warn(unused_assignments)]` on by default
[INFO] [stdout]     = help: maybe it is overwritten before being read?
[INFO] [stdout] 
[INFO] [stdout] 
[INFO] [stdout] warning: 5 warnings emitted
[INFO] [stdout] 
[INFO] [stdout] 
[INFO] [stderr]     Finished dev [unoptimized + debuginfo] target(s) in 40.76s
[INFO] running `Command { std: "docker" "inspect" "c78a39c2075317ba65a932d59b3e07239b4e08fc45654c30d3d0628d05ea4cb9", kill_on_drop: false }`
[INFO] running `Command { std: "docker" "rm" "-f" "c78a39c2075317ba65a932d59b3e07239b4e08fc45654c30d3d0628d05ea4cb9", kill_on_drop: false }`
[INFO] [stdout] c78a39c2075317ba65a932d59b3e07239b4e08fc45654c30d3d0628d05ea4cb9
[INFO] running `Command { std: "docker" "create" "-v" "/var/lib/crater-agent-workspace/builds/worker-3/target:/opt/rustwide/target:rw,Z" "-v" "/var/lib/crater-agent-workspace/builds/worker-3/source:/opt/rustwide/workdir:ro,Z" "-v" "/var/lib/crater-agent-workspace/cargo-home:/opt/rustwide/cargo-home:ro,Z" "-v" "/var/lib/crater-agent-workspace/rustup-home:/opt/rustwide/rustup-home:ro,Z" "-e" "SOURCE_DIR=/opt/rustwide/workdir" "-e" "CARGO_TARGET_DIR=/opt/rustwide/target" "-e" "CARGO_INCREMENTAL=0" "-e" "RUST_BACKTRACE=full" "-e" "RUSTFLAGS=--cap-lints=warn" "-e" "CARGO_HOME=/opt/rustwide/cargo-home" "-e" "RUSTUP_HOME=/opt/rustwide/rustup-home" "-w" "/opt/rustwide/workdir" "-m" "1610612736" "--user" "0:0" "--network" "none" "ghcr.io/rust-lang/crates-build-env/linux@sha256:34b6a614d2c27851fe6cbf88fbd1137609cefab8b10d0615aaeb6fd47975d74e" "/opt/rustwide/cargo-home/bin/cargo" "+beta-2021-08-01" "test" "--frozen" "--no-run" "--message-format=json", kill_on_drop: false }`
[INFO] [stdout] 82fe1e8d05b18f6e6767380518cb2dfd21a194f50c450257749931edf263e0b3
[INFO] running `Command { std: "docker" "start" "-a" "82fe1e8d05b18f6e6767380518cb2dfd21a194f50c450257749931edf263e0b3", kill_on_drop: false }`
[INFO] [stdout] warning: trait objects without an explicit `dyn` are deprecated
[INFO] [stdout]    --> src/util.rs:100:27
[INFO] [stdout]     |
[INFO] [stdout] 100 | pub fn peer_err_sb(e: Box<std::error::Error + 'static>) -> BoxedNewPeerStream {
[INFO] [stdout]     |                           ^^^^^^^^^^^^^^^^^^^^^^^^^^^ help: use `dyn`: `dyn std::error::Error + 'static`
[INFO] [stdout]     |
[INFO] [stdout]     = note: `#[warn(bare_trait_objects)]` on by default
[INFO] [stdout]     = warning: this is accepted in the current edition (Rust 2018) but is a hard error in Rust 2021!
[INFO] [stdout]     = note: for more information, see issue #80165 <https://github.com/rust-lang/rust/issues/80165>
[INFO] [stdout] 
[INFO] [stdout] 
[INFO] [stderr]    Compiling websocat v1.8.0 (/opt/rustwide/workdir)
[INFO] [stdout] warning: trait objects without an explicit `dyn` are deprecated
[INFO] [stdout]   --> src/lib.rs:92:17
[INFO] [stdout]    |
[INFO] [stdout] 92 |             s1: Specifier::from_stack(&self.s1)?,
[INFO] [stdout]    |                 ^^^^^^^^^ help: use `dyn`: `<dyn Specifier>`
[INFO] [stdout]    |
[INFO] [stdout]    = warning: this is accepted in the current edition (Rust 2018) but is a hard error in Rust 2021!
[INFO] [stdout]    = note: for more information, see issue #80165 <https://github.com/rust-lang/rust/issues/80165>
[INFO] [stdout] 
[INFO] [stdout] 
[INFO] [stdout] warning: trait objects without an explicit `dyn` are deprecated
[INFO] [stdout]   --> src/lib.rs:93:17
[INFO] [stdout]    |
[INFO] [stdout] 93 |             s2: Specifier::from_stack(&self.s2)?,
[INFO] [stdout]    |                 ^^^^^^^^^ help: use `dyn`: `<dyn Specifier>`
[INFO] [stdout]    |
[INFO] [stdout]    = warning: this is accepted in the current edition (Rust 2018) but is a hard error in Rust 2021!
[INFO] [stdout]    = note: for more information, see issue #80165 <https://github.com/rust-lang/rust/issues/80165>
[INFO] [stdout] 
[INFO] [stdout] 
[INFO] [stdout] warning: trait objects without an explicit `dyn` are deprecated
[INFO] [stdout]  --> src/specparse.rs:7:5
[INFO] [stdout]   |
[INFO] [stdout] 7 |     Specifier::from_stack(&SpecifierStack::from_str(s)?)
[INFO] [stdout]   |     ^^^^^^^^^ help: use `dyn`: `<dyn Specifier>`
[INFO] [stdout]   |
[INFO] [stdout]   = warning: this is accepted in the current edition (Rust 2018) but is a hard error in Rust 2021!
[INFO] [stdout]   = note: for more information, see issue #80165 <https://github.com/rust-lang/rust/issues/80165>
[INFO] [stdout] 
[INFO] [stdout] 
[INFO] [stdout] warning: value assigned to `finished_but_loop_around` is never read
[INFO] [stdout]    --> src/foreachmsg_peer.rs:176:21
[INFO] [stdout]     |
[INFO] [stdout] 176 |             let mut finished_but_loop_around = false;
[INFO] [stdout]     |                     ^^^^^^^^^^^^^^^^^^^^^^^^
[INFO] [stdout]     |
[INFO] [stdout]     = note: `#[warn(unused_assignments)]` on by default
[INFO] [stdout]     = help: maybe it is overwritten before being read?
[INFO] [stdout] 
[INFO] [stdout] 
[INFO] [stdout] warning: 5 warnings emitted
[INFO] [stdout] 
[INFO] [stdout] 
[INFO] [stdout] warning: trait objects without an explicit `dyn` are deprecated
[INFO] [stdout]    --> src/util.rs:100:27
[INFO] [stdout]     |
[INFO] [stdout] 100 | pub fn peer_err_sb(e: Box<std::error::Error + 'static>) -> BoxedNewPeerStream {
[INFO] [stdout]     |                           ^^^^^^^^^^^^^^^^^^^^^^^^^^^ help: use `dyn`: `dyn std::error::Error + 'static`
[INFO] [stdout]     |
[INFO] [stdout]     = note: `#[warn(bare_trait_objects)]` on by default
[INFO] [stdout]     = warning: this is accepted in the current edition (Rust 2018) but is a hard error in Rust 2021!
[INFO] [stdout]     = note: for more information, see issue #80165 <https://github.com/rust-lang/rust/issues/80165>
[INFO] [stdout] 
[INFO] [stdout] 
[INFO] [stdout] warning: trait objects without an explicit `dyn` are deprecated
[INFO] [stdout]   --> src/lib.rs:92:17
[INFO] [stdout]    |
[INFO] [stdout] 92 |             s1: Specifier::from_stack(&self.s1)?,
[INFO] [stdout]    |                 ^^^^^^^^^ help: use `dyn`: `<dyn Specifier>`
[INFO] [stdout]    |
[INFO] [stdout]    = warning: this is accepted in the current edition (Rust 2018) but is a hard error in Rust 2021!
[INFO] [stdout]    = note: for more information, see issue #80165 <https://github.com/rust-lang/rust/issues/80165>
[INFO] [stdout] 
[INFO] [stdout] 
[INFO] [stdout] warning: trait objects without an explicit `dyn` are deprecated
[INFO] [stdout]   --> src/lib.rs:93:17
[INFO] [stdout]    |
[INFO] [stdout] 93 |             s2: Specifier::from_stack(&self.s2)?,
[INFO] [stdout]    |                 ^^^^^^^^^ help: use `dyn`: `<dyn Specifier>`
[INFO] [stdout]    |
[INFO] [stdout]    = warning: this is accepted in the current edition (Rust 2018) but is a hard error in Rust 2021!
[INFO] [stdout]    = note: for more information, see issue #80165 <https://github.com/rust-lang/rust/issues/80165>
[INFO] [stdout] 
[INFO] [stdout] 
[INFO] [stdout] warning: trait objects without an explicit `dyn` are deprecated
[INFO] [stdout]  --> src/specparse.rs:7:5
[INFO] [stdout]   |
[INFO] [stdout] 7 |     Specifier::from_stack(&SpecifierStack::from_str(s)?)
[INFO] [stdout]   |     ^^^^^^^^^ help: use `dyn`: `<dyn Specifier>`
[INFO] [stdout]   |
[INFO] [stdout]   = warning: this is accepted in the current edition (Rust 2018) but is a hard error in Rust 2021!
[INFO] [stdout]   = note: for more information, see issue #80165 <https://github.com/rust-lang/rust/issues/80165>
[INFO] [stdout] 
[INFO] [stdout] 
[INFO] [stdout] warning: value assigned to `finished_but_loop_around` is never read
[INFO] [stdout]    --> src/foreachmsg_peer.rs:176:21
[INFO] [stdout]     |
[INFO] [stdout] 176 |             let mut finished_but_loop_around = false;
[INFO] [stdout]     |                     ^^^^^^^^^^^^^^^^^^^^^^^^
[INFO] [stdout]     |
[INFO] [stdout]     = note: `#[warn(unused_assignments)]` on by default
[INFO] [stdout]     = help: maybe it is overwritten before being read?
[INFO] [stdout] 
[INFO] [stdout] 
[INFO] [stdout] warning: 5 warnings emitted
[INFO] [stdout] 
[INFO] [stdout] 
[INFO] [stderr]     Finished test [unoptimized + debuginfo] target(s) in 9.42s
[INFO] running `Command { std: "docker" "inspect" "82fe1e8d05b18f6e6767380518cb2dfd21a194f50c450257749931edf263e0b3", kill_on_drop: false }`
[INFO] running `Command { std: "docker" "rm" "-f" "82fe1e8d05b18f6e6767380518cb2dfd21a194f50c450257749931edf263e0b3", kill_on_drop: false }`
[INFO] [stdout] 82fe1e8d05b18f6e6767380518cb2dfd21a194f50c450257749931edf263e0b3
[INFO] running `Command { std: "docker" "create" "-v" "/var/lib/crater-agent-workspace/builds/worker-3/target:/opt/rustwide/target:rw,Z" "-v" "/var/lib/crater-agent-workspace/builds/worker-3/source:/opt/rustwide/workdir:ro,Z" "-v" "/var/lib/crater-agent-workspace/cargo-home:/opt/rustwide/cargo-home:ro,Z" "-v" "/var/lib/crater-agent-workspace/rustup-home:/opt/rustwide/rustup-home:ro,Z" "-e" "SOURCE_DIR=/opt/rustwide/workdir" "-e" "CARGO_TARGET_DIR=/opt/rustwide/target" "-e" "CARGO_INCREMENTAL=0" "-e" "RUST_BACKTRACE=full" "-e" "RUSTFLAGS=--cap-lints=warn" "-e" "CARGO_HOME=/opt/rustwide/cargo-home" "-e" "RUSTUP_HOME=/opt/rustwide/rustup-home" "-w" "/opt/rustwide/workdir" "-m" "1610612736" "--user" "0:0" "--network" "none" "ghcr.io/rust-lang/crates-build-env/linux@sha256:34b6a614d2c27851fe6cbf88fbd1137609cefab8b10d0615aaeb6fd47975d74e" "/opt/rustwide/cargo-home/bin/cargo" "+beta-2021-08-01" "test" "--frozen", kill_on_drop: false }`
[INFO] [stdout] 841a270ea9c3b1987bcd7e9a541c0c49071ef867acb018fb0d00a54934eac3ca
[INFO] running `Command { std: "docker" "start" "-a" "841a270ea9c3b1987bcd7e9a541c0c49071ef867acb018fb0d00a54934eac3ca", kill_on_drop: false }`
[INFO] [stderr] warning: trait objects without an explicit `dyn` are deprecated
[INFO] [stderr]    --> src/util.rs:100:27
[INFO] [stderr]     |
[INFO] [stderr] 100 | pub fn peer_err_sb(e: Box<std::error::Error + 'static>) -> BoxedNewPeerStream {
[INFO] [stderr]     |                           ^^^^^^^^^^^^^^^^^^^^^^^^^^^ help: use `dyn`: `dyn std::error::Error + 'static`
[INFO] [stderr]     |
[INFO] [stderr]     = note: `#[warn(bare_trait_objects)]` on by default
[INFO] [stderr]     = warning: this is accepted in the current edition (Rust 2018) but is a hard error in Rust 2021!
[INFO] [stderr]     = note: for more information, see issue #80165 <https://github.com/rust-lang/rust/issues/80165>
[INFO] [stderr] 
[INFO] [stderr] warning: trait objects without an explicit `dyn` are deprecated
[INFO] [stderr]   --> src/lib.rs:92:17
[INFO] [stderr]    |
[INFO] [stderr] 92 |             s1: Specifier::from_stack(&self.s1)?,
[INFO] [stderr]    |                 ^^^^^^^^^ help: use `dyn`: `<dyn Specifier>`
[INFO] [stderr]    |
[INFO] [stderr]    = warning: this is accepted in the current edition (Rust 2018) but is a hard error in Rust 2021!
[INFO] [stderr]    = note: for more information, see issue #80165 <https://github.com/rust-lang/rust/issues/80165>
[INFO] [stderr] 
[INFO] [stderr] warning: trait objects without an explicit `dyn` are deprecated
[INFO] [stderr]   --> src/lib.rs:93:17
[INFO] [stderr]    |
[INFO] [stderr] 93 |             s2: Specifier::from_stack(&self.s2)?,
[INFO] [stderr]    |                 ^^^^^^^^^ help: use `dyn`: `<dyn Specifier>`
[INFO] [stderr]    |
[INFO] [stderr]    = warning: this is accepted in the current edition (Rust 2018) but is a hard error in Rust 2021!
[INFO] [stderr]    = note: for more information, see issue #80165 <https://github.com/rust-lang/rust/issues/80165>
[INFO] [stderr] 
[INFO] [stderr] warning: trait objects without an explicit `dyn` are deprecated
[INFO] [stderr]  --> src/specparse.rs:7:5
[INFO] [stderr]   |
[INFO] [stderr] 7 |     Specifier::from_stack(&SpecifierStack::from_str(s)?)
[INFO] [stderr]   |     ^^^^^^^^^ help: use `dyn`: `<dyn Specifier>`
[INFO] [stderr]   |
[INFO] [stderr]   = warning: this is accepted in the current edition (Rust 2018) but is a hard error in Rust 2021!
[INFO] [stderr]   = note: for more information, see issue #80165 <https://github.com/rust-lang/rust/issues/80165>
[INFO] [stderr] 
[INFO] [stderr] warning: value assigned to `finished_but_loop_around` is never read
[INFO] [stderr]    --> src/foreachmsg_peer.rs:176:21
[INFO] [stderr]     |
[INFO] [stderr] 176 |             let mut finished_but_loop_around = false;
[INFO] [stderr]     |                     ^^^^^^^^^^^^^^^^^^^^^^^^
[INFO] [stderr]     |
[INFO] [stderr]     = note: `#[warn(unused_assignments)]` on by default
[INFO] [stderr]     = help: maybe it is overwritten before being read?
[INFO] [stderr] 
[INFO] [stderr] warning: `websocat` (lib) generated 5 warnings
[INFO] [stderr] warning: `websocat` (lib test) generated 5 warnings (5 duplicates)
[INFO] [stderr]     Finished test [unoptimized + debuginfo] target(s) in 0.15s
[INFO] [stderr]      Running unittests (/opt/rustwide/target/debug/deps/websocat-293982b79c68174f)
[INFO] [stderr]      Running unittests (/opt/rustwide/target/debug/deps/websocat-4126ca0282075366)
[INFO] [stdout] 
[INFO] [stdout] running 1 test
[INFO] [stdout] test http_peer::test_basic_sse_stream ... ok
[INFO] [stdout] 
[INFO] [stdout] test result: ok. 1 passed; 0 failed; 0 ignored; 0 measured; 0 filtered out; finished in 0.00s
[INFO] [stdout] 
[INFO] [stdout] 
[INFO] [stdout] running 0 tests
[INFO] [stdout] 
[INFO] [stdout] test result: ok. 0 passed; 0 failed; 0 ignored; 0 measured; 0 filtered out; finished in 0.00s
[INFO] [stdout] 
[INFO] [stderr]      Running tests/test.rs (/opt/rustwide/target/debug/deps/test-7cb367c1ee8e074d)
[INFO] [stdout] 
[INFO] [stdout] running 7 tests
[INFO] [stdout] test trivial ... ok
[INFO] [stdout] test unix ... FAILED
[INFO] [stdout] test tcp ... ok
[INFO] [stdout] test abstract_ ... ok
[INFO] [stdout] test ws_ll ... ok
[INFO] [stdout] test ws ... ok
[INFO] [stdout] test ws_persist ... ok
[INFO] [stdout] 
[INFO] [stdout] failures:
[INFO] [stdout] 
[INFO] [stdout] ---- unix stdout ----
[INFO] [stdout] Read-only file system (os error 30)
[INFO] [stdout] thread 'unix' panicked at 'explicit panic', tests/test.rs:196:17
[INFO] [stdout] stack backtrace:
[INFO] [stdout]    0:     0x55d0b14bc320 - std::backtrace_rs::backtrace::libunwind::trace::hff4d1766e93f64f1
[INFO] [stdout]                                at /rustc/53fd98ca776cb875bc9e5514f56b52eb74f9e7a9/library/std/src/../../backtrace/src/backtrace/libunwind.rs:90:5
[INFO] [stdout]    1:     0x55d0b14bc320 - std::backtrace_rs::backtrace::trace_unsynchronized::h56bbc8eb78770bcb
[INFO] [stdout]                                at /rustc/53fd98ca776cb875bc9e5514f56b52eb74f9e7a9/library/std/src/../../backtrace/src/backtrace/mod.rs:66:5
[INFO] [stdout]    2:     0x55d0b14bc320 - std::sys_common::backtrace::_print_fmt::h5c8e75464faca780
[INFO] [stdout]                                at /rustc/53fd98ca776cb875bc9e5514f56b52eb74f9e7a9/library/std/src/sys_common/backtrace.rs:67:5
[INFO] [stdout]    3:     0x55d0b14bc320 - <std::sys_common::backtrace::_print::DisplayBacktrace as core::fmt::Display>::fmt::h48b88277def8b362
[INFO] [stdout]                                at /rustc/53fd98ca776cb875bc9e5514f56b52eb74f9e7a9/library/std/src/sys_common/backtrace.rs:46:22
[INFO] [stdout]    4:     0x55d0b14e017c - core::fmt::write::h3381b3176fe2b3d3
[INFO] [stdout]                                at /rustc/53fd98ca776cb875bc9e5514f56b52eb74f9e7a9/library/core/src/fmt/mod.rs:1115:17
[INFO] [stdout]    5:     0x55d0b14b4cb5 - std::io::Write::write_fmt::h5f34a676f60246b5
[INFO] [stdout]                                at /rustc/53fd98ca776cb875bc9e5514f56b52eb74f9e7a9/library/std/src/io/mod.rs:1665:15
[INFO] [stdout]    6:     0x55d0b14be50b - std::sys_common::backtrace::_print::ha537687d6c17dd0d
[INFO] [stdout]                                at /rustc/53fd98ca776cb875bc9e5514f56b52eb74f9e7a9/library/std/src/sys_common/backtrace.rs:49:5
[INFO] [stdout]    7:     0x55d0b14be50b - std::sys_common::backtrace::print::h61376ae57d131d72
[INFO] [stdout]                                at /rustc/53fd98ca776cb875bc9e5514f56b52eb74f9e7a9/library/std/src/sys_common/backtrace.rs:36:9
[INFO] [stdout]    8:     0x55d0b14be50b - std::panicking::default_hook::{{closure}}::h0f7208c0b9644a54
[INFO] [stdout]                                at /rustc/53fd98ca776cb875bc9e5514f56b52eb74f9e7a9/library/std/src/panicking.rs:208:50
[INFO] [stdout]    9:     0x55d0b14be01c - std::panicking::default_hook::hdac7fc06578c14ce
[INFO] [stdout]                                at /rustc/53fd98ca776cb875bc9e5514f56b52eb74f9e7a9/library/std/src/panicking.rs:222:9
[INFO] [stdout]   10:     0x55d0b14bebd4 - std::panicking::rust_panic_with_hook::h72b21c283da3d1ef
[INFO] [stdout]                                at /rustc/53fd98ca776cb875bc9e5514f56b52eb74f9e7a9/library/std/src/panicking.rs:622:17
[INFO] [stdout]   11:     0x55d0b149bb83 - std::panicking::begin_panic::{{closure}}::h2580663ebe3c0574
[INFO] [stdout]                                at /rustc/53fd98ca776cb875bc9e5514f56b52eb74f9e7a9/library/std/src/panicking.rs:542:9
[INFO] [stdout]   12:     0x55d0b149b239 - std::sys_common::backtrace::__rust_end_short_backtrace::hcf162a632b860e06
[INFO] [stdout]                                at /rustc/53fd98ca776cb875bc9e5514f56b52eb74f9e7a9/library/std/src/sys_common/backtrace.rs:141:18
[INFO] [stdout]   13:     0x55d0b149bab9 - std::panicking::begin_panic::h465407f198e809f9
[INFO] [stdout]                                at /rustc/53fd98ca776cb875bc9e5514f56b52eb74f9e7a9/library/std/src/panicking.rs:541:12
[INFO] [stdout]   14:     0x55d0b0ff79fd - test::unix::{{closure}}::h29edcd33ebdd2c35
[INFO] [stdout]                                at /opt/rustwide/workdir/tests/test.rs:49:13
[INFO] [stdout]   15:     0x55d0b0f3ccc9 - websocat::sessionserve::serve_impl::{{closure}}::h6e0e93b9748a8574
[INFO] [stdout]                                at /opt/rustwide/workdir/src/sessionserve.rs:262:46
[INFO] [stdout]   16:     0x55d0b0fb28e5 - core::result::Result<T,E>::map_err::heeea17316d0f6f88
[INFO] [stdout]                                at /rustc/53fd98ca776cb875bc9e5514f56b52eb74f9e7a9/library/core/src/result.rs:835:27
[INFO] [stdout]   17:     0x55d0b0f7d050 - <futures::future::map_err::MapErr<A,F> as futures::future::Future>::poll::hb35ffe1beb2df22c
[INFO] [stdout]                                at /opt/rustwide/cargo-home/registry/src/github.com-1ecc6299db9ec823/futures-0.1.29/src/future/map_err.rs:34:9
[INFO] [stdout]   18:     0x55d0b1292886 - <alloc::boxed::Box<F> as futures::future::Future>::poll::h691df9e14524d041
[INFO] [stdout]                                at /opt/rustwide/cargo-home/registry/src/github.com-1ecc6299db9ec823/futures-0.1.29/src/future/mod.rs:113:13
[INFO] [stdout]   19:     0x55d0b0ed21e0 - futures::future::chain::Chain<A,B,C>::poll::h0654c13d162f3ff1
[INFO] [stdout]                                at /opt/rustwide/cargo-home/registry/src/github.com-1ecc6299db9ec823/futures-0.1.29/src/future/chain.rs:42:27
[INFO] [stdout]   20:     0x55d0b0f89eee - <futures::future::and_then::AndThen<A,B,F> as futures::future::Future>::poll::h0c269a466f09daa6
[INFO] [stdout]                                at /opt/rustwide/cargo-home/registry/src/github.com-1ecc6299db9ec823/futures-0.1.29/src/future/and_then.rs:32:9
[INFO] [stdout]   21:     0x55d0b100b61a - futures::future::join::MaybeDone<A>::poll::haa2b3b1540c8aa4e
[INFO] [stdout]                                at /opt/rustwide/cargo-home/registry/src/github.com-1ecc6299db9ec823/futures-0.1.29/src/future/join.rs:153:45
[INFO] [stdout]   22:     0x55d0b10109a3 - <futures::future::join::Join<A,B> as futures::future::Future>::poll::hc244bae69798115d
[INFO] [stdout]                                at /opt/rustwide/cargo-home/registry/src/github.com-1ecc6299db9ec823/futures-0.1.29/src/future/join.rs:67:42
[INFO] [stdout]   23:     0x55d0b1001a5e - futures::task_impl::Spawn<T>::poll_future_notify::{{closure}}::hf36e97a153912b4a
[INFO] [stdout]                                at /opt/rustwide/cargo-home/registry/src/github.com-1ecc6299db9ec823/futures-0.1.29/src/task_impl/mod.rs:329:45
[INFO] [stdout]   24:     0x55d0b10022cb - futures::task_impl::Spawn<T>::enter::{{closure}}::h2a7231a8fbd6bb4c
[INFO] [stdout]                                at /opt/rustwide/cargo-home/registry/src/github.com-1ecc6299db9ec823/futures-0.1.29/src/task_impl/mod.rs:399:27
[INFO] [stdout]   25:     0x55d0b0ff2fae - futures::task_impl::std::set::hda45fc9a81cae968
[INFO] [stdout]                                at /opt/rustwide/cargo-home/registry/src/github.com-1ecc6299db9ec823/futures-0.1.29/src/task_impl/std/mod.rs:83:13
[INFO] [stdout]   26:     0x55d0b1001b43 - futures::task_impl::Spawn<T>::enter::h1105cac750babf16
[INFO] [stdout]                                at /opt/rustwide/cargo-home/registry/src/github.com-1ecc6299db9ec823/futures-0.1.29/src/task_impl/mod.rs:399:9
[INFO] [stdout]   27:     0x55d0b10012ab - futures::task_impl::Spawn<T>::poll_fn_notify::h725b4b695cc63956
[INFO] [stdout]                                at /opt/rustwide/cargo-home/registry/src/github.com-1ecc6299db9ec823/futures-0.1.29/src/task_impl/mod.rs:291:9
[INFO] [stdout]   28:     0x55d0b10018b8 - futures::task_impl::Spawn<T>::poll_future_notify::hbd2744c7fc1fca68
[INFO] [stdout]                                at /opt/rustwide/cargo-home/registry/src/github.com-1ecc6299db9ec823/futures-0.1.29/src/task_impl/mod.rs:329:9
[INFO] [stdout]   29:     0x55d0b1009ca7 - tokio_current_thread::Entered<P>::block_on::{{closure}}::h89f12be112c5a31a
[INFO] [stdout]                                at /opt/rustwide/cargo-home/registry/src/github.com-1ecc6299db9ec823/tokio-current-thread-0.1.6/src/lib.rs:494:39
[INFO] [stdout]   30:     0x55d0b1008293 - tokio_current_thread::Borrow<U>::enter::{{closure}}::{{closure}}::hf6ccb8a1fa8455c8
[INFO] [stdout]                                at /opt/rustwide/cargo-home/registry/src/github.com-1ecc6299db9ec823/tokio-current-thread-0.1.6/src/lib.rs:788:40
[INFO] [stdout]   31:     0x55d0b100798b - tokio_current_thread::CurrentRunner::set_spawn::hd3b27eb4e49da967
[INFO] [stdout]                                at /opt/rustwide/cargo-home/registry/src/github.com-1ecc6299db9ec823/tokio-current-thread-0.1.6/src/lib.rs:825:9
[INFO] [stdout]   32:     0x55d0b1007e47 - tokio_current_thread::Borrow<U>::enter::{{closure}}::h594ff63ee38ea1b9
[INFO] [stdout]                                at /opt/rustwide/cargo-home/registry/src/github.com-1ecc6299db9ec823/tokio-current-thread-0.1.6/src/lib.rs:788:13
[INFO] [stdout]   33:     0x55d0b0fee7e1 - std::thread::local::LocalKey<T>::try_with::h7be78b677c840071
[INFO] [stdout]                                at /rustc/53fd98ca776cb875bc9e5514f56b52eb74f9e7a9/library/std/src/thread/local.rs:399:16
[INFO] [stdout]   34:     0x55d0b0fec82d - std::thread::local::LocalKey<T>::with::hc707587af9ef993c
[INFO] [stdout]                                at /rustc/53fd98ca776cb875bc9e5514f56b52eb74f9e7a9/library/std/src/thread/local.rs:375:9
[INFO] [stdout]   35:     0x55d0b1007a6d - tokio_current_thread::Borrow<U>::enter::h2b621cbfbee9e0fe
[INFO] [stdout]                                at /opt/rustwide/cargo-home/registry/src/github.com-1ecc6299db9ec823/tokio-current-thread-0.1.6/src/lib.rs:786:9
[INFO] [stdout]   36:     0x55d0b100839e - tokio_current_thread::Entered<P>::block_on::h058615ac15a1a27a
[INFO] [stdout]                                at /opt/rustwide/cargo-home/registry/src/github.com-1ecc6299db9ec823/tokio-current-thread-0.1.6/src/lib.rs:491:23
[INFO] [stdout]   37:     0x55d0b0f9dee8 - tokio::runtime::current_thread::runtime::Runtime::block_on::{{closure}}::h5338408761444aa6
[INFO] [stdout]                                at /opt/rustwide/cargo-home/registry/src/github.com-1ecc6299db9ec823/tokio-0.1.22/src/runtime/current_thread/runtime.rs:200:23
[INFO] [stdout]   38:     0x55d0b0f9d59f - tokio::runtime::current_thread::runtime::Runtime::enter::{{closure}}::{{closure}}::{{closure}}::{{closure}}::h35f4a7a652a1d726
[INFO] [stdout]                                at /opt/rustwide/cargo-home/registry/src/github.com-1ecc6299db9ec823/tokio-0.1.22/src/runtime/current_thread/runtime.rs:241:25
[INFO] [stdout]   39:     0x55d0b0f95df5 - tokio_executor::global::with_default::{{closure}}::hb31c0d88c619fc1e
[INFO] [stdout]                                at /opt/rustwide/cargo-home/registry/src/github.com-1ecc6299db9ec823/tokio-executor-0.1.8/src/global.rs:209:9
[INFO] [stdout]   40:     0x55d0b0fed55a - std::thread::local::LocalKey<T>::try_with::h36829684da1974d8
[INFO] [stdout]                                at /rustc/53fd98ca776cb875bc9e5514f56b52eb74f9e7a9/library/std/src/thread/local.rs:399:16
[INFO] [stdout]   41:     0x55d0b0febed2 - std::thread::local::LocalKey<T>::with::h1fd17ead994fdaae
[INFO] [stdout]                                at /rustc/53fd98ca776cb875bc9e5514f56b52eb74f9e7a9/library/std/src/thread/local.rs:375:9
[INFO] [stdout]   42:     0x55d0b0f95349 - tokio_executor::global::with_default::hcf65fd8466a7bdb0
[INFO] [stdout]                                at /opt/rustwide/cargo-home/registry/src/github.com-1ecc6299db9ec823/tokio-executor-0.1.8/src/global.rs:178:5
[INFO] [stdout]   43:     0x55d0b0f9d204 - tokio::runtime::current_thread::runtime::Runtime::enter::{{closure}}::{{closure}}::{{closure}}::hcd0c920c3068808e
[INFO] [stdout]                                at /opt/rustwide/cargo-home/registry/src/github.com-1ecc6299db9ec823/tokio-0.1.22/src/runtime/current_thread/runtime.rs:239:21
[INFO] [stdout]   44:     0x55d0b0f94c52 - tokio_timer::timer::handle::with_default::{{closure}}::hb267136cf0e95375
[INFO] [stdout]                                at /opt/rustwide/cargo-home/registry/src/github.com-1ecc6299db9ec823/tokio-timer-0.2.11/src/timer/handle.rs:101:9
[INFO] [stdout]   45:     0x55d0b0fed9aa - std::thread::local::LocalKey<T>::try_with::h45a2dbf4dbeb8421
[INFO] [stdout]                                at /rustc/53fd98ca776cb875bc9e5514f56b52eb74f9e7a9/library/std/src/thread/local.rs:399:16
[INFO] [stdout]   46:     0x55d0b0feca32 - std::thread::local::LocalKey<T>::with::he353fff372750265
[INFO] [stdout]                                at /rustc/53fd98ca776cb875bc9e5514f56b52eb74f9e7a9/library/std/src/thread/local.rs:375:9
[INFO] [stdout]   47:     0x55d0b0f939f7 - tokio_timer::timer::handle::with_default::h83820128e4b2bcdc
[INFO] [stdout]                                at /opt/rustwide/cargo-home/registry/src/github.com-1ecc6299db9ec823/tokio-timer-0.2.11/src/timer/handle.rs:84:5
[INFO] [stdout]   48:     0x55d0b0f9cd59 - tokio::runtime::current_thread::runtime::Runtime::enter::{{closure}}::{{closure}}::h79d6a7f4e86c39a3
[INFO] [stdout]                                at /opt/rustwide/cargo-home/registry/src/github.com-1ecc6299db9ec823/tokio-0.1.22/src/runtime/current_thread/runtime.rs:232:17
[INFO] [stdout]   49:     0x55d0b0ffd438 - tokio_timer::clock::clock::with_default::{{closure}}::h034ad27099bddd65
[INFO] [stdout]                                at /opt/rustwide/cargo-home/registry/src/github.com-1ecc6299db9ec823/tokio-timer-0.2.11/src/clock/clock.rs:137:9
[INFO] [stdout]   50:     0x55d0b0fed83a - std::thread::local::LocalKey<T>::try_with::h4127b73e0d197fcb
[INFO] [stdout]                                at /rustc/53fd98ca776cb875bc9e5514f56b52eb74f9e7a9/library/std/src/thread/local.rs:399:16
[INFO] [stdout]   51:     0x55d0b0fec092 - std::thread::local::LocalKey<T>::with::h3f75bb45566b87f0
[INFO] [stdout]                                at /rustc/53fd98ca776cb875bc9e5514f56b52eb74f9e7a9/library/std/src/thread/local.rs:375:9
[INFO] [stdout]   52:     0x55d0b0ffd177 - tokio_timer::clock::clock::with_default::h8cf6a06a5e4c58c3
[INFO] [stdout]                                at /opt/rustwide/cargo-home/registry/src/github.com-1ecc6299db9ec823/tokio-timer-0.2.11/src/clock/clock.rs:117:5
[INFO] [stdout]   53:     0x55d0b0f9cb20 - tokio::runtime::current_thread::runtime::Runtime::enter::{{closure}}::hfc2b959a41e4a186
[INFO] [stdout]                                at /opt/rustwide/cargo-home/registry/src/github.com-1ecc6299db9ec823/tokio-0.1.22/src/runtime/current_thread/runtime.rs:231:13
[INFO] [stdout]   54:     0x55d0b0f6cd89 - tokio_reactor::with_default::{{closure}}::ha673ed50216d5a96
[INFO] [stdout]                                at /opt/rustwide/cargo-home/registry/src/github.com-1ecc6299db9ec823/tokio-reactor-0.1.9/src/lib.rs:237:9
[INFO] [stdout]   55:     0x55d0b0fedb1a - std::thread::local::LocalKey<T>::try_with::h4b32ebd446130465
[INFO] [stdout]                                at /rustc/53fd98ca776cb875bc9e5514f56b52eb74f9e7a9/library/std/src/thread/local.rs:399:16
[INFO] [stdout]   56:     0x55d0b0fecbf2 - std::thread::local::LocalKey<T>::with::hfdf17b3579dd87ee
[INFO] [stdout]                                at /rustc/53fd98ca776cb875bc9e5514f56b52eb74f9e7a9/library/std/src/thread/local.rs:375:9
[INFO] [stdout]   57:     0x55d0b0f6b8f7 - tokio_reactor::with_default::hd14b6c3b15ddca56
[INFO] [stdout]                                at /opt/rustwide/cargo-home/registry/src/github.com-1ecc6299db9ec823/tokio-reactor-0.1.9/src/lib.rs:217:5
[INFO] [stdout]   58:     0x55d0b0f9c14f - tokio::runtime::current_thread::runtime::Runtime::enter::hab58950a805af1c6
[INFO] [stdout]                                at /opt/rustwide/cargo-home/registry/src/github.com-1ecc6299db9ec823/tokio-0.1.22/src/runtime/current_thread/runtime.rs:230:9
[INFO] [stdout]   59:     0x55d0b0f9ddb2 - tokio::runtime::current_thread::runtime::Runtime::block_on::hf81d06a786a7872e
[INFO] [stdout]                                at /opt/rustwide/cargo-home/registry/src/github.com-1ecc6299db9ec823/tokio-0.1.22/src/runtime/current_thread/runtime.rs:198:9
[INFO] [stdout]   60:     0x55d0b0ff784a - test::unix::he7d3a884a4964401
[INFO] [stdout]                                at /opt/rustwide/workdir/tests/test.rs:217:5
[INFO] [stdout]   61:     0x55d0b0ff6b0a - test::unix::{{closure}}::hf10817ac9f2d08d0
[INFO] [stdout]                                at /opt/rustwide/workdir/tests/test.rs:194:1
[INFO] [stdout]   62:     0x55d0b0fd67ce - core::ops::function::FnOnce::call_once::hace0e7f48ea7d51c
[INFO] [stdout]                                at /rustc/53fd98ca776cb875bc9e5514f56b52eb74f9e7a9/library/core/src/ops/function.rs:227:5
[INFO] [stdout]   63:     0x55d0b1044093 - core::ops::function::FnOnce::call_once::hbb52c4519d3137b0
[INFO] [stdout]                                at /rustc/53fd98ca776cb875bc9e5514f56b52eb74f9e7a9/library/core/src/ops/function.rs:227:5
[INFO] [stdout]   64:     0x55d0b1044093 - test::__rust_begin_short_backtrace::h86fe3a2a5a5121af
[INFO] [stdout]                                at /rustc/53fd98ca776cb875bc9e5514f56b52eb74f9e7a9/library/test/src/lib.rs:578:5
[INFO] [stdout]   65:     0x55d0b1042b48 - <alloc::boxed::Box<F,A> as core::ops::function::FnOnce<Args>>::call_once::hfd956bc3d57399be
[INFO] [stdout]                                at /rustc/53fd98ca776cb875bc9e5514f56b52eb74f9e7a9/library/alloc/src/boxed.rs:1572:9
[INFO] [stdout]   66:     0x55d0b1042b48 - <std::panic::AssertUnwindSafe<F> as core::ops::function::FnOnce<()>>::call_once::h40dc93e0ddb5938a
[INFO] [stdout]                                at /rustc/53fd98ca776cb875bc9e5514f56b52eb74f9e7a9/library/std/src/panic.rs:347:9
[INFO] [stdout]   67:     0x55d0b1042b48 - std::panicking::try::do_call::h90d07750cb47c562
[INFO] [stdout]                                at /rustc/53fd98ca776cb875bc9e5514f56b52eb74f9e7a9/library/std/src/panicking.rs:401:40
[INFO] [stdout]   68:     0x55d0b1042b48 - std::panicking::try::h063c84733ad2a629
[INFO] [stdout]                                at /rustc/53fd98ca776cb875bc9e5514f56b52eb74f9e7a9/library/std/src/panicking.rs:365:19
[INFO] [stdout]   69:     0x55d0b1042b48 - std::panic::catch_unwind::h0c464836a84e7c08
[INFO] [stdout]                                at /rustc/53fd98ca776cb875bc9e5514f56b52eb74f9e7a9/library/std/src/panic.rs:434:14
[INFO] [stdout]   70:     0x55d0b1042b48 - test::run_test_in_process::h5cb06ef620b157fc
[INFO] [stdout]                                at /rustc/53fd98ca776cb875bc9e5514f56b52eb74f9e7a9/library/test/src/lib.rs:601:18
[INFO] [stdout]   71:     0x55d0b1042b48 - test::run_test::run_test_inner::{{closure}}::h76f677f4b93f9828
[INFO] [stdout]                                at /rustc/53fd98ca776cb875bc9e5514f56b52eb74f9e7a9/library/test/src/lib.rs:493:39
[INFO] [stdout]   72:     0x55d0b10112dd - test::run_test::run_test_inner::{{closure}}::h366d01fe04f4d67a
[INFO] [stdout]                                at /rustc/53fd98ca776cb875bc9e5514f56b52eb74f9e7a9/library/test/src/lib.rs:520:37
[INFO] [stdout]   73:     0x55d0b10112dd - std::sys_common::backtrace::__rust_begin_short_backtrace::h7dfa0de4eb395af2
[INFO] [stdout]                                at /rustc/53fd98ca776cb875bc9e5514f56b52eb74f9e7a9/library/std/src/sys_common/backtrace.rs:125:18
[INFO] [stdout]   74:     0x55d0b1015aa8 - std::thread::Builder::spawn_unchecked::{{closure}}::{{closure}}::hf0a74bb58798037f
[INFO] [stdout]                                at /rustc/53fd98ca776cb875bc9e5514f56b52eb74f9e7a9/library/std/src/thread/mod.rs:476:17
[INFO] [stdout]   75:     0x55d0b1015aa8 - <std::panic::AssertUnwindSafe<F> as core::ops::function::FnOnce<()>>::call_once::hb024e854818586ac
[INFO] [stdout]                                at /rustc/53fd98ca776cb875bc9e5514f56b52eb74f9e7a9/library/std/src/panic.rs:347:9
[INFO] [stdout]   76:     0x55d0b1015aa8 - std::panicking::try::do_call::hb2dd9f1d0d48e41d
[INFO] [stdout]                                at /rustc/53fd98ca776cb875bc9e5514f56b52eb74f9e7a9/library/std/src/panicking.rs:401:40
[INFO] [stdout]   77:     0x55d0b1015aa8 - std::panicking::try::h4717ae7bac8b2bf3
[INFO] [stdout]                                at /rustc/53fd98ca776cb875bc9e5514f56b52eb74f9e7a9/library/std/src/panicking.rs:365:19
[INFO] [stdout]   78:     0x55d0b1015aa8 - std::panic::catch_unwind::h0dc8a061326ce8d8
[INFO] [stdout]                                at /rustc/53fd98ca776cb875bc9e5514f56b52eb74f9e7a9/library/std/src/panic.rs:434:14
[INFO] [stdout]   79:     0x55d0b1015aa8 - std::thread::Builder::spawn_unchecked::{{closure}}::haa369e2d6fd00aa1
[INFO] [stdout]                                at /rustc/53fd98ca776cb875bc9e5514f56b52eb74f9e7a9/library/std/src/thread/mod.rs:475:30
[INFO] [stdout]   80:     0x55d0b1015aa8 - core::ops::function::FnOnce::call_once{{vtable.shim}}::h36dcf3de8b056f17
[INFO] [stdout]                                at /rustc/53fd98ca776cb875bc9e5514f56b52eb74f9e7a9/library/core/src/ops/function.rs:227:5
[INFO] [stdout]   81:     0x55d0b14c4637 - <alloc::boxed::Box<F,A> as core::ops::function::FnOnce<Args>>::call_once::h65c29e4642be2358
[INFO] [stdout]                                at /rustc/53fd98ca776cb875bc9e5514f56b52eb74f9e7a9/library/alloc/src/boxed.rs:1572:9
[INFO] [stdout]   82:     0x55d0b14c4637 - <alloc::boxed::Box<F,A> as core::ops::function::FnOnce<Args>>::call_once::hd0f8f7fbbd9fffbf
[INFO] [stdout]                                at /rustc/53fd98ca776cb875bc9e5514f56b52eb74f9e7a9/library/alloc/src/boxed.rs:1572:9
[INFO] [stdout]   83:     0x55d0b14c4637 - std::sys::unix::thread::Thread::new::thread_start::h2fd22fee3ca77b65
[INFO] [stdout]                                at /rustc/53fd98ca776cb875bc9e5514f56b52eb74f9e7a9/library/std/src/sys/unix/thread.rs:74:17
[INFO] [stdout]   84:     0x7fa91fc7c609 - start_thread
[INFO] [stdout]   85:     0x7fa91fa4e293 - clone
[INFO] [stdout]   86:                0x0 - <unknown>
[INFO] [stdout] 
[INFO] [stdout] 
[INFO] [stdout] failures:
[INFO] [stdout]     unix
[INFO] [stdout] 
[INFO] [stdout] test result: FAILED. 6 passed; 1 failed; 0 ignored; 0 measured; 0 filtered out; finished in 0.41s
[INFO] [stdout] 
[INFO] [stderr] error: test failed, to rerun pass '--test test'
[INFO] running `Command { std: "docker" "inspect" "841a270ea9c3b1987bcd7e9a541c0c49071ef867acb018fb0d00a54934eac3ca", kill_on_drop: false }`
[INFO] running `Command { std: "docker" "rm" "-f" "841a270ea9c3b1987bcd7e9a541c0c49071ef867acb018fb0d00a54934eac3ca", kill_on_drop: false }`
[INFO] [stdout] 841a270ea9c3b1987bcd7e9a541c0c49071ef867acb018fb0d00a54934eac3ca
