[INFO] fetching crate webrtc-sctp 0.3.1...
[INFO] testing webrtc-sctp-0.3.1 against 1.54.0 for beta-1.55-1
[INFO] extracting crate webrtc-sctp 0.3.1 into /workspace/builds/worker-12/source
[INFO] validating manifest of crates.io crate webrtc-sctp 0.3.1 on toolchain 1.54.0
[INFO] running `Command { std: "/workspace/cargo-home/bin/cargo" "+1.54.0" "metadata" "--manifest-path" "Cargo.toml" "--no-deps", kill_on_drop: false }`
[INFO] started tweaking crates.io crate webrtc-sctp 0.3.1
[INFO] removed 0 missing examples
[INFO] finished tweaking crates.io crate webrtc-sctp 0.3.1
[INFO] tweaked toml for crates.io crate webrtc-sctp 0.3.1 written to /workspace/builds/worker-12/source/Cargo.toml
[INFO] crate crates.io crate webrtc-sctp 0.3.1 already has a lockfile, it will not be regenerated
[INFO] running `Command { std: "/workspace/cargo-home/bin/cargo" "+1.54.0" "fetch" "--manifest-path" "Cargo.toml", kill_on_drop: false }`
[INFO] running `Command { std: "docker" "create" "-v" "/var/lib/crater-agent-workspace/builds/worker-12/target:/opt/rustwide/target:rw,Z" "-v" "/var/lib/crater-agent-workspace/builds/worker-12/source:/opt/rustwide/workdir:ro,Z" "-v" "/var/lib/crater-agent-workspace/cargo-home:/opt/rustwide/cargo-home:ro,Z" "-v" "/var/lib/crater-agent-workspace/rustup-home:/opt/rustwide/rustup-home:ro,Z" "-e" "SOURCE_DIR=/opt/rustwide/workdir" "-e" "CARGO_TARGET_DIR=/opt/rustwide/target" "-e" "CARGO_HOME=/opt/rustwide/cargo-home" "-e" "RUSTUP_HOME=/opt/rustwide/rustup-home" "-w" "/opt/rustwide/workdir" "-m" "1610612736" "--user" "0:0" "--network" "none" "ghcr.io/rust-lang/crates-build-env/linux@sha256:34b6a614d2c27851fe6cbf88fbd1137609cefab8b10d0615aaeb6fd47975d74e" "/opt/rustwide/cargo-home/bin/cargo" "+1.54.0" "metadata" "--no-deps" "--format-version=1", kill_on_drop: false }`
[INFO] [stdout] ea6b0d8eb1cbbdec0deea24ebf3ab9d70e7cc127504bc1e1d59652b1fc01929d
[INFO] running `Command { std: "docker" "start" "-a" "ea6b0d8eb1cbbdec0deea24ebf3ab9d70e7cc127504bc1e1d59652b1fc01929d", kill_on_drop: false }`
[INFO] running `Command { std: "docker" "inspect" "ea6b0d8eb1cbbdec0deea24ebf3ab9d70e7cc127504bc1e1d59652b1fc01929d", kill_on_drop: false }`
[INFO] running `Command { std: "docker" "rm" "-f" "ea6b0d8eb1cbbdec0deea24ebf3ab9d70e7cc127504bc1e1d59652b1fc01929d", kill_on_drop: false }`
[INFO] [stdout] ea6b0d8eb1cbbdec0deea24ebf3ab9d70e7cc127504bc1e1d59652b1fc01929d
[INFO] running `Command { std: "docker" "create" "-v" "/var/lib/crater-agent-workspace/builds/worker-12/target:/opt/rustwide/target:rw,Z" "-v" "/var/lib/crater-agent-workspace/builds/worker-12/source:/opt/rustwide/workdir:ro,Z" "-v" "/var/lib/crater-agent-workspace/cargo-home:/opt/rustwide/cargo-home:ro,Z" "-v" "/var/lib/crater-agent-workspace/rustup-home:/opt/rustwide/rustup-home:ro,Z" "-e" "SOURCE_DIR=/opt/rustwide/workdir" "-e" "CARGO_TARGET_DIR=/opt/rustwide/target" "-e" "CARGO_INCREMENTAL=0" "-e" "RUST_BACKTRACE=full" "-e" "RUSTFLAGS=--cap-lints=warn" "-e" "CARGO_HOME=/opt/rustwide/cargo-home" "-e" "RUSTUP_HOME=/opt/rustwide/rustup-home" "-w" "/opt/rustwide/workdir" "-m" "1610612736" "--user" "0:0" "--network" "none" "ghcr.io/rust-lang/crates-build-env/linux@sha256:34b6a614d2c27851fe6cbf88fbd1137609cefab8b10d0615aaeb6fd47975d74e" "/opt/rustwide/cargo-home/bin/cargo" "+1.54.0" "build" "--frozen" "--message-format=json", kill_on_drop: false }`
[INFO] [stdout] 96b19e8d952c8ceca7721c7fcf6113f04b3087413840037a8b34eb8bd7413b5f
[INFO] running `Command { std: "docker" "start" "-a" "96b19e8d952c8ceca7721c7fcf6113f04b3087413840037a8b34eb8bd7413b5f", kill_on_drop: false }`
[INFO] [stderr]    Compiling libc v0.2.97
[INFO] [stderr]    Compiling proc-macro2 v1.0.27
[INFO] [stderr]    Compiling syn v1.0.73
[INFO] [stderr]    Compiling anyhow v1.0.41
[INFO] [stderr]    Compiling async-trait v0.1.50
[INFO] [stderr]    Compiling crc-catalog v1.1.1
[INFO] [stderr]    Compiling tokio v1.7.1
[INFO] [stderr]    Compiling crc v2.0.0
[INFO] [stderr]    Compiling quote v1.0.9
[INFO] [stderr]    Compiling getrandom v0.2.3
[INFO] [stderr]    Compiling parking_lot_core v0.8.3
[INFO] [stderr]    Compiling num_cpus v1.13.0
[INFO] [stderr]    Compiling signal-hook-registry v1.4.0
[INFO] [stderr]    Compiling mio v0.7.13
[INFO] [stderr]    Compiling nix v0.8.1
[INFO] [stderr]    Compiling rand_core v0.6.3
[INFO] [stderr]    Compiling parking_lot v0.11.1
[INFO] [stderr]    Compiling rand_chacha v0.3.1
[INFO] [stderr]    Compiling rand v0.8.4
[INFO] [stderr]    Compiling tokio-macros v1.2.0
[INFO] [stderr]    Compiling thiserror-impl v1.0.25
[INFO] [stderr]    Compiling thiserror v1.0.25
[INFO] [stderr]    Compiling webrtc-util v0.4.1
[INFO] [stderr]    Compiling webrtc-sctp v0.3.1 (/opt/rustwide/workdir)
[INFO] [stderr]     Finished dev [unoptimized + debuginfo] target(s) in 32.09s
[INFO] running `Command { std: "docker" "inspect" "96b19e8d952c8ceca7721c7fcf6113f04b3087413840037a8b34eb8bd7413b5f", kill_on_drop: false }`
[INFO] running `Command { std: "docker" "rm" "-f" "96b19e8d952c8ceca7721c7fcf6113f04b3087413840037a8b34eb8bd7413b5f", kill_on_drop: false }`
[INFO] [stdout] 96b19e8d952c8ceca7721c7fcf6113f04b3087413840037a8b34eb8bd7413b5f
[INFO] running `Command { std: "docker" "create" "-v" "/var/lib/crater-agent-workspace/builds/worker-12/target:/opt/rustwide/target:rw,Z" "-v" "/var/lib/crater-agent-workspace/builds/worker-12/source:/opt/rustwide/workdir:ro,Z" "-v" "/var/lib/crater-agent-workspace/cargo-home:/opt/rustwide/cargo-home:ro,Z" "-v" "/var/lib/crater-agent-workspace/rustup-home:/opt/rustwide/rustup-home:ro,Z" "-e" "SOURCE_DIR=/opt/rustwide/workdir" "-e" "CARGO_TARGET_DIR=/opt/rustwide/target" "-e" "CARGO_INCREMENTAL=0" "-e" "RUST_BACKTRACE=full" "-e" "RUSTFLAGS=--cap-lints=warn" "-e" "CARGO_HOME=/opt/rustwide/cargo-home" "-e" "RUSTUP_HOME=/opt/rustwide/rustup-home" "-w" "/opt/rustwide/workdir" "-m" "1610612736" "--user" "0:0" "--network" "none" "ghcr.io/rust-lang/crates-build-env/linux@sha256:34b6a614d2c27851fe6cbf88fbd1137609cefab8b10d0615aaeb6fd47975d74e" "/opt/rustwide/cargo-home/bin/cargo" "+1.54.0" "test" "--frozen" "--no-run" "--message-format=json", kill_on_drop: false }`
[INFO] [stdout] 65e6c520989e84d8870ae47a542e5ac2cde82491b24096831af489a3e1e8310b
[INFO] running `Command { std: "docker" "start" "-a" "65e6c520989e84d8870ae47a542e5ac2cde82491b24096831af489a3e1e8310b", kill_on_drop: false }`
[INFO] [stderr]    Compiling futures-core v0.3.15
[INFO] [stderr]    Compiling humantime v2.1.0
[INFO] [stderr]    Compiling atty v0.2.14
[INFO] [stderr]    Compiling time v0.1.44
[INFO] [stderr]    Compiling regex v1.4.6
[INFO] [stderr]    Compiling async-stream-impl v0.3.2
[INFO] [stderr]    Compiling clap v2.33.3
[INFO] [stderr]    Compiling tokio-stream v0.1.6
[INFO] [stderr]    Compiling chrono v0.4.19
[INFO] [stderr]    Compiling async-stream v0.3.2
[INFO] [stderr]    Compiling tokio-test v0.4.2
[INFO] [stderr]    Compiling env_logger v0.8.4
[INFO] [stderr]    Compiling webrtc-sctp v0.3.1 (/opt/rustwide/workdir)
[INFO] [stderr]     Finished test [unoptimized + debuginfo] target(s) in 26.18s
[INFO] running `Command { std: "docker" "inspect" "65e6c520989e84d8870ae47a542e5ac2cde82491b24096831af489a3e1e8310b", kill_on_drop: false }`
[INFO] running `Command { std: "docker" "rm" "-f" "65e6c520989e84d8870ae47a542e5ac2cde82491b24096831af489a3e1e8310b", kill_on_drop: false }`
[INFO] [stdout] 65e6c520989e84d8870ae47a542e5ac2cde82491b24096831af489a3e1e8310b
[INFO] running `Command { std: "docker" "create" "-v" "/var/lib/crater-agent-workspace/builds/worker-12/target:/opt/rustwide/target:rw,Z" "-v" "/var/lib/crater-agent-workspace/builds/worker-12/source:/opt/rustwide/workdir:ro,Z" "-v" "/var/lib/crater-agent-workspace/cargo-home:/opt/rustwide/cargo-home:ro,Z" "-v" "/var/lib/crater-agent-workspace/rustup-home:/opt/rustwide/rustup-home:ro,Z" "-e" "SOURCE_DIR=/opt/rustwide/workdir" "-e" "CARGO_TARGET_DIR=/opt/rustwide/target" "-e" "CARGO_INCREMENTAL=0" "-e" "RUST_BACKTRACE=full" "-e" "RUSTFLAGS=--cap-lints=warn" "-e" "CARGO_HOME=/opt/rustwide/cargo-home" "-e" "RUSTUP_HOME=/opt/rustwide/rustup-home" "-w" "/opt/rustwide/workdir" "-m" "1610612736" "--user" "0:0" "--network" "none" "ghcr.io/rust-lang/crates-build-env/linux@sha256:34b6a614d2c27851fe6cbf88fbd1137609cefab8b10d0615aaeb6fd47975d74e" "/opt/rustwide/cargo-home/bin/cargo" "+1.54.0" "test" "--frozen", kill_on_drop: false }`
[INFO] [stdout] e07866c5ef4d1a53a1f9658914f42dbc22becb9c69ce9fd59ac1badf8a67a255
[INFO] running `Command { std: "docker" "start" "-a" "e07866c5ef4d1a53a1f9658914f42dbc22becb9c69ce9fd59ac1badf8a67a255", kill_on_drop: false }`
[INFO] [stderr]     Finished test [unoptimized + debuginfo] target(s) in 0.08s
[INFO] [stdout] 
[INFO] [stderr]      Running unittests (/opt/rustwide/target/debug/deps/webrtc_sctp-3be14cec595a98a1)
[INFO] [stdout] running 118 tests
[INFO] [stdout] test association::association_internal::association_internal_test::test_create_forward_tsn_forward_two_abandoned_with_the_same_si ... ok
[INFO] [stdout] test association::association_internal::association_internal_test::test_handle_forward_tsn_forward_3unreceived_chunks ... ok
[INFO] [stdout] test association::association_internal::association_internal_test::test_assoc_max_message_size_explicit ... ok
[INFO] [stdout] test association::association_internal::association_internal_test::test_handle_forward_tsn_dup_forward_tsn_chunk_should_generate_sack ... ok
[INFO] [stdout] test association::association_internal::association_internal_test::test_handle_forward_tsn_forward_1for2_missing ... ok
[INFO] [stdout] test association::association_internal::association_internal_test::test_assoc_max_message_size_default ... ok
[INFO] [stdout] test association::association_internal::association_internal_test::test_handle_forward_tsn_forward_1for1_missing ... ok
[INFO] [stdout] test association::association_internal::association_internal_test::test_assoc_create_new_stream ... ok
[INFO] [stdout] test association::association_internal::association_internal_test::test_create_forward_tsn_forward_one_abandoned ... ok
[INFO] [stdout] test chunk::chunk_test::test_abort_chunk_many_error_causes ... ok
[INFO] [stdout] test chunk::chunk_test::test_abort_chunk_one_error_cause ... ok
[INFO] [stdout] test chunk::chunk_test::test_chunk_reconfig_success ... ok
[INFO] [stdout] test chunk::chunk_test::test_chunk_reconfig_unmarshal_failure ... ok
[INFO] [stdout] test chunk::chunk_test::test_chrome_chunk1_init ... ok
[INFO] [stdout] test chunk::chunk_test::test_chrome_chunk2_init_ack ... ok
[INFO] [stdout] test chunk::chunk_test::test_chunk_error_unrecognized_chunk_type_marshal ... ok
[INFO] [stdout] test chunk::chunk_test::test_chunk_error_unrecognized_chunk_type_marshal_with_cause_value_being_nil ... ok
[INFO] [stdout] test chunk::chunk_test::test_chunk_error_unrecognized_chunk_type_unmarshal ... ok
[INFO] [stdout] test chunk::chunk_test::test_chunk_shutdown_ack_success ... ok
[INFO] [stdout] test chunk::chunk_test::test_chunk_shutdown_complete_failure ... ok
[INFO] [stdout] test chunk::chunk_test::test_chunk_shutdown_failure ... ok
[INFO] [stdout] test chunk::chunk_test::test_chunk_shutdown_ack_failure ... ok
[INFO] [stdout] test chunk::chunk_test::test_chunk_shutdown_complete_success ... ok
[INFO] [stdout] test chunk::chunk_test::test_forward_tsn_chunk ... ok
[INFO] [stdout] test chunk::chunk_test::test_init_ack ... ok
[INFO] [stdout] test chunk::chunk_test::test_payload_data_marshal_unmarshal ... ok
[INFO] [stdout] test chunk::chunk_test::test_select_ack_chunk ... ok
[INFO] [stdout] test chunk::chunk_test::test_chunk_shutdown_success ... ok
[INFO] [stdout] test chunk::chunk_type::test::test_chunk_type_string ... ok
[INFO] [stdout] test packet::test::test_packet_marshal ... ok
[INFO] [stdout] test param::param_test::test_build_param_failure ... ok
[INFO] [stdout] test param::param_test::test_build_param_success ... ok
[INFO] [stdout] test param::param_test::test_param_forward_tsn_supported_failure ... ok
[INFO] [stdout] test param::param_test::test_param_forward_tsn_supported_success ... ok
[INFO] [stdout] test param::param_test::test_param_header_success ... ok
[INFO] [stdout] test param::param_test::test_param_header_unmarshal_failure ... ok
[INFO] [stdout] test param::param_test::test_param_outgoing_reset_request_failure ... ok
[INFO] [stdout] test param::param_test::test_param_outgoing_reset_request_success ... ok
[INFO] [stdout] test param::param_test::test_param_reconfig_response_failure ... ok
[INFO] [stdout] test chunk::chunk_test::test_chunk_forward_tsn_unmarshal_failure ... ok
[INFO] [stdout] test chunk::chunk_test::test_chunk_forward_tsn_success ... ok
[INFO] [stdout] test chunk::chunk_test::test_init_marshal_unmarshal ... ok
[INFO] [stdout] test chunk::chunk_test::test_init_chunk ... ok
[INFO] [stdout] test chunk::chunk_test::test_chunk_type_string ... ok
[INFO] [stdout] test chunk::chunk_test::test_reconfig_chunk ... ok
[INFO] [stdout] test param::param_test::test_param_reconfig_response_success ... ok
[INFO] [stdout] test queue::queue_test::test_chunk_set_incomplete_chunk_set_no_beginning ... ok
[INFO] [stdout] test packet::test::test_packet_unmarshal ... ok
[INFO] [stdout] test param::param_test::test_parse_param_type_success ... ok
[INFO] [stdout] test queue::queue_test::test_chunk_set_empty_chunk_set ... ok
[INFO] [stdout] test param::param_test::test_reconfig_result_stringer ... ok
[INFO] [stdout] test queue::queue_test::test_chunk_set_push_dup_chunks_to_chunk_set ... ok
[INFO] [stdout] test queue::queue_test::test_chunk_set_incomplete_chunk_set_no_contiguous_tsn ... ok
[INFO] [stdout] test queue::queue_test::test_payload_queue_mark_all_to_retrasmit ... ok
[INFO] [stdout] test queue::queue_test::test_payload_queue_get_gap_ack_block ... ok
[INFO] [stdout] test queue::queue_test::test_payload_queue_push_no_check ... ok
[INFO] [stdout] test queue::queue_test::test_payload_queue_get_last_tsn_received ... ok
[INFO] [stdout] test queue::queue_test::test_pending_base_queue_push_and_pop ... ok
[INFO] [stdout] test queue::queue_test::test_pending_base_queue_out_of_bounce ... ok
[INFO] [stdout] test queue::queue_test::test_reassembly_queue_detect_buffer_too_short ... ok
[INFO] [stdout] test queue::queue_test::test_reassembly_queue_forward_tsn_for_ordered_framents ... ok
[INFO] [stdout] test queue::queue_test::test_reassembly_queue_ignores_chunk_with_stale_ssn ... ok
[INFO] [stdout] test queue::queue_test::test_payload_queue_reset_retransmit_flag_on_ack ... ok
[INFO] [stdout] test queue::queue_test::test_reassembly_queue_ignores_chunk_with_wrong_si ... ok
[INFO] [stdout] test queue::queue_test::test_reassembly_queue_forward_tsn_for_unordered_framents ... ok
[INFO] [stdout] test queue::queue_test::test_reassembly_queue_ordered_and_unordered_fragments ... ok
[INFO] [stdout] test queue::queue_test::test_reassembly_queue_ordered_fragments ... ok
[INFO] [stdout] test queue::queue_test::test_reassembly_queue_should_fail_to_read_incomplete_chunk ... ok
[INFO] [stdout] test queue::queue_test::test_reassembly_queue_should_fail_to_read_if_the_nex_ssn_is_not_ready ... ok
[INFO] [stdout] test queue::queue_test::test_reassembly_queue_unordered_complete_skips_incomplete ... ok
[INFO] [stdout] test queue::queue_test::test_reassembly_queue_unordered_fragments ... ok
[INFO] [stdout] test stream::stream_test::test_stream_buffered_amount ... ok
[INFO] [stdout] test association::association_test::test_assoc_abort ... ok
[INFO] [stdout] test queue::queue_test::test_pending_queue_unordered_wins ... ok
[INFO] [stdout] test association::association_test::test_stats ... ok
[INFO] [stdout] test timer::timer_test::test_rto_manager::test_rto_manager_rto_calculation_small_rtt ... ok
[INFO] [stdout] test queue::queue_test::test_pending_queue_selection_persistence ... ok
[INFO] [stdout] test association::association_internal::association_internal_test::test_assoc_handle_init ... ok
[INFO] [stdout] test timer::timer_test::test_rto_manager::test_rto_manager_rto_calculation_large_rtt ... ok
[INFO] [stdout] test association::association_test::test_assoc_reliable_short_buffer ... ok
[INFO] [stdout] test association::association_test::test_assoc_reliable_unordered_fragmented_then_defragmented ... ok
[INFO] [stdout] test queue::queue_test::test_pending_queue_fragments ... ok
[INFO] [stdout] test stream::stream_test::test_stream_amount_on_buffered_amount_low ... ok
[INFO] [stdout] test timer::timer_test::test_rto_manager::test_rto_manager_reset ... ok
[INFO] [stdout] test timer::timer_test::test_rto_manager::test_rto_manager_initial_values ... ok
[INFO] [stdout] test queue::queue_test::test_pending_queue_push_and_pop ... ok
[INFO] [stdout] test association::association_test::test_assoc_reliable_ordered_fragmented_then_defragmented ... ok
[INFO] [stdout] test timer::timer_test::test_rto_manager::test_rto_manager_calculate_next_timeout ... ok
[INFO] [stdout] test association::association_test::test_assoc_reliable_ordered_reordered ... ok
[INFO] [stdout] test util::test::test_serial_number_arithmetic32bit ... ok
[INFO] [stdout] test util::test::test_serial_number_arithmetic16bit ... ok
[INFO] [stdout] test association::association_test::test_assoc_reliable_unordered_ordered ... ok
[INFO] [stdout] test timer::timer_test::test_rtx_timer::test_rtx_timer_stop_timer_that_is_not_running_is_noop ... ok
[INFO] [stdout] test association::association_test::test_assoc_unreliable_rexmit_timed_ordered ... ok
[INFO] [stdout] test association::association_test::test_assoc_unreliable_rexmit_timed_unordered ... ok
[INFO] [stdout] test timer::timer_test::test_rtx_timer::test_rtx_timer_last_start_wins ... ok
[INFO] [stdout] test timer::timer_test::test_rtx_timer::test_rtx_timer_stop_right_after_start ... ok
[INFO] [stdout] test timer::timer_test::test_rtx_timer::test_rtx_timer_start_stop_then_start ... ok
[INFO] [stdout] test timer::timer_test::test_rtx_timer::test_rtx_timer_start_and_stop_in_atight_loop ... ok
[INFO] [stdout] test association::association_test::test_assoc_unreliable_rexmit_unordered_fragment ... FAILED
[INFO] [stdout] test association::association_test::test_assoc_unreliable_rexmit_ordered_fragment ... ok
[INFO] [stdout] test association::association_test::test_assoc_reset_close_both_ways ... ok
[INFO] [stdout] test timer::timer_test::test_rtx_timer::test_rtx_timer_closed_timer_wont_start ... ok
[INFO] [stdout] test association::association_test::test_assoc_reliable_simple ... ok
[INFO] [stdout] test association::association_test::test_assoc_reset_close_one_way ... ok
[INFO] [stdout] test association::association_test::test_assoc_unreliable_rexmit_ordered_no_fragment ... ok
[INFO] [stdout] test association::association_test::test_assoc_unreliable_rexmit_unordered_no_fragment ... ok
[INFO] [stdout] test association::association_test::test_association_shutdown ... ok
[INFO] [stdout] test association::association_test::test_assoc_reliable_retransmission ... ok
[INFO] [stdout] test timer::timer_test::test_ack_timer::test_ack_timer_start_and_stop ... ok
[INFO] [stdout] test association::association_test::test_association_shutdown_during_write ... ok
[INFO] [stdout] test timer::timer_test::test_rtx_timer::test_rtx_timer_should_not_stop_if_max_retrans_is_zero ... ok
[INFO] [stdout] test timer::timer_test::test_rtx_timer::test_rtx_timer_should_stop_after_rtx_failure ... ok
[INFO] [stdout] test timer::timer_test::test_rtx_timer::test_rtx_timer_callback_interval ... ok
[INFO] [stdout] test association::association_test::test_assoc_congestion_control_fast_retransmission ... ok
[INFO] [stdout] test association::association_test::test_association_handle_packet_before_init ... ok
[INFO] [stdout] test association::association_test::test_assoc_congestion_control_slow_reader ... ok
[INFO] [stdout] test association::association_test::test_assoc_congestion_control_congestion_avoidance ... ok
[INFO] [stdout] 
[INFO] [stdout] failures:
[INFO] [stdout] 
[INFO] [stdout] ---- association::association_test::test_assoc_unreliable_rexmit_unordered_fragment stdout ----
[INFO] [stdout] thread 'association::association_test::test_assoc_unreliable_rexmit_unordered_fragment' panicked at 'range end index 2 out of range for slice of length 0', /rustc/a178d0322ce20e33eac124758e837cbd80a6f633/library/alloc/src/collections/vec_deque/mod.rs:1066:36
[INFO] [stdout] stack backtrace:
[INFO] [stdout]    0:     0x556d02ddcd40 - std::backtrace_rs::backtrace::libunwind::trace::h34055254b57d8e79
[INFO] [stdout]                                at /rustc/a178d0322ce20e33eac124758e837cbd80a6f633/library/std/src/../../backtrace/src/backtrace/libunwind.rs:90:5
[INFO] [stdout]    1:     0x556d02ddcd40 - std::backtrace_rs::backtrace::trace_unsynchronized::h8f1e3fbd9afff6ec
[INFO] [stdout]                                at /rustc/a178d0322ce20e33eac124758e837cbd80a6f633/library/std/src/../../backtrace/src/backtrace/mod.rs:66:5
[INFO] [stdout]    2:     0x556d02ddcd40 - std::sys_common::backtrace::_print_fmt::h3a99a796b770c360
[INFO] [stdout]                                at /rustc/a178d0322ce20e33eac124758e837cbd80a6f633/library/std/src/sys_common/backtrace.rs:67:5
[INFO] [stdout]    3:     0x556d02ddcd40 - <std::sys_common::backtrace::_print::DisplayBacktrace as core::fmt::Display>::fmt::h32d1f94a80615d18
[INFO] [stdout]                                at /rustc/a178d0322ce20e33eac124758e837cbd80a6f633/library/std/src/sys_common/backtrace.rs:46:22
[INFO] [stdout]    4:     0x556d02e000cc - core::fmt::write::h306731c068f7162c
[INFO] [stdout]                                at /rustc/a178d0322ce20e33eac124758e837cbd80a6f633/library/core/src/fmt/mod.rs:1110:17
[INFO] [stdout]    5:     0x556d02dd8295 - std::io::Write::write_fmt::h87f19b0a2cd190bc
[INFO] [stdout]                                at /rustc/a178d0322ce20e33eac124758e837cbd80a6f633/library/std/src/io/mod.rs:1588:15
[INFO] [stdout]    6:     0x556d02ddeecb - std::sys_common::backtrace::_print::h5abaa2601a852287
[INFO] [stdout]                                at /rustc/a178d0322ce20e33eac124758e837cbd80a6f633/library/std/src/sys_common/backtrace.rs:49:5
[INFO] [stdout]    7:     0x556d02ddeecb - std::sys_common::backtrace::print::h8d81445442bb638f
[INFO] [stdout]                                at /rustc/a178d0322ce20e33eac124758e837cbd80a6f633/library/std/src/sys_common/backtrace.rs:36:9
[INFO] [stdout]    8:     0x556d02ddeecb - std::panicking::default_hook::{{closure}}::hcfe804496a9fa747
[INFO] [stdout]                                at /rustc/a178d0322ce20e33eac124758e837cbd80a6f633/library/std/src/panicking.rs:208:50
[INFO] [stdout]    9:     0x556d02dde9dc - std::panicking::default_hook::hbea8e3ccf2ba8901
[INFO] [stdout]                                at /rustc/a178d0322ce20e33eac124758e837cbd80a6f633/library/std/src/panicking.rs:222:9
[INFO] [stdout]   10:     0x556d02ddf594 - std::panicking::rust_panic_with_hook::h7ee9e1a2d0f8975a
[INFO] [stdout]                                at /rustc/a178d0322ce20e33eac124758e837cbd80a6f633/library/std/src/panicking.rs:622:17
[INFO] [stdout]   11:     0x556d02ddf077 - std::panicking::begin_panic_handler::{{closure}}::h8ab3b4491718b2c7
[INFO] [stdout]                                at /rustc/a178d0322ce20e33eac124758e837cbd80a6f633/library/std/src/panicking.rs:519:13
[INFO] [stdout]   12:     0x556d02ddd23c - std::sys_common::backtrace::__rust_end_short_backtrace::hd489062ffa586a9f
[INFO] [stdout]                                at /rustc/a178d0322ce20e33eac124758e837cbd80a6f633/library/std/src/sys_common/backtrace.rs:141:18
[INFO] [stdout]   13:     0x556d02ddefd9 - rust_begin_unwind
[INFO] [stdout]                                at /rustc/a178d0322ce20e33eac124758e837cbd80a6f633/library/std/src/panicking.rs:515:5
[INFO] [stdout]   14:     0x556d02953b41 - core::panicking::panic_fmt::hca6330e3e14086b4
[INFO] [stdout]                                at /rustc/a178d0322ce20e33eac124758e837cbd80a6f633/library/core/src/panicking.rs:92:14
[INFO] [stdout]   15:     0x556d02953d32 - core::slice::index::slice_end_index_len_fail::h81f6423c21128476
[INFO] [stdout]                                at /rustc/a178d0322ce20e33eac124758e837cbd80a6f633/library/core/src/slice/index.rs:41:5
[INFO] [stdout]   16:     0x556d02a74a1c - core::slice::index::range::hd994c8a4b4aca3de
[INFO] [stdout]                                at /rustc/a178d0322ce20e33eac124758e837cbd80a6f633/library/core/src/slice/index.rs:546:9
[INFO] [stdout]   17:     0x556d02afc8af - alloc::collections::vec_deque::VecDeque<T>::range_tail_head::h4f229417b51b534a
[INFO] [stdout]                                at /rustc/a178d0322ce20e33eac124758e837cbd80a6f633/library/alloc/src/collections/vec_deque/mod.rs:1066:36
[INFO] [stdout]   18:     0x556d02afd3c2 - alloc::collections::vec_deque::VecDeque<T>::drain::h3c4826eaf0aa54e5
[INFO] [stdout]                                at /rustc/a178d0322ce20e33eac124758e837cbd80a6f633/library/alloc/src/collections/vec_deque/mod.rs:1194:40
[INFO] [stdout]   19:     0x556d02954f09 - webrtc_util::conn::conn_bridge::Bridge::drop_offset::{{closure}}::h478d74010b1a92bf
[INFO] [stdout]                                at /opt/rustwide/cargo-home/registry/src/github.com-1ecc6299db9ec823/webrtc-util-0.4.1/src/conn/conn_bridge.rs:164:9
[INFO] [stdout]   20:     0x556d02ab62cb - <core::future::from_generator::GenFuture<T> as core::future::future::Future>::poll::hcc0bf33704fa5f12
[INFO] [stdout]                                at /rustc/a178d0322ce20e33eac124758e837cbd80a6f633/library/core/src/future/mod.rs:80:19
[INFO] [stdout]   21:     0x556d02b7e4c8 - webrtc_sctp::association::association_test::test_assoc_unreliable_rexmit_unordered_fragment::{{closure}}::hae883eb36006e2a6
[INFO] [stdout]                                at /opt/rustwide/workdir/src/association/association_test.rs:1072:5
[INFO] [stdout]   22:     0x556d02ab6959 - <core::future::from_generator::GenFuture<T> as core::future::future::Future>::poll::hcf5378ab8086ee5c
[INFO] [stdout]                                at /rustc/a178d0322ce20e33eac124758e837cbd80a6f633/library/core/src/future/mod.rs:80:19
[INFO] [stdout]   23:     0x556d02b2da2f - <core::pin::Pin<P> as core::future::future::Future>::poll::h497329d4b1416b98
[INFO] [stdout]                                at /rustc/a178d0322ce20e33eac124758e837cbd80a6f633/library/core/src/future/future.rs:119:9
[INFO] [stdout]   24:     0x556d02984a50 - tokio::runtime::basic_scheduler::Inner<P>::block_on::{{closure}}::{{closure}}::h609c5cf7d7383141
[INFO] [stdout]                                at /opt/rustwide/cargo-home/registry/src/github.com-1ecc6299db9ec823/tokio-1.7.1/src/runtime/basic_scheduler.rs:213:62
[INFO] [stdout]   25:     0x556d02a827c2 - tokio::coop::with_budget::{{closure}}::ha75552e796e297ca
[INFO] [stdout]                                at /opt/rustwide/cargo-home/registry/src/github.com-1ecc6299db9ec823/tokio-1.7.1/src/coop.rs:106:9
[INFO] [stdout]   26:     0x556d02af4b43 - std::thread::local::LocalKey<T>::try_with::hd32f90202d4b254a
[INFO] [stdout]                                at /rustc/a178d0322ce20e33eac124758e837cbd80a6f633/library/std/src/thread/local.rs:400:16
[INFO] [stdout]   27:     0x556d02adddbd - std::thread::local::LocalKey<T>::with::h7ff3e9cc762b42fc
[INFO] [stdout]                                at /rustc/a178d0322ce20e33eac124758e837cbd80a6f633/library/std/src/thread/local.rs:376:9
[INFO] [stdout]   28:     0x556d0296e14c - tokio::coop::with_budget::h18c327e7c6272b06
[INFO] [stdout]                                at /opt/rustwide/cargo-home/registry/src/github.com-1ecc6299db9ec823/tokio-1.7.1/src/coop.rs:99:5
[INFO] [stdout]   29:     0x556d0296e14c - tokio::coop::budget::h5685f2ae9cf3d093
[INFO] [stdout]                                at /opt/rustwide/cargo-home/registry/src/github.com-1ecc6299db9ec823/tokio-1.7.1/src/coop.rs:76:5
[INFO] [stdout]   30:     0x556d0296e14c - tokio::runtime::basic_scheduler::Inner<P>::block_on::{{closure}}::h5291450b448592e1
[INFO] [stdout]                                at /opt/rustwide/cargo-home/registry/src/github.com-1ecc6299db9ec823/tokio-1.7.1/src/runtime/basic_scheduler.rs:213:39
[INFO] [stdout]   31:     0x556d029a5bc1 - tokio::runtime::basic_scheduler::enter::{{closure}}::h3ba015957930d1e9
[INFO] [stdout]                                at /opt/rustwide/cargo-home/registry/src/github.com-1ecc6299db9ec823/tokio-1.7.1/src/runtime/basic_scheduler.rs:323:29
[INFO] [stdout]   32:     0x556d02bb877d - tokio::macros::scoped_tls::ScopedKey<T>::set::hecd75cf1e2bd41e3
[INFO] [stdout]                                at /opt/rustwide/cargo-home/registry/src/github.com-1ecc6299db9ec823/tokio-1.7.1/src/macros/scoped_tls.rs:61:9
[INFO] [stdout]   33:     0x556d029a439c - tokio::runtime::basic_scheduler::enter::he3438e79fe514f76
[INFO] [stdout]                                at /opt/rustwide/cargo-home/registry/src/github.com-1ecc6299db9ec823/tokio-1.7.1/src/runtime/basic_scheduler.rs:323:5
[INFO] [stdout]   34:     0x556d0295fd2d - tokio::runtime::basic_scheduler::Inner<P>::block_on::h6e93d5a0e8347289
[INFO] [stdout]                                at /opt/rustwide/cargo-home/registry/src/github.com-1ecc6299db9ec823/tokio-1.7.1/src/runtime/basic_scheduler.rs:202:9
[INFO] [stdout]   35:     0x556d02987b94 - tokio::runtime::basic_scheduler::InnerGuard<P>::block_on::h27071bc36b22f5ee
[INFO] [stdout]                                at /opt/rustwide/cargo-home/registry/src/github.com-1ecc6299db9ec823/tokio-1.7.1/src/runtime/basic_scheduler.rs:516:9
[INFO] [stdout]   36:     0x556d0298f3fc - tokio::runtime::basic_scheduler::BasicScheduler<P>::block_on::h5144ac3826605bc1
[INFO] [stdout]                                at /opt/rustwide/cargo-home/registry/src/github.com-1ecc6299db9ec823/tokio-1.7.1/src/runtime/basic_scheduler.rs:162:24
[INFO] [stdout]   37:     0x556d02a1ef46 - tokio::runtime::Runtime::block_on::h91bd77ec67574f8f
[INFO] [stdout]                                at /opt/rustwide/cargo-home/registry/src/github.com-1ecc6299db9ec823/tokio-1.7.1/src/runtime/mod.rs:450:46
[INFO] [stdout]   38:     0x556d02b7c93b - webrtc_sctp::association::association_test::test_assoc_unreliable_rexmit_unordered_fragment::hd1feb8ad414fda0d
[INFO] [stdout]                                at /opt/rustwide/workdir/src/association/association_test.rs:1107:5
[INFO] [stdout]   39:     0x556d02b7c84e - webrtc_sctp::association::association_test::test_assoc_unreliable_rexmit_unordered_fragment::{{closure}}::h0f2de623a7bb4563
[INFO] [stdout]                                at /opt/rustwide/workdir/src/association/association_test.rs:1018:7
[INFO] [stdout]   40:     0x556d02ab9dee - core::ops::function::FnOnce::call_once::h01fc4d27035fb379
[INFO] [stdout]                                at /rustc/a178d0322ce20e33eac124758e837cbd80a6f633/library/core/src/ops/function.rs:227:5
[INFO] [stdout]   41:     0x556d02c41ae3 - core::ops::function::FnOnce::call_once::h152e7e439ff59e19
[INFO] [stdout]                                at /rustc/a178d0322ce20e33eac124758e837cbd80a6f633/library/core/src/ops/function.rs:227:5
[INFO] [stdout]   42:     0x556d02c41ae3 - test::__rust_begin_short_backtrace::h0908f3b1fdbb72ab
[INFO] [stdout]                                at /rustc/a178d0322ce20e33eac124758e837cbd80a6f633/library/test/src/lib.rs:577:5
[INFO] [stdout]   43:     0x556d02c405a0 - <alloc::boxed::Box<F,A> as core::ops::function::FnOnce<Args>>::call_once::hf6d2a51e5587546c
[INFO] [stdout]                                at /rustc/a178d0322ce20e33eac124758e837cbd80a6f633/library/alloc/src/boxed.rs:1575:9
[INFO] [stdout]   44:     0x556d02c405a0 - <std::panic::AssertUnwindSafe<F> as core::ops::function::FnOnce<()>>::call_once::h8af660f3a89ef593
[INFO] [stdout]                                at /rustc/a178d0322ce20e33eac124758e837cbd80a6f633/library/std/src/panic.rs:347:9
[INFO] [stdout]   45:     0x556d02c405a0 - std::panicking::try::do_call::hd36aef60f84b6d36
[INFO] [stdout]                                at /rustc/a178d0322ce20e33eac124758e837cbd80a6f633/library/std/src/panicking.rs:401:40
[INFO] [stdout]   46:     0x556d02c405a0 - std::panicking::try::h9932b4480e69817c
[INFO] [stdout]                                at /rustc/a178d0322ce20e33eac124758e837cbd80a6f633/library/std/src/panicking.rs:365:19
[INFO] [stdout]   47:     0x556d02c405a0 - std::panic::catch_unwind::h6aa177099cfff5f8
[INFO] [stdout]                                at /rustc/a178d0322ce20e33eac124758e837cbd80a6f633/library/std/src/panic.rs:434:14
[INFO] [stdout]   48:     0x556d02c405a0 - test::run_test_in_process::h5884d6f2d99e20c3
[INFO] [stdout]                                at /rustc/a178d0322ce20e33eac124758e837cbd80a6f633/library/test/src/lib.rs:600:18
[INFO] [stdout]   49:     0x556d02c405a0 - test::run_test::run_test_inner::{{closure}}::h6fdc58c6d5f5b6e3
[INFO] [stdout]                                at /rustc/a178d0322ce20e33eac124758e837cbd80a6f633/library/test/src/lib.rs:492:39
[INFO] [stdout]   50:     0x556d02c19c52 - test::run_test::run_test_inner::{{closure}}::h408365d67a78ade8
[INFO] [stdout]                                at /rustc/a178d0322ce20e33eac124758e837cbd80a6f633/library/test/src/lib.rs:519:37
[INFO] [stdout]   51:     0x556d02c19c52 - std::sys_common::backtrace::__rust_begin_short_backtrace::hb560b77c4f701523
[INFO] [stdout]                                at /rustc/a178d0322ce20e33eac124758e837cbd80a6f633/library/std/src/sys_common/backtrace.rs:125:18
[INFO] [stdout]   52:     0x556d02c1d808 - std::thread::Builder::spawn_unchecked::{{closure}}::{{closure}}::hf2e7831dad93c597
[INFO] [stdout]                                at /rustc/a178d0322ce20e33eac124758e837cbd80a6f633/library/std/src/thread/mod.rs:481:17
[INFO] [stdout]   53:     0x556d02c1d808 - <std::panic::AssertUnwindSafe<F> as core::ops::function::FnOnce<()>>::call_once::hd2e08783d8be4d02
[INFO] [stdout]                                at /rustc/a178d0322ce20e33eac124758e837cbd80a6f633/library/std/src/panic.rs:347:9
[INFO] [stdout]   54:     0x556d02c1d808 - std::panicking::try::do_call::h062597b7acfd6b82
[INFO] [stdout]                                at /rustc/a178d0322ce20e33eac124758e837cbd80a6f633/library/std/src/panicking.rs:401:40
[INFO] [stdout]   55:     0x556d02c1d808 - std::panicking::try::h0d7b79db04c14552
[INFO] [stdout]                                at /rustc/a178d0322ce20e33eac124758e837cbd80a6f633/library/std/src/panicking.rs:365:19
[INFO] [stdout]   56:     0x556d02c1d808 - std::panic::catch_unwind::hb01a0b5e7c8cd43b
[INFO] [stdout]                                at /rustc/a178d0322ce20e33eac124758e837cbd80a6f633/library/std/src/panic.rs:434:14
[INFO] [stdout]   57:     0x556d02c1d808 - std::thread::Builder::spawn_unchecked::{{closure}}::h5bde48cc887e0d1e
[INFO] [stdout]                                at /rustc/a178d0322ce20e33eac124758e837cbd80a6f633/library/std/src/thread/mod.rs:480:30
[INFO] [stdout]   58:     0x556d02c1d808 - core::ops::function::FnOnce::call_once{{vtable.shim}}::h745ea30807a29e55
[INFO] [stdout]                                at /rustc/a178d0322ce20e33eac124758e837cbd80a6f633/library/core/src/ops/function.rs:227:5
[INFO] [stdout]   59:     0x556d02de45c7 - <alloc::boxed::Box<F,A> as core::ops::function::FnOnce<Args>>::call_once::h7ece6cfefaff1005
[INFO] [stdout]                                at /rustc/a178d0322ce20e33eac124758e837cbd80a6f633/library/alloc/src/boxed.rs:1575:9
[INFO] [stdout]   60:     0x556d02de45c7 - <alloc::boxed::Box<F,A> as core::ops::function::FnOnce<Args>>::call_once::hb8b48e55c21f193e
[INFO] [stdout]                                at /rustc/a178d0322ce20e33eac124758e837cbd80a6f633/library/alloc/src/boxed.rs:1575:9
[INFO] [stdout]   61:     0x556d02de45c7 - std::sys::unix::thread::Thread::new::thread_start::h8c7c4450dba62914
[INFO] [stdout]                                at /rustc/a178d0322ce20e33eac124758e837cbd80a6f633/library/std/src/sys/unix/thread.rs:71:17
[INFO] [stdout]   62:     0x7f6a39b70609 - start_thread
[INFO] [stdout]   63:     0x7f6a39942293 - clone
[INFO] [stdout]   64:                0x0 - <unknown>
[INFO] [stdout] 
[INFO] [stdout] 
[INFO] [stdout] failures:
[INFO] [stdout]     association::association_test::test_assoc_unreliable_rexmit_unordered_fragment
[INFO] [stdout] 
[INFO] [stdout] test result: FAILED. 117 passed; 1 failed; 0 ignored; 0 measured; 0 filtered out; finished in 4.08s
[INFO] [stdout] 
[INFO] [stderr] error: test failed, to rerun pass '--lib'
[INFO] running `Command { std: "docker" "inspect" "e07866c5ef4d1a53a1f9658914f42dbc22becb9c69ce9fd59ac1badf8a67a255", kill_on_drop: false }`
[INFO] running `Command { std: "docker" "rm" "-f" "e07866c5ef4d1a53a1f9658914f42dbc22becb9c69ce9fd59ac1badf8a67a255", kill_on_drop: false }`
[INFO] [stdout] e07866c5ef4d1a53a1f9658914f42dbc22becb9c69ce9fd59ac1badf8a67a255
