[INFO] fetching crate webdesserts-confy 1.0.0...
[INFO] testing webdesserts-confy-1.0.0 against beta-2021-08-01 for beta-1.55-1
[INFO] extracting crate webdesserts-confy 1.0.0 into /workspace/builds/worker-9/source
[INFO] validating manifest of crates.io crate webdesserts-confy 1.0.0 on toolchain beta-2021-08-01
[INFO] running `Command { std: "/workspace/cargo-home/bin/cargo" "+beta-2021-08-01" "metadata" "--manifest-path" "Cargo.toml" "--no-deps", kill_on_drop: false }`
[INFO] started tweaking crates.io crate webdesserts-confy 1.0.0
[INFO] removed 0 missing examples
[INFO] finished tweaking crates.io crate webdesserts-confy 1.0.0
[INFO] tweaked toml for crates.io crate webdesserts-confy 1.0.0 written to /workspace/builds/worker-9/source/Cargo.toml
[INFO] crate crates.io crate webdesserts-confy 1.0.0 already has a lockfile, it will not be regenerated
[INFO] running `Command { std: "/workspace/cargo-home/bin/cargo" "+beta-2021-08-01" "fetch" "--manifest-path" "Cargo.toml", kill_on_drop: false }`
[INFO] [stderr]  Downloading crates ...
[INFO] [stderr]   Downloaded directories v0.10.0
[INFO] [stderr]   Downloaded backtrace v0.3.44
[INFO] running `Command { std: "docker" "create" "-v" "/var/lib/crater-agent-workspace/builds/worker-9/target:/opt/rustwide/target:rw,Z" "-v" "/var/lib/crater-agent-workspace/builds/worker-9/source:/opt/rustwide/workdir:ro,Z" "-v" "/var/lib/crater-agent-workspace/cargo-home:/opt/rustwide/cargo-home:ro,Z" "-v" "/var/lib/crater-agent-workspace/rustup-home:/opt/rustwide/rustup-home:ro,Z" "-e" "SOURCE_DIR=/opt/rustwide/workdir" "-e" "CARGO_TARGET_DIR=/opt/rustwide/target" "-e" "CARGO_HOME=/opt/rustwide/cargo-home" "-e" "RUSTUP_HOME=/opt/rustwide/rustup-home" "-w" "/opt/rustwide/workdir" "-m" "1610612736" "--user" "0:0" "--network" "none" "ghcr.io/rust-lang/crates-build-env/linux@sha256:34b6a614d2c27851fe6cbf88fbd1137609cefab8b10d0615aaeb6fd47975d74e" "/opt/rustwide/cargo-home/bin/cargo" "+beta-2021-08-01" "metadata" "--no-deps" "--format-version=1", kill_on_drop: false }`
[INFO] [stdout] d5ea14902e455982d7e0e177ec5a9ed4ebf5863c7db8709c60d2340625786218
[INFO] running `Command { std: "docker" "start" "-a" "d5ea14902e455982d7e0e177ec5a9ed4ebf5863c7db8709c60d2340625786218", kill_on_drop: false }`
[INFO] running `Command { std: "docker" "inspect" "d5ea14902e455982d7e0e177ec5a9ed4ebf5863c7db8709c60d2340625786218", kill_on_drop: false }`
[INFO] running `Command { std: "docker" "rm" "-f" "d5ea14902e455982d7e0e177ec5a9ed4ebf5863c7db8709c60d2340625786218", kill_on_drop: false }`
[INFO] [stdout] d5ea14902e455982d7e0e177ec5a9ed4ebf5863c7db8709c60d2340625786218
[INFO] running `Command { std: "docker" "create" "-v" "/var/lib/crater-agent-workspace/builds/worker-9/target:/opt/rustwide/target:rw,Z" "-v" "/var/lib/crater-agent-workspace/builds/worker-9/source:/opt/rustwide/workdir:ro,Z" "-v" "/var/lib/crater-agent-workspace/cargo-home:/opt/rustwide/cargo-home:ro,Z" "-v" "/var/lib/crater-agent-workspace/rustup-home:/opt/rustwide/rustup-home:ro,Z" "-e" "SOURCE_DIR=/opt/rustwide/workdir" "-e" "CARGO_TARGET_DIR=/opt/rustwide/target" "-e" "CARGO_INCREMENTAL=0" "-e" "RUST_BACKTRACE=full" "-e" "RUSTFLAGS=--cap-lints=warn" "-e" "CARGO_HOME=/opt/rustwide/cargo-home" "-e" "RUSTUP_HOME=/opt/rustwide/rustup-home" "-w" "/opt/rustwide/workdir" "-m" "1610612736" "--user" "0:0" "--network" "none" "ghcr.io/rust-lang/crates-build-env/linux@sha256:34b6a614d2c27851fe6cbf88fbd1137609cefab8b10d0615aaeb6fd47975d74e" "/opt/rustwide/cargo-home/bin/cargo" "+beta-2021-08-01" "build" "--frozen" "--message-format=json", kill_on_drop: false }`
[INFO] [stdout] 01c12fa2acf9d7f53550ca9d40e5cf768d267ddf67fe5065518e68feab39d4a5
[INFO] running `Command { std: "docker" "start" "-a" "01c12fa2acf9d7f53550ca9d40e5cf768d267ddf67fe5065518e68feab39d4a5", kill_on_drop: false }`
[INFO] [stderr]    Compiling proc-macro2 v1.0.8
[INFO] [stderr]    Compiling cc v1.0.50
[INFO] [stderr]    Compiling syn v1.0.14
[INFO] [stderr]    Compiling libc v0.2.66
[INFO] [stderr]    Compiling failure_derive v0.1.6
[INFO] [stderr]    Compiling serde v1.0.104
[INFO] [stderr]    Compiling directories v0.10.0
[INFO] [stderr]    Compiling quote v1.0.2
[INFO] [stderr]    Compiling backtrace-sys v0.1.32
[INFO] [stderr]    Compiling backtrace v0.3.44
[INFO] [stderr]    Compiling toml v0.4.10
[INFO] [stderr]    Compiling synstructure v0.12.3
[INFO] [stderr]    Compiling failure v0.1.6
[INFO] [stderr]    Compiling webdesserts-confy v1.0.0 (/opt/rustwide/workdir)
[INFO] [stderr]     Finished dev [unoptimized + debuginfo] target(s) in 19.36s
[INFO] running `Command { std: "docker" "inspect" "01c12fa2acf9d7f53550ca9d40e5cf768d267ddf67fe5065518e68feab39d4a5", kill_on_drop: false }`
[INFO] running `Command { std: "docker" "rm" "-f" "01c12fa2acf9d7f53550ca9d40e5cf768d267ddf67fe5065518e68feab39d4a5", kill_on_drop: false }`
[INFO] [stdout] 01c12fa2acf9d7f53550ca9d40e5cf768d267ddf67fe5065518e68feab39d4a5
[INFO] running `Command { std: "docker" "create" "-v" "/var/lib/crater-agent-workspace/builds/worker-9/target:/opt/rustwide/target:rw,Z" "-v" "/var/lib/crater-agent-workspace/builds/worker-9/source:/opt/rustwide/workdir:ro,Z" "-v" "/var/lib/crater-agent-workspace/cargo-home:/opt/rustwide/cargo-home:ro,Z" "-v" "/var/lib/crater-agent-workspace/rustup-home:/opt/rustwide/rustup-home:ro,Z" "-e" "SOURCE_DIR=/opt/rustwide/workdir" "-e" "CARGO_TARGET_DIR=/opt/rustwide/target" "-e" "CARGO_INCREMENTAL=0" "-e" "RUST_BACKTRACE=full" "-e" "RUSTFLAGS=--cap-lints=warn" "-e" "CARGO_HOME=/opt/rustwide/cargo-home" "-e" "RUSTUP_HOME=/opt/rustwide/rustup-home" "-w" "/opt/rustwide/workdir" "-m" "1610612736" "--user" "0:0" "--network" "none" "ghcr.io/rust-lang/crates-build-env/linux@sha256:34b6a614d2c27851fe6cbf88fbd1137609cefab8b10d0615aaeb6fd47975d74e" "/opt/rustwide/cargo-home/bin/cargo" "+beta-2021-08-01" "test" "--frozen" "--no-run" "--message-format=json", kill_on_drop: false }`
[INFO] [stdout] 7fbeb68084a5c2037059f57896b11cd6d07047cc3406332fdfda62aea05fa5a7
[INFO] running `Command { std: "docker" "start" "-a" "7fbeb68084a5c2037059f57896b11cd6d07047cc3406332fdfda62aea05fa5a7", kill_on_drop: false }`
[INFO] [stderr]    Compiling webdesserts-confy v1.0.0 (/opt/rustwide/workdir)
[INFO] [stderr]     Finished test [unoptimized + debuginfo] target(s) in 0.76s
[INFO] running `Command { std: "docker" "inspect" "7fbeb68084a5c2037059f57896b11cd6d07047cc3406332fdfda62aea05fa5a7", kill_on_drop: false }`
[INFO] running `Command { std: "docker" "rm" "-f" "7fbeb68084a5c2037059f57896b11cd6d07047cc3406332fdfda62aea05fa5a7", kill_on_drop: false }`
[INFO] [stdout] 7fbeb68084a5c2037059f57896b11cd6d07047cc3406332fdfda62aea05fa5a7
[INFO] running `Command { std: "docker" "create" "-v" "/var/lib/crater-agent-workspace/builds/worker-9/target:/opt/rustwide/target:rw,Z" "-v" "/var/lib/crater-agent-workspace/builds/worker-9/source:/opt/rustwide/workdir:ro,Z" "-v" "/var/lib/crater-agent-workspace/cargo-home:/opt/rustwide/cargo-home:ro,Z" "-v" "/var/lib/crater-agent-workspace/rustup-home:/opt/rustwide/rustup-home:ro,Z" "-e" "SOURCE_DIR=/opt/rustwide/workdir" "-e" "CARGO_TARGET_DIR=/opt/rustwide/target" "-e" "CARGO_INCREMENTAL=0" "-e" "RUST_BACKTRACE=full" "-e" "RUSTFLAGS=--cap-lints=warn" "-e" "CARGO_HOME=/opt/rustwide/cargo-home" "-e" "RUSTUP_HOME=/opt/rustwide/rustup-home" "-w" "/opt/rustwide/workdir" "-m" "1610612736" "--user" "0:0" "--network" "none" "ghcr.io/rust-lang/crates-build-env/linux@sha256:34b6a614d2c27851fe6cbf88fbd1137609cefab8b10d0615aaeb6fd47975d74e" "/opt/rustwide/cargo-home/bin/cargo" "+beta-2021-08-01" "test" "--frozen", kill_on_drop: false }`
[INFO] [stdout] 7ff63b5666e1bdddac3a0d32b83410e4615086bc7daa29fe74a04ef5609f26cf
[INFO] running `Command { std: "docker" "start" "-a" "7ff63b5666e1bdddac3a0d32b83410e4615086bc7daa29fe74a04ef5609f26cf", kill_on_drop: false }`
[INFO] [stderr]     Finished test [unoptimized + debuginfo] target(s) in 0.02s
[INFO] [stdout] 
[INFO] [stderr]      Running unittests (/opt/rustwide/target/debug/deps/webdesserts_confy-4b0e6b01c849b3a3)
[INFO] [stdout] running 0 tests
[INFO] [stdout] 
[INFO] [stdout] test result: ok. 0 passed; 0 failed; 0 ignored; 0 measured; 0 filtered out; finished in 0.00s
[INFO] [stdout] 
[INFO] [stderr]    Doc-tests webdesserts-confy
[INFO] [stdout] 
[INFO] [stdout] running 3 tests
[INFO] [stdout] test src/lib.rs - (line 39) ... FAILED
[INFO] [stdout] test src/lib.rs - store (line 171) - compile ... FAILED
[INFO] [stdout] test src/lib.rs - load (line 128) - compile ... FAILED
[INFO] [stdout] 
[INFO] [stdout] failures:
[INFO] [stdout] 
[INFO] [stdout] ---- src/lib.rs - (line 39) stdout ----
[INFO] [stdout] error: cannot find derive macro `Serialize` in this scope
[INFO] [stdout]  --> src/lib.rs:40:10
[INFO] [stdout]   |
[INFO] [stdout] 2 | #[derive(Serialize, Deserialize)]
[INFO] [stdout]   |          ^^^^^^^^^
[INFO] [stdout] 
[INFO] [stdout] error: cannot find derive macro `Deserialize` in this scope
[INFO] [stdout]  --> src/lib.rs:40:21
[INFO] [stdout]   |
[INFO] [stdout] 2 | #[derive(Serialize, Deserialize)]
[INFO] [stdout]   |                     ^^^^^^^^^^^
[INFO] [stdout] 
[INFO] [stdout] error[E0433]: failed to resolve: use of undeclared crate or module `confy`
[INFO] [stdout]   --> src/lib.rs:52:15
[INFO] [stdout]    |
[INFO] [stdout] 14 |     let cfg = confy::load("my-app-name")?;
[INFO] [stdout]    |               ^^^^^ use of undeclared crate or module `confy`
[INFO] [stdout] 
[INFO] [stdout] error[E0308]: mismatched types
[INFO] [stdout]   --> src/lib.rs:51:14
[INFO] [stdout]    |
[INFO] [stdout] 13 | fn main() -> Result<(), ::std::io::Error> {
[INFO] [stdout]    |    ----      ^^^^^^^^^^^^^^^^^^^^^^^^^^^^ expected enum `Result`, found `()`
[INFO] [stdout]    |    |
[INFO] [stdout]    |    implicitly returns `()` as its body has no tail or `return` expression
[INFO] [stdout]    |
[INFO] [stdout]    = note:   expected enum `Result<(), std::io::Error>`
[INFO] [stdout]            found unit type `()`
[INFO] [stdout] 
[INFO] [stdout] error: aborting due to 4 previous errors
[INFO] [stdout] 
[INFO] [stdout] Some errors have detailed explanations: E0308, E0433.
[INFO] [stdout] For more information about an error, try `rustc --explain E0308`.
[INFO] [stdout] Couldn't compile the test.
[INFO] [stdout] ---- src/lib.rs - store (line 171) stdout ----
[INFO] [stdout] error[E0433]: failed to resolve: use of undeclared crate or module `confy`
[INFO] [stdout]  --> src/lib.rs:174:1
[INFO] [stdout]   |
[INFO] [stdout] 5 | confy::store(my_cfg)?;
[INFO] [stdout]   | ^^^^^ use of undeclared crate or module `confy`
[INFO] [stdout] 
[INFO] [stdout] error[E0277]: the `?` operator can only be used in a function that returns `Result` or `Option` (or another type that implements `FromResidual`)
[INFO] [stdout]    --> src/lib.rs:174:21
[INFO] [stdout]     |
[INFO] [stdout] 2   |   fn main() { #[allow(non_snake_case)] fn _doctest_main_src_lib_rs_171_0() {
[INFO] [stdout]     |  ______________________________________-
[INFO] [stdout] 3   | | struct MyConf {}
[INFO] [stdout] 4   | | let my_cfg = MyConf {};
[INFO] [stdout] 5   | | confy::store(my_cfg)?;
[INFO] [stdout]     | |                     ^ cannot use the `?` operator in a function that returns `()`
[INFO] [stdout] 6   | | } _doctest_main_src_lib_rs_171_0() }
[INFO] [stdout]     | |_- this function should return `Result` or `Option` to accept `?`
[INFO] [stdout]     |
[INFO] [stdout]     = help: the trait `FromResidual<_>` is not implemented for `()`
[INFO] [stdout] note: required by `from_residual`
[INFO] [stdout] 
[INFO] [stdout] error: aborting due to 2 previous errors
[INFO] [stdout] 
[INFO] [stdout] Some errors have detailed explanations: E0277, E0433.
[INFO] [stdout] For more information about an error, try `rustc --explain E0277`.
[INFO] [stdout] Couldn't compile the test.
[INFO] [stdout] ---- src/lib.rs - load (line 128) stdout ----
[INFO] [stdout] error[E0433]: failed to resolve: use of undeclared crate or module `confy`
[INFO] [stdout]  --> src/lib.rs:133:21
[INFO] [stdout]   |
[INFO] [stdout] 7 | let cfg: MyConfig = confy::load("my-app")?;
[INFO] [stdout]   |                     ^^^^^ use of undeclared crate or module `confy`
[INFO] [stdout] 
[INFO] [stdout] error[E0412]: cannot find type `MyConf` in this scope
[INFO] [stdout]  --> src/lib.rs:130:34
[INFO] [stdout]   |
[INFO] [stdout] 3 | struct MyConfig {}
[INFO] [stdout]   | --------------- similarly named struct `MyConfig` defined here
[INFO] [stdout] 4 | impl ::std::default::Default for MyConf {
[INFO] [stdout]   |                                  ^^^^^^ help: a struct with a similar name exists: `MyConfig`
[INFO] [stdout] 
[INFO] [stdout] error[E0277]: the `?` operator can only be used in a function that returns `Result` or `Option` (or another type that implements `FromResidual`)
[INFO] [stdout]    --> src/lib.rs:133:42
[INFO] [stdout]     |
[INFO] [stdout] 2   |   fn main() { #[allow(non_snake_case)] fn _doctest_main_src_lib_rs_128_0() {
[INFO] [stdout]     |  ______________________________________-
[INFO] [stdout] 3   | | struct MyConfig {}
[INFO] [stdout] 4   | | impl ::std::default::Default for MyConf {
[INFO] [stdout] 5   | |     fn default() -> Self { Self {} }
[INFO] [stdout] 6   | | }
[INFO] [stdout] 7   | | let cfg: MyConfig = confy::load("my-app")?;
[INFO] [stdout]     | |                                          ^ cannot use the `?` operator in a function that returns `()`
[INFO] [stdout] 8   | | } _doctest_main_src_lib_rs_128_0() }
[INFO] [stdout]     | |_- this function should return `Result` or `Option` to accept `?`
[INFO] [stdout]     |
[INFO] [stdout]     = help: the trait `FromResidual<_>` is not implemented for `()`
[INFO] [stdout] note: required by `from_residual`
[INFO] [stdout] 
[INFO] [stdout] error[E0071]: expected struct, variant or union type, found type error
[INFO] [stdout]  --> src/lib.rs:131:28
[INFO] [stdout]   |
[INFO] [stdout] 5 |     fn default() -> Self { Self {} }
[INFO] [stdout]   |                            ^^^^ not a struct
[INFO] [stdout] 
[INFO] [stdout] error: aborting due to 4 previous errors
[INFO] [stdout] 
[INFO] [stdout] Some errors have detailed explanations: E0071, E0277, E0412, E0433.
[INFO] [stdout] For more information about an error, try `rustc --explain E0071`.
[INFO] [stdout] Couldn't compile the test.
[INFO] [stdout] 
[INFO] [stdout] failures:
[INFO] [stdout]     src/lib.rs - (line 39)
[INFO] [stdout]     src/lib.rs - load (line 128)
[INFO] [stdout]     src/lib.rs - store (line 171)
[INFO] [stdout] 
[INFO] [stdout] test result: FAILED. 0 passed; 3 failed; 0 ignored; 0 measured; 0 filtered out; finished in 0.27s
[INFO] [stdout] 
[INFO] [stderr] error: test failed, to rerun pass '--doc'
[INFO] running `Command { std: "docker" "inspect" "7ff63b5666e1bdddac3a0d32b83410e4615086bc7daa29fe74a04ef5609f26cf", kill_on_drop: false }`
[INFO] running `Command { std: "docker" "rm" "-f" "7ff63b5666e1bdddac3a0d32b83410e4615086bc7daa29fe74a04ef5609f26cf", kill_on_drop: false }`
[INFO] [stdout] 7ff63b5666e1bdddac3a0d32b83410e4615086bc7daa29fe74a04ef5609f26cf
