[INFO] fetching crate web_server 0.4.2...
[INFO] testing web_server-0.4.2 against 1.54.0 for beta-1.55-1
[INFO] extracting crate web_server 0.4.2 into /workspace/builds/worker-5/source
[INFO] validating manifest of crates.io crate web_server 0.4.2 on toolchain 1.54.0
[INFO] running `Command { std: "/workspace/cargo-home/bin/cargo" "+1.54.0" "metadata" "--manifest-path" "Cargo.toml" "--no-deps", kill_on_drop: false }`
[INFO] started tweaking crates.io crate web_server 0.4.2
[INFO] finished tweaking crates.io crate web_server 0.4.2
[INFO] tweaked toml for crates.io crate web_server 0.4.2 written to /workspace/builds/worker-5/source/Cargo.toml
[INFO] crate crates.io crate web_server 0.4.2 already has a lockfile, it will not be regenerated
[INFO] running `Command { std: "/workspace/cargo-home/bin/cargo" "+1.54.0" "fetch" "--manifest-path" "Cargo.toml", kill_on_drop: false }`
[INFO] running `Command { std: "docker" "create" "-v" "/var/lib/crater-agent-workspace/builds/worker-5/target:/opt/rustwide/target:rw,Z" "-v" "/var/lib/crater-agent-workspace/builds/worker-5/source:/opt/rustwide/workdir:ro,Z" "-v" "/var/lib/crater-agent-workspace/cargo-home:/opt/rustwide/cargo-home:ro,Z" "-v" "/var/lib/crater-agent-workspace/rustup-home:/opt/rustwide/rustup-home:ro,Z" "-e" "SOURCE_DIR=/opt/rustwide/workdir" "-e" "CARGO_TARGET_DIR=/opt/rustwide/target" "-e" "CARGO_HOME=/opt/rustwide/cargo-home" "-e" "RUSTUP_HOME=/opt/rustwide/rustup-home" "-w" "/opt/rustwide/workdir" "-m" "1610612736" "--user" "0:0" "--network" "none" "ghcr.io/rust-lang/crates-build-env/linux@sha256:34b6a614d2c27851fe6cbf88fbd1137609cefab8b10d0615aaeb6fd47975d74e" "/opt/rustwide/cargo-home/bin/cargo" "+1.54.0" "metadata" "--no-deps" "--format-version=1", kill_on_drop: false }`
[INFO] [stdout] be01e2dcd73e9e2879e32d6b9fe136cbf8d1fc1b20e8cf877cf3406cc125f3eb
[INFO] running `Command { std: "docker" "start" "-a" "be01e2dcd73e9e2879e32d6b9fe136cbf8d1fc1b20e8cf877cf3406cc125f3eb", kill_on_drop: false }`
[INFO] running `Command { std: "docker" "inspect" "be01e2dcd73e9e2879e32d6b9fe136cbf8d1fc1b20e8cf877cf3406cc125f3eb", kill_on_drop: false }`
[INFO] running `Command { std: "docker" "rm" "-f" "be01e2dcd73e9e2879e32d6b9fe136cbf8d1fc1b20e8cf877cf3406cc125f3eb", kill_on_drop: false }`
[INFO] [stdout] be01e2dcd73e9e2879e32d6b9fe136cbf8d1fc1b20e8cf877cf3406cc125f3eb
[INFO] running `Command { std: "docker" "create" "-v" "/var/lib/crater-agent-workspace/builds/worker-5/target:/opt/rustwide/target:rw,Z" "-v" "/var/lib/crater-agent-workspace/builds/worker-5/source:/opt/rustwide/workdir:ro,Z" "-v" "/var/lib/crater-agent-workspace/cargo-home:/opt/rustwide/cargo-home:ro,Z" "-v" "/var/lib/crater-agent-workspace/rustup-home:/opt/rustwide/rustup-home:ro,Z" "-e" "SOURCE_DIR=/opt/rustwide/workdir" "-e" "CARGO_TARGET_DIR=/opt/rustwide/target" "-e" "CARGO_INCREMENTAL=0" "-e" "RUST_BACKTRACE=full" "-e" "RUSTFLAGS=--cap-lints=warn" "-e" "CARGO_HOME=/opt/rustwide/cargo-home" "-e" "RUSTUP_HOME=/opt/rustwide/rustup-home" "-w" "/opt/rustwide/workdir" "-m" "1610612736" "--user" "0:0" "--network" "none" "ghcr.io/rust-lang/crates-build-env/linux@sha256:34b6a614d2c27851fe6cbf88fbd1137609cefab8b10d0615aaeb6fd47975d74e" "/opt/rustwide/cargo-home/bin/cargo" "+1.54.0" "build" "--frozen" "--message-format=json", kill_on_drop: false }`
[INFO] [stdout] 8a6af7f5984017c75beb02e3f0eda04184da944ec2a1a1289435a4622cbef348
[INFO] running `Command { std: "docker" "start" "-a" "8a6af7f5984017c75beb02e3f0eda04184da944ec2a1a1289435a4622cbef348", kill_on_drop: false }`
[INFO] [stderr]    Compiling web_server v0.4.2 (/opt/rustwide/workdir)
[INFO] [stderr]     Finished dev [unoptimized + debuginfo] target(s) in 0.97s
[INFO] running `Command { std: "docker" "inspect" "8a6af7f5984017c75beb02e3f0eda04184da944ec2a1a1289435a4622cbef348", kill_on_drop: false }`
[INFO] running `Command { std: "docker" "rm" "-f" "8a6af7f5984017c75beb02e3f0eda04184da944ec2a1a1289435a4622cbef348", kill_on_drop: false }`
[INFO] [stdout] 8a6af7f5984017c75beb02e3f0eda04184da944ec2a1a1289435a4622cbef348
[INFO] running `Command { std: "docker" "create" "-v" "/var/lib/crater-agent-workspace/builds/worker-5/target:/opt/rustwide/target:rw,Z" "-v" "/var/lib/crater-agent-workspace/builds/worker-5/source:/opt/rustwide/workdir:ro,Z" "-v" "/var/lib/crater-agent-workspace/cargo-home:/opt/rustwide/cargo-home:ro,Z" "-v" "/var/lib/crater-agent-workspace/rustup-home:/opt/rustwide/rustup-home:ro,Z" "-e" "SOURCE_DIR=/opt/rustwide/workdir" "-e" "CARGO_TARGET_DIR=/opt/rustwide/target" "-e" "CARGO_INCREMENTAL=0" "-e" "RUST_BACKTRACE=full" "-e" "RUSTFLAGS=--cap-lints=warn" "-e" "CARGO_HOME=/opt/rustwide/cargo-home" "-e" "RUSTUP_HOME=/opt/rustwide/rustup-home" "-w" "/opt/rustwide/workdir" "-m" "1610612736" "--user" "0:0" "--network" "none" "ghcr.io/rust-lang/crates-build-env/linux@sha256:34b6a614d2c27851fe6cbf88fbd1137609cefab8b10d0615aaeb6fd47975d74e" "/opt/rustwide/cargo-home/bin/cargo" "+1.54.0" "test" "--frozen" "--no-run" "--message-format=json", kill_on_drop: false }`
[INFO] [stdout] 8c0cce2e24b9ce38c8145959856bffc238d0a843fd85a6a7f7d4539251fd8825
[INFO] running `Command { std: "docker" "start" "-a" "8c0cce2e24b9ce38c8145959856bffc238d0a843fd85a6a7f7d4539251fd8825", kill_on_drop: false }`
[INFO] [stderr]    Compiling cargo-husky v1.5.0
[INFO] [stderr]    Compiling web_server v0.4.2 (/opt/rustwide/workdir)
[INFO] [stderr]     Finished test [unoptimized + debuginfo] target(s) in 3.04s
[INFO] running `Command { std: "docker" "inspect" "8c0cce2e24b9ce38c8145959856bffc238d0a843fd85a6a7f7d4539251fd8825", kill_on_drop: false }`
[INFO] running `Command { std: "docker" "rm" "-f" "8c0cce2e24b9ce38c8145959856bffc238d0a843fd85a6a7f7d4539251fd8825", kill_on_drop: false }`
[INFO] [stdout] 8c0cce2e24b9ce38c8145959856bffc238d0a843fd85a6a7f7d4539251fd8825
[INFO] running `Command { std: "docker" "create" "-v" "/var/lib/crater-agent-workspace/builds/worker-5/target:/opt/rustwide/target:rw,Z" "-v" "/var/lib/crater-agent-workspace/builds/worker-5/source:/opt/rustwide/workdir:ro,Z" "-v" "/var/lib/crater-agent-workspace/cargo-home:/opt/rustwide/cargo-home:ro,Z" "-v" "/var/lib/crater-agent-workspace/rustup-home:/opt/rustwide/rustup-home:ro,Z" "-e" "SOURCE_DIR=/opt/rustwide/workdir" "-e" "CARGO_TARGET_DIR=/opt/rustwide/target" "-e" "CARGO_INCREMENTAL=0" "-e" "RUST_BACKTRACE=full" "-e" "RUSTFLAGS=--cap-lints=warn" "-e" "CARGO_HOME=/opt/rustwide/cargo-home" "-e" "RUSTUP_HOME=/opt/rustwide/rustup-home" "-w" "/opt/rustwide/workdir" "-m" "1610612736" "--user" "0:0" "--network" "none" "ghcr.io/rust-lang/crates-build-env/linux@sha256:34b6a614d2c27851fe6cbf88fbd1137609cefab8b10d0615aaeb6fd47975d74e" "/opt/rustwide/cargo-home/bin/cargo" "+1.54.0" "test" "--frozen", kill_on_drop: false }`
[INFO] [stdout] ca6cc1e14dea9e19c33617a6b46741b3368fd3cb3015d991d9b7d85cf04a66fe
[INFO] running `Command { std: "docker" "start" "-a" "ca6cc1e14dea9e19c33617a6b46741b3368fd3cb3015d991d9b7d85cf04a66fe", kill_on_drop: false }`
[INFO] [stdout] 
[INFO] [stderr]     Finished test [unoptimized + debuginfo] target(s) in 0.04s
[INFO] [stdout] running 0 tests
[INFO] [stderr]      Running unittests (/opt/rustwide/target/debug/deps/web_server-38aadcd9947f780d)
[INFO] [stdout] 
[INFO] [stdout] test result: ok. 0 passed; 0 failed; 0 ignored; 0 measured; 0 filtered out; finished in 0.00s
[INFO] [stdout] 
[INFO] [stderr]    Doc-tests web_server
[INFO] [stdout] 
[INFO] [stdout] running 10 tests
[INFO] [stdout] test src/lib.rs - (line 44) ... FAILED
[INFO] [stdout] test src/lib.rs - (line 39) ... FAILED
[INFO] [stdout] test src/lib.rs - (line 27) ... FAILED
[INFO] [stdout] test src/server.rs - server::HttpServer::any (line 87) ... FAILED
[INFO] [stdout] test src/server.rs - server::HttpServer::get (line 64) ... FAILED
[INFO] [stdout] test src/server.rs - server::HttpServer::post (line 74) ... FAILED
[INFO] [stdout] test src/server.rs - server::HttpServer::not_found (line 98) ... FAILED
[INFO] [stdout] test src/server.rs - server::HttpServer::launch (line 118) ... FAILED
[INFO] [stderr] error: test failed, to rerun pass '--doc'
[INFO] [stdout] test src/lib.rs - (line 11) ... FAILED
[INFO] [stdout] test src/lib.rs - (line 23) ... FAILED
[INFO] [stdout] 
[INFO] [stdout] failures:
[INFO] [stdout] 
[INFO] [stdout] ---- src/lib.rs - (line 44) stdout ----
[INFO] [stdout] error: expected expression, found `.`
[INFO] [stdout]  --> src/lib.rs:45:1
[INFO] [stdout]   |
[INFO] [stdout] 3 | .get("/image.png", Box::new(|_, _| {
[INFO] [stdout]   | ^ expected expression
[INFO] [stdout] 
[INFO] [stdout] error: aborting due to previous error
[INFO] [stdout] 
[INFO] [stdout] Couldn't compile the test.
[INFO] [stdout] ---- src/lib.rs - (line 39) stdout ----
[INFO] [stdout] error: expected expression, found `.`
[INFO] [stdout]  --> src/lib.rs:40:1
[INFO] [stdout]   |
[INFO] [stdout] 3 | .launch(PORT).unwrap()
[INFO] [stdout]   | ^ expected expression
[INFO] [stdout] 
[INFO] [stdout] error: aborting due to previous error
[INFO] [stdout] 
[INFO] [stdout] Couldn't compile the test.
[INFO] [stdout] ---- src/lib.rs - (line 27) stdout ----
[INFO] [stdout] error: expected expression, found `.`
[INFO] [stdout]  --> src/lib.rs:28:1
[INFO] [stdout]   |
[INFO] [stdout] 4 | .get("/your/path", Box::new(|request, default_response| {
[INFO] [stdout]   | ^ expected expression
[INFO] [stdout] 
[INFO] [stdout] error: aborting due to previous error
[INFO] [stdout] 
[INFO] [stdout] Couldn't compile the test.
[INFO] [stdout] ---- src/server.rs - server::HttpServer::any (line 87) stdout ----
[INFO] [stdout] error[E0425]: cannot find value `server` in this scope
[INFO] [stdout]  --> src/server.rs:88:1
[INFO] [stdout]   |
[INFO] [stdout] 3 | server
[INFO] [stdout]   | ^^^^^^ not found in this scope
[INFO] [stdout] 
[INFO] [stdout] error: aborting due to previous error
[INFO] [stdout] 
[INFO] [stdout] For more information about this error, try `rustc --explain E0425`.
[INFO] [stdout] Couldn't compile the test.
[INFO] [stdout] ---- src/server.rs - server::HttpServer::get (line 64) stdout ----
[INFO] [stdout] error[E0425]: cannot find value `server` in this scope
[INFO] [stdout]  --> src/server.rs:65:1
[INFO] [stdout]   |
[INFO] [stdout] 3 | server.get("/user/:id", Box::new(|request, _| {
[INFO] [stdout]   | ^^^^^^ not found in this scope
[INFO] [stdout] 
[INFO] [stdout] error[E0425]: cannot find value `database` in this scope
[INFO] [stdout]  --> src/server.rs:66:5
[INFO] [stdout]   |
[INFO] [stdout] 4 |     database.get_user(request.params.get("id").unwrap()).into()
[INFO] [stdout]   |     ^^^^^^^^ not found in this scope
[INFO] [stdout] 
[INFO] [stdout] error: aborting due to 2 previous errors
[INFO] [stdout] 
[INFO] [stdout] For more information about this error, try `rustc --explain E0425`.
[INFO] [stdout] Couldn't compile the test.
[INFO] [stdout] ---- src/server.rs - server::HttpServer::post (line 74) stdout ----
[INFO] [stdout] error[E0425]: cannot find value `server` in this scope
[INFO] [stdout]  --> src/server.rs:75:1
[INFO] [stdout]   |
[INFO] [stdout] 3 | server.post("/add-user", Box::new(|request, mut default_response| {
[INFO] [stdout]   | ^^^^^^ not found in this scope
[INFO] [stdout] 
[INFO] [stdout] error[E0425]: cannot find value `default_repsonse` in this scope
[INFO] [stdout]  --> src/server.rs:79:5
[INFO] [stdout]   |
[INFO] [stdout] 7 |     default_repsonse
[INFO] [stdout]   |     ^^^^^^^^^^^^^^^^ help: a local variable with a similar name exists: `default_response`
[INFO] [stdout] 
[INFO] [stdout] error: aborting due to 2 previous errors
[INFO] [stdout] 
[INFO] [stdout] For more information about this error, try `rustc --explain E0425`.
[INFO] [stdout] Couldn't compile the test.
[INFO] [stdout] ---- src/server.rs - server::HttpServer::not_found (line 98) stdout ----
[INFO] [stdout] error[E0425]: cannot find value `server` in this scope
[INFO] [stdout]  --> src/server.rs:99:1
[INFO] [stdout]   |
[INFO] [stdout] 3 | server.not_found(Box::new(|_, _| "Not found!".into()));
[INFO] [stdout]   | ^^^^^^ not found in this scope
[INFO] [stdout] 
[INFO] [stdout] error: aborting due to previous error
[INFO] [stdout] 
[INFO] [stdout] For more information about this error, try `rustc --explain E0425`.
[INFO] [stdout] Couldn't compile the test.
[INFO] [stdout] ---- src/server.rs - server::HttpServer::launch (line 118) stdout ----
[INFO] [stdout] error[E0425]: cannot find value `server` in this scope
[INFO] [stdout]  --> src/server.rs:119:1
[INFO] [stdout]   |
[INFO] [stdout] 3 | server.launch(8080).unwrap();
[INFO] [stdout]   | ^^^^^^ not found in this scope
[INFO] [stdout] 
[INFO] [stdout] error: aborting due to previous error
[INFO] [stdout] 
[INFO] [stdout] For more information about this error, try `rustc --explain E0425`.
[INFO] [stdout] Couldn't compile the test.
[INFO] [stdout] ---- src/lib.rs - (line 11) stdout ----
[INFO] [stdout] error[E0432]: unresolved import `web_server::route`
[INFO] [stdout]  --> src/lib.rs:12:5
[INFO] [stdout]   |
[INFO] [stdout] 4 | use web_server::route;
[INFO] [stdout]   |     ^^^^^^^^^^^^^^^^^ no `route` in the root
[INFO] [stdout] 
[INFO] [stdout] error[E0599]: no method named `unwrap` found for unit type `()` in the current scope
[INFO] [stdout]   --> src/lib.rs:18:5
[INFO] [stdout]    |
[INFO] [stdout] 10 |    .unwrap();
[INFO] [stdout]    |     ^^^^^^ method not found in `()`
[INFO] [stdout] 
[INFO] [stdout] error: aborting due to 2 previous errors
[INFO] [stdout] 
[INFO] [stdout] Some errors have detailed explanations: E0432, E0599.
[INFO] [stdout] For more information about an error, try `rustc --explain E0432`.
[INFO] [stdout] Couldn't compile the test.
[INFO] [stdout] ---- src/lib.rs - (line 23) stdout ----
[INFO] [stdout] error[E0308]: mismatched types
[INFO] [stdout]  --> src/lib.rs:24:1
[INFO] [stdout]   |
[INFO] [stdout] 4 | web_server::new()
[INFO] [stdout]   | ^^^^^^^^^^^^^^^^^ expected `()`, found struct `HttpServer`
[INFO] [stdout]   |
[INFO] [stdout] help: consider using a semicolon here
[INFO] [stdout]   |
[INFO] [stdout] 4 | web_server::new();
[INFO] [stdout]   |                  ^
[INFO] [stdout] help: try adding a return type
[INFO] [stdout]   |
[INFO] [stdout] 3 | fn main() { #[allow(non_snake_case)] fn _doctest_main_src_lib_rs_23_0() -> HttpServer {
[INFO] [stdout]   |                                                                         ^^^^^^^^^^^^^
[INFO] [stdout] 
[INFO] [stdout] error: aborting due to previous error
[INFO] [stdout] 
[INFO] [stdout] For more information about this error, try `rustc --explain E0308`.
[INFO] [stdout] Couldn't compile the test.
[INFO] [stdout] 
[INFO] [stdout] failures:
[INFO] [stdout]     src/lib.rs - (line 11)
[INFO] [stdout]     src/lib.rs - (line 23)
[INFO] [stdout]     src/lib.rs - (line 27)
[INFO] [stdout]     src/lib.rs - (line 39)
[INFO] [stdout]     src/lib.rs - (line 44)
[INFO] [stdout]     src/server.rs - server::HttpServer::any (line 87)
[INFO] [stdout]     src/server.rs - server::HttpServer::get (line 64)
[INFO] [stdout]     src/server.rs - server::HttpServer::launch (line 118)
[INFO] [stdout]     src/server.rs - server::HttpServer::not_found (line 98)
[INFO] [stdout]     src/server.rs - server::HttpServer::post (line 74)
[INFO] [stdout] 
[INFO] [stdout] test result: FAILED. 0 passed; 10 failed; 0 ignored; 0 measured; 0 filtered out; finished in 0.48s
[INFO] [stdout] 
[INFO] running `Command { std: "docker" "inspect" "ca6cc1e14dea9e19c33617a6b46741b3368fd3cb3015d991d9b7d85cf04a66fe", kill_on_drop: false }`
[INFO] running `Command { std: "docker" "rm" "-f" "ca6cc1e14dea9e19c33617a6b46741b3368fd3cb3015d991d9b7d85cf04a66fe", kill_on_drop: false }`
[INFO] [stdout] ca6cc1e14dea9e19c33617a6b46741b3368fd3cb3015d991d9b7d85cf04a66fe
