[INFO] fetching crate web-sugars 1.0.0...
[INFO] testing web-sugars-1.0.0 against beta-2021-08-01 for beta-1.55-1
[INFO] extracting crate web-sugars 1.0.0 into /workspace/builds/worker-5/source
[INFO] validating manifest of crates.io crate web-sugars 1.0.0 on toolchain beta-2021-08-01
[INFO] running `Command { std: "/workspace/cargo-home/bin/cargo" "+beta-2021-08-01" "metadata" "--manifest-path" "Cargo.toml" "--no-deps", kill_on_drop: false }`
[INFO] removed /workspace/builds/worker-5/source/.cargo/config.toml
[INFO] started tweaking crates.io crate web-sugars 1.0.0
[INFO] finished tweaking crates.io crate web-sugars 1.0.0
[INFO] tweaked toml for crates.io crate web-sugars 1.0.0 written to /workspace/builds/worker-5/source/Cargo.toml
[INFO] running `Command { std: "/workspace/cargo-home/bin/cargo" "+beta-2021-08-01" "generate-lockfile" "--manifest-path" "Cargo.toml" "-Zno-index-update", kill_on_drop: false }`
[INFO] [stderr]     Blocking waiting for file lock on package cache
[INFO] running `Command { std: "/workspace/cargo-home/bin/cargo" "+beta-2021-08-01" "fetch" "--manifest-path" "Cargo.toml", kill_on_drop: false }`
[INFO] [stderr]     Blocking waiting for file lock on package cache
[INFO] [stderr]  Downloading crates ...
[INFO] [stderr]   Downloaded drop_some v1.0.1
[INFO] [stderr]   Downloaded drop_ok v1.0.2
[INFO] running `Command { std: "docker" "create" "-v" "/var/lib/crater-agent-workspace/builds/worker-5/target:/opt/rustwide/target:rw,Z" "-v" "/var/lib/crater-agent-workspace/builds/worker-5/source:/opt/rustwide/workdir:ro,Z" "-v" "/var/lib/crater-agent-workspace/cargo-home:/opt/rustwide/cargo-home:ro,Z" "-v" "/var/lib/crater-agent-workspace/rustup-home:/opt/rustwide/rustup-home:ro,Z" "-e" "SOURCE_DIR=/opt/rustwide/workdir" "-e" "CARGO_TARGET_DIR=/opt/rustwide/target" "-e" "CARGO_HOME=/opt/rustwide/cargo-home" "-e" "RUSTUP_HOME=/opt/rustwide/rustup-home" "-w" "/opt/rustwide/workdir" "-m" "1610612736" "--user" "0:0" "--network" "none" "ghcr.io/rust-lang/crates-build-env/linux@sha256:34b6a614d2c27851fe6cbf88fbd1137609cefab8b10d0615aaeb6fd47975d74e" "/opt/rustwide/cargo-home/bin/cargo" "+beta-2021-08-01" "metadata" "--no-deps" "--format-version=1", kill_on_drop: false }`
[INFO] [stdout] eacd1b600b68b8ae27ec07a13b182c8dfaeb9a1910ef6b84ad1ba3f5009c8ce3
[INFO] running `Command { std: "docker" "start" "-a" "eacd1b600b68b8ae27ec07a13b182c8dfaeb9a1910ef6b84ad1ba3f5009c8ce3", kill_on_drop: false }`
[INFO] running `Command { std: "docker" "inspect" "eacd1b600b68b8ae27ec07a13b182c8dfaeb9a1910ef6b84ad1ba3f5009c8ce3", kill_on_drop: false }`
[INFO] running `Command { std: "docker" "rm" "-f" "eacd1b600b68b8ae27ec07a13b182c8dfaeb9a1910ef6b84ad1ba3f5009c8ce3", kill_on_drop: false }`
[INFO] [stdout] eacd1b600b68b8ae27ec07a13b182c8dfaeb9a1910ef6b84ad1ba3f5009c8ce3
[INFO] running `Command { std: "docker" "create" "-v" "/var/lib/crater-agent-workspace/builds/worker-5/target:/opt/rustwide/target:rw,Z" "-v" "/var/lib/crater-agent-workspace/builds/worker-5/source:/opt/rustwide/workdir:ro,Z" "-v" "/var/lib/crater-agent-workspace/cargo-home:/opt/rustwide/cargo-home:ro,Z" "-v" "/var/lib/crater-agent-workspace/rustup-home:/opt/rustwide/rustup-home:ro,Z" "-e" "SOURCE_DIR=/opt/rustwide/workdir" "-e" "CARGO_TARGET_DIR=/opt/rustwide/target" "-e" "CARGO_INCREMENTAL=0" "-e" "RUST_BACKTRACE=full" "-e" "RUSTFLAGS=--cap-lints=warn" "-e" "CARGO_HOME=/opt/rustwide/cargo-home" "-e" "RUSTUP_HOME=/opt/rustwide/rustup-home" "-w" "/opt/rustwide/workdir" "-m" "1610612736" "--user" "0:0" "--network" "none" "ghcr.io/rust-lang/crates-build-env/linux@sha256:34b6a614d2c27851fe6cbf88fbd1137609cefab8b10d0615aaeb6fd47975d74e" "/opt/rustwide/cargo-home/bin/cargo" "+beta-2021-08-01" "build" "--frozen" "--message-format=json", kill_on_drop: false }`
[INFO] [stdout] 8c12f7b29257f067bb012231f96bccc8a0065bf82abb9257ef52258d669803f4
[INFO] running `Command { std: "docker" "start" "-a" "8c12f7b29257f067bb012231f96bccc8a0065bf82abb9257ef52258d669803f4", kill_on_drop: false }`
[INFO] [stderr]    Compiling wasm-bindgen v0.2.75
[INFO] [stderr]    Compiling drop_some v1.0.1
[INFO] [stderr]    Compiling drop_ok v1.0.2
[INFO] [stderr]    Compiling futures-macro v0.3.16
[INFO] [stderr]    Compiling thiserror-impl v1.0.26
[INFO] [stderr]    Compiling js-sys v0.3.52
[INFO] [stderr]    Compiling futures-util v0.3.16
[INFO] [stderr]    Compiling thiserror v1.0.26
[INFO] [stderr]    Compiling web-sys v0.3.52
[INFO] [stderr]    Compiling wasm-bindgen-futures v0.4.25
[INFO] [stderr]    Compiling futures-executor v0.3.16
[INFO] [stderr]    Compiling futures v0.3.16
[INFO] [stderr]    Compiling web-sugars v1.0.0 (/opt/rustwide/workdir)
[INFO] [stderr]     Finished dev [unoptimized + debuginfo] target(s) in 16.94s
[INFO] running `Command { std: "docker" "inspect" "8c12f7b29257f067bb012231f96bccc8a0065bf82abb9257ef52258d669803f4", kill_on_drop: false }`
[INFO] running `Command { std: "docker" "rm" "-f" "8c12f7b29257f067bb012231f96bccc8a0065bf82abb9257ef52258d669803f4", kill_on_drop: false }`
[INFO] [stdout] 8c12f7b29257f067bb012231f96bccc8a0065bf82abb9257ef52258d669803f4
[INFO] running `Command { std: "docker" "create" "-v" "/var/lib/crater-agent-workspace/builds/worker-5/target:/opt/rustwide/target:rw,Z" "-v" "/var/lib/crater-agent-workspace/builds/worker-5/source:/opt/rustwide/workdir:ro,Z" "-v" "/var/lib/crater-agent-workspace/cargo-home:/opt/rustwide/cargo-home:ro,Z" "-v" "/var/lib/crater-agent-workspace/rustup-home:/opt/rustwide/rustup-home:ro,Z" "-e" "SOURCE_DIR=/opt/rustwide/workdir" "-e" "CARGO_TARGET_DIR=/opt/rustwide/target" "-e" "CARGO_INCREMENTAL=0" "-e" "RUST_BACKTRACE=full" "-e" "RUSTFLAGS=--cap-lints=warn" "-e" "CARGO_HOME=/opt/rustwide/cargo-home" "-e" "RUSTUP_HOME=/opt/rustwide/rustup-home" "-w" "/opt/rustwide/workdir" "-m" "1610612736" "--user" "0:0" "--network" "none" "ghcr.io/rust-lang/crates-build-env/linux@sha256:34b6a614d2c27851fe6cbf88fbd1137609cefab8b10d0615aaeb6fd47975d74e" "/opt/rustwide/cargo-home/bin/cargo" "+beta-2021-08-01" "test" "--frozen" "--no-run" "--message-format=json", kill_on_drop: false }`
[INFO] [stdout] d85784abfbb6b234735ba0739e54883c3347a1a016b1072296ad547f88db9edd
[INFO] running `Command { std: "docker" "start" "-a" "d85784abfbb6b234735ba0739e54883c3347a1a016b1072296ad547f88db9edd", kill_on_drop: false }`
[INFO] [stderr]    Compiling scoped-tls v1.0.0
[INFO] [stderr]    Compiling wasm-bindgen-test-macro v0.3.25
[INFO] [stderr]    Compiling console_error_panic_hook v0.1.6
[INFO] [stderr]    Compiling wasm-bindgen-test v0.3.25
[INFO] [stderr]    Compiling web-sugars v1.0.0 (/opt/rustwide/workdir)
[INFO] [stderr]     Finished test [unoptimized + debuginfo] target(s) in 1.68s
[INFO] running `Command { std: "docker" "inspect" "d85784abfbb6b234735ba0739e54883c3347a1a016b1072296ad547f88db9edd", kill_on_drop: false }`
[INFO] running `Command { std: "docker" "rm" "-f" "d85784abfbb6b234735ba0739e54883c3347a1a016b1072296ad547f88db9edd", kill_on_drop: false }`
[INFO] [stdout] d85784abfbb6b234735ba0739e54883c3347a1a016b1072296ad547f88db9edd
[INFO] running `Command { std: "docker" "create" "-v" "/var/lib/crater-agent-workspace/builds/worker-5/target:/opt/rustwide/target:rw,Z" "-v" "/var/lib/crater-agent-workspace/builds/worker-5/source:/opt/rustwide/workdir:ro,Z" "-v" "/var/lib/crater-agent-workspace/cargo-home:/opt/rustwide/cargo-home:ro,Z" "-v" "/var/lib/crater-agent-workspace/rustup-home:/opt/rustwide/rustup-home:ro,Z" "-e" "SOURCE_DIR=/opt/rustwide/workdir" "-e" "CARGO_TARGET_DIR=/opt/rustwide/target" "-e" "CARGO_INCREMENTAL=0" "-e" "RUST_BACKTRACE=full" "-e" "RUSTFLAGS=--cap-lints=warn" "-e" "CARGO_HOME=/opt/rustwide/cargo-home" "-e" "RUSTUP_HOME=/opt/rustwide/rustup-home" "-w" "/opt/rustwide/workdir" "-m" "1610612736" "--user" "0:0" "--network" "none" "ghcr.io/rust-lang/crates-build-env/linux@sha256:34b6a614d2c27851fe6cbf88fbd1137609cefab8b10d0615aaeb6fd47975d74e" "/opt/rustwide/cargo-home/bin/cargo" "+beta-2021-08-01" "test" "--frozen", kill_on_drop: false }`
[INFO] [stdout] 7ae090a3160f976a8b841b3dfc3881bd2b77f3c954971cadc1d29975ba52cbc9
[INFO] running `Command { std: "docker" "start" "-a" "7ae090a3160f976a8b841b3dfc3881bd2b77f3c954971cadc1d29975ba52cbc9", kill_on_drop: false }`
[INFO] [stderr]     Blocking waiting for file lock on package cache
[INFO] [stderr]     Blocking waiting for file lock on package cache
[INFO] [stderr]     Blocking waiting for file lock on package cache
[INFO] [stderr]     Finished test [unoptimized + debuginfo] target(s) in 0.54s
[INFO] [stderr]      Running unittests (/opt/rustwide/target/debug/deps/web_sugars-b448bd93437cbd36)
[INFO] [stdout] 
[INFO] [stdout] running 0 tests
[INFO] [stdout] 
[INFO] [stdout] test result: ok. 0 passed; 0 failed; 0 ignored; 0 measured; 0 filtered out; finished in 0.00s
[INFO] [stdout] 
[INFO] [stderr]      Running tests/window.rs (/opt/rustwide/target/debug/deps/window-801befcbf03f4a51)
[INFO] [stdout] 
[INFO] [stdout] running 0 tests
[INFO] [stdout] 
[INFO] [stdout] test result: ok. 0 passed; 0 failed; 0 ignored; 0 measured; 0 filtered out; finished in 0.00s
[INFO] [stdout] 
[INFO] [stderr]    Doc-tests web-sugars
[INFO] [stdout] 
[INFO] [stdout] running 1 test
[INFO] [stdout] test src/error.rs - error::WebSysSugarsError (line 6) ... FAILED
[INFO] [stdout] 
[INFO] [stdout] failures:
[INFO] [stdout] 
[INFO] [stdout] ---- src/error.rs - error::WebSysSugarsError (line 6) stdout ----
[INFO] [stdout] error[E0433]: failed to resolve: use of undeclared crate or module `web_sys_sugars`
[INFO] [stdout]  --> src/error.rs:7:5
[INFO] [stdout]   |
[INFO] [stdout] 3 | use web_sys_sugars::prelude::get_window;
[INFO] [stdout]   |     ^^^^^^^^^^^^^^ use of undeclared crate or module `web_sys_sugars`
[INFO] [stdout] 
[INFO] [stdout] error: cannot find attribute `wasm_bindgen` in this scope
[INFO] [stdout]  --> src/error.rs:8:3
[INFO] [stdout]   |
[INFO] [stdout] 4 | #[wasm_bindgen]
[INFO] [stdout]   |   ^^^^^^^^^^^^
[INFO] [stdout] 
[INFO] [stdout] error[E0412]: cannot find type `JsValue` in this scope
[INFO] [stdout]  --> src/error.rs:9:28
[INFO] [stdout]   |
[INFO] [stdout] 5 | fn my_function() -> Result<JsValue, JsValue>
[INFO] [stdout]   |                            ^^^^^^^ not found in this scope
[INFO] [stdout]   |
[INFO] [stdout] help: consider importing this struct
[INFO] [stdout]   |
[INFO] [stdout] 2 | use wasm_bindgen::JsValue;
[INFO] [stdout]   |
[INFO] [stdout] 
[INFO] [stdout] error[E0412]: cannot find type `JsValue` in this scope
[INFO] [stdout]  --> src/error.rs:9:37
[INFO] [stdout]   |
[INFO] [stdout] 5 | fn my_function() -> Result<JsValue, JsValue>
[INFO] [stdout]   |                                     ^^^^^^^ not found in this scope
[INFO] [stdout]   |
[INFO] [stdout] help: consider importing this struct
[INFO] [stdout]   |
[INFO] [stdout] 2 | use wasm_bindgen::JsValue;
[INFO] [stdout]   |
[INFO] [stdout] 
[INFO] [stdout] error[E0425]: cannot find function `get_window` in this scope
[INFO] [stdout]  --> src/error.rs:11:11
[INFO] [stdout]   |
[INFO] [stdout] 7 |  let _w = get_window()?;
[INFO] [stdout]   |           ^^^^^^^^^^ not found in this scope
[INFO] [stdout]   |
[INFO] [stdout] help: consider importing this function
[INFO] [stdout]   |
[INFO] [stdout] 2 | use web_sugars::window::get_window;
[INFO] [stdout]   |
[INFO] [stdout] 
[INFO] [stdout] error[E0433]: failed to resolve: use of undeclared type `JsValue`
[INFO] [stdout]   --> src/error.rs:17:35
[INFO] [stdout]    |
[INFO] [stdout] 13 |  let _w = web_sys::window().ok_or(JsValue::from_str("Could not retrieve the Window object."))?;
[INFO] [stdout]    |                                   ^^^^^^^ not found in this scope
[INFO] [stdout]    |
[INFO] [stdout] help: consider importing this struct
[INFO] [stdout]    |
[INFO] [stdout] 2  | use wasm_bindgen::JsValue;
[INFO] [stdout]    |
[INFO] [stdout] 
[INFO] [stdout] error: aborting due to 6 previous errors
[INFO] [stdout] 
[INFO] [stdout] Some errors have detailed explanations: E0412, E0425, E0433.
[INFO] [stdout] For more information about an error, try `rustc --explain E0412`.
[INFO] [stdout] Couldn't compile the test.
[INFO] [stdout] 
[INFO] [stdout] failures:
[INFO] [stdout]     src/error.rs - error::WebSysSugarsError (line 6)
[INFO] [stdout] 
[INFO] [stdout] test result: FAILED. 0 passed; 1 failed; 0 ignored; 0 measured; 0 filtered out; finished in 0.13s
[INFO] [stdout] 
[INFO] [stderr] error: test failed, to rerun pass '--doc'
[INFO] running `Command { std: "docker" "inspect" "7ae090a3160f976a8b841b3dfc3881bd2b77f3c954971cadc1d29975ba52cbc9", kill_on_drop: false }`
[INFO] running `Command { std: "docker" "rm" "-f" "7ae090a3160f976a8b841b3dfc3881bd2b77f3c954971cadc1d29975ba52cbc9", kill_on_drop: false }`
[INFO] [stdout] 7ae090a3160f976a8b841b3dfc3881bd2b77f3c954971cadc1d29975ba52cbc9
