[INFO] fetching crate wasmer-wasi-near 1.0.1...
[INFO] testing wasmer-wasi-near-1.0.1 against 1.54.0 for beta-1.55-1
[INFO] extracting crate wasmer-wasi-near 1.0.1 into /workspace/builds/worker-7/source
[INFO] validating manifest of crates.io crate wasmer-wasi-near 1.0.1 on toolchain 1.54.0
[INFO] running `Command { std: "/workspace/cargo-home/bin/cargo" "+1.54.0" "metadata" "--manifest-path" "Cargo.toml" "--no-deps", kill_on_drop: false }`
[INFO] started tweaking crates.io crate wasmer-wasi-near 1.0.1
[INFO] finished tweaking crates.io crate wasmer-wasi-near 1.0.1
[INFO] tweaked toml for crates.io crate wasmer-wasi-near 1.0.1 written to /workspace/builds/worker-7/source/Cargo.toml
[INFO] running `Command { std: "/workspace/cargo-home/bin/cargo" "+1.54.0" "generate-lockfile" "--manifest-path" "Cargo.toml" "-Zno-index-update", kill_on_drop: false }`
[INFO] running `Command { std: "/workspace/cargo-home/bin/cargo" "+1.54.0" "fetch" "--manifest-path" "Cargo.toml", kill_on_drop: false }`
[INFO] running `Command { std: "docker" "create" "-v" "/var/lib/crater-agent-workspace/builds/worker-7/target:/opt/rustwide/target:rw,Z" "-v" "/var/lib/crater-agent-workspace/builds/worker-7/source:/opt/rustwide/workdir:ro,Z" "-v" "/var/lib/crater-agent-workspace/cargo-home:/opt/rustwide/cargo-home:ro,Z" "-v" "/var/lib/crater-agent-workspace/rustup-home:/opt/rustwide/rustup-home:ro,Z" "-e" "SOURCE_DIR=/opt/rustwide/workdir" "-e" "CARGO_TARGET_DIR=/opt/rustwide/target" "-e" "CARGO_HOME=/opt/rustwide/cargo-home" "-e" "RUSTUP_HOME=/opt/rustwide/rustup-home" "-w" "/opt/rustwide/workdir" "-m" "1610612736" "--user" "0:0" "--network" "none" "ghcr.io/rust-lang/crates-build-env/linux@sha256:34b6a614d2c27851fe6cbf88fbd1137609cefab8b10d0615aaeb6fd47975d74e" "/opt/rustwide/cargo-home/bin/cargo" "+1.54.0" "metadata" "--no-deps" "--format-version=1", kill_on_drop: false }`
[INFO] [stdout] 51d412ce41ce543b00e659b9ab0ddf6ef0c9d93763bc6e432f53ab12a71e4781
[INFO] running `Command { std: "docker" "start" "-a" "51d412ce41ce543b00e659b9ab0ddf6ef0c9d93763bc6e432f53ab12a71e4781", kill_on_drop: false }`
[INFO] running `Command { std: "docker" "inspect" "51d412ce41ce543b00e659b9ab0ddf6ef0c9d93763bc6e432f53ab12a71e4781", kill_on_drop: false }`
[INFO] running `Command { std: "docker" "rm" "-f" "51d412ce41ce543b00e659b9ab0ddf6ef0c9d93763bc6e432f53ab12a71e4781", kill_on_drop: false }`
[INFO] [stdout] 51d412ce41ce543b00e659b9ab0ddf6ef0c9d93763bc6e432f53ab12a71e4781
[INFO] running `Command { std: "docker" "create" "-v" "/var/lib/crater-agent-workspace/builds/worker-7/target:/opt/rustwide/target:rw,Z" "-v" "/var/lib/crater-agent-workspace/builds/worker-7/source:/opt/rustwide/workdir:ro,Z" "-v" "/var/lib/crater-agent-workspace/cargo-home:/opt/rustwide/cargo-home:ro,Z" "-v" "/var/lib/crater-agent-workspace/rustup-home:/opt/rustwide/rustup-home:ro,Z" "-e" "SOURCE_DIR=/opt/rustwide/workdir" "-e" "CARGO_TARGET_DIR=/opt/rustwide/target" "-e" "CARGO_INCREMENTAL=0" "-e" "RUST_BACKTRACE=full" "-e" "RUSTFLAGS=--cap-lints=warn" "-e" "CARGO_HOME=/opt/rustwide/cargo-home" "-e" "RUSTUP_HOME=/opt/rustwide/rustup-home" "-w" "/opt/rustwide/workdir" "-m" "1610612736" "--user" "0:0" "--network" "none" "ghcr.io/rust-lang/crates-build-env/linux@sha256:34b6a614d2c27851fe6cbf88fbd1137609cefab8b10d0615aaeb6fd47975d74e" "/opt/rustwide/cargo-home/bin/cargo" "+1.54.0" "build" "--frozen" "--message-format=json", kill_on_drop: false }`
[INFO] [stdout] f6a1dbb68ad80deab34396469517613ad55295cf67e4db695d949c3494352e30
[INFO] running `Command { std: "docker" "start" "-a" "f6a1dbb68ad80deab34396469517613ad55295cf67e4db695d949c3494352e30", kill_on_drop: false }`
[INFO] [stderr]    Compiling serde v1.0.127
[INFO] [stderr]    Compiling strsim v0.9.3
[INFO] [stderr]    Compiling target-lexicon v0.11.2
[INFO] [stderr]    Compiling more-asserts v0.2.1
[INFO] [stderr]    Compiling inventory v0.1.10
[INFO] [stderr]    Compiling erased-serde v0.3.16
[INFO] [stderr]    Compiling indexmap v1.7.0
[INFO] [stderr]    Compiling memoffset v0.6.4
[INFO] [stderr]    Compiling wasmer-vm-near v1.0.1
[INFO] [stderr]    Compiling raw-cpuid v7.0.4
[INFO] [stderr]    Compiling region v2.2.0
[INFO] [stderr]    Compiling proc-macro-error-attr v1.0.4
[INFO] [stderr]    Compiling memmap2 v0.2.3
[INFO] [stderr]    Compiling getrandom v0.2.3
[INFO] [stderr]    Compiling ghost v0.1.2
[INFO] [stderr]    Compiling inventory-impl v0.1.10
[INFO] [stderr]    Compiling ctor v0.1.20
[INFO] [stderr]    Compiling typetag-impl v0.1.7
[INFO] [stderr]    Compiling tracing-attributes v0.1.15
[INFO] [stderr]    Compiling darling_core v0.10.2
[INFO] [stderr]    Compiling proc-macro-error v1.0.4
[INFO] [stderr]    Compiling wasmer-derive-near v1.0.1
[INFO] [stderr]    Compiling tracing v0.1.26
[INFO] [stderr]    Compiling darling_macro v0.10.2
[INFO] [stderr]    Compiling cranelift-entity v0.68.0
[INFO] [stderr]    Compiling serde_bytes v0.11.5
[INFO] [stderr]    Compiling bincode v1.3.3
[INFO] [stderr]    Compiling generational-arena v0.2.8
[INFO] [stderr]    Compiling darling v0.10.2
[INFO] [stderr]    Compiling wasmer_enumset_derive v0.5.0
[INFO] [stderr]    Compiling wasmer-types-near v1.0.1
[INFO] [stderr]    Compiling typetag v0.1.7
[INFO] [stderr]    Compiling wasmer_enumset v1.0.1
[INFO] [stderr]    Compiling wasmer-compiler-near v1.0.1
[INFO] [stderr]    Compiling wasmer-engine-near v1.0.1
[INFO] [stderr]    Compiling wasmer-near v1.0.1
[INFO] [stderr]    Compiling wasmer-wasi-near v1.0.1 (/opt/rustwide/workdir)
[INFO] [stderr]     Finished dev [unoptimized + debuginfo] target(s) in 45.67s
[INFO] running `Command { std: "docker" "inspect" "f6a1dbb68ad80deab34396469517613ad55295cf67e4db695d949c3494352e30", kill_on_drop: false }`
[INFO] running `Command { std: "docker" "rm" "-f" "f6a1dbb68ad80deab34396469517613ad55295cf67e4db695d949c3494352e30", kill_on_drop: false }`
[INFO] [stdout] f6a1dbb68ad80deab34396469517613ad55295cf67e4db695d949c3494352e30
[INFO] running `Command { std: "docker" "create" "-v" "/var/lib/crater-agent-workspace/builds/worker-7/target:/opt/rustwide/target:rw,Z" "-v" "/var/lib/crater-agent-workspace/builds/worker-7/source:/opt/rustwide/workdir:ro,Z" "-v" "/var/lib/crater-agent-workspace/cargo-home:/opt/rustwide/cargo-home:ro,Z" "-v" "/var/lib/crater-agent-workspace/rustup-home:/opt/rustwide/rustup-home:ro,Z" "-e" "SOURCE_DIR=/opt/rustwide/workdir" "-e" "CARGO_TARGET_DIR=/opt/rustwide/target" "-e" "CARGO_INCREMENTAL=0" "-e" "RUST_BACKTRACE=full" "-e" "RUSTFLAGS=--cap-lints=warn" "-e" "CARGO_HOME=/opt/rustwide/cargo-home" "-e" "RUSTUP_HOME=/opt/rustwide/rustup-home" "-w" "/opt/rustwide/workdir" "-m" "1610612736" "--user" "0:0" "--network" "none" "ghcr.io/rust-lang/crates-build-env/linux@sha256:34b6a614d2c27851fe6cbf88fbd1137609cefab8b10d0615aaeb6fd47975d74e" "/opt/rustwide/cargo-home/bin/cargo" "+1.54.0" "test" "--frozen" "--no-run" "--message-format=json", kill_on_drop: false }`
[INFO] [stdout] 842c3e6bfad6a12beb61539df97e3265512579a91bd51f7cb3b48bf615b15960
[INFO] running `Command { std: "docker" "start" "-a" "842c3e6bfad6a12beb61539df97e3265512579a91bd51f7cb3b48bf615b15960", kill_on_drop: false }`
[INFO] [stderr]    Compiling wasmer-wasi-near v1.0.1 (/opt/rustwide/workdir)
[INFO] [stderr]     Finished test [unoptimized + debuginfo] target(s) in 9.63s
[INFO] running `Command { std: "docker" "inspect" "842c3e6bfad6a12beb61539df97e3265512579a91bd51f7cb3b48bf615b15960", kill_on_drop: false }`
[INFO] running `Command { std: "docker" "rm" "-f" "842c3e6bfad6a12beb61539df97e3265512579a91bd51f7cb3b48bf615b15960", kill_on_drop: false }`
[INFO] [stdout] 842c3e6bfad6a12beb61539df97e3265512579a91bd51f7cb3b48bf615b15960
[INFO] running `Command { std: "docker" "create" "-v" "/var/lib/crater-agent-workspace/builds/worker-7/target:/opt/rustwide/target:rw,Z" "-v" "/var/lib/crater-agent-workspace/builds/worker-7/source:/opt/rustwide/workdir:ro,Z" "-v" "/var/lib/crater-agent-workspace/cargo-home:/opt/rustwide/cargo-home:ro,Z" "-v" "/var/lib/crater-agent-workspace/rustup-home:/opt/rustwide/rustup-home:ro,Z" "-e" "SOURCE_DIR=/opt/rustwide/workdir" "-e" "CARGO_TARGET_DIR=/opt/rustwide/target" "-e" "CARGO_INCREMENTAL=0" "-e" "RUST_BACKTRACE=full" "-e" "RUSTFLAGS=--cap-lints=warn" "-e" "CARGO_HOME=/opt/rustwide/cargo-home" "-e" "RUSTUP_HOME=/opt/rustwide/rustup-home" "-w" "/opt/rustwide/workdir" "-m" "1610612736" "--user" "0:0" "--network" "none" "ghcr.io/rust-lang/crates-build-env/linux@sha256:34b6a614d2c27851fe6cbf88fbd1137609cefab8b10d0615aaeb6fd47975d74e" "/opt/rustwide/cargo-home/bin/cargo" "+1.54.0" "test" "--frozen", kill_on_drop: false }`
[INFO] [stdout] bc470cd5053b166e0ccef7e1ab19cb602231083f30fe7a71ad7f4067899a8217
[INFO] running `Command { std: "docker" "start" "-a" "bc470cd5053b166e0ccef7e1ab19cb602231083f30fe7a71ad7f4067899a8217", kill_on_drop: false }`
[INFO] [stderr]     Finished test [unoptimized + debuginfo] target(s) in 0.06s
[INFO] [stderr]      Running unittests (/opt/rustwide/target/debug/deps/wasmer_wasi_near-6ce2d16fc569cded)
[INFO] [stdout] 
[INFO] [stdout] running 2 tests
[INFO] [stdout] test state::builder::test::env_var_errors ... ok
[INFO] [stdout] test state::builder::test::nul_character_in_args ... ok
[INFO] [stderr]    Doc-tests wasmer-wasi-near
[INFO] [stdout] 
[INFO] [stdout] test result: ok. 2 passed; 0 failed; 0 ignored; 0 measured; 0 filtered out; finished in 0.00s
[INFO] [stdout] 
[INFO] [stdout] 
[INFO] [stdout] running 3 tests
[INFO] [stdout] test src/state/builder.rs - state::builder::WasiStateBuilder::preopen (line 181) - compile ... FAILED
[INFO] [stdout] test src/state/mod.rs - state::WasiState (line 1519) - compile ... FAILED
[INFO] [stdout] test src/state/builder.rs - state::builder::WasiStateBuilder (line 22) - compile ... FAILED
[INFO] [stdout] 
[INFO] [stdout] failures:
[INFO] [stdout] 
[INFO] [stdout] ---- src/state/builder.rs - state::builder::WasiStateBuilder::preopen (line 181) stdout ----
[INFO] [stdout] error[E0432]: unresolved import `wasmer_wasi`
[INFO] [stdout]  --> src/state/builder.rs:182:5
[INFO] [stdout]   |
[INFO] [stdout] 2 | use wasmer_wasi::{WasiState, WasiStateCreationError};
[INFO] [stdout]   |     ^^^^^^^^^^^ use of undeclared crate or module `wasmer_wasi`
[INFO] [stdout] 
[INFO] [stdout] error: aborting due to previous error
[INFO] [stdout] 
[INFO] [stdout] For more information about this error, try `rustc --explain E0432`.
[INFO] [stdout] Couldn't compile the test.
[INFO] [stdout] ---- src/state/mod.rs - state::WasiState (line 1519) stdout ----
[INFO] [stdout] error[E0432]: unresolved import `wasmer_wasi`
[INFO] [stdout]  --> src/state/mod.rs:1520:5
[INFO] [stdout]   |
[INFO] [stdout] 2 | use wasmer_wasi::{WasiState, WasiStateCreationError};
[INFO] [stdout]   |     ^^^^^^^^^^^ use of undeclared crate or module `wasmer_wasi`
[INFO] [stdout] 
[INFO] [stdout] error: aborting due to previous error
[INFO] [stdout] 
[INFO] [stdout] For more information about this error, try `rustc --explain E0432`.
[INFO] [stdout] Couldn't compile the test.
[INFO] [stdout] ---- src/state/builder.rs - state::builder::WasiStateBuilder (line 22) stdout ----
[INFO] [stdout] error[E0432]: unresolved import `wasmer_wasi`
[INFO] [stdout]  --> src/state/builder.rs:23:5
[INFO] [stdout]   |
[INFO] [stdout] 2 | use wasmer_wasi::{WasiState, WasiStateCreationError};
[INFO] [stdout]   |     ^^^^^^^^^^^ use of undeclared crate or module `wasmer_wasi`
[INFO] [stdout] 
[INFO] [stdout] error: aborting due to previous error
[INFO] [stdout] 
[INFO] [stdout] For more information about this error, try `rustc --explain E0432`.
[INFO] [stdout] Couldn't compile the test.
[INFO] [stdout] 
[INFO] [stdout] failures:
[INFO] [stdout]     src/state/builder.rs - state::builder::WasiStateBuilder (line 22)
[INFO] [stdout]     src/state/builder.rs - state::builder::WasiStateBuilder::preopen (line 181)
[INFO] [stdout]     src/state/mod.rs - state::WasiState (line 1519)
[INFO] [stdout] 
[INFO] [stdout] test result: FAILED. 0 passed; 3 failed; 0 ignored; 0 measured; 0 filtered out; finished in 0.26s
[INFO] [stdout] 
[INFO] [stderr] error: test failed, to rerun pass '--doc'
[INFO] running `Command { std: "docker" "inspect" "bc470cd5053b166e0ccef7e1ab19cb602231083f30fe7a71ad7f4067899a8217", kill_on_drop: false }`
[INFO] running `Command { std: "docker" "rm" "-f" "bc470cd5053b166e0ccef7e1ab19cb602231083f30fe7a71ad7f4067899a8217", kill_on_drop: false }`
[INFO] [stdout] bc470cd5053b166e0ccef7e1ab19cb602231083f30fe7a71ad7f4067899a8217
