[INFO] fetching crate wasmer-wasi-fl 0.17.1...
[INFO] testing wasmer-wasi-fl-0.17.1 against beta-2021-08-01 for beta-1.55-1
[INFO] extracting crate wasmer-wasi-fl 0.17.1 into /workspace/builds/worker-4/source
[INFO] validating manifest of crates.io crate wasmer-wasi-fl 0.17.1 on toolchain beta-2021-08-01
[INFO] running `Command { std: "/workspace/cargo-home/bin/cargo" "+beta-2021-08-01" "metadata" "--manifest-path" "Cargo.toml" "--no-deps", kill_on_drop: false }`
[INFO] started tweaking crates.io crate wasmer-wasi-fl 0.17.1
[INFO] finished tweaking crates.io crate wasmer-wasi-fl 0.17.1
[INFO] tweaked toml for crates.io crate wasmer-wasi-fl 0.17.1 written to /workspace/builds/worker-4/source/Cargo.toml
[INFO] running `Command { std: "/workspace/cargo-home/bin/cargo" "+beta-2021-08-01" "generate-lockfile" "--manifest-path" "Cargo.toml" "-Zno-index-update", kill_on_drop: false }`
[INFO] running `Command { std: "/workspace/cargo-home/bin/cargo" "+beta-2021-08-01" "fetch" "--manifest-path" "Cargo.toml", kill_on_drop: false }`
[INFO] [stderr]     Blocking waiting for file lock on package cache
[INFO] [stderr]  Downloading crates ...
[INFO] [stderr]   Downloaded wasmer-runtime-core-fl v0.17.1
[INFO] running `Command { std: "docker" "create" "-v" "/var/lib/crater-agent-workspace/builds/worker-4/target:/opt/rustwide/target:rw,Z" "-v" "/var/lib/crater-agent-workspace/builds/worker-4/source:/opt/rustwide/workdir:ro,Z" "-v" "/var/lib/crater-agent-workspace/cargo-home:/opt/rustwide/cargo-home:ro,Z" "-v" "/var/lib/crater-agent-workspace/rustup-home:/opt/rustwide/rustup-home:ro,Z" "-e" "SOURCE_DIR=/opt/rustwide/workdir" "-e" "CARGO_TARGET_DIR=/opt/rustwide/target" "-e" "CARGO_HOME=/opt/rustwide/cargo-home" "-e" "RUSTUP_HOME=/opt/rustwide/rustup-home" "-w" "/opt/rustwide/workdir" "-m" "1610612736" "--user" "0:0" "--network" "none" "ghcr.io/rust-lang/crates-build-env/linux@sha256:34b6a614d2c27851fe6cbf88fbd1137609cefab8b10d0615aaeb6fd47975d74e" "/opt/rustwide/cargo-home/bin/cargo" "+beta-2021-08-01" "metadata" "--no-deps" "--format-version=1", kill_on_drop: false }`
[INFO] [stdout] 2599a57226b01d0c341a94c1cd1c97c1220c2218076df4ec0bda640e4f2018e7
[INFO] running `Command { std: "docker" "start" "-a" "2599a57226b01d0c341a94c1cd1c97c1220c2218076df4ec0bda640e4f2018e7", kill_on_drop: false }`
[INFO] running `Command { std: "docker" "inspect" "2599a57226b01d0c341a94c1cd1c97c1220c2218076df4ec0bda640e4f2018e7", kill_on_drop: false }`
[INFO] running `Command { std: "docker" "rm" "-f" "2599a57226b01d0c341a94c1cd1c97c1220c2218076df4ec0bda640e4f2018e7", kill_on_drop: false }`
[INFO] [stdout] 2599a57226b01d0c341a94c1cd1c97c1220c2218076df4ec0bda640e4f2018e7
[INFO] running `Command { std: "docker" "create" "-v" "/var/lib/crater-agent-workspace/builds/worker-4/target:/opt/rustwide/target:rw,Z" "-v" "/var/lib/crater-agent-workspace/builds/worker-4/source:/opt/rustwide/workdir:ro,Z" "-v" "/var/lib/crater-agent-workspace/cargo-home:/opt/rustwide/cargo-home:ro,Z" "-v" "/var/lib/crater-agent-workspace/rustup-home:/opt/rustwide/rustup-home:ro,Z" "-e" "SOURCE_DIR=/opt/rustwide/workdir" "-e" "CARGO_TARGET_DIR=/opt/rustwide/target" "-e" "CARGO_INCREMENTAL=0" "-e" "RUST_BACKTRACE=full" "-e" "RUSTFLAGS=--cap-lints=warn" "-e" "CARGO_HOME=/opt/rustwide/cargo-home" "-e" "RUSTUP_HOME=/opt/rustwide/rustup-home" "-w" "/opt/rustwide/workdir" "-m" "1610612736" "--user" "0:0" "--network" "none" "ghcr.io/rust-lang/crates-build-env/linux@sha256:34b6a614d2c27851fe6cbf88fbd1137609cefab8b10d0615aaeb6fd47975d74e" "/opt/rustwide/cargo-home/bin/cargo" "+beta-2021-08-01" "build" "--frozen" "--message-format=json", kill_on_drop: false }`
[INFO] [stdout] 165038b0d9012ecd105ab5f6cd0e5817dce688ac4af04317d4291bc2a68c273c
[INFO] running `Command { std: "docker" "start" "-a" "165038b0d9012ecd105ab5f6cd0e5817dce688ac4af04317d4291bc2a68c273c", kill_on_drop: false }`
[INFO] [stderr]    Compiling serde v1.0.127
[INFO] [stderr]    Compiling libc v0.2.98
[INFO] [stderr]    Compiling erased-serde v0.3.16
[INFO] [stderr]    Compiling inventory v0.1.10
[INFO] [stderr]    Compiling target-lexicon v0.10.0
[INFO] [stderr]    Compiling nix v0.15.0
[INFO] [stderr]    Compiling getrandom v0.1.16
[INFO] [stderr]    Compiling wasmparser v0.51.4
[INFO] [stderr]    Compiling blake3 v0.3.8
[INFO] [stderr]    Compiling serde_derive v1.0.127
[INFO] [stderr]    Compiling crypto-mac v0.8.0
[INFO] [stderr]    Compiling ctor v0.1.20
[INFO] [stderr]    Compiling inventory-impl v0.1.10
[INFO] [stderr]    Compiling ghost v0.1.2
[INFO] [stderr]    Compiling typetag-impl v0.1.7
[INFO] [stderr]    Compiling parking_lot_core v0.7.2
[INFO] [stderr]    Compiling page_size v0.4.2
[INFO] [stderr]    Compiling errno v0.2.7
[INFO] [stderr]    Compiling time v0.1.44
[INFO] [stderr]    Compiling wasmer-runtime-core-fl v0.17.1
[INFO] [stderr]    Compiling parking_lot v0.10.2
[INFO] [stderr]    Compiling serde-bench v0.0.7
[INFO] [stderr]    Compiling bincode v1.3.3
[INFO] [stderr]    Compiling indexmap v1.7.0
[INFO] [stderr]    Compiling serde_bytes v0.11.5
[INFO] [stderr]    Compiling generational-arena v0.2.8
[INFO] [stderr]    Compiling typetag v0.1.7
[INFO] [stderr]    Compiling wasmer-wasi-fl v0.17.1 (/opt/rustwide/workdir)
[INFO] [stderr]     Finished dev [unoptimized + debuginfo] target(s) in 45.05s
[INFO] running `Command { std: "docker" "inspect" "165038b0d9012ecd105ab5f6cd0e5817dce688ac4af04317d4291bc2a68c273c", kill_on_drop: false }`
[INFO] running `Command { std: "docker" "rm" "-f" "165038b0d9012ecd105ab5f6cd0e5817dce688ac4af04317d4291bc2a68c273c", kill_on_drop: false }`
[INFO] [stdout] 165038b0d9012ecd105ab5f6cd0e5817dce688ac4af04317d4291bc2a68c273c
[INFO] running `Command { std: "docker" "create" "-v" "/var/lib/crater-agent-workspace/builds/worker-4/target:/opt/rustwide/target:rw,Z" "-v" "/var/lib/crater-agent-workspace/builds/worker-4/source:/opt/rustwide/workdir:ro,Z" "-v" "/var/lib/crater-agent-workspace/cargo-home:/opt/rustwide/cargo-home:ro,Z" "-v" "/var/lib/crater-agent-workspace/rustup-home:/opt/rustwide/rustup-home:ro,Z" "-e" "SOURCE_DIR=/opt/rustwide/workdir" "-e" "CARGO_TARGET_DIR=/opt/rustwide/target" "-e" "CARGO_INCREMENTAL=0" "-e" "RUST_BACKTRACE=full" "-e" "RUSTFLAGS=--cap-lints=warn" "-e" "CARGO_HOME=/opt/rustwide/cargo-home" "-e" "RUSTUP_HOME=/opt/rustwide/rustup-home" "-w" "/opt/rustwide/workdir" "-m" "1610612736" "--user" "0:0" "--network" "none" "ghcr.io/rust-lang/crates-build-env/linux@sha256:34b6a614d2c27851fe6cbf88fbd1137609cefab8b10d0615aaeb6fd47975d74e" "/opt/rustwide/cargo-home/bin/cargo" "+beta-2021-08-01" "test" "--frozen" "--no-run" "--message-format=json", kill_on_drop: false }`
[INFO] [stdout] c7e85975c61ae25c4e36213965b126836c6a062810682610ee9b23517abefbe0
[INFO] running `Command { std: "docker" "start" "-a" "c7e85975c61ae25c4e36213965b126836c6a062810682610ee9b23517abefbe0", kill_on_drop: false }`
[INFO] [stderr]    Compiling wasmer-wasi-fl v0.17.1 (/opt/rustwide/workdir)
[INFO] [stderr]     Finished test [unoptimized + debuginfo] target(s) in 4.65s
[INFO] running `Command { std: "docker" "inspect" "c7e85975c61ae25c4e36213965b126836c6a062810682610ee9b23517abefbe0", kill_on_drop: false }`
[INFO] running `Command { std: "docker" "rm" "-f" "c7e85975c61ae25c4e36213965b126836c6a062810682610ee9b23517abefbe0", kill_on_drop: false }`
[INFO] [stdout] c7e85975c61ae25c4e36213965b126836c6a062810682610ee9b23517abefbe0
[INFO] running `Command { std: "docker" "create" "-v" "/var/lib/crater-agent-workspace/builds/worker-4/target:/opt/rustwide/target:rw,Z" "-v" "/var/lib/crater-agent-workspace/builds/worker-4/source:/opt/rustwide/workdir:ro,Z" "-v" "/var/lib/crater-agent-workspace/cargo-home:/opt/rustwide/cargo-home:ro,Z" "-v" "/var/lib/crater-agent-workspace/rustup-home:/opt/rustwide/rustup-home:ro,Z" "-e" "SOURCE_DIR=/opt/rustwide/workdir" "-e" "CARGO_TARGET_DIR=/opt/rustwide/target" "-e" "CARGO_INCREMENTAL=0" "-e" "RUST_BACKTRACE=full" "-e" "RUSTFLAGS=--cap-lints=warn" "-e" "CARGO_HOME=/opt/rustwide/cargo-home" "-e" "RUSTUP_HOME=/opt/rustwide/rustup-home" "-w" "/opt/rustwide/workdir" "-m" "1610612736" "--user" "0:0" "--network" "none" "ghcr.io/rust-lang/crates-build-env/linux@sha256:34b6a614d2c27851fe6cbf88fbd1137609cefab8b10d0615aaeb6fd47975d74e" "/opt/rustwide/cargo-home/bin/cargo" "+beta-2021-08-01" "test" "--frozen", kill_on_drop: false }`
[INFO] [stdout] 07ff769e0b231edc370cfd24f6d530cdc09be96c0208f8a352b85a6cb4dd0be1
[INFO] running `Command { std: "docker" "start" "-a" "07ff769e0b231edc370cfd24f6d530cdc09be96c0208f8a352b85a6cb4dd0be1", kill_on_drop: false }`
[INFO] [stderr]     Finished test [unoptimized + debuginfo] target(s) in 0.04s
[INFO] [stderr]      Running unittests (/opt/rustwide/target/debug/deps/wasmer_wasi_fl-8f081c4f4a53387a)
[INFO] [stdout] 
[INFO] [stdout] running 2 tests
[INFO] [stdout] test state::builder::test::env_var_errors ... ok
[INFO] [stdout] test state::builder::test::nul_character_in_args ... ok
[INFO] [stdout] 
[INFO] [stdout] test result: ok. 2 passed; 0 failed; 0 ignored; 0 measured; 0 filtered out; finished in 0.00s
[INFO] [stdout] 
[INFO] [stderr]    Doc-tests wasmer-wasi-fl
[INFO] [stdout] 
[INFO] [stdout] running 3 tests
[INFO] [stdout] test src/state/mod.rs - state::WasiState (line 1461) - compile ... FAILED
[INFO] [stdout] test src/state/builder.rs - state::builder::WasiStateBuilder (line 21) - compile ... FAILED
[INFO] [stdout] test src/state/builder.rs - state::builder::WasiStateBuilder::preopen (line 201) - compile ... FAILED
[INFO] [stdout] 
[INFO] [stdout] failures:
[INFO] [stdout] 
[INFO] [stdout] ---- src/state/mod.rs - state::WasiState (line 1461) stdout ----
[INFO] [stdout] error[E0433]: failed to resolve: use of undeclared crate or module `wasmer_wasi`
[INFO] [stdout]  --> src/state/mod.rs:1462:5
[INFO] [stdout]   |
[INFO] [stdout] 2 | use wasmer_wasi::state::{WasiState, WasiStateCreationError};
[INFO] [stdout]   |     ^^^^^^^^^^^ use of undeclared crate or module `wasmer_wasi`
[INFO] [stdout] 
[INFO] [stdout] error[E0412]: cannot find type `WasiStateCreationError` in this scope
[INFO] [stdout]  --> src/state/mod.rs:1463:25
[INFO] [stdout]   |
[INFO] [stdout] 3 | fn main() -> Result<(), WasiStateCreationError> {
[INFO] [stdout]   |                         ^^^^^^^^^^^^^^^^^^^^^^ not found in this scope
[INFO] [stdout]   |
[INFO] [stdout] help: consider importing this enum
[INFO] [stdout]   |
[INFO] [stdout] 2 | use wasmer_wasi_fl::state::WasiStateCreationError;
[INFO] [stdout]   |
[INFO] [stdout] 
[INFO] [stdout] error[E0433]: failed to resolve: use of undeclared type `WasiState`
[INFO] [stdout]  --> src/state/mod.rs:1464:1
[INFO] [stdout]   |
[INFO] [stdout] 4 | WasiState::new("program_name")
[INFO] [stdout]   | ^^^^^^^^^ not found in this scope
[INFO] [stdout]   |
[INFO] [stdout] help: consider importing this struct
[INFO] [stdout]   |
[INFO] [stdout] 2 | use wasmer_wasi_fl::state::WasiState;
[INFO] [stdout]   |
[INFO] [stdout] 
[INFO] [stdout] error: aborting due to 3 previous errors
[INFO] [stdout] 
[INFO] [stdout] Some errors have detailed explanations: E0412, E0433.
[INFO] [stdout] For more information about an error, try `rustc --explain E0412`.
[INFO] [stdout] Couldn't compile the test.
[INFO] [stdout] ---- src/state/builder.rs - state::builder::WasiStateBuilder (line 21) stdout ----
[INFO] [stdout] error[E0433]: failed to resolve: use of undeclared crate or module `wasmer_wasi`
[INFO] [stdout]  --> src/state/builder.rs:22:5
[INFO] [stdout]   |
[INFO] [stdout] 2 | use wasmer_wasi::state::{WasiState, WasiStateCreationError};
[INFO] [stdout]   |     ^^^^^^^^^^^ use of undeclared crate or module `wasmer_wasi`
[INFO] [stdout] 
[INFO] [stdout] error[E0412]: cannot find type `WasiStateCreationError` in this scope
[INFO] [stdout]  --> src/state/builder.rs:23:25
[INFO] [stdout]   |
[INFO] [stdout] 3 | fn main() -> Result<(), WasiStateCreationError> {
[INFO] [stdout]   |                         ^^^^^^^^^^^^^^^^^^^^^^ not found in this scope
[INFO] [stdout]   |
[INFO] [stdout] help: consider importing this enum
[INFO] [stdout]   |
[INFO] [stdout] 2 | use wasmer_wasi_fl::state::WasiStateCreationError;
[INFO] [stdout]   |
[INFO] [stdout] 
[INFO] [stdout] error[E0433]: failed to resolve: use of undeclared type `WasiState`
[INFO] [stdout]  --> src/state/builder.rs:24:25
[INFO] [stdout]   |
[INFO] [stdout] 4 | let mut state_builder = WasiState::new("wasi-prog-name");
[INFO] [stdout]   |                         ^^^^^^^^^ not found in this scope
[INFO] [stdout]   |
[INFO] [stdout] help: consider importing this struct
[INFO] [stdout]   |
[INFO] [stdout] 2 | use wasmer_wasi_fl::state::WasiState;
[INFO] [stdout]   |
[INFO] [stdout] 
[INFO] [stdout] error: aborting due to 3 previous errors
[INFO] [stdout] 
[INFO] [stdout] Some errors have detailed explanations: E0412, E0433.
[INFO] [stdout] For more information about an error, try `rustc --explain E0412`.
[INFO] [stdout] Couldn't compile the test.
[INFO] [stdout] ---- src/state/builder.rs - state::builder::WasiStateBuilder::preopen (line 201) stdout ----
[INFO] [stdout] error[E0433]: failed to resolve: use of undeclared crate or module `wasmer_wasi`
[INFO] [stdout]  --> src/state/builder.rs:202:5
[INFO] [stdout]   |
[INFO] [stdout] 2 | use wasmer_wasi::state::{WasiState, WasiStateCreationError};
[INFO] [stdout]   |     ^^^^^^^^^^^ use of undeclared crate or module `wasmer_wasi`
[INFO] [stdout] 
[INFO] [stdout] error[E0412]: cannot find type `WasiStateCreationError` in this scope
[INFO] [stdout]  --> src/state/builder.rs:203:25
[INFO] [stdout]   |
[INFO] [stdout] 3 | fn main() -> Result<(), WasiStateCreationError> {
[INFO] [stdout]   |                         ^^^^^^^^^^^^^^^^^^^^^^ not found in this scope
[INFO] [stdout]   |
[INFO] [stdout] help: consider importing this enum
[INFO] [stdout]   |
[INFO] [stdout] 2 | use wasmer_wasi_fl::state::WasiStateCreationError;
[INFO] [stdout]   |
[INFO] [stdout] 
[INFO] [stdout] error[E0433]: failed to resolve: use of undeclared type `WasiState`
[INFO] [stdout]  --> src/state/builder.rs:204:1
[INFO] [stdout]   |
[INFO] [stdout] 4 | WasiState::new("program_name")
[INFO] [stdout]   | ^^^^^^^^^ not found in this scope
[INFO] [stdout]   |
[INFO] [stdout] help: consider importing this struct
[INFO] [stdout]   |
[INFO] [stdout] 2 | use wasmer_wasi_fl::state::WasiState;
[INFO] [stdout]   |
[INFO] [stdout] 
[INFO] [stdout] error: aborting due to 3 previous errors
[INFO] [stdout] 
[INFO] [stdout] Some errors have detailed explanations: E0412, E0433.
[INFO] [stdout] For more information about an error, try `rustc --explain E0412`.
[INFO] [stdout] Couldn't compile the test.
[INFO] [stdout] 
[INFO] [stdout] failures:
[INFO] [stdout]     src/state/builder.rs - state::builder::WasiStateBuilder (line 21)
[INFO] [stdout]     src/state/builder.rs - state::builder::WasiStateBuilder::preopen (line 201)
[INFO] [stdout]     src/state/mod.rs - state::WasiState (line 1461)
[INFO] [stdout] 
[INFO] [stdout] test result: FAILED. 0 passed; 3 failed; 0 ignored; 0 measured; 0 filtered out; finished in 0.19s
[INFO] [stdout] 
[INFO] [stderr] error: test failed, to rerun pass '--doc'
[INFO] running `Command { std: "docker" "inspect" "07ff769e0b231edc370cfd24f6d530cdc09be96c0208f8a352b85a6cb4dd0be1", kill_on_drop: false }`
[INFO] running `Command { std: "docker" "rm" "-f" "07ff769e0b231edc370cfd24f6d530cdc09be96c0208f8a352b85a6cb4dd0be1", kill_on_drop: false }`
[INFO] [stdout] 07ff769e0b231edc370cfd24f6d530cdc09be96c0208f8a352b85a6cb4dd0be1
