[INFO] fetching crate wasmer-types-near 1.0.1...
[INFO] testing wasmer-types-near-1.0.1 against 1.54.0 for beta-1.55-1
[INFO] extracting crate wasmer-types-near 1.0.1 into /workspace/builds/worker-11/source
[INFO] validating manifest of crates.io crate wasmer-types-near 1.0.1 on toolchain 1.54.0
[INFO] running `Command { std: "/workspace/cargo-home/bin/cargo" "+1.54.0" "metadata" "--manifest-path" "Cargo.toml" "--no-deps", kill_on_drop: false }`
[INFO] started tweaking crates.io crate wasmer-types-near 1.0.1
[INFO] finished tweaking crates.io crate wasmer-types-near 1.0.1
[INFO] tweaked toml for crates.io crate wasmer-types-near 1.0.1 written to /workspace/builds/worker-11/source/Cargo.toml
[INFO] running `Command { std: "/workspace/cargo-home/bin/cargo" "+1.54.0" "generate-lockfile" "--manifest-path" "Cargo.toml" "-Zno-index-update", kill_on_drop: false }`
[INFO] running `Command { std: "/workspace/cargo-home/bin/cargo" "+1.54.0" "fetch" "--manifest-path" "Cargo.toml", kill_on_drop: false }`
[INFO] running `Command { std: "docker" "create" "-v" "/var/lib/crater-agent-workspace/builds/worker-11/target:/opt/rustwide/target:rw,Z" "-v" "/var/lib/crater-agent-workspace/builds/worker-11/source:/opt/rustwide/workdir:ro,Z" "-v" "/var/lib/crater-agent-workspace/cargo-home:/opt/rustwide/cargo-home:ro,Z" "-v" "/var/lib/crater-agent-workspace/rustup-home:/opt/rustwide/rustup-home:ro,Z" "-e" "SOURCE_DIR=/opt/rustwide/workdir" "-e" "CARGO_TARGET_DIR=/opt/rustwide/target" "-e" "CARGO_HOME=/opt/rustwide/cargo-home" "-e" "RUSTUP_HOME=/opt/rustwide/rustup-home" "-w" "/opt/rustwide/workdir" "-m" "1610612736" "--user" "0:0" "--network" "none" "ghcr.io/rust-lang/crates-build-env/linux@sha256:34b6a614d2c27851fe6cbf88fbd1137609cefab8b10d0615aaeb6fd47975d74e" "/opt/rustwide/cargo-home/bin/cargo" "+1.54.0" "metadata" "--no-deps" "--format-version=1", kill_on_drop: false }`
[INFO] [stdout] 1612659cead43fabdf3fe1c6dc38dfbc08594ca981d116db4ea5a1b845154b43
[INFO] running `Command { std: "docker" "start" "-a" "1612659cead43fabdf3fe1c6dc38dfbc08594ca981d116db4ea5a1b845154b43", kill_on_drop: false }`
[INFO] running `Command { std: "docker" "inspect" "1612659cead43fabdf3fe1c6dc38dfbc08594ca981d116db4ea5a1b845154b43", kill_on_drop: false }`
[INFO] running `Command { std: "docker" "rm" "-f" "1612659cead43fabdf3fe1c6dc38dfbc08594ca981d116db4ea5a1b845154b43", kill_on_drop: false }`
[INFO] [stdout] 1612659cead43fabdf3fe1c6dc38dfbc08594ca981d116db4ea5a1b845154b43
[INFO] running `Command { std: "docker" "create" "-v" "/var/lib/crater-agent-workspace/builds/worker-11/target:/opt/rustwide/target:rw,Z" "-v" "/var/lib/crater-agent-workspace/builds/worker-11/source:/opt/rustwide/workdir:ro,Z" "-v" "/var/lib/crater-agent-workspace/cargo-home:/opt/rustwide/cargo-home:ro,Z" "-v" "/var/lib/crater-agent-workspace/rustup-home:/opt/rustwide/rustup-home:ro,Z" "-e" "SOURCE_DIR=/opt/rustwide/workdir" "-e" "CARGO_TARGET_DIR=/opt/rustwide/target" "-e" "CARGO_INCREMENTAL=0" "-e" "RUST_BACKTRACE=full" "-e" "RUSTFLAGS=--cap-lints=warn" "-e" "CARGO_HOME=/opt/rustwide/cargo-home" "-e" "RUSTUP_HOME=/opt/rustwide/rustup-home" "-w" "/opt/rustwide/workdir" "-m" "1610612736" "--user" "0:0" "--network" "none" "ghcr.io/rust-lang/crates-build-env/linux@sha256:34b6a614d2c27851fe6cbf88fbd1137609cefab8b10d0615aaeb6fd47975d74e" "/opt/rustwide/cargo-home/bin/cargo" "+1.54.0" "build" "--frozen" "--message-format=json", kill_on_drop: false }`
[INFO] [stdout] 7f861ad4e3204e8e55d9cfa8ce3becefcf3d07c2ae8539a75a25afe02af4aff2
[INFO] running `Command { std: "docker" "start" "-a" "7f861ad4e3204e8e55d9cfa8ce3becefcf3d07c2ae8539a75a25afe02af4aff2", kill_on_drop: false }`
[INFO] [stderr]    Compiling cranelift-entity v0.68.0
[INFO] [stderr]    Compiling wasmer-types-near v1.0.1 (/opt/rustwide/workdir)
[INFO] [stdout] warning: trait objects without an explicit `dyn` are deprecated
[INFO] [stdout]   --> src/ref.rs:27:9
[INFO] [stdout]    |
[INFO] [stdout] 27 |         Any::is::<HostRef<T>>(r)
[INFO] [stdout]    |         ^^^ help: use `dyn`: `<dyn Any>`
[INFO] [stdout]    |
[INFO] [stdout]    = note: `#[warn(bare_trait_objects)]` on by default
[INFO] [stdout]    = warning: this was previously accepted by the compiler but is being phased out; it will become a hard error in the 2021 edition!
[INFO] [stdout]    = note: for more information, see issue #80165 <https://github.com/rust-lang/rust/issues/80165>
[INFO] [stdout] 
[INFO] [stdout] 
[INFO] [stdout] warning: 1 warning emitted
[INFO] [stdout] 
[INFO] [stdout] 
[INFO] [stderr]     Finished dev [unoptimized + debuginfo] target(s) in 2.53s
[INFO] running `Command { std: "docker" "inspect" "7f861ad4e3204e8e55d9cfa8ce3becefcf3d07c2ae8539a75a25afe02af4aff2", kill_on_drop: false }`
[INFO] running `Command { std: "docker" "rm" "-f" "7f861ad4e3204e8e55d9cfa8ce3becefcf3d07c2ae8539a75a25afe02af4aff2", kill_on_drop: false }`
[INFO] [stdout] 7f861ad4e3204e8e55d9cfa8ce3becefcf3d07c2ae8539a75a25afe02af4aff2
[INFO] running `Command { std: "docker" "create" "-v" "/var/lib/crater-agent-workspace/builds/worker-11/target:/opt/rustwide/target:rw,Z" "-v" "/var/lib/crater-agent-workspace/builds/worker-11/source:/opt/rustwide/workdir:ro,Z" "-v" "/var/lib/crater-agent-workspace/cargo-home:/opt/rustwide/cargo-home:ro,Z" "-v" "/var/lib/crater-agent-workspace/rustup-home:/opt/rustwide/rustup-home:ro,Z" "-e" "SOURCE_DIR=/opt/rustwide/workdir" "-e" "CARGO_TARGET_DIR=/opt/rustwide/target" "-e" "CARGO_INCREMENTAL=0" "-e" "RUST_BACKTRACE=full" "-e" "RUSTFLAGS=--cap-lints=warn" "-e" "CARGO_HOME=/opt/rustwide/cargo-home" "-e" "RUSTUP_HOME=/opt/rustwide/rustup-home" "-w" "/opt/rustwide/workdir" "-m" "1610612736" "--user" "0:0" "--network" "none" "ghcr.io/rust-lang/crates-build-env/linux@sha256:34b6a614d2c27851fe6cbf88fbd1137609cefab8b10d0615aaeb6fd47975d74e" "/opt/rustwide/cargo-home/bin/cargo" "+1.54.0" "test" "--frozen" "--no-run" "--message-format=json", kill_on_drop: false }`
[INFO] [stdout] 36266cca7b6f0cb4d7ebf84627a7ef20068b1f89c200eb0f52d9157337496eaf
[INFO] running `Command { std: "docker" "start" "-a" "36266cca7b6f0cb4d7ebf84627a7ef20068b1f89c200eb0f52d9157337496eaf", kill_on_drop: false }`
[INFO] [stderr]     Blocking waiting for file lock on package cache
[INFO] [stderr]    Compiling wasmer-types-near v1.0.1 (/opt/rustwide/workdir)
[INFO] [stdout] warning: trait objects without an explicit `dyn` are deprecated
[INFO] [stdout]   --> src/ref.rs:27:9
[INFO] [stdout]    |
[INFO] [stdout] 27 |         Any::is::<HostRef<T>>(r)
[INFO] [stdout]    |         ^^^ help: use `dyn`: `<dyn Any>`
[INFO] [stdout]    |
[INFO] [stdout]    = note: `#[warn(bare_trait_objects)]` on by default
[INFO] [stdout]    = warning: this was previously accepted by the compiler but is being phased out; it will become a hard error in the 2021 edition!
[INFO] [stdout]    = note: for more information, see issue #80165 <https://github.com/rust-lang/rust/issues/80165>
[INFO] [stdout] 
[INFO] [stdout] 
[INFO] [stdout] warning: 1 warning emitted
[INFO] [stdout] 
[INFO] [stdout] 
[INFO] [stdout] warning: trait objects without an explicit `dyn` are deprecated
[INFO] [stdout]   --> src/ref.rs:27:9
[INFO] [stdout]    |
[INFO] [stdout] 27 |         Any::is::<HostRef<T>>(r)
[INFO] [stdout]    |         ^^^ help: use `dyn`: `<dyn Any>`
[INFO] [stdout]    |
[INFO] [stdout]    = note: `#[warn(bare_trait_objects)]` on by default
[INFO] [stdout]    = warning: this was previously accepted by the compiler but is being phased out; it will become a hard error in the 2021 edition!
[INFO] [stdout]    = note: for more information, see issue #80165 <https://github.com/rust-lang/rust/issues/80165>
[INFO] [stdout] 
[INFO] [stdout] 
[INFO] [stdout] warning: 1 warning emitted
[INFO] [stdout] 
[INFO] [stdout] 
[INFO] [stderr]     Finished test [unoptimized + debuginfo] target(s) in 2.24s
[INFO] running `Command { std: "docker" "inspect" "36266cca7b6f0cb4d7ebf84627a7ef20068b1f89c200eb0f52d9157337496eaf", kill_on_drop: false }`
[INFO] running `Command { std: "docker" "rm" "-f" "36266cca7b6f0cb4d7ebf84627a7ef20068b1f89c200eb0f52d9157337496eaf", kill_on_drop: false }`
[INFO] [stdout] 36266cca7b6f0cb4d7ebf84627a7ef20068b1f89c200eb0f52d9157337496eaf
[INFO] running `Command { std: "docker" "create" "-v" "/var/lib/crater-agent-workspace/builds/worker-11/target:/opt/rustwide/target:rw,Z" "-v" "/var/lib/crater-agent-workspace/builds/worker-11/source:/opt/rustwide/workdir:ro,Z" "-v" "/var/lib/crater-agent-workspace/cargo-home:/opt/rustwide/cargo-home:ro,Z" "-v" "/var/lib/crater-agent-workspace/rustup-home:/opt/rustwide/rustup-home:ro,Z" "-e" "SOURCE_DIR=/opt/rustwide/workdir" "-e" "CARGO_TARGET_DIR=/opt/rustwide/target" "-e" "CARGO_INCREMENTAL=0" "-e" "RUST_BACKTRACE=full" "-e" "RUSTFLAGS=--cap-lints=warn" "-e" "CARGO_HOME=/opt/rustwide/cargo-home" "-e" "RUSTUP_HOME=/opt/rustwide/rustup-home" "-w" "/opt/rustwide/workdir" "-m" "1610612736" "--user" "0:0" "--network" "none" "ghcr.io/rust-lang/crates-build-env/linux@sha256:34b6a614d2c27851fe6cbf88fbd1137609cefab8b10d0615aaeb6fd47975d74e" "/opt/rustwide/cargo-home/bin/cargo" "+1.54.0" "test" "--frozen", kill_on_drop: false }`
[INFO] [stdout] 3ed1454e8bbbb2cf459ddcf0bb42bd3d3b24f9d5fd9330cf83deaa925fdbdbdc
[INFO] running `Command { std: "docker" "start" "-a" "3ed1454e8bbbb2cf459ddcf0bb42bd3d3b24f9d5fd9330cf83deaa925fdbdbdc", kill_on_drop: false }`
[INFO] [stderr] warning: trait objects without an explicit `dyn` are deprecated
[INFO] [stderr]   --> src/ref.rs:27:9
[INFO] [stderr]    |
[INFO] [stderr] 27 |         Any::is::<HostRef<T>>(r)
[INFO] [stderr]    |         ^^^ help: use `dyn`: `<dyn Any>`
[INFO] [stderr]    |
[INFO] [stderr]    = note: `#[warn(bare_trait_objects)]` on by default
[INFO] [stderr]    = warning: this was previously accepted by the compiler but is being phased out; it will become a hard error in the 2021 edition!
[INFO] [stderr]    = note: for more information, see issue #80165 <https://github.com/rust-lang/rust/issues/80165>
[INFO] [stderr] 
[INFO] [stderr] warning: 1 warning emitted
[INFO] [stderr] 
[INFO] [stderr] warning: trait objects without an explicit `dyn` are deprecated
[INFO] [stderr]   --> src/ref.rs:27:9
[INFO] [stderr]    |
[INFO] [stderr] 27 |         Any::is::<HostRef<T>>(r)
[INFO] [stderr]    |         ^^^ help: use `dyn`: `<dyn Any>`
[INFO] [stderr]    |
[INFO] [stderr]    = note: `#[warn(bare_trait_objects)]` on by default
[INFO] [stderr]    = warning: this was previously accepted by the compiler but is being phased out; it will become a hard error in the 2021 edition!
[INFO] [stderr]    = note: for more information, see issue #80165 <https://github.com/rust-lang/rust/issues/80165>
[INFO] [stderr] 
[INFO] [stderr] warning: 1 warning emitted
[INFO] [stderr] 
[INFO] [stderr]     Finished test [unoptimized + debuginfo] target(s) in 0.01s
[INFO] [stderr]      Running unittests (/opt/rustwide/target/debug/deps/wasmer_types_near-4299ffcb845ecb27)
[INFO] [stdout] 
[INFO] [stdout] running 23 tests
[INFO] [stdout] test features::test_features::default_features ... ok
[INFO] [stdout] test features::test_features::disable_bulk_memory ... ok
[INFO] [stdout] test features::test_features::enable_module_linking ... ok
[INFO] [stdout] test features::test_features::enable_multi_memory ... ok
[INFO] [stdout] test features::test_features::enable_multi_value ... ok
[INFO] [stdout] test features::test_features::enable_reference_types ... ok
[INFO] [stdout] test features::test_features::enable_simd ... ok
[INFO] [stdout] test features::test_features::enable_tail_call ... ok
[INFO] [stdout] test features::test_features::enable_threads ... ok
[INFO] [stdout] test native::test_native_type::test_roundtrip ... ok
[INFO] [stdout] test native::test_native_type::test_wasm_types ... ok
[INFO] [stdout] test types::tests::convert_tuple_to_functiontype ... ok
[INFO] [stdout] test units::tests::convert_bytes_to_pages ... ok
[INFO] [stdout] test values::tests::convert_value_to_f32 ... ok
[INFO] [stdout] test values::tests::convert_value_to_f64 ... ok
[INFO] [stdout] test values::tests::convert_value_to_i32 ... ok
[INFO] [stdout] test values::tests::convert_value_to_i64 ... ok
[INFO] [stdout] test values::tests::convert_value_to_u32 ... ok
[INFO] [stdout] test values::tests::convert_value_to_u64 ... ok
[INFO] [stdout] test values::tests::test_value_i32_from_u32 ... ok
[INFO] [stdout] test values::tests::test_value_i64_from_u64 ... ok
[INFO] [stdout] test features::test_features::enable_memory64 ... ok
[INFO] [stdout] test features::test_features::enable_bulk_memory ... ok
[INFO] [stdout] 
[INFO] [stdout] test result: ok. 23 passed; 0 failed; 0 ignored; 0 measured; 0 filtered out; finished in 0.00s
[INFO] [stdout] 
[INFO] [stderr]    Doc-tests wasmer-types-near
[INFO] [stdout] 
[INFO] [stdout] running 2 tests
[INFO] [stdout] test src/types.rs - types::GlobalType::new (line 368) ... FAILED
[INFO] [stdout] test src/native.rs - native::NativeWasmType (line 14) ... FAILED
[INFO] [stdout] 
[INFO] [stdout] failures:
[INFO] [stdout] 
[INFO] [stdout] ---- src/types.rs - types::GlobalType::new (line 368) stdout ----
[INFO] [stdout] error[E0432]: unresolved import `wasmer_types`
[INFO] [stdout]  --> src/types.rs:369:5
[INFO] [stdout]   |
[INFO] [stdout] 3 | use wasmer_types::{GlobalType, Type, Mutability, Value};
[INFO] [stdout]   |     ^^^^^^^^^^^^ use of undeclared crate or module `wasmer_types`
[INFO] [stdout] 
[INFO] [stdout] error: aborting due to previous error
[INFO] [stdout] 
[INFO] [stdout] For more information about this error, try `rustc --explain E0432`.
[INFO] [stdout] Couldn't compile the test.
[INFO] [stdout] ---- src/native.rs - native::NativeWasmType (line 14) stdout ----
[INFO] [stdout] error[E0432]: unresolved import `wasmer_types`
[INFO] [stdout]  --> src/native.rs:15:5
[INFO] [stdout]   |
[INFO] [stdout] 3 | use wasmer_types::{NativeWasmType, Type};
[INFO] [stdout]   |     ^^^^^^^^^^^^ use of undeclared crate or module `wasmer_types`
[INFO] [stdout] 
[INFO] [stdout] error[E0599]: no associated item named `WASM_TYPE` found for type `i32` in the current scope
[INFO] [stdout]  --> src/native.rs:17:22
[INFO] [stdout]   |
[INFO] [stdout] 5 | let wasm_type = i32::WASM_TYPE;
[INFO] [stdout]   |                      ^^^^^^^^^ associated item not found in `i32`
[INFO] [stdout]   |
[INFO] [stdout]   = help: items from traits can only be used if the trait is in scope
[INFO] [stdout] help: the following trait is implemented but not in scope; perhaps add a `use` for it:
[INFO] [stdout]   |
[INFO] [stdout] 2 | use wasmer_types_near::NativeWasmType;
[INFO] [stdout]   |
[INFO] [stdout] 
[INFO] [stdout] error: aborting due to 2 previous errors
[INFO] [stdout] 
[INFO] [stdout] Some errors have detailed explanations: E0432, E0599.
[INFO] [stdout] For more information about an error, try `rustc --explain E0432`.
[INFO] [stdout] Couldn't compile the test.
[INFO] [stdout] 
[INFO] [stdout] failures:
[INFO] [stdout]     src/native.rs - native::NativeWasmType (line 14)
[INFO] [stdout]     src/types.rs - types::GlobalType::new (line 368)
[INFO] [stdout] 
[INFO] [stdout] test result: FAILED. 0 passed; 2 failed; 0 ignored; 0 measured; 0 filtered out; finished in 0.20s
[INFO] [stdout] 
[INFO] [stderr] error: test failed, to rerun pass '--doc'
[INFO] running `Command { std: "docker" "inspect" "3ed1454e8bbbb2cf459ddcf0bb42bd3d3b24f9d5fd9330cf83deaa925fdbdbdc", kill_on_drop: false }`
[INFO] running `Command { std: "docker" "rm" "-f" "3ed1454e8bbbb2cf459ddcf0bb42bd3d3b24f9d5fd9330cf83deaa925fdbdbdc", kill_on_drop: false }`
[INFO] [stdout] 3ed1454e8bbbb2cf459ddcf0bb42bd3d3b24f9d5fd9330cf83deaa925fdbdbdc
