[INFO] fetching crate wasmer-engine-near 1.0.1...
[INFO] testing wasmer-engine-near-1.0.1 against beta-2021-08-01 for beta-1.55-1
[INFO] extracting crate wasmer-engine-near 1.0.1 into /workspace/builds/worker-0/source
[INFO] validating manifest of crates.io crate wasmer-engine-near 1.0.1 on toolchain beta-2021-08-01
[INFO] running `Command { std: "/workspace/cargo-home/bin/cargo" "+beta-2021-08-01" "metadata" "--manifest-path" "Cargo.toml" "--no-deps", kill_on_drop: false }`
[INFO] started tweaking crates.io crate wasmer-engine-near 1.0.1
[INFO] finished tweaking crates.io crate wasmer-engine-near 1.0.1
[INFO] tweaked toml for crates.io crate wasmer-engine-near 1.0.1 written to /workspace/builds/worker-0/source/Cargo.toml
[INFO] running `Command { std: "/workspace/cargo-home/bin/cargo" "+beta-2021-08-01" "generate-lockfile" "--manifest-path" "Cargo.toml" "-Zno-index-update", kill_on_drop: false }`
[INFO] [stderr]     Blocking waiting for file lock on package cache
[INFO] running `Command { std: "/workspace/cargo-home/bin/cargo" "+beta-2021-08-01" "fetch" "--manifest-path" "Cargo.toml", kill_on_drop: false }`
[INFO] [stderr]     Blocking waiting for file lock on package cache
[INFO] [stderr]     Blocking waiting for file lock on package cache
[INFO] running `Command { std: "docker" "create" "-v" "/var/lib/crater-agent-workspace/builds/worker-0/target:/opt/rustwide/target:rw,Z" "-v" "/var/lib/crater-agent-workspace/builds/worker-0/source:/opt/rustwide/workdir:ro,Z" "-v" "/var/lib/crater-agent-workspace/cargo-home:/opt/rustwide/cargo-home:ro,Z" "-v" "/var/lib/crater-agent-workspace/rustup-home:/opt/rustwide/rustup-home:ro,Z" "-e" "SOURCE_DIR=/opt/rustwide/workdir" "-e" "CARGO_TARGET_DIR=/opt/rustwide/target" "-e" "CARGO_HOME=/opt/rustwide/cargo-home" "-e" "RUSTUP_HOME=/opt/rustwide/rustup-home" "-w" "/opt/rustwide/workdir" "-m" "1610612736" "--user" "0:0" "--network" "none" "ghcr.io/rust-lang/crates-build-env/linux@sha256:34b6a614d2c27851fe6cbf88fbd1137609cefab8b10d0615aaeb6fd47975d74e" "/opt/rustwide/cargo-home/bin/cargo" "+beta-2021-08-01" "metadata" "--no-deps" "--format-version=1", kill_on_drop: false }`
[INFO] [stdout] ac0d980f283e2956effd2aa244cdfef45f3c24017d8b1fcf357673a20c0b5628
[INFO] running `Command { std: "docker" "start" "-a" "ac0d980f283e2956effd2aa244cdfef45f3c24017d8b1fcf357673a20c0b5628", kill_on_drop: false }`
[INFO] running `Command { std: "docker" "inspect" "ac0d980f283e2956effd2aa244cdfef45f3c24017d8b1fcf357673a20c0b5628", kill_on_drop: false }`
[INFO] running `Command { std: "docker" "rm" "-f" "ac0d980f283e2956effd2aa244cdfef45f3c24017d8b1fcf357673a20c0b5628", kill_on_drop: false }`
[INFO] [stdout] ac0d980f283e2956effd2aa244cdfef45f3c24017d8b1fcf357673a20c0b5628
[INFO] running `Command { std: "docker" "create" "-v" "/var/lib/crater-agent-workspace/builds/worker-0/target:/opt/rustwide/target:rw,Z" "-v" "/var/lib/crater-agent-workspace/builds/worker-0/source:/opt/rustwide/workdir:ro,Z" "-v" "/var/lib/crater-agent-workspace/cargo-home:/opt/rustwide/cargo-home:ro,Z" "-v" "/var/lib/crater-agent-workspace/rustup-home:/opt/rustwide/rustup-home:ro,Z" "-e" "SOURCE_DIR=/opt/rustwide/workdir" "-e" "CARGO_TARGET_DIR=/opt/rustwide/target" "-e" "CARGO_INCREMENTAL=0" "-e" "RUST_BACKTRACE=full" "-e" "RUSTFLAGS=--cap-lints=warn" "-e" "CARGO_HOME=/opt/rustwide/cargo-home" "-e" "RUSTUP_HOME=/opt/rustwide/rustup-home" "-w" "/opt/rustwide/workdir" "-m" "1610612736" "--user" "0:0" "--network" "none" "ghcr.io/rust-lang/crates-build-env/linux@sha256:34b6a614d2c27851fe6cbf88fbd1137609cefab8b10d0615aaeb6fd47975d74e" "/opt/rustwide/cargo-home/bin/cargo" "+beta-2021-08-01" "build" "--frozen" "--message-format=json", kill_on_drop: false }`
[INFO] [stdout] b3a495c062a4517e33483c74e51735ffa91b55a6f941d99ddbe65e63ce760394
[INFO] running `Command { std: "docker" "start" "-a" "b3a495c062a4517e33483c74e51735ffa91b55a6f941d99ddbe65e63ce760394", kill_on_drop: false }`
[INFO] [stderr]    Compiling proc-macro2 v1.0.28
[INFO] [stderr]    Compiling syn v1.0.74
[INFO] [stderr]    Compiling serde_derive v1.0.127
[INFO] [stderr]    Compiling cc v1.0.69
[INFO] [stderr]    Compiling serde v1.0.127
[INFO] [stderr]    Compiling libc v0.2.98
[INFO] [stderr]    Compiling semver-parser v0.7.0
[INFO] [stderr]    Compiling memchr v2.4.0
[INFO] [stderr]    Compiling gimli v0.25.0
[INFO] [stderr]    Compiling adler v1.0.2
[INFO] [stderr]    Compiling target-lexicon v0.11.2
[INFO] [stderr]    Compiling hashbrown v0.11.2
[INFO] [stderr]    Compiling rustc-demangle v0.1.20
[INFO] [stderr]    Compiling more-asserts v0.2.1
[INFO] [stderr]    Compiling cfg-if v0.1.10
[INFO] [stderr]    Compiling smallvec v1.6.1
[INFO] [stderr]    Compiling miniz_oxide v0.4.4
[INFO] [stderr]    Compiling memoffset v0.6.4
[INFO] [stderr]    Compiling indexmap v1.7.0
[INFO] [stderr]    Compiling num-traits v0.2.14
[INFO] [stderr]    Compiling semver v0.9.0
[INFO] [stderr]    Compiling rustc_version v0.2.3
[INFO] [stderr]    Compiling object v0.26.0
[INFO] [stderr]    Compiling backtrace v0.3.61
[INFO] [stderr]    Compiling wasmer-vm-near v1.0.1
[INFO] [stderr]    Compiling raw-cpuid v7.0.4
[INFO] [stderr]    Compiling quote v1.0.9
[INFO] [stderr]    Compiling region v2.2.0
[INFO] [stderr]    Compiling memmap2 v0.2.3
[INFO] [stderr]    Compiling addr2line v0.16.0
[INFO] [stderr]    Compiling darling_core v0.10.2
[INFO] [stderr]    Compiling thiserror-impl v1.0.26
[INFO] [stderr]    Compiling darling_macro v0.10.2
[INFO] [stderr]    Compiling thiserror v1.0.26
[INFO] [stderr]    Compiling darling v0.10.2
[INFO] [stderr]    Compiling wasmer_enumset_derive v0.5.0
[INFO] [stderr]    Compiling wasmer_enumset v1.0.1
[INFO] [stderr]    Compiling cranelift-entity v0.68.0
[INFO] [stderr]    Compiling serde_bytes v0.11.5
[INFO] [stderr]    Compiling bincode v1.3.3
[INFO] [stderr]    Compiling wasmer-types-near v1.0.1
[INFO] [stderr]    Compiling wasmer-compiler-near v1.0.1
[INFO] [stderr]    Compiling wasmer-engine-near v1.0.1 (/opt/rustwide/workdir)
[INFO] [stderr]     Finished dev [unoptimized + debuginfo] target(s) in 49.48s
[INFO] running `Command { std: "docker" "inspect" "b3a495c062a4517e33483c74e51735ffa91b55a6f941d99ddbe65e63ce760394", kill_on_drop: false }`
[INFO] running `Command { std: "docker" "rm" "-f" "b3a495c062a4517e33483c74e51735ffa91b55a6f941d99ddbe65e63ce760394", kill_on_drop: false }`
[INFO] [stdout] b3a495c062a4517e33483c74e51735ffa91b55a6f941d99ddbe65e63ce760394
[INFO] running `Command { std: "docker" "create" "-v" "/var/lib/crater-agent-workspace/builds/worker-0/target:/opt/rustwide/target:rw,Z" "-v" "/var/lib/crater-agent-workspace/builds/worker-0/source:/opt/rustwide/workdir:ro,Z" "-v" "/var/lib/crater-agent-workspace/cargo-home:/opt/rustwide/cargo-home:ro,Z" "-v" "/var/lib/crater-agent-workspace/rustup-home:/opt/rustwide/rustup-home:ro,Z" "-e" "SOURCE_DIR=/opt/rustwide/workdir" "-e" "CARGO_TARGET_DIR=/opt/rustwide/target" "-e" "CARGO_INCREMENTAL=0" "-e" "RUST_BACKTRACE=full" "-e" "RUSTFLAGS=--cap-lints=warn" "-e" "CARGO_HOME=/opt/rustwide/cargo-home" "-e" "RUSTUP_HOME=/opt/rustwide/rustup-home" "-w" "/opt/rustwide/workdir" "-m" "1610612736" "--user" "0:0" "--network" "none" "ghcr.io/rust-lang/crates-build-env/linux@sha256:34b6a614d2c27851fe6cbf88fbd1137609cefab8b10d0615aaeb6fd47975d74e" "/opt/rustwide/cargo-home/bin/cargo" "+beta-2021-08-01" "test" "--frozen" "--no-run" "--message-format=json", kill_on_drop: false }`
[INFO] [stdout] 534ac7b89279011c987b4d1bcd971b66a3d2d8941840b347ac1f1937b8ae243e
[INFO] running `Command { std: "docker" "start" "-a" "534ac7b89279011c987b4d1bcd971b66a3d2d8941840b347ac1f1937b8ae243e", kill_on_drop: false }`
[INFO] [stderr]    Compiling wasmer-engine-near v1.0.1 (/opt/rustwide/workdir)
[INFO] [stderr]     Finished test [unoptimized + debuginfo] target(s) in 3.63s
[INFO] running `Command { std: "docker" "inspect" "534ac7b89279011c987b4d1bcd971b66a3d2d8941840b347ac1f1937b8ae243e", kill_on_drop: false }`
[INFO] running `Command { std: "docker" "rm" "-f" "534ac7b89279011c987b4d1bcd971b66a3d2d8941840b347ac1f1937b8ae243e", kill_on_drop: false }`
[INFO] [stdout] 534ac7b89279011c987b4d1bcd971b66a3d2d8941840b347ac1f1937b8ae243e
[INFO] running `Command { std: "docker" "create" "-v" "/var/lib/crater-agent-workspace/builds/worker-0/target:/opt/rustwide/target:rw,Z" "-v" "/var/lib/crater-agent-workspace/builds/worker-0/source:/opt/rustwide/workdir:ro,Z" "-v" "/var/lib/crater-agent-workspace/cargo-home:/opt/rustwide/cargo-home:ro,Z" "-v" "/var/lib/crater-agent-workspace/rustup-home:/opt/rustwide/rustup-home:ro,Z" "-e" "SOURCE_DIR=/opt/rustwide/workdir" "-e" "CARGO_TARGET_DIR=/opt/rustwide/target" "-e" "CARGO_INCREMENTAL=0" "-e" "RUST_BACKTRACE=full" "-e" "RUSTFLAGS=--cap-lints=warn" "-e" "CARGO_HOME=/opt/rustwide/cargo-home" "-e" "RUSTUP_HOME=/opt/rustwide/rustup-home" "-w" "/opt/rustwide/workdir" "-m" "1610612736" "--user" "0:0" "--network" "none" "ghcr.io/rust-lang/crates-build-env/linux@sha256:34b6a614d2c27851fe6cbf88fbd1137609cefab8b10d0615aaeb6fd47975d74e" "/opt/rustwide/cargo-home/bin/cargo" "+beta-2021-08-01" "test" "--frozen", kill_on_drop: false }`
[INFO] [stdout] 5d3f2a050008a8bd10a0925891e9f37adba26cc0b7d4f0f159c4070b62f4f7c5
[INFO] running `Command { std: "docker" "start" "-a" "5d3f2a050008a8bd10a0925891e9f37adba26cc0b7d4f0f159c4070b62f4f7c5", kill_on_drop: false }`
[INFO] [stderr]     Finished test [unoptimized + debuginfo] target(s) in 0.14s
[INFO] [stderr]      Running unittests (/opt/rustwide/target/debug/deps/wasmer_engine_near-3ffa3e19e8b74946)
[INFO] [stdout] 
[INFO] [stderr]    Doc-tests wasmer-engine-near
[INFO] [stdout] running 0 tests
[INFO] [stdout] 
[INFO] [stdout] test result: ok. 0 passed; 0 failed; 0 ignored; 0 measured; 0 filtered out; finished in 0.00s
[INFO] [stdout] 
[INFO] [stdout] 
[INFO] [stdout] running 6 tests
[INFO] [stdout] test src/resolver.rs - resolver::Resolver::resolve (line 30) ... ignored
[INFO] [stdout] test src/trap/frame_info.rs - trap::frame_info (line 7) ... ignored
[INFO] [stdout] test src/resolver.rs - resolver::ChainableNamedResolver (line 291) ... FAILED
[INFO] [stdout] test src/resolver.rs - resolver::ChainableNamedResolver::chain_back (line 327) ... FAILED
[INFO] [stdout] test src/resolver.rs - resolver::ChainableNamedResolver::chain_front (line 306) ... FAILED
[INFO] [stdout] test src/trap/error.rs - trap::error::RuntimeError::new (line 51) ... FAILED
[INFO] [stdout] 
[INFO] [stdout] failures:
[INFO] [stdout] 
[INFO] [stdout] ---- src/resolver.rs - resolver::ChainableNamedResolver (line 291) stdout ----
[INFO] [stdout] error[E0432]: unresolved import `wasmer_engine`
[INFO] [stdout]  --> src/resolver.rs:292:5
[INFO] [stdout]   |
[INFO] [stdout] 3 | use wasmer_engine::{ChainableNamedResolver, NamedResolver};
[INFO] [stdout]   |     ^^^^^^^^^^^^^ use of undeclared crate or module `wasmer_engine`
[INFO] [stdout] 
[INFO] [stdout] error: aborting due to previous error
[INFO] [stdout] 
[INFO] [stdout] For more information about this error, try `rustc --explain E0432`.
[INFO] [stdout] Couldn't compile the test.
[INFO] [stdout] ---- src/resolver.rs - resolver::ChainableNamedResolver::chain_back (line 327) stdout ----
[INFO] [stdout] error[E0432]: unresolved import `wasmer_engine`
[INFO] [stdout]  --> src/resolver.rs:328:5
[INFO] [stdout]   |
[INFO] [stdout] 3 | use wasmer_engine::{ChainableNamedResolver, NamedResolver};
[INFO] [stdout]   |     ^^^^^^^^^^^^^ use of undeclared crate or module `wasmer_engine`
[INFO] [stdout] 
[INFO] [stdout] error: aborting due to previous error
[INFO] [stdout] 
[INFO] [stdout] For more information about this error, try `rustc --explain E0432`.
[INFO] [stdout] Couldn't compile the test.
[INFO] [stdout] ---- src/resolver.rs - resolver::ChainableNamedResolver::chain_front (line 306) stdout ----
[INFO] [stdout] error[E0432]: unresolved import `wasmer_engine`
[INFO] [stdout]  --> src/resolver.rs:307:5
[INFO] [stdout]   |
[INFO] [stdout] 3 | use wasmer_engine::{ChainableNamedResolver, NamedResolver};
[INFO] [stdout]   |     ^^^^^^^^^^^^^ use of undeclared crate or module `wasmer_engine`
[INFO] [stdout] 
[INFO] [stdout] error: aborting due to previous error
[INFO] [stdout] 
[INFO] [stdout] For more information about this error, try `rustc --explain E0432`.
[INFO] [stdout] Couldn't compile the test.
[INFO] [stdout] ---- src/trap/error.rs - trap::error::RuntimeError::new (line 51) stdout ----
[INFO] [stdout] error[E0433]: failed to resolve: use of undeclared crate or module `wasmer_engine`
[INFO] [stdout]  --> src/trap/error.rs:52:27
[INFO] [stdout]   |
[INFO] [stdout] 3 | let trap = wasmer_engine::RuntimeError::new("unexpected error");
[INFO] [stdout]   |                           ^^^^^^^^^^^^ not found in `wasmer_engine`
[INFO] [stdout]   |
[INFO] [stdout] help: consider importing this struct
[INFO] [stdout]   |
[INFO] [stdout] 2 | use wasmer_engine_near::RuntimeError;
[INFO] [stdout]   |
[INFO] [stdout] 
[INFO] [stdout] error: aborting due to previous error
[INFO] [stdout] 
[INFO] [stdout] For more information about this error, try `rustc --explain E0433`.
[INFO] [stdout] Couldn't compile the test.
[INFO] [stdout] 
[INFO] [stdout] failures:
[INFO] [stdout]     src/resolver.rs - resolver::ChainableNamedResolver (line 291)
[INFO] [stdout]     src/resolver.rs - resolver::ChainableNamedResolver::chain_back (line 327)
[INFO] [stdout]     src/resolver.rs - resolver::ChainableNamedResolver::chain_front (line 306)
[INFO] [stdout]     src/trap/error.rs - trap::error::RuntimeError::new (line 51)
[INFO] [stdout] 
[INFO] [stdout] test result: FAILED. 0 passed; 4 failed; 2 ignored; 0 measured; 0 filtered out; finished in 0.12s
[INFO] [stdout] 
[INFO] [stderr] error: test failed, to rerun pass '--doc'
[INFO] running `Command { std: "docker" "inspect" "5d3f2a050008a8bd10a0925891e9f37adba26cc0b7d4f0f159c4070b62f4f7c5", kill_on_drop: false }`
[INFO] running `Command { std: "docker" "rm" "-f" "5d3f2a050008a8bd10a0925891e9f37adba26cc0b7d4f0f159c4070b62f4f7c5", kill_on_drop: false }`
[INFO] [stdout] 5d3f2a050008a8bd10a0925891e9f37adba26cc0b7d4f0f159c4070b62f4f7c5
