[INFO] fetching crate wasmer-cache-near 1.0.1...
[INFO] testing wasmer-cache-near-1.0.1 against 1.54.0 for beta-1.55-1
[INFO] extracting crate wasmer-cache-near 1.0.1 into /workspace/builds/worker-61/source
[INFO] validating manifest of crates.io crate wasmer-cache-near 1.0.1 on toolchain 1.54.0
[INFO] running `Command { std: "/workspace/cargo-home/bin/cargo" "+1.54.0" "metadata" "--manifest-path" "Cargo.toml" "--no-deps", kill_on_drop: false }`
[INFO] started tweaking crates.io crate wasmer-cache-near 1.0.1
[INFO] finished tweaking crates.io crate wasmer-cache-near 1.0.1
[INFO] tweaked toml for crates.io crate wasmer-cache-near 1.0.1 written to /workspace/builds/worker-61/source/Cargo.toml
[INFO] running `Command { std: "/workspace/cargo-home/bin/cargo" "+1.54.0" "generate-lockfile" "--manifest-path" "Cargo.toml" "-Zno-index-update", kill_on_drop: false }`
[INFO] [stderr]     Blocking waiting for file lock on package cache
[INFO] running `Command { std: "/workspace/cargo-home/bin/cargo" "+1.54.0" "fetch" "--manifest-path" "Cargo.toml", kill_on_drop: false }`
[INFO] [stderr]     Blocking waiting for file lock on package cache
[INFO] [stderr]     Blocking waiting for file lock on package cache
[INFO] [stderr]  Downloading crates ...
[INFO] [stderr]   Downloaded wasmer-derive-near v1.0.1
[INFO] [stderr]   Downloaded wasmer-near v1.0.1
[INFO] running `Command { std: "docker" "create" "-v" "/var/lib/crater-agent-workspace/builds/worker-61/target:/opt/rustwide/target:rw,Z" "-v" "/var/lib/crater-agent-workspace/builds/worker-61/source:/opt/rustwide/workdir:ro,Z" "-v" "/var/lib/crater-agent-workspace/cargo-home:/opt/rustwide/cargo-home:ro,Z" "-v" "/var/lib/crater-agent-workspace/rustup-home:/opt/rustwide/rustup-home:ro,Z" "-e" "SOURCE_DIR=/opt/rustwide/workdir" "-e" "CARGO_TARGET_DIR=/opt/rustwide/target" "-e" "CARGO_HOME=/opt/rustwide/cargo-home" "-e" "RUSTUP_HOME=/opt/rustwide/rustup-home" "-w" "/opt/rustwide/workdir" "-m" "1610612736" "--user" "0:0" "--network" "none" "ghcr.io/rust-lang/crates-build-env/linux@sha256:34b6a614d2c27851fe6cbf88fbd1137609cefab8b10d0615aaeb6fd47975d74e" "/opt/rustwide/cargo-home/bin/cargo" "+1.54.0" "metadata" "--no-deps" "--format-version=1", kill_on_drop: false }`
[INFO] [stdout] c0093bc595881af4b4bb79a44c529ca226c31940ad9971ca07df0742035ef4bd
[INFO] running `Command { std: "docker" "start" "-a" "c0093bc595881af4b4bb79a44c529ca226c31940ad9971ca07df0742035ef4bd", kill_on_drop: false }`
[INFO] running `Command { std: "docker" "inspect" "c0093bc595881af4b4bb79a44c529ca226c31940ad9971ca07df0742035ef4bd", kill_on_drop: false }`
[INFO] running `Command { std: "docker" "rm" "-f" "c0093bc595881af4b4bb79a44c529ca226c31940ad9971ca07df0742035ef4bd", kill_on_drop: false }`
[INFO] [stdout] c0093bc595881af4b4bb79a44c529ca226c31940ad9971ca07df0742035ef4bd
[INFO] running `Command { std: "docker" "create" "-v" "/var/lib/crater-agent-workspace/builds/worker-61/target:/opt/rustwide/target:rw,Z" "-v" "/var/lib/crater-agent-workspace/builds/worker-61/source:/opt/rustwide/workdir:ro,Z" "-v" "/var/lib/crater-agent-workspace/cargo-home:/opt/rustwide/cargo-home:ro,Z" "-v" "/var/lib/crater-agent-workspace/rustup-home:/opt/rustwide/rustup-home:ro,Z" "-e" "SOURCE_DIR=/opt/rustwide/workdir" "-e" "CARGO_TARGET_DIR=/opt/rustwide/target" "-e" "CARGO_INCREMENTAL=0" "-e" "RUST_BACKTRACE=full" "-e" "RUSTFLAGS=--cap-lints=warn" "-e" "CARGO_HOME=/opt/rustwide/cargo-home" "-e" "RUSTUP_HOME=/opt/rustwide/rustup-home" "-w" "/opt/rustwide/workdir" "-m" "1610612736" "--user" "0:0" "--network" "none" "ghcr.io/rust-lang/crates-build-env/linux@sha256:34b6a614d2c27851fe6cbf88fbd1137609cefab8b10d0615aaeb6fd47975d74e" "/opt/rustwide/cargo-home/bin/cargo" "+1.54.0" "build" "--frozen" "--message-format=json", kill_on_drop: false }`
[INFO] [stdout] eb8a1ba283b87c80d439ebd82d6a7b083444da338788861c67f735e7e74771ee
[INFO] running `Command { std: "docker" "start" "-a" "eb8a1ba283b87c80d439ebd82d6a7b083444da338788861c67f735e7e74771ee", kill_on_drop: false }`
[INFO] [stderr]     Blocking waiting for file lock on package cache
[INFO] [stderr]    Compiling syn v1.0.74
[INFO] [stderr]    Compiling serde v1.0.127
[INFO] [stderr]    Compiling ident_case v1.0.1
[INFO] [stderr]    Compiling fnv v1.0.7
[INFO] [stderr]    Compiling strsim v0.9.3
[INFO] [stderr]    Compiling memchr v2.4.0
[INFO] [stderr]    Compiling semver-parser v0.7.0
[INFO] [stderr]    Compiling typenum v1.13.0
[INFO] [stderr]    Compiling adler v1.0.2
[INFO] [stderr]    Compiling gimli v0.25.0
[INFO] [stderr]    Compiling cfg-if v0.1.10
[INFO] [stderr]    Compiling hashbrown v0.11.2
[INFO] [stderr]    Compiling target-lexicon v0.11.2
[INFO] [stderr]    Compiling rustc-demangle v0.1.20
[INFO] [stderr]    Compiling more-asserts v0.2.1
[INFO] [stderr]    Compiling subtle v2.4.1
[INFO] [stderr]    Compiling arrayvec v0.5.2
[INFO] [stderr]    Compiling arrayref v0.3.6
[INFO] [stderr]    Compiling constant_time_eq v0.1.5
[INFO] [stderr]    Compiling hex v0.4.3
[INFO] [stderr]    Compiling miniz_oxide v0.4.4
[INFO] [stderr]    Compiling backtrace v0.3.61
[INFO] [stderr]    Compiling indexmap v1.7.0
[INFO] [stderr]    Compiling generic-array v0.14.4
[INFO] [stderr]    Compiling proc-macro-error-attr v1.0.4
[INFO] [stderr]    Compiling wasmer-vm-near v1.0.1
[INFO] [stderr]    Compiling proc-macro-error v1.0.4
[INFO] [stderr]    Compiling blake3 v0.3.8
[INFO] [stderr]    Compiling region v2.2.0
[INFO] [stderr]    Compiling memmap2 v0.2.3
[INFO] [stderr]    Compiling semver v0.9.0
[INFO] [stderr]    Compiling rustc_version v0.2.3
[INFO] [stderr]    Compiling addr2line v0.16.0
[INFO] [stderr]    Compiling raw-cpuid v7.0.4
[INFO] [stderr]    Compiling object v0.26.0
[INFO] [stderr]    Compiling crypto-mac v0.8.0
[INFO] [stderr]    Compiling digest v0.9.0
[INFO] [stderr]    Compiling darling_core v0.10.2
[INFO] [stderr]    Compiling serde_derive v1.0.127
[INFO] [stderr]    Compiling thiserror-impl v1.0.26
[INFO] [stderr]    Compiling wasmer-derive-near v1.0.1
[INFO] [stderr]    Compiling darling_macro v0.10.2
[INFO] [stderr]    Compiling thiserror v1.0.26
[INFO] [stderr]    Compiling darling v0.10.2
[INFO] [stderr]    Compiling wasmer_enumset_derive v0.5.0
[INFO] [stderr]    Compiling wasmer_enumset v1.0.1
[INFO] [stderr]    Compiling cranelift-entity v0.68.0
[INFO] [stderr]    Compiling serde_bytes v0.11.5
[INFO] [stderr]    Compiling bincode v1.3.3
[INFO] [stderr]    Compiling wasmer-types-near v1.0.1
[INFO] [stderr]    Compiling wasmer-compiler-near v1.0.1
[INFO] [stderr]    Compiling wasmer-engine-near v1.0.1
[INFO] [stderr]    Compiling wasmer-near v1.0.1
[INFO] [stderr]    Compiling wasmer-cache-near v1.0.1 (/opt/rustwide/workdir)
[INFO] [stderr]     Finished dev [unoptimized + debuginfo] target(s) in 1m 03s
[INFO] running `Command { std: "docker" "inspect" "eb8a1ba283b87c80d439ebd82d6a7b083444da338788861c67f735e7e74771ee", kill_on_drop: false }`
[INFO] running `Command { std: "docker" "rm" "-f" "eb8a1ba283b87c80d439ebd82d6a7b083444da338788861c67f735e7e74771ee", kill_on_drop: false }`
[INFO] [stdout] eb8a1ba283b87c80d439ebd82d6a7b083444da338788861c67f735e7e74771ee
[INFO] running `Command { std: "docker" "create" "-v" "/var/lib/crater-agent-workspace/builds/worker-61/target:/opt/rustwide/target:rw,Z" "-v" "/var/lib/crater-agent-workspace/builds/worker-61/source:/opt/rustwide/workdir:ro,Z" "-v" "/var/lib/crater-agent-workspace/cargo-home:/opt/rustwide/cargo-home:ro,Z" "-v" "/var/lib/crater-agent-workspace/rustup-home:/opt/rustwide/rustup-home:ro,Z" "-e" "SOURCE_DIR=/opt/rustwide/workdir" "-e" "CARGO_TARGET_DIR=/opt/rustwide/target" "-e" "CARGO_INCREMENTAL=0" "-e" "RUST_BACKTRACE=full" "-e" "RUSTFLAGS=--cap-lints=warn" "-e" "CARGO_HOME=/opt/rustwide/cargo-home" "-e" "RUSTUP_HOME=/opt/rustwide/rustup-home" "-w" "/opt/rustwide/workdir" "-m" "1610612736" "--user" "0:0" "--network" "none" "ghcr.io/rust-lang/crates-build-env/linux@sha256:34b6a614d2c27851fe6cbf88fbd1137609cefab8b10d0615aaeb6fd47975d74e" "/opt/rustwide/cargo-home/bin/cargo" "+1.54.0" "test" "--frozen" "--no-run" "--message-format=json", kill_on_drop: false }`
[INFO] [stdout] 32e4d1ad30d45494759ca9acbbad0be909f28f2dd3a66552bce100902d0a0ee2
[INFO] running `Command { std: "docker" "start" "-a" "32e4d1ad30d45494759ca9acbbad0be909f28f2dd3a66552bce100902d0a0ee2", kill_on_drop: false }`
[INFO] [stderr]    Compiling wasmer-cache-near v1.0.1 (/opt/rustwide/workdir)
[INFO] [stderr]     Finished test [unoptimized + debuginfo] target(s) in 3.26s
[INFO] running `Command { std: "docker" "inspect" "32e4d1ad30d45494759ca9acbbad0be909f28f2dd3a66552bce100902d0a0ee2", kill_on_drop: false }`
[INFO] running `Command { std: "docker" "rm" "-f" "32e4d1ad30d45494759ca9acbbad0be909f28f2dd3a66552bce100902d0a0ee2", kill_on_drop: false }`
[INFO] [stdout] 32e4d1ad30d45494759ca9acbbad0be909f28f2dd3a66552bce100902d0a0ee2
[INFO] running `Command { std: "docker" "create" "-v" "/var/lib/crater-agent-workspace/builds/worker-61/target:/opt/rustwide/target:rw,Z" "-v" "/var/lib/crater-agent-workspace/builds/worker-61/source:/opt/rustwide/workdir:ro,Z" "-v" "/var/lib/crater-agent-workspace/cargo-home:/opt/rustwide/cargo-home:ro,Z" "-v" "/var/lib/crater-agent-workspace/rustup-home:/opt/rustwide/rustup-home:ro,Z" "-e" "SOURCE_DIR=/opt/rustwide/workdir" "-e" "CARGO_TARGET_DIR=/opt/rustwide/target" "-e" "CARGO_INCREMENTAL=0" "-e" "RUST_BACKTRACE=full" "-e" "RUSTFLAGS=--cap-lints=warn" "-e" "CARGO_HOME=/opt/rustwide/cargo-home" "-e" "RUSTUP_HOME=/opt/rustwide/rustup-home" "-w" "/opt/rustwide/workdir" "-m" "1610612736" "--user" "0:0" "--network" "none" "ghcr.io/rust-lang/crates-build-env/linux@sha256:34b6a614d2c27851fe6cbf88fbd1137609cefab8b10d0615aaeb6fd47975d74e" "/opt/rustwide/cargo-home/bin/cargo" "+1.54.0" "test" "--frozen", kill_on_drop: false }`
[INFO] [stdout] dee1e0af9cc7aba735edec5ad61afc6fccee7e3ba55b1c5c5b14fd29c17e3566
[INFO] running `Command { std: "docker" "start" "-a" "dee1e0af9cc7aba735edec5ad61afc6fccee7e3ba55b1c5c5b14fd29c17e3566", kill_on_drop: false }`
[INFO] [stderr]     Finished test [unoptimized + debuginfo] target(s) in 0.09s
[INFO] [stderr]      Running unittests (/opt/rustwide/target/debug/deps/wasmer_cache_near-7e0e6ab46adda34b)
[INFO] [stdout] 
[INFO] [stdout] running 1 test
[INFO] [stdout] test hash::tests::hash_to_array_works ... ok
[INFO] [stdout] 
[INFO] [stdout] test result: ok. 1 passed; 0 failed; 0 ignored; 0 measured; 0 filtered out; finished in 0.00s
[INFO] [stdout] 
[INFO] [stderr]    Doc-tests wasmer-cache-near
[INFO] [stdout] 
[INFO] [stdout] running 1 test
[INFO] [stdout] test src/filesystem.rs - filesystem::FileSystemCache (line 15) ... FAILED
[INFO] [stdout] 
[INFO] [stdout] failures:
[INFO] [stdout] 
[INFO] [stdout] ---- src/filesystem.rs - filesystem::FileSystemCache (line 15) stdout ----
[INFO] [stdout] error[E0432]: unresolved import `wasmer_cache`
[INFO] [stdout]  --> src/filesystem.rs:17:5
[INFO] [stdout]   |
[INFO] [stdout] 4 | use wasmer_cache::{Cache, FileSystemCache, Hash};
[INFO] [stdout]   |     ^^^^^^^^^^^^ use of undeclared crate or module `wasmer_cache`
[INFO] [stdout] 
[INFO] [stdout] error: aborting due to previous error
[INFO] [stdout] 
[INFO] [stdout] For more information about this error, try `rustc --explain E0432`.
[INFO] [stdout] Couldn't compile the test.
[INFO] [stdout] 
[INFO] [stdout] failures:
[INFO] [stdout]     src/filesystem.rs - filesystem::FileSystemCache (line 15)
[INFO] [stdout] 
[INFO] [stdout] test result: FAILED. 0 passed; 1 failed; 0 ignored; 0 measured; 0 filtered out; finished in 0.11s
[INFO] [stdout] 
[INFO] [stderr] error: test failed, to rerun pass '--doc'
[INFO] running `Command { std: "docker" "inspect" "dee1e0af9cc7aba735edec5ad61afc6fccee7e3ba55b1c5c5b14fd29c17e3566", kill_on_drop: false }`
[INFO] running `Command { std: "docker" "rm" "-f" "dee1e0af9cc7aba735edec5ad61afc6fccee7e3ba55b1c5c5b14fd29c17e3566", kill_on_drop: false }`
[INFO] [stdout] dee1e0af9cc7aba735edec5ad61afc6fccee7e3ba55b1c5c5b14fd29c17e3566
