[INFO] fetching crate wasmer-cache-asml-fork 1.0.2...
[INFO] testing wasmer-cache-asml-fork-1.0.2 against beta-2021-08-01 for beta-1.55-1
[INFO] extracting crate wasmer-cache-asml-fork 1.0.2 into /workspace/builds/worker-63/source
[INFO] validating manifest of crates.io crate wasmer-cache-asml-fork 1.0.2 on toolchain beta-2021-08-01
[INFO] running `Command { std: "/workspace/cargo-home/bin/cargo" "+beta-2021-08-01" "metadata" "--manifest-path" "Cargo.toml" "--no-deps", kill_on_drop: false }`
[INFO] started tweaking crates.io crate wasmer-cache-asml-fork 1.0.2
[INFO] finished tweaking crates.io crate wasmer-cache-asml-fork 1.0.2
[INFO] tweaked toml for crates.io crate wasmer-cache-asml-fork 1.0.2 written to /workspace/builds/worker-63/source/Cargo.toml
[INFO] running `Command { std: "/workspace/cargo-home/bin/cargo" "+beta-2021-08-01" "generate-lockfile" "--manifest-path" "Cargo.toml" "-Zno-index-update", kill_on_drop: false }`
[INFO] [stderr]     Blocking waiting for file lock on package cache
[INFO] running `Command { std: "/workspace/cargo-home/bin/cargo" "+beta-2021-08-01" "fetch" "--manifest-path" "Cargo.toml", kill_on_drop: false }`
[INFO] [stderr]     Blocking waiting for file lock on package cache
[INFO] [stderr]     Blocking waiting for file lock on package cache
[INFO] running `Command { std: "docker" "create" "-v" "/var/lib/crater-agent-workspace/builds/worker-63/target:/opt/rustwide/target:rw,Z" "-v" "/var/lib/crater-agent-workspace/builds/worker-63/source:/opt/rustwide/workdir:ro,Z" "-v" "/var/lib/crater-agent-workspace/cargo-home:/opt/rustwide/cargo-home:ro,Z" "-v" "/var/lib/crater-agent-workspace/rustup-home:/opt/rustwide/rustup-home:ro,Z" "-e" "SOURCE_DIR=/opt/rustwide/workdir" "-e" "CARGO_TARGET_DIR=/opt/rustwide/target" "-e" "CARGO_HOME=/opt/rustwide/cargo-home" "-e" "RUSTUP_HOME=/opt/rustwide/rustup-home" "-w" "/opt/rustwide/workdir" "-m" "1610612736" "--user" "0:0" "--network" "none" "ghcr.io/rust-lang/crates-build-env/linux@sha256:34b6a614d2c27851fe6cbf88fbd1137609cefab8b10d0615aaeb6fd47975d74e" "/opt/rustwide/cargo-home/bin/cargo" "+beta-2021-08-01" "metadata" "--no-deps" "--format-version=1", kill_on_drop: false }`
[INFO] [stdout] 48130f30850191a572d06403b970d83a9a33622cfda93fc954ced3815ec90312
[INFO] running `Command { std: "docker" "start" "-a" "48130f30850191a572d06403b970d83a9a33622cfda93fc954ced3815ec90312", kill_on_drop: false }`
[INFO] running `Command { std: "docker" "inspect" "48130f30850191a572d06403b970d83a9a33622cfda93fc954ced3815ec90312", kill_on_drop: false }`
[INFO] running `Command { std: "docker" "rm" "-f" "48130f30850191a572d06403b970d83a9a33622cfda93fc954ced3815ec90312", kill_on_drop: false }`
[INFO] [stdout] 48130f30850191a572d06403b970d83a9a33622cfda93fc954ced3815ec90312
[INFO] running `Command { std: "docker" "create" "-v" "/var/lib/crater-agent-workspace/builds/worker-63/target:/opt/rustwide/target:rw,Z" "-v" "/var/lib/crater-agent-workspace/builds/worker-63/source:/opt/rustwide/workdir:ro,Z" "-v" "/var/lib/crater-agent-workspace/cargo-home:/opt/rustwide/cargo-home:ro,Z" "-v" "/var/lib/crater-agent-workspace/rustup-home:/opt/rustwide/rustup-home:ro,Z" "-e" "SOURCE_DIR=/opt/rustwide/workdir" "-e" "CARGO_TARGET_DIR=/opt/rustwide/target" "-e" "CARGO_INCREMENTAL=0" "-e" "RUST_BACKTRACE=full" "-e" "RUSTFLAGS=--cap-lints=warn" "-e" "CARGO_HOME=/opt/rustwide/cargo-home" "-e" "RUSTUP_HOME=/opt/rustwide/rustup-home" "-w" "/opt/rustwide/workdir" "-m" "1610612736" "--user" "0:0" "--network" "none" "ghcr.io/rust-lang/crates-build-env/linux@sha256:34b6a614d2c27851fe6cbf88fbd1137609cefab8b10d0615aaeb6fd47975d74e" "/opt/rustwide/cargo-home/bin/cargo" "+beta-2021-08-01" "build" "--frozen" "--message-format=json", kill_on_drop: false }`
[INFO] [stdout] 37c5a54e0fd172d0b2e3bdd6f2168fa92abaa570cd83120f3afca184d4cb6160
[INFO] running `Command { std: "docker" "start" "-a" "37c5a54e0fd172d0b2e3bdd6f2168fa92abaa570cd83120f3afca184d4cb6160", kill_on_drop: false }`
[INFO] [stderr]     Blocking waiting for file lock on package cache
[INFO] [stderr]    Compiling syn v1.0.74
[INFO] [stderr]    Compiling serde v1.0.127
[INFO] [stderr]    Compiling ident_case v1.0.1
[INFO] [stderr]    Compiling strsim v0.10.0
[INFO] [stderr]    Compiling fnv v1.0.7
[INFO] [stderr]    Compiling typenum v1.13.0
[INFO] [stderr]    Compiling target-lexicon v0.11.2
[INFO] [stderr]    Compiling cfg-if v0.1.10
[INFO] [stderr]    Compiling hashbrown v0.11.2
[INFO] [stderr]    Compiling more-asserts v0.2.1
[INFO] [stderr]    Compiling crossbeam-utils v0.8.5
[INFO] [stderr]    Compiling smallvec v1.6.1
[INFO] [stderr]    Compiling subtle v2.4.1
[INFO] [stderr]    Compiling constant_time_eq v0.1.5
[INFO] [stderr]    Compiling arrayvec v0.5.2
[INFO] [stderr]    Compiling arrayref v0.3.6
[INFO] [stderr]    Compiling hex v0.4.3
[INFO] [stderr]    Compiling memoffset v0.6.4
[INFO] [stderr]    Compiling indexmap v1.7.0
[INFO] [stderr]    Compiling generic-array v0.14.4
[INFO] [stderr]    Compiling wasmer-vm v1.0.2
[INFO] [stderr]    Compiling proc-macro-error-attr v1.0.4
[INFO] [stderr]    Compiling proc-macro-error v1.0.4
[INFO] [stderr]    Compiling blake3 v0.3.8
[INFO] [stderr]    Compiling region v2.2.0
[INFO] [stderr]    Compiling memmap2 v0.2.3
[INFO] [stderr]    Compiling backtrace v0.3.61
[INFO] [stderr]    Compiling crypto-mac v0.8.0
[INFO] [stderr]    Compiling digest v0.9.0
[INFO] [stderr]    Compiling darling_core v0.13.0
[INFO] [stderr]    Compiling serde_derive v1.0.127
[INFO] [stderr]    Compiling thiserror-impl v1.0.26
[INFO] [stderr]    Compiling wasmer-derive-asml-fork v1.0.2
[INFO] [stderr]    Compiling darling_macro v0.13.0
[INFO] [stderr]    Compiling thiserror v1.0.26
[INFO] [stderr]    Compiling darling v0.13.0
[INFO] [stderr]    Compiling enumset_derive v0.5.5
[INFO] [stderr]    Compiling enumset v1.0.7
[INFO] [stderr]    Compiling cranelift-entity v0.68.0
[INFO] [stderr]    Compiling serde_bytes v0.11.5
[INFO] [stderr]    Compiling bincode v1.3.3
[INFO] [stderr]    Compiling wasmer-types v1.0.2
[INFO] [stderr]    Compiling wasmer-compiler v1.0.2
[INFO] [stderr]    Compiling wasmer-engine v1.0.2
[INFO] [stderr]    Compiling wasmer-asml-fork v1.0.2
[INFO] [stderr]    Compiling wasmer-cache-asml-fork v1.0.2 (/opt/rustwide/workdir)
[INFO] [stderr]     Finished dev [unoptimized + debuginfo] target(s) in 1m 02s
[INFO] running `Command { std: "docker" "inspect" "37c5a54e0fd172d0b2e3bdd6f2168fa92abaa570cd83120f3afca184d4cb6160", kill_on_drop: false }`
[INFO] running `Command { std: "docker" "rm" "-f" "37c5a54e0fd172d0b2e3bdd6f2168fa92abaa570cd83120f3afca184d4cb6160", kill_on_drop: false }`
[INFO] [stdout] 37c5a54e0fd172d0b2e3bdd6f2168fa92abaa570cd83120f3afca184d4cb6160
[INFO] running `Command { std: "docker" "create" "-v" "/var/lib/crater-agent-workspace/builds/worker-63/target:/opt/rustwide/target:rw,Z" "-v" "/var/lib/crater-agent-workspace/builds/worker-63/source:/opt/rustwide/workdir:ro,Z" "-v" "/var/lib/crater-agent-workspace/cargo-home:/opt/rustwide/cargo-home:ro,Z" "-v" "/var/lib/crater-agent-workspace/rustup-home:/opt/rustwide/rustup-home:ro,Z" "-e" "SOURCE_DIR=/opt/rustwide/workdir" "-e" "CARGO_TARGET_DIR=/opt/rustwide/target" "-e" "CARGO_INCREMENTAL=0" "-e" "RUST_BACKTRACE=full" "-e" "RUSTFLAGS=--cap-lints=warn" "-e" "CARGO_HOME=/opt/rustwide/cargo-home" "-e" "RUSTUP_HOME=/opt/rustwide/rustup-home" "-w" "/opt/rustwide/workdir" "-m" "1610612736" "--user" "0:0" "--network" "none" "ghcr.io/rust-lang/crates-build-env/linux@sha256:34b6a614d2c27851fe6cbf88fbd1137609cefab8b10d0615aaeb6fd47975d74e" "/opt/rustwide/cargo-home/bin/cargo" "+beta-2021-08-01" "test" "--frozen" "--no-run" "--message-format=json", kill_on_drop: false }`
[INFO] [stdout] 558c6d0dc46c0229ffcde24f143528acec19af93ca9a454a464012523d9447fe
[INFO] running `Command { std: "docker" "start" "-a" "558c6d0dc46c0229ffcde24f143528acec19af93ca9a454a464012523d9447fe", kill_on_drop: false }`
[INFO] [stderr]     Blocking waiting for file lock on package cache
[INFO] [stderr]    Compiling wasmer-cache-asml-fork v1.0.2 (/opt/rustwide/workdir)
[INFO] [stderr]     Finished test [unoptimized + debuginfo] target(s) in 3.72s
[INFO] running `Command { std: "docker" "inspect" "558c6d0dc46c0229ffcde24f143528acec19af93ca9a454a464012523d9447fe", kill_on_drop: false }`
[INFO] running `Command { std: "docker" "rm" "-f" "558c6d0dc46c0229ffcde24f143528acec19af93ca9a454a464012523d9447fe", kill_on_drop: false }`
[INFO] [stdout] 558c6d0dc46c0229ffcde24f143528acec19af93ca9a454a464012523d9447fe
[INFO] running `Command { std: "docker" "create" "-v" "/var/lib/crater-agent-workspace/builds/worker-63/target:/opt/rustwide/target:rw,Z" "-v" "/var/lib/crater-agent-workspace/builds/worker-63/source:/opt/rustwide/workdir:ro,Z" "-v" "/var/lib/crater-agent-workspace/cargo-home:/opt/rustwide/cargo-home:ro,Z" "-v" "/var/lib/crater-agent-workspace/rustup-home:/opt/rustwide/rustup-home:ro,Z" "-e" "SOURCE_DIR=/opt/rustwide/workdir" "-e" "CARGO_TARGET_DIR=/opt/rustwide/target" "-e" "CARGO_INCREMENTAL=0" "-e" "RUST_BACKTRACE=full" "-e" "RUSTFLAGS=--cap-lints=warn" "-e" "CARGO_HOME=/opt/rustwide/cargo-home" "-e" "RUSTUP_HOME=/opt/rustwide/rustup-home" "-w" "/opt/rustwide/workdir" "-m" "1610612736" "--user" "0:0" "--network" "none" "ghcr.io/rust-lang/crates-build-env/linux@sha256:34b6a614d2c27851fe6cbf88fbd1137609cefab8b10d0615aaeb6fd47975d74e" "/opt/rustwide/cargo-home/bin/cargo" "+beta-2021-08-01" "test" "--frozen", kill_on_drop: false }`
[INFO] [stdout] 5cd2d5edae2fa925c40e676a5f290f378ebf7940b090f647a1ede0028193a4df
[INFO] running `Command { std: "docker" "start" "-a" "5cd2d5edae2fa925c40e676a5f290f378ebf7940b090f647a1ede0028193a4df", kill_on_drop: false }`
[INFO] [stderr]     Finished test [unoptimized + debuginfo] target(s) in 0.08s
[INFO] [stderr]      Running unittests (/opt/rustwide/target/debug/deps/wasmer_cache_asml_fork-5100c9d43cd60a2a)
[INFO] [stdout] 
[INFO] [stdout] running 1 test
[INFO] [stdout] test hash::tests::hash_to_array_works ... ok
[INFO] [stdout] 
[INFO] [stdout] test result: ok. 1 passed; 0 failed; 0 ignored; 0 measured; 0 filtered out; finished in 0.00s
[INFO] [stdout] 
[INFO] [stderr]    Doc-tests wasmer-cache-asml-fork
[INFO] [stdout] 
[INFO] [stdout] running 1 test
[INFO] [stdout] test src/filesystem.rs - filesystem::FileSystemCache (line 15) ... FAILED
[INFO] [stdout] 
[INFO] [stdout] failures:
[INFO] [stdout] 
[INFO] [stdout] ---- src/filesystem.rs - filesystem::FileSystemCache (line 15) stdout ----
[INFO] [stdout] error[E0432]: unresolved import `wasmer_cache`
[INFO] [stdout]  --> src/filesystem.rs:17:5
[INFO] [stdout]   |
[INFO] [stdout] 4 | use wasmer_cache::{Cache, FileSystemCache, Hash};
[INFO] [stdout]   |     ^^^^^^^^^^^^ use of undeclared crate or module `wasmer_cache`
[INFO] [stdout] 
[INFO] [stdout] error: aborting due to previous error
[INFO] [stdout] 
[INFO] [stdout] For more information about this error, try `rustc --explain E0432`.
[INFO] [stdout] Couldn't compile the test.
[INFO] [stdout] 
[INFO] [stdout] failures:
[INFO] [stdout]     src/filesystem.rs - filesystem::FileSystemCache (line 15)
[INFO] [stdout] 
[INFO] [stdout] test result: FAILED. 0 passed; 1 failed; 0 ignored; 0 measured; 0 filtered out; finished in 0.11s
[INFO] [stdout] 
[INFO] [stderr] error: test failed, to rerun pass '--doc'
[INFO] running `Command { std: "docker" "inspect" "5cd2d5edae2fa925c40e676a5f290f378ebf7940b090f647a1ede0028193a4df", kill_on_drop: false }`
[INFO] running `Command { std: "docker" "rm" "-f" "5cd2d5edae2fa925c40e676a5f290f378ebf7940b090f647a1ede0028193a4df", kill_on_drop: false }`
[INFO] [stdout] 5cd2d5edae2fa925c40e676a5f290f378ebf7940b090f647a1ede0028193a4df
