[INFO] fetching crate wasmcloud-actor-http-server 0.1.2...
[INFO] testing wasmcloud-actor-http-server-0.1.2 against 1.54.0 for beta-1.55-1
[INFO] extracting crate wasmcloud-actor-http-server 0.1.2 into /workspace/builds/worker-27/source
[INFO] validating manifest of crates.io crate wasmcloud-actor-http-server 0.1.2 on toolchain 1.54.0
[INFO] running `Command { std: "/workspace/cargo-home/bin/cargo" "+1.54.0" "metadata" "--manifest-path" "Cargo.toml" "--no-deps", kill_on_drop: false }`
[INFO] started tweaking crates.io crate wasmcloud-actor-http-server 0.1.2
[INFO] finished tweaking crates.io crate wasmcloud-actor-http-server 0.1.2
[INFO] tweaked toml for crates.io crate wasmcloud-actor-http-server 0.1.2 written to /workspace/builds/worker-27/source/Cargo.toml
[INFO] running `Command { std: "/workspace/cargo-home/bin/cargo" "+1.54.0" "generate-lockfile" "--manifest-path" "Cargo.toml" "-Zno-index-update", kill_on_drop: false }`
[INFO] [stderr]     Blocking waiting for file lock on package cache
[INFO] running `Command { std: "/workspace/cargo-home/bin/cargo" "+1.54.0" "fetch" "--manifest-path" "Cargo.toml", kill_on_drop: false }`
[INFO] [stderr]     Blocking waiting for file lock on package cache
[INFO] running `Command { std: "docker" "create" "-v" "/var/lib/crater-agent-workspace/builds/worker-27/target:/opt/rustwide/target:rw,Z" "-v" "/var/lib/crater-agent-workspace/builds/worker-27/source:/opt/rustwide/workdir:ro,Z" "-v" "/var/lib/crater-agent-workspace/cargo-home:/opt/rustwide/cargo-home:ro,Z" "-v" "/var/lib/crater-agent-workspace/rustup-home:/opt/rustwide/rustup-home:ro,Z" "-e" "SOURCE_DIR=/opt/rustwide/workdir" "-e" "CARGO_TARGET_DIR=/opt/rustwide/target" "-e" "CARGO_HOME=/opt/rustwide/cargo-home" "-e" "RUSTUP_HOME=/opt/rustwide/rustup-home" "-w" "/opt/rustwide/workdir" "-m" "1610612736" "--user" "0:0" "--network" "none" "ghcr.io/rust-lang/crates-build-env/linux@sha256:34b6a614d2c27851fe6cbf88fbd1137609cefab8b10d0615aaeb6fd47975d74e" "/opt/rustwide/cargo-home/bin/cargo" "+1.54.0" "metadata" "--no-deps" "--format-version=1", kill_on_drop: false }`
[INFO] [stdout] 80ab82733ed101233a650f60fee6387fc272312adb8fd64464278b0ac46871a5
[INFO] running `Command { std: "docker" "start" "-a" "80ab82733ed101233a650f60fee6387fc272312adb8fd64464278b0ac46871a5", kill_on_drop: false }`
[INFO] running `Command { std: "docker" "inspect" "80ab82733ed101233a650f60fee6387fc272312adb8fd64464278b0ac46871a5", kill_on_drop: false }`
[INFO] running `Command { std: "docker" "rm" "-f" "80ab82733ed101233a650f60fee6387fc272312adb8fd64464278b0ac46871a5", kill_on_drop: false }`
[INFO] [stdout] 80ab82733ed101233a650f60fee6387fc272312adb8fd64464278b0ac46871a5
[INFO] running `Command { std: "docker" "create" "-v" "/var/lib/crater-agent-workspace/builds/worker-27/target:/opt/rustwide/target:rw,Z" "-v" "/var/lib/crater-agent-workspace/builds/worker-27/source:/opt/rustwide/workdir:ro,Z" "-v" "/var/lib/crater-agent-workspace/cargo-home:/opt/rustwide/cargo-home:ro,Z" "-v" "/var/lib/crater-agent-workspace/rustup-home:/opt/rustwide/rustup-home:ro,Z" "-e" "SOURCE_DIR=/opt/rustwide/workdir" "-e" "CARGO_TARGET_DIR=/opt/rustwide/target" "-e" "CARGO_INCREMENTAL=0" "-e" "RUST_BACKTRACE=full" "-e" "RUSTFLAGS=--cap-lints=warn" "-e" "CARGO_HOME=/opt/rustwide/cargo-home" "-e" "RUSTUP_HOME=/opt/rustwide/rustup-home" "-w" "/opt/rustwide/workdir" "-m" "1610612736" "--user" "0:0" "--network" "none" "ghcr.io/rust-lang/crates-build-env/linux@sha256:34b6a614d2c27851fe6cbf88fbd1137609cefab8b10d0615aaeb6fd47975d74e" "/opt/rustwide/cargo-home/bin/cargo" "+1.54.0" "build" "--frozen" "--message-format=json", kill_on_drop: false }`
[INFO] [stdout] 9c3c10e30368eb3abb3096645a9e6ac7adff1d55ff1a0ba218fe96f41a42d381
[INFO] running `Command { std: "docker" "start" "-a" "9c3c10e30368eb3abb3096645a9e6ac7adff1d55ff1a0ba218fe96f41a42d381", kill_on_drop: false }`
[INFO] [stderr]    Compiling syn v1.0.74
[INFO] [stderr]    Compiling serde v1.0.127
[INFO] [stderr]    Compiling serde_json v1.0.66
[INFO] [stderr]    Compiling rmp v0.8.10
[INFO] [stderr]    Compiling serde_derive v1.0.127
[INFO] [stderr]    Compiling serde_bytes v0.11.5
[INFO] [stderr]    Compiling rmp-serde v0.15.5
[INFO] [stderr]    Compiling wasmcloud-actor-http-server v0.1.2 (/opt/rustwide/workdir)
[INFO] [stderr]     Finished dev [unoptimized + debuginfo] target(s) in 26.80s
[INFO] running `Command { std: "docker" "inspect" "9c3c10e30368eb3abb3096645a9e6ac7adff1d55ff1a0ba218fe96f41a42d381", kill_on_drop: false }`
[INFO] running `Command { std: "docker" "rm" "-f" "9c3c10e30368eb3abb3096645a9e6ac7adff1d55ff1a0ba218fe96f41a42d381", kill_on_drop: false }`
[INFO] [stdout] 9c3c10e30368eb3abb3096645a9e6ac7adff1d55ff1a0ba218fe96f41a42d381
[INFO] running `Command { std: "docker" "create" "-v" "/var/lib/crater-agent-workspace/builds/worker-27/target:/opt/rustwide/target:rw,Z" "-v" "/var/lib/crater-agent-workspace/builds/worker-27/source:/opt/rustwide/workdir:ro,Z" "-v" "/var/lib/crater-agent-workspace/cargo-home:/opt/rustwide/cargo-home:ro,Z" "-v" "/var/lib/crater-agent-workspace/rustup-home:/opt/rustwide/rustup-home:ro,Z" "-e" "SOURCE_DIR=/opt/rustwide/workdir" "-e" "CARGO_TARGET_DIR=/opt/rustwide/target" "-e" "CARGO_INCREMENTAL=0" "-e" "RUST_BACKTRACE=full" "-e" "RUSTFLAGS=--cap-lints=warn" "-e" "CARGO_HOME=/opt/rustwide/cargo-home" "-e" "RUSTUP_HOME=/opt/rustwide/rustup-home" "-w" "/opt/rustwide/workdir" "-m" "1610612736" "--user" "0:0" "--network" "none" "ghcr.io/rust-lang/crates-build-env/linux@sha256:34b6a614d2c27851fe6cbf88fbd1137609cefab8b10d0615aaeb6fd47975d74e" "/opt/rustwide/cargo-home/bin/cargo" "+1.54.0" "test" "--frozen" "--no-run" "--message-format=json", kill_on_drop: false }`
[INFO] [stdout] a2595b7b6bf0c70f26deae109918c0d6393727d2f658f7fe471c51b51b48a624
[INFO] running `Command { std: "docker" "start" "-a" "a2595b7b6bf0c70f26deae109918c0d6393727d2f658f7fe471c51b51b48a624", kill_on_drop: false }`
[INFO] [stderr]    Compiling log v0.4.14
[INFO] [stderr]    Compiling wapc-guest v0.4.0
[INFO] [stderr]    Compiling wasmcloud-actor-core-derive v0.1.0
[INFO] [stderr]    Compiling wasmcloud-actor-core v0.2.3
[INFO] [stderr]    Compiling wasmcloud-actor-http-server v0.1.2 (/opt/rustwide/workdir)
[INFO] [stderr]     Finished test [unoptimized + debuginfo] target(s) in 2.90s
[INFO] running `Command { std: "docker" "inspect" "a2595b7b6bf0c70f26deae109918c0d6393727d2f658f7fe471c51b51b48a624", kill_on_drop: false }`
[INFO] running `Command { std: "docker" "rm" "-f" "a2595b7b6bf0c70f26deae109918c0d6393727d2f658f7fe471c51b51b48a624", kill_on_drop: false }`
[INFO] [stdout] a2595b7b6bf0c70f26deae109918c0d6393727d2f658f7fe471c51b51b48a624
[INFO] running `Command { std: "docker" "create" "-v" "/var/lib/crater-agent-workspace/builds/worker-27/target:/opt/rustwide/target:rw,Z" "-v" "/var/lib/crater-agent-workspace/builds/worker-27/source:/opt/rustwide/workdir:ro,Z" "-v" "/var/lib/crater-agent-workspace/cargo-home:/opt/rustwide/cargo-home:ro,Z" "-v" "/var/lib/crater-agent-workspace/rustup-home:/opt/rustwide/rustup-home:ro,Z" "-e" "SOURCE_DIR=/opt/rustwide/workdir" "-e" "CARGO_TARGET_DIR=/opt/rustwide/target" "-e" "CARGO_INCREMENTAL=0" "-e" "RUST_BACKTRACE=full" "-e" "RUSTFLAGS=--cap-lints=warn" "-e" "CARGO_HOME=/opt/rustwide/cargo-home" "-e" "RUSTUP_HOME=/opt/rustwide/rustup-home" "-w" "/opt/rustwide/workdir" "-m" "1610612736" "--user" "0:0" "--network" "none" "ghcr.io/rust-lang/crates-build-env/linux@sha256:34b6a614d2c27851fe6cbf88fbd1137609cefab8b10d0615aaeb6fd47975d74e" "/opt/rustwide/cargo-home/bin/cargo" "+1.54.0" "test" "--frozen", kill_on_drop: false }`
[INFO] [stdout] 3fd433fd3bf27ed475d008bd60be886e469b099748c77dcee543a99243601106
[INFO] running `Command { std: "docker" "start" "-a" "3fd433fd3bf27ed475d008bd60be886e469b099748c77dcee543a99243601106", kill_on_drop: false }`
[INFO] [stderr]     Finished test [unoptimized + debuginfo] target(s) in 0.07s
[INFO] [stderr]      Running unittests (/opt/rustwide/target/debug/deps/wasmcloud_actor_http_server-d0290f9cf3e1a466)
[INFO] [stdout] 
[INFO] [stdout] running 0 tests
[INFO] [stdout] 
[INFO] [stdout] test result: ok. 0 passed; 0 failed; 0 ignored; 0 measured; 0 filtered out; finished in 0.00s
[INFO] [stdout] 
[INFO] [stderr]    Doc-tests wasmcloud-actor-http-server
[INFO] [stdout] 
[INFO] [stdout] running 1 test
[INFO] [stdout] test src/lib.rs - (line 12) ... FAILED
[INFO] [stdout] 
[INFO] [stdout] failures:
[INFO] [stdout] 
[INFO] [stdout] ---- src/lib.rs - (line 12) stdout ----
[INFO] [stdout] error[E0432]: unresolved import `http::Handlers`
[INFO] [stdout]  --> src/lib.rs:16:31
[INFO] [stdout]   |
[INFO] [stdout] 7 | use http::{Request, Response, Handlers, Method};
[INFO] [stdout]   |                               ^^^^^^^^ no `Handlers` in the root
[INFO] [stdout] 
[INFO] [stdout] error[E0432]: unresolved import `wapc_guest`
[INFO] [stdout]  --> src/lib.rs:15:5
[INFO] [stdout]   |
[INFO] [stdout] 6 | use wapc_guest::HandlerResult;
[INFO] [stdout]   |     ^^^^^^^^^^ use of undeclared crate or module `wapc_guest`
[INFO] [stdout] 
[INFO] [stdout] error[E0433]: failed to resolve: use of undeclared crate or module `wapc_guest`
[INFO] [stdout]  --> src/lib.rs:18:1
[INFO] [stdout]   |
[INFO] [stdout] 9 | #[actor::init]
[INFO] [stdout]   | ^^^^^^^^^^^^^^ use of undeclared crate or module `wapc_guest`
[INFO] [stdout]   |
[INFO] [stdout]   = note: this error originates in the attribute macro `actor::init` (in Nightly builds, run with -Z macro-backtrace for more info)
[INFO] [stdout] 
[INFO] [stdout] error[E0433]: failed to resolve: could not find `Handlers` in `http`
[INFO] [stdout]   --> src/lib.rs:20:11
[INFO] [stdout]    |
[INFO] [stdout] 11 |     http::Handlers::register_handle_request(req_handler);
[INFO] [stdout]    |           ^^^^^^^^ not found in `http`
[INFO] [stdout]    |
[INFO] [stdout] help: consider importing this struct
[INFO] [stdout]    |
[INFO] [stdout] 3  | use wasmcloud_actor_core::Handlers;
[INFO] [stdout]    |
[INFO] [stdout] 
[INFO] [stdout] error: aborting due to 4 previous errors
[INFO] [stdout] 
[INFO] [stdout] Some errors have detailed explanations: E0432, E0433.
[INFO] [stdout] For more information about an error, try `rustc --explain E0432`.
[INFO] [stdout] Couldn't compile the test.
[INFO] [stdout] 
[INFO] [stdout] failures:
[INFO] [stdout]     src/lib.rs - (line 12)
[INFO] [stdout] 
[INFO] [stdout] test result: FAILED. 0 passed; 1 failed; 0 ignored; 0 measured; 0 filtered out; finished in 0.12s
[INFO] [stdout] 
[INFO] [stderr] error: test failed, to rerun pass '--doc'
[INFO] running `Command { std: "docker" "inspect" "3fd433fd3bf27ed475d008bd60be886e469b099748c77dcee543a99243601106", kill_on_drop: false }`
[INFO] running `Command { std: "docker" "rm" "-f" "3fd433fd3bf27ed475d008bd60be886e469b099748c77dcee543a99243601106", kill_on_drop: false }`
[INFO] [stdout] 3fd433fd3bf27ed475d008bd60be886e469b099748c77dcee543a99243601106
