[INFO] fetching crate wasmcloud-actor-http-client 0.2.1...
[INFO] testing wasmcloud-actor-http-client-0.2.1 against beta-2021-08-01 for beta-1.55-1
[INFO] extracting crate wasmcloud-actor-http-client 0.2.1 into /workspace/builds/worker-20/source
[INFO] validating manifest of crates.io crate wasmcloud-actor-http-client 0.2.1 on toolchain beta-2021-08-01
[INFO] running `Command { std: "/workspace/cargo-home/bin/cargo" "+beta-2021-08-01" "metadata" "--manifest-path" "Cargo.toml" "--no-deps", kill_on_drop: false }`
[INFO] started tweaking crates.io crate wasmcloud-actor-http-client 0.2.1
[INFO] finished tweaking crates.io crate wasmcloud-actor-http-client 0.2.1
[INFO] tweaked toml for crates.io crate wasmcloud-actor-http-client 0.2.1 written to /workspace/builds/worker-20/source/Cargo.toml
[INFO] running `Command { std: "/workspace/cargo-home/bin/cargo" "+beta-2021-08-01" "generate-lockfile" "--manifest-path" "Cargo.toml" "-Zno-index-update", kill_on_drop: false }`
[INFO] [stderr]     Blocking waiting for file lock on package cache
[INFO] running `Command { std: "/workspace/cargo-home/bin/cargo" "+beta-2021-08-01" "fetch" "--manifest-path" "Cargo.toml", kill_on_drop: false }`
[INFO] [stderr]     Blocking waiting for file lock on package cache
[INFO] [stderr]     Blocking waiting for file lock on package cache
[INFO] running `Command { std: "docker" "create" "-v" "/var/lib/crater-agent-workspace/builds/worker-20/target:/opt/rustwide/target:rw,Z" "-v" "/var/lib/crater-agent-workspace/builds/worker-20/source:/opt/rustwide/workdir:ro,Z" "-v" "/var/lib/crater-agent-workspace/cargo-home:/opt/rustwide/cargo-home:ro,Z" "-v" "/var/lib/crater-agent-workspace/rustup-home:/opt/rustwide/rustup-home:ro,Z" "-e" "SOURCE_DIR=/opt/rustwide/workdir" "-e" "CARGO_TARGET_DIR=/opt/rustwide/target" "-e" "CARGO_HOME=/opt/rustwide/cargo-home" "-e" "RUSTUP_HOME=/opt/rustwide/rustup-home" "-w" "/opt/rustwide/workdir" "-m" "1610612736" "--user" "0:0" "--network" "none" "ghcr.io/rust-lang/crates-build-env/linux@sha256:34b6a614d2c27851fe6cbf88fbd1137609cefab8b10d0615aaeb6fd47975d74e" "/opt/rustwide/cargo-home/bin/cargo" "+beta-2021-08-01" "metadata" "--no-deps" "--format-version=1", kill_on_drop: false }`
[INFO] [stdout] ce92dfcea0745d57f6f26e6c06eb709ce26925170d1d92ba8448e04227e0dbfe
[INFO] running `Command { std: "docker" "start" "-a" "ce92dfcea0745d57f6f26e6c06eb709ce26925170d1d92ba8448e04227e0dbfe", kill_on_drop: false }`
[INFO] running `Command { std: "docker" "inspect" "ce92dfcea0745d57f6f26e6c06eb709ce26925170d1d92ba8448e04227e0dbfe", kill_on_drop: false }`
[INFO] running `Command { std: "docker" "rm" "-f" "ce92dfcea0745d57f6f26e6c06eb709ce26925170d1d92ba8448e04227e0dbfe", kill_on_drop: false }`
[INFO] [stdout] ce92dfcea0745d57f6f26e6c06eb709ce26925170d1d92ba8448e04227e0dbfe
[INFO] running `Command { std: "docker" "create" "-v" "/var/lib/crater-agent-workspace/builds/worker-20/target:/opt/rustwide/target:rw,Z" "-v" "/var/lib/crater-agent-workspace/builds/worker-20/source:/opt/rustwide/workdir:ro,Z" "-v" "/var/lib/crater-agent-workspace/cargo-home:/opt/rustwide/cargo-home:ro,Z" "-v" "/var/lib/crater-agent-workspace/rustup-home:/opt/rustwide/rustup-home:ro,Z" "-e" "SOURCE_DIR=/opt/rustwide/workdir" "-e" "CARGO_TARGET_DIR=/opt/rustwide/target" "-e" "CARGO_INCREMENTAL=0" "-e" "RUST_BACKTRACE=full" "-e" "RUSTFLAGS=--cap-lints=warn" "-e" "CARGO_HOME=/opt/rustwide/cargo-home" "-e" "RUSTUP_HOME=/opt/rustwide/rustup-home" "-w" "/opt/rustwide/workdir" "-m" "1610612736" "--user" "0:0" "--network" "none" "ghcr.io/rust-lang/crates-build-env/linux@sha256:34b6a614d2c27851fe6cbf88fbd1137609cefab8b10d0615aaeb6fd47975d74e" "/opt/rustwide/cargo-home/bin/cargo" "+beta-2021-08-01" "build" "--frozen" "--message-format=json", kill_on_drop: false }`
[INFO] [stdout] 4e81123ee8da0a38ba663292c52da96dff65f51c94f7a75659282a06722e89e1
[INFO] running `Command { std: "docker" "start" "-a" "4e81123ee8da0a38ba663292c52da96dff65f51c94f7a75659282a06722e89e1", kill_on_drop: false }`
[INFO] [stderr]    Compiling syn v1.0.74
[INFO] [stderr]    Compiling serde v1.0.127
[INFO] [stderr]    Compiling byteorder v1.4.3
[INFO] [stderr]    Compiling rmp v0.8.10
[INFO] [stderr]    Compiling serde_derive v1.0.127
[INFO] [stderr]    Compiling rmp-serde v0.15.5
[INFO] [stderr]    Compiling serde_bytes v0.11.5
[INFO] [stderr]    Compiling wasmcloud-actor-http-client v0.2.1 (/opt/rustwide/workdir)
[INFO] [stderr]     Finished dev [unoptimized + debuginfo] target(s) in 25.70s
[INFO] running `Command { std: "docker" "inspect" "4e81123ee8da0a38ba663292c52da96dff65f51c94f7a75659282a06722e89e1", kill_on_drop: false }`
[INFO] running `Command { std: "docker" "rm" "-f" "4e81123ee8da0a38ba663292c52da96dff65f51c94f7a75659282a06722e89e1", kill_on_drop: false }`
[INFO] [stdout] 4e81123ee8da0a38ba663292c52da96dff65f51c94f7a75659282a06722e89e1
[INFO] running `Command { std: "docker" "create" "-v" "/var/lib/crater-agent-workspace/builds/worker-20/target:/opt/rustwide/target:rw,Z" "-v" "/var/lib/crater-agent-workspace/builds/worker-20/source:/opt/rustwide/workdir:ro,Z" "-v" "/var/lib/crater-agent-workspace/cargo-home:/opt/rustwide/cargo-home:ro,Z" "-v" "/var/lib/crater-agent-workspace/rustup-home:/opt/rustwide/rustup-home:ro,Z" "-e" "SOURCE_DIR=/opt/rustwide/workdir" "-e" "CARGO_TARGET_DIR=/opt/rustwide/target" "-e" "CARGO_INCREMENTAL=0" "-e" "RUST_BACKTRACE=full" "-e" "RUSTFLAGS=--cap-lints=warn" "-e" "CARGO_HOME=/opt/rustwide/cargo-home" "-e" "RUSTUP_HOME=/opt/rustwide/rustup-home" "-w" "/opt/rustwide/workdir" "-m" "1610612736" "--user" "0:0" "--network" "none" "ghcr.io/rust-lang/crates-build-env/linux@sha256:34b6a614d2c27851fe6cbf88fbd1137609cefab8b10d0615aaeb6fd47975d74e" "/opt/rustwide/cargo-home/bin/cargo" "+beta-2021-08-01" "test" "--frozen" "--no-run" "--message-format=json", kill_on_drop: false }`
[INFO] [stdout] 491ec6916417ff401de1e482493fea81c0657e8ee70bd605f58c810808e9db19
[INFO] running `Command { std: "docker" "start" "-a" "491ec6916417ff401de1e482493fea81c0657e8ee70bd605f58c810808e9db19", kill_on_drop: false }`
[INFO] [stderr]     Blocking waiting for file lock on package cache
[INFO] [stderr]    Compiling version_check v0.9.3
[INFO] [stderr]    Compiling libc v0.2.98
[INFO] [stderr]    Compiling log v0.4.14
[INFO] [stderr]    Compiling base64 v0.13.0
[INFO] [stderr]    Compiling heck v0.3.3
[INFO] [stderr]    Compiling textwrap v0.11.0
[INFO] [stderr]    Compiling wapc-guest v0.4.0
[INFO] [stderr]    Compiling wasmcloud-actor-core-derive v0.1.0
[INFO] [stderr]    Compiling serde_json v1.0.66
[INFO] [stderr]    Compiling proc-macro-error-attr v1.0.4
[INFO] [stderr]    Compiling proc-macro-error v1.0.4
[INFO] [stderr]    Compiling wasmcloud-actor-core v0.2.3
[INFO] [stderr]    Compiling wasmcloud-actor-http-server v0.1.2
[INFO] [stderr]    Compiling atty v0.2.14
[INFO] [stderr]    Compiling clap v2.33.3
[INFO] [stderr]    Compiling structopt-derive v0.4.15
[INFO] [stderr]    Compiling structopt v0.3.22
[INFO] [stderr]    Compiling wasmcloud-actor-http-client v0.2.1 (/opt/rustwide/workdir)
[INFO] [stderr]     Finished test [unoptimized + debuginfo] target(s) in 6.95s
[INFO] running `Command { std: "docker" "inspect" "491ec6916417ff401de1e482493fea81c0657e8ee70bd605f58c810808e9db19", kill_on_drop: false }`
[INFO] running `Command { std: "docker" "rm" "-f" "491ec6916417ff401de1e482493fea81c0657e8ee70bd605f58c810808e9db19", kill_on_drop: false }`
[INFO] [stdout] 491ec6916417ff401de1e482493fea81c0657e8ee70bd605f58c810808e9db19
[INFO] running `Command { std: "docker" "create" "-v" "/var/lib/crater-agent-workspace/builds/worker-20/target:/opt/rustwide/target:rw,Z" "-v" "/var/lib/crater-agent-workspace/builds/worker-20/source:/opt/rustwide/workdir:ro,Z" "-v" "/var/lib/crater-agent-workspace/cargo-home:/opt/rustwide/cargo-home:ro,Z" "-v" "/var/lib/crater-agent-workspace/rustup-home:/opt/rustwide/rustup-home:ro,Z" "-e" "SOURCE_DIR=/opt/rustwide/workdir" "-e" "CARGO_TARGET_DIR=/opt/rustwide/target" "-e" "CARGO_INCREMENTAL=0" "-e" "RUST_BACKTRACE=full" "-e" "RUSTFLAGS=--cap-lints=warn" "-e" "CARGO_HOME=/opt/rustwide/cargo-home" "-e" "RUSTUP_HOME=/opt/rustwide/rustup-home" "-w" "/opt/rustwide/workdir" "-m" "1610612736" "--user" "0:0" "--network" "none" "ghcr.io/rust-lang/crates-build-env/linux@sha256:34b6a614d2c27851fe6cbf88fbd1137609cefab8b10d0615aaeb6fd47975d74e" "/opt/rustwide/cargo-home/bin/cargo" "+beta-2021-08-01" "test" "--frozen", kill_on_drop: false }`
[INFO] [stdout] dd66d6a042c6d53ec600403a2af4cb52c622592edb28fdabc59e4d481330c183
[INFO] running `Command { std: "docker" "start" "-a" "dd66d6a042c6d53ec600403a2af4cb52c622592edb28fdabc59e4d481330c183", kill_on_drop: false }`
[INFO] [stderr]     Blocking waiting for file lock on package cache
[INFO] [stderr]     Finished test [unoptimized + debuginfo] target(s) in 1.28s
[INFO] [stderr]      Running unittests (/opt/rustwide/target/debug/deps/wasmcloud_actor_http_client-48572c0658dafbcd)
[INFO] [stdout] 
[INFO] [stdout] running 0 tests
[INFO] [stdout] 
[INFO] [stdout] test result: ok. 0 passed; 0 failed; 0 ignored; 0 measured; 0 filtered out; finished in 0.00s
[INFO] [stdout] 
[INFO] [stderr]    Doc-tests wasmcloud-actor-http-client
[INFO] [stdout] 
[INFO] [stdout] running 1 test
[INFO] [stdout] test src/lib.rs - (line 11) ... FAILED
[INFO] [stderr] error: test failed, to rerun pass '--doc'
[INFO] [stdout] 
[INFO] [stdout] failures:
[INFO] [stdout] 
[INFO] [stdout] ---- src/lib.rs - (line 11) stdout ----
[INFO] [stdout] error[E0432]: unresolved import `wapc_guest`
[INFO] [stdout]  --> src/lib.rs:12:5
[INFO] [stdout]   |
[INFO] [stdout] 3 | use wapc_guest::HandlerResult;
[INFO] [stdout]   |     ^^^^^^^^^^ use of undeclared crate or module `wapc_guest`
[INFO] [stdout] 
[INFO] [stdout] error[E0433]: failed to resolve: use of undeclared crate or module `wapc_guest`
[INFO] [stdout]   --> src/lib.rs:19:1
[INFO] [stdout]    |
[INFO] [stdout] 10 | #[actor::init]
[INFO] [stdout]    | ^^^^^^^^^^^^^^ use of undeclared crate or module `wapc_guest`
[INFO] [stdout]    |
[INFO] [stdout]    = note: this error originates in the attribute macro `actor::init` (in Nightly builds, run with -Z macro-backtrace for more info)
[INFO] [stdout] 
[INFO] [stdout] error: aborting due to 2 previous errors
[INFO] [stdout] 
[INFO] [stdout] Some errors have detailed explanations: E0432, E0433.
[INFO] [stdout] For more information about an error, try `rustc --explain E0432`.
[INFO] [stdout] Couldn't compile the test.
[INFO] [stdout] 
[INFO] [stdout] failures:
[INFO] [stdout]     src/lib.rs - (line 11)
[INFO] [stdout] 
[INFO] [stdout] test result: FAILED. 0 passed; 1 failed; 0 ignored; 0 measured; 0 filtered out; finished in 0.17s
[INFO] [stdout] 
[INFO] running `Command { std: "docker" "inspect" "dd66d6a042c6d53ec600403a2af4cb52c622592edb28fdabc59e4d481330c183", kill_on_drop: false }`
[INFO] running `Command { std: "docker" "rm" "-f" "dd66d6a042c6d53ec600403a2af4cb52c622592edb28fdabc59e4d481330c183", kill_on_drop: false }`
[INFO] [stdout] dd66d6a042c6d53ec600403a2af4cb52c622592edb28fdabc59e4d481330c183
