[INFO] fetching crate wasmcloud-actor-core-derive 0.1.0...
[INFO] testing wasmcloud-actor-core-derive-0.1.0 against beta-2021-08-01 for beta-1.55-1
[INFO] extracting crate wasmcloud-actor-core-derive 0.1.0 into /workspace/builds/worker-0/source
[INFO] validating manifest of crates.io crate wasmcloud-actor-core-derive 0.1.0 on toolchain beta-2021-08-01
[INFO] running `Command { std: "/workspace/cargo-home/bin/cargo" "+beta-2021-08-01" "metadata" "--manifest-path" "Cargo.toml" "--no-deps", kill_on_drop: false }`
[INFO] started tweaking crates.io crate wasmcloud-actor-core-derive 0.1.0
[INFO] finished tweaking crates.io crate wasmcloud-actor-core-derive 0.1.0
[INFO] tweaked toml for crates.io crate wasmcloud-actor-core-derive 0.1.0 written to /workspace/builds/worker-0/source/Cargo.toml
[INFO] running `Command { std: "/workspace/cargo-home/bin/cargo" "+beta-2021-08-01" "generate-lockfile" "--manifest-path" "Cargo.toml" "-Zno-index-update", kill_on_drop: false }`
[INFO] running `Command { std: "/workspace/cargo-home/bin/cargo" "+beta-2021-08-01" "fetch" "--manifest-path" "Cargo.toml", kill_on_drop: false }`
[INFO] [stderr]     Blocking waiting for file lock on package cache
[INFO] running `Command { std: "docker" "create" "-v" "/var/lib/crater-agent-workspace/builds/worker-0/target:/opt/rustwide/target:rw,Z" "-v" "/var/lib/crater-agent-workspace/builds/worker-0/source:/opt/rustwide/workdir:ro,Z" "-v" "/var/lib/crater-agent-workspace/cargo-home:/opt/rustwide/cargo-home:ro,Z" "-v" "/var/lib/crater-agent-workspace/rustup-home:/opt/rustwide/rustup-home:ro,Z" "-e" "SOURCE_DIR=/opt/rustwide/workdir" "-e" "CARGO_TARGET_DIR=/opt/rustwide/target" "-e" "CARGO_HOME=/opt/rustwide/cargo-home" "-e" "RUSTUP_HOME=/opt/rustwide/rustup-home" "-w" "/opt/rustwide/workdir" "-m" "1610612736" "--user" "0:0" "--network" "none" "ghcr.io/rust-lang/crates-build-env/linux@sha256:34b6a614d2c27851fe6cbf88fbd1137609cefab8b10d0615aaeb6fd47975d74e" "/opt/rustwide/cargo-home/bin/cargo" "+beta-2021-08-01" "metadata" "--no-deps" "--format-version=1", kill_on_drop: false }`
[INFO] [stdout] f7bb093c5ea13827e74f6322d8bbe11634303a5f464bc4465a8a047a02a7fc29
[INFO] running `Command { std: "docker" "start" "-a" "f7bb093c5ea13827e74f6322d8bbe11634303a5f464bc4465a8a047a02a7fc29", kill_on_drop: false }`
[INFO] running `Command { std: "docker" "inspect" "f7bb093c5ea13827e74f6322d8bbe11634303a5f464bc4465a8a047a02a7fc29", kill_on_drop: false }`
[INFO] running `Command { std: "docker" "rm" "-f" "f7bb093c5ea13827e74f6322d8bbe11634303a5f464bc4465a8a047a02a7fc29", kill_on_drop: false }`
[INFO] [stdout] f7bb093c5ea13827e74f6322d8bbe11634303a5f464bc4465a8a047a02a7fc29
[INFO] running `Command { std: "docker" "create" "-v" "/var/lib/crater-agent-workspace/builds/worker-0/target:/opt/rustwide/target:rw,Z" "-v" "/var/lib/crater-agent-workspace/builds/worker-0/source:/opt/rustwide/workdir:ro,Z" "-v" "/var/lib/crater-agent-workspace/cargo-home:/opt/rustwide/cargo-home:ro,Z" "-v" "/var/lib/crater-agent-workspace/rustup-home:/opt/rustwide/rustup-home:ro,Z" "-e" "SOURCE_DIR=/opt/rustwide/workdir" "-e" "CARGO_TARGET_DIR=/opt/rustwide/target" "-e" "CARGO_INCREMENTAL=0" "-e" "RUST_BACKTRACE=full" "-e" "RUSTFLAGS=--cap-lints=warn" "-e" "CARGO_HOME=/opt/rustwide/cargo-home" "-e" "RUSTUP_HOME=/opt/rustwide/rustup-home" "-w" "/opt/rustwide/workdir" "-m" "1610612736" "--user" "0:0" "--network" "none" "ghcr.io/rust-lang/crates-build-env/linux@sha256:34b6a614d2c27851fe6cbf88fbd1137609cefab8b10d0615aaeb6fd47975d74e" "/opt/rustwide/cargo-home/bin/cargo" "+beta-2021-08-01" "build" "--frozen" "--message-format=json", kill_on_drop: false }`
[INFO] [stdout] b5716f31337b0ba4fa026b77e79240af4e5227b4024d7b215a8e46feef0e5145
[INFO] running `Command { std: "docker" "start" "-a" "b5716f31337b0ba4fa026b77e79240af4e5227b4024d7b215a8e46feef0e5145", kill_on_drop: false }`
[INFO] [stderr]    Compiling syn v1.0.74
[INFO] [stderr]    Compiling wasmcloud-actor-core-derive v0.1.0 (/opt/rustwide/workdir)
[INFO] [stderr]     Finished dev [unoptimized + debuginfo] target(s) in 13.59s
[INFO] running `Command { std: "docker" "inspect" "b5716f31337b0ba4fa026b77e79240af4e5227b4024d7b215a8e46feef0e5145", kill_on_drop: false }`
[INFO] running `Command { std: "docker" "rm" "-f" "b5716f31337b0ba4fa026b77e79240af4e5227b4024d7b215a8e46feef0e5145", kill_on_drop: false }`
[INFO] [stdout] b5716f31337b0ba4fa026b77e79240af4e5227b4024d7b215a8e46feef0e5145
[INFO] running `Command { std: "docker" "create" "-v" "/var/lib/crater-agent-workspace/builds/worker-0/target:/opt/rustwide/target:rw,Z" "-v" "/var/lib/crater-agent-workspace/builds/worker-0/source:/opt/rustwide/workdir:ro,Z" "-v" "/var/lib/crater-agent-workspace/cargo-home:/opt/rustwide/cargo-home:ro,Z" "-v" "/var/lib/crater-agent-workspace/rustup-home:/opt/rustwide/rustup-home:ro,Z" "-e" "SOURCE_DIR=/opt/rustwide/workdir" "-e" "CARGO_TARGET_DIR=/opt/rustwide/target" "-e" "CARGO_INCREMENTAL=0" "-e" "RUST_BACKTRACE=full" "-e" "RUSTFLAGS=--cap-lints=warn" "-e" "CARGO_HOME=/opt/rustwide/cargo-home" "-e" "RUSTUP_HOME=/opt/rustwide/rustup-home" "-w" "/opt/rustwide/workdir" "-m" "1610612736" "--user" "0:0" "--network" "none" "ghcr.io/rust-lang/crates-build-env/linux@sha256:34b6a614d2c27851fe6cbf88fbd1137609cefab8b10d0615aaeb6fd47975d74e" "/opt/rustwide/cargo-home/bin/cargo" "+beta-2021-08-01" "test" "--frozen" "--no-run" "--message-format=json", kill_on_drop: false }`
[INFO] [stdout] a16277cc603154f8b5ea5a62145d052e4e8398d5ab37f871d92b9a9d6fc59b25
[INFO] running `Command { std: "docker" "start" "-a" "a16277cc603154f8b5ea5a62145d052e4e8398d5ab37f871d92b9a9d6fc59b25", kill_on_drop: false }`
[INFO] [stderr]    Compiling wasmcloud-actor-core-derive v0.1.0 (/opt/rustwide/workdir)
[INFO] [stderr]     Finished test [unoptimized + debuginfo] target(s) in 0.42s
[INFO] running `Command { std: "docker" "inspect" "a16277cc603154f8b5ea5a62145d052e4e8398d5ab37f871d92b9a9d6fc59b25", kill_on_drop: false }`
[INFO] running `Command { std: "docker" "rm" "-f" "a16277cc603154f8b5ea5a62145d052e4e8398d5ab37f871d92b9a9d6fc59b25", kill_on_drop: false }`
[INFO] [stdout] a16277cc603154f8b5ea5a62145d052e4e8398d5ab37f871d92b9a9d6fc59b25
[INFO] running `Command { std: "docker" "create" "-v" "/var/lib/crater-agent-workspace/builds/worker-0/target:/opt/rustwide/target:rw,Z" "-v" "/var/lib/crater-agent-workspace/builds/worker-0/source:/opt/rustwide/workdir:ro,Z" "-v" "/var/lib/crater-agent-workspace/cargo-home:/opt/rustwide/cargo-home:ro,Z" "-v" "/var/lib/crater-agent-workspace/rustup-home:/opt/rustwide/rustup-home:ro,Z" "-e" "SOURCE_DIR=/opt/rustwide/workdir" "-e" "CARGO_TARGET_DIR=/opt/rustwide/target" "-e" "CARGO_INCREMENTAL=0" "-e" "RUST_BACKTRACE=full" "-e" "RUSTFLAGS=--cap-lints=warn" "-e" "CARGO_HOME=/opt/rustwide/cargo-home" "-e" "RUSTUP_HOME=/opt/rustwide/rustup-home" "-w" "/opt/rustwide/workdir" "-m" "1610612736" "--user" "0:0" "--network" "none" "ghcr.io/rust-lang/crates-build-env/linux@sha256:34b6a614d2c27851fe6cbf88fbd1137609cefab8b10d0615aaeb6fd47975d74e" "/opt/rustwide/cargo-home/bin/cargo" "+beta-2021-08-01" "test" "--frozen", kill_on_drop: false }`
[INFO] [stdout] a8fb29630b93b69dff0eb379ef7feb3438f7bfbb86655c8a9ae072a5efd0d5e9
[INFO] running `Command { std: "docker" "start" "-a" "a8fb29630b93b69dff0eb379ef7feb3438f7bfbb86655c8a9ae072a5efd0d5e9", kill_on_drop: false }`
[INFO] [stdout] 
[INFO] [stderr]     Finished test [unoptimized + debuginfo] target(s) in 0.05s
[INFO] [stdout] running 0 tests
[INFO] [stderr]      Running unittests (/opt/rustwide/target/debug/deps/wasmcloud_actor_core_derive-23f762519fd88819)
[INFO] [stdout] 
[INFO] [stderr]    Doc-tests wasmcloud-actor-core-derive
[INFO] [stdout] test result: ok. 0 passed; 0 failed; 0 ignored; 0 measured; 0 filtered out; finished in 0.00s
[INFO] [stdout] 
[INFO] [stdout] 
[INFO] [stdout] running 1 test
[INFO] [stdout] test src/lib.rs - init (line 7) ... FAILED
[INFO] [stdout] 
[INFO] [stdout] failures:
[INFO] [stdout] 
[INFO] [stdout] ---- src/lib.rs - init (line 7) stdout ----
[INFO] [stdout] error[E0433]: failed to resolve: use of undeclared crate or module `actor`
[INFO] [stdout]  --> src/lib.rs:8:3
[INFO] [stdout]   |
[INFO] [stdout] 3 | #[actor::init]
[INFO] [stdout]   |   ^^^^^ use of undeclared crate or module `actor`
[INFO] [stdout] 
[INFO] [stdout] error: aborting due to previous error
[INFO] [stdout] 
[INFO] [stdout] For more information about this error, try `rustc --explain E0433`.
[INFO] [stdout] Couldn't compile the test.
[INFO] [stdout] 
[INFO] [stdout] failures:
[INFO] [stdout]     src/lib.rs - init (line 7)
[INFO] [stdout] 
[INFO] [stdout] test result: FAILED. 0 passed; 1 failed; 0 ignored; 0 measured; 0 filtered out; finished in 0.06s
[INFO] [stdout] 
[INFO] [stderr] error: test failed, to rerun pass '--doc'
[INFO] running `Command { std: "docker" "inspect" "a8fb29630b93b69dff0eb379ef7feb3438f7bfbb86655c8a9ae072a5efd0d5e9", kill_on_drop: false }`
[INFO] running `Command { std: "docker" "rm" "-f" "a8fb29630b93b69dff0eb379ef7feb3438f7bfbb86655c8a9ae072a5efd0d5e9", kill_on_drop: false }`
[INFO] [stdout] a8fb29630b93b69dff0eb379ef7feb3438f7bfbb86655c8a9ae072a5efd0d5e9
