[INFO] fetching crate wasm_plugin_host 0.1.7...
[INFO] testing wasm_plugin_host-0.1.7 against 1.54.0 for beta-1.55-1
[INFO] extracting crate wasm_plugin_host 0.1.7 into /workspace/builds/worker-42/source
[INFO] validating manifest of crates.io crate wasm_plugin_host 0.1.7 on toolchain 1.54.0
[INFO] running `Command { std: "/workspace/cargo-home/bin/cargo" "+1.54.0" "metadata" "--manifest-path" "Cargo.toml" "--no-deps", kill_on_drop: false }`
[INFO] started tweaking crates.io crate wasm_plugin_host 0.1.7
[INFO] finished tweaking crates.io crate wasm_plugin_host 0.1.7
[INFO] tweaked toml for crates.io crate wasm_plugin_host 0.1.7 written to /workspace/builds/worker-42/source/Cargo.toml
[INFO] running `Command { std: "/workspace/cargo-home/bin/cargo" "+1.54.0" "generate-lockfile" "--manifest-path" "Cargo.toml" "-Zno-index-update", kill_on_drop: false }`
[INFO] [stderr]     Blocking waiting for file lock on package cache
[INFO] running `Command { std: "/workspace/cargo-home/bin/cargo" "+1.54.0" "fetch" "--manifest-path" "Cargo.toml", kill_on_drop: false }`
[INFO] [stderr]     Blocking waiting for file lock on package cache
[INFO] [stderr]     Blocking waiting for file lock on package cache
[INFO] running `Command { std: "docker" "create" "-v" "/var/lib/crater-agent-workspace/builds/worker-42/target:/opt/rustwide/target:rw,Z" "-v" "/var/lib/crater-agent-workspace/builds/worker-42/source:/opt/rustwide/workdir:ro,Z" "-v" "/var/lib/crater-agent-workspace/cargo-home:/opt/rustwide/cargo-home:ro,Z" "-v" "/var/lib/crater-agent-workspace/rustup-home:/opt/rustwide/rustup-home:ro,Z" "-e" "SOURCE_DIR=/opt/rustwide/workdir" "-e" "CARGO_TARGET_DIR=/opt/rustwide/target" "-e" "CARGO_HOME=/opt/rustwide/cargo-home" "-e" "RUSTUP_HOME=/opt/rustwide/rustup-home" "-w" "/opt/rustwide/workdir" "-m" "1610612736" "--user" "0:0" "--network" "none" "ghcr.io/rust-lang/crates-build-env/linux@sha256:34b6a614d2c27851fe6cbf88fbd1137609cefab8b10d0615aaeb6fd47975d74e" "/opt/rustwide/cargo-home/bin/cargo" "+1.54.0" "metadata" "--no-deps" "--format-version=1", kill_on_drop: false }`
[INFO] [stdout] e7464fb6439708f9edc4ad2583b7417b8c0f265ce7300967832146ec5106258f
[INFO] running `Command { std: "docker" "start" "-a" "e7464fb6439708f9edc4ad2583b7417b8c0f265ce7300967832146ec5106258f", kill_on_drop: false }`
[INFO] running `Command { std: "docker" "inspect" "e7464fb6439708f9edc4ad2583b7417b8c0f265ce7300967832146ec5106258f", kill_on_drop: false }`
[INFO] running `Command { std: "docker" "rm" "-f" "e7464fb6439708f9edc4ad2583b7417b8c0f265ce7300967832146ec5106258f", kill_on_drop: false }`
[INFO] [stdout] e7464fb6439708f9edc4ad2583b7417b8c0f265ce7300967832146ec5106258f
[INFO] running `Command { std: "docker" "create" "-v" "/var/lib/crater-agent-workspace/builds/worker-42/target:/opt/rustwide/target:rw,Z" "-v" "/var/lib/crater-agent-workspace/builds/worker-42/source:/opt/rustwide/workdir:ro,Z" "-v" "/var/lib/crater-agent-workspace/cargo-home:/opt/rustwide/cargo-home:ro,Z" "-v" "/var/lib/crater-agent-workspace/rustup-home:/opt/rustwide/rustup-home:ro,Z" "-e" "SOURCE_DIR=/opt/rustwide/workdir" "-e" "CARGO_TARGET_DIR=/opt/rustwide/target" "-e" "CARGO_INCREMENTAL=0" "-e" "RUST_BACKTRACE=full" "-e" "RUSTFLAGS=--cap-lints=warn" "-e" "CARGO_HOME=/opt/rustwide/cargo-home" "-e" "RUSTUP_HOME=/opt/rustwide/rustup-home" "-w" "/opt/rustwide/workdir" "-m" "1610612736" "--user" "0:0" "--network" "none" "ghcr.io/rust-lang/crates-build-env/linux@sha256:34b6a614d2c27851fe6cbf88fbd1137609cefab8b10d0615aaeb6fd47975d74e" "/opt/rustwide/cargo-home/bin/cargo" "+1.54.0" "build" "--frozen" "--message-format=json", kill_on_drop: false }`
[INFO] [stdout] 5a76ced7d5b0289dff86b5330eab51005741cf36b3d087d458e8ee12f2cddf70
[INFO] running `Command { std: "docker" "start" "-a" "5a76ced7d5b0289dff86b5330eab51005741cf36b3d087d458e8ee12f2cddf70", kill_on_drop: false }`
[INFO] [stderr]     Blocking waiting for file lock on package cache
[INFO] [stderr]    Compiling syn v1.0.74
[INFO] [stderr]    Compiling target-lexicon v0.11.2
[INFO] [stderr]    Compiling crossbeam-utils v0.8.5
[INFO] [stderr]    Compiling crossbeam-epoch v0.9.5
[INFO] [stderr]    Compiling cranelift-codegen-shared v0.68.0
[INFO] [stderr]    Compiling wasmparser v0.65.0
[INFO] [stderr]    Compiling log v0.4.14
[INFO] [stderr]    Compiling rayon-core v1.9.1
[INFO] [stderr]    Compiling scopeguard v1.1.0
[INFO] [stderr]    Compiling fallible-iterator v0.2.0
[INFO] [stderr]    Compiling rustc-hash v1.1.0
[INFO] [stderr]    Compiling stable_deref_trait v1.2.0
[INFO] [stderr]    Compiling either v1.6.1
[INFO] [stderr]    Compiling byteorder v1.4.3
[INFO] [stderr]    Compiling leb128 v0.2.4
[INFO] [stderr]    Compiling wasmer-compiler-cranelift v1.0.2
[INFO] [stderr]    Compiling bitfield v0.13.2
[INFO] [stderr]    Compiling wasmer-vm v1.0.2
[INFO] [stderr]    Compiling proc-macro-error-attr v1.0.4
[INFO] [stderr]    Compiling rayon v1.5.1
[INFO] [stderr]    Compiling proc-macro-error v1.0.4
[INFO] [stderr]    Compiling libloading v0.6.7
[INFO] [stderr]    Compiling memmap2 v0.2.3
[INFO] [stderr]    Compiling num_cpus v1.13.0
[INFO] [stderr]    Compiling wast v37.0.0
[INFO] [stderr]    Compiling which v4.2.2
[INFO] [stderr]    Compiling regalloc v0.0.31
[INFO] [stderr]    Compiling crossbeam-channel v0.5.1
[INFO] [stderr]    Compiling crossbeam-deque v0.8.1
[INFO] [stderr]    Compiling wat v1.0.39
[INFO] [stderr]    Compiling darling_core v0.13.0
[INFO] [stderr]    Compiling serde_derive v1.0.127
[INFO] [stderr]    Compiling thiserror-impl v1.0.26
[INFO] [stderr]    Compiling tracing-attributes v0.1.15
[INFO] [stderr]    Compiling wasmer-derive v1.0.2
[INFO] [stderr]    Compiling darling_macro v0.13.0
[INFO] [stderr]    Compiling darling v0.13.0
[INFO] [stderr]    Compiling enumset_derive v0.5.5
[INFO] [stderr]    Compiling thiserror v1.0.26
[INFO] [stderr]    Compiling tracing v0.1.26
[INFO] [stderr]    Compiling enumset v1.0.7
[INFO] [stderr]    Compiling serde v1.0.127
[INFO] [stderr]    Compiling cranelift-entity v0.68.0
[INFO] [stderr]    Compiling indexmap v1.7.0
[INFO] [stderr]    Compiling serde_bytes v0.11.5
[INFO] [stderr]    Compiling bincode v1.3.3
[INFO] [stderr]    Compiling wasmer-types v1.0.2
[INFO] [stderr]    Compiling cranelift-codegen-meta v0.68.0
[INFO] [stderr]    Compiling cranelift-bforest v0.68.0
[INFO] [stderr]    Compiling gimli v0.22.0
[INFO] [stderr]    Compiling object v0.22.0
[INFO] [stderr]    Compiling wasmer-compiler v1.0.2
[INFO] [stderr]    Compiling wasmer-engine v1.0.2
[INFO] [stderr]    Compiling wasmer-object v1.0.2
[INFO] [stderr]    Compiling wasmer-engine-jit v1.0.2
[INFO] [stderr]    Compiling wasmer-engine-native v1.0.2
[INFO] [stderr]    Compiling cranelift-codegen v0.68.0
[INFO] [stderr]    Compiling cranelift-frontend v0.68.0
[INFO] [stderr]    Compiling wasmer v1.0.2
[INFO] [stderr]    Compiling wasm_plugin_host v0.1.7 (/opt/rustwide/workdir)
[INFO] [stderr]     Finished dev [unoptimized + debuginfo] target(s) in 1m 01s
[INFO] running `Command { std: "docker" "inspect" "5a76ced7d5b0289dff86b5330eab51005741cf36b3d087d458e8ee12f2cddf70", kill_on_drop: false }`
[INFO] running `Command { std: "docker" "rm" "-f" "5a76ced7d5b0289dff86b5330eab51005741cf36b3d087d458e8ee12f2cddf70", kill_on_drop: false }`
[INFO] [stdout] 5a76ced7d5b0289dff86b5330eab51005741cf36b3d087d458e8ee12f2cddf70
[INFO] running `Command { std: "docker" "create" "-v" "/var/lib/crater-agent-workspace/builds/worker-42/target:/opt/rustwide/target:rw,Z" "-v" "/var/lib/crater-agent-workspace/builds/worker-42/source:/opt/rustwide/workdir:ro,Z" "-v" "/var/lib/crater-agent-workspace/cargo-home:/opt/rustwide/cargo-home:ro,Z" "-v" "/var/lib/crater-agent-workspace/rustup-home:/opt/rustwide/rustup-home:ro,Z" "-e" "SOURCE_DIR=/opt/rustwide/workdir" "-e" "CARGO_TARGET_DIR=/opt/rustwide/target" "-e" "CARGO_INCREMENTAL=0" "-e" "RUST_BACKTRACE=full" "-e" "RUSTFLAGS=--cap-lints=warn" "-e" "CARGO_HOME=/opt/rustwide/cargo-home" "-e" "RUSTUP_HOME=/opt/rustwide/rustup-home" "-w" "/opt/rustwide/workdir" "-m" "1610612736" "--user" "0:0" "--network" "none" "ghcr.io/rust-lang/crates-build-env/linux@sha256:34b6a614d2c27851fe6cbf88fbd1137609cefab8b10d0615aaeb6fd47975d74e" "/opt/rustwide/cargo-home/bin/cargo" "+1.54.0" "test" "--frozen" "--no-run" "--message-format=json", kill_on_drop: false }`
[INFO] [stdout] e3caca30467a3c9f8dcc8aa97a2b90d3e9541d6d7b2ecb6f812b4602bd94a596
[INFO] running `Command { std: "docker" "start" "-a" "e3caca30467a3c9f8dcc8aa97a2b90d3e9541d6d7b2ecb6f812b4602bd94a596", kill_on_drop: false }`
[INFO] [stderr]     Blocking waiting for file lock on package cache
[INFO] [stderr]    Compiling wasm_plugin_host v0.1.7 (/opt/rustwide/workdir)
[INFO] [stderr]     Finished test [unoptimized + debuginfo] target(s) in 5.18s
[INFO] running `Command { std: "docker" "inspect" "e3caca30467a3c9f8dcc8aa97a2b90d3e9541d6d7b2ecb6f812b4602bd94a596", kill_on_drop: false }`
[INFO] running `Command { std: "docker" "rm" "-f" "e3caca30467a3c9f8dcc8aa97a2b90d3e9541d6d7b2ecb6f812b4602bd94a596", kill_on_drop: false }`
[INFO] [stdout] e3caca30467a3c9f8dcc8aa97a2b90d3e9541d6d7b2ecb6f812b4602bd94a596
[INFO] running `Command { std: "docker" "create" "-v" "/var/lib/crater-agent-workspace/builds/worker-42/target:/opt/rustwide/target:rw,Z" "-v" "/var/lib/crater-agent-workspace/builds/worker-42/source:/opt/rustwide/workdir:ro,Z" "-v" "/var/lib/crater-agent-workspace/cargo-home:/opt/rustwide/cargo-home:ro,Z" "-v" "/var/lib/crater-agent-workspace/rustup-home:/opt/rustwide/rustup-home:ro,Z" "-e" "SOURCE_DIR=/opt/rustwide/workdir" "-e" "CARGO_TARGET_DIR=/opt/rustwide/target" "-e" "CARGO_INCREMENTAL=0" "-e" "RUST_BACKTRACE=full" "-e" "RUSTFLAGS=--cap-lints=warn" "-e" "CARGO_HOME=/opt/rustwide/cargo-home" "-e" "RUSTUP_HOME=/opt/rustwide/rustup-home" "-w" "/opt/rustwide/workdir" "-m" "1610612736" "--user" "0:0" "--network" "none" "ghcr.io/rust-lang/crates-build-env/linux@sha256:34b6a614d2c27851fe6cbf88fbd1137609cefab8b10d0615aaeb6fd47975d74e" "/opt/rustwide/cargo-home/bin/cargo" "+1.54.0" "test" "--frozen", kill_on_drop: false }`
[INFO] [stdout] e2742c096a4e85bce5d959cba5de59dfde9e2974b446bd80aea6d0aa99cf9a12
[INFO] running `Command { std: "docker" "start" "-a" "e2742c096a4e85bce5d959cba5de59dfde9e2974b446bd80aea6d0aa99cf9a12", kill_on_drop: false }`
[INFO] [stderr]     Finished test [unoptimized + debuginfo] target(s) in 0.18s
[INFO] [stderr]      Running unittests (/opt/rustwide/target/debug/deps/wasm_plugin_host-d87d198bbac97374)
[INFO] [stdout] 
[INFO] [stdout] running 0 tests
[INFO] [stdout] 
[INFO] [stdout] test result: ok. 0 passed; 0 failed; 0 ignored; 0 measured; 0 filtered out; finished in 0.00s
[INFO] [stdout] 
[INFO] [stderr]    Doc-tests wasm_plugin_host
[INFO] [stdout] 
[INFO] [stdout] running 3 tests
[INFO] [stdout] test src/lib.rs - (line 28) ... FAILED
[INFO] [stdout] test src/lib.rs - (line 14) ... FAILED
[INFO] [stdout] test src/lib.rs - (line 41) ... FAILED
[INFO] [stdout] 
[INFO] [stdout] failures:
[INFO] [stdout] 
[INFO] [stdout] ---- src/lib.rs - (line 28) stdout ----
[INFO] [stdout] error: cannot find derive macro `Deserialize` in this scope
[INFO] [stdout]  --> src/lib.rs:29:10
[INFO] [stdout]   |
[INFO] [stdout] 2 | #[derive(Deserialize)]
[INFO] [stdout]   |          ^^^^^^^^^^^
[INFO] [stdout] 
[INFO] [stdout] error[E0433]: failed to resolve: use of undeclared type `WasmPluginBuilder`
[INFO] [stdout]  --> src/lib.rs:34:18
[INFO] [stdout]   |
[INFO] [stdout] 7 | let mut plugin = WasmPluginBuilder::from_file("path/to/plugin.wasm")?.finish()?;
[INFO] [stdout]   |                  ^^^^^^^^^^^^^^^^^ not found in this scope
[INFO] [stdout]   |
[INFO] [stdout] help: consider importing this struct
[INFO] [stdout]   |
[INFO] [stdout] 4 | use wasm_plugin_host::WasmPluginBuilder;
[INFO] [stdout]   |
[INFO] [stdout] 
[INFO] [stdout] error: aborting due to 2 previous errors
[INFO] [stdout] 
[INFO] [stdout] For more information about this error, try `rustc --explain E0433`.
[INFO] [stdout] Couldn't compile the test.
[INFO] [stdout] ---- src/lib.rs - (line 14) stdout ----
[INFO] [stdout] error[E0433]: failed to resolve: use of undeclared type `WasmPluginBuilder`
[INFO] [stdout]  --> src/lib.rs:18:18
[INFO] [stdout]   |
[INFO] [stdout] 5 | let mut plugin = WasmPluginBuilder::from_file("path/to/plugin.wasm")?.finish()?;
[INFO] [stdout]   |                  ^^^^^^^^^^^^^^^^^ not found in this scope
[INFO] [stdout]   |
[INFO] [stdout] help: consider importing this struct
[INFO] [stdout]   |
[INFO] [stdout] 2 | use wasm_plugin_host::WasmPluginBuilder;
[INFO] [stdout]   |
[INFO] [stdout] 
[INFO] [stdout] error: aborting due to previous error
[INFO] [stdout] 
[INFO] [stdout] For more information about this error, try `rustc --explain E0433`.
[INFO] [stdout] Couldn't compile the test.
[INFO] [stdout] ---- src/lib.rs - (line 41) stdout ----
[INFO] [stdout] error: cannot find derive macro `Serialize` in this scope
[INFO] [stdout]  --> src/lib.rs:44:10
[INFO] [stdout]   |
[INFO] [stdout] 4 | #[derive(Serialize, Default)]
[INFO] [stdout]   |          ^^^^^^^^^
[INFO] [stdout] 
[INFO] [stdout] error: cannot find derive macro `Deserialize` in this scope
[INFO] [stdout]  --> src/lib.rs:42:10
[INFO] [stdout]   |
[INFO] [stdout] 2 | #[derive(Deserialize)]
[INFO] [stdout]   |          ^^^^^^^^^^^
[INFO] [stdout] 
[INFO] [stdout] error[E0433]: failed to resolve: use of undeclared type `WasmPluginBuilder`
[INFO] [stdout]  --> src/lib.rs:49:18
[INFO] [stdout]   |
[INFO] [stdout] 9 | let mut plugin = WasmPluginBuilder::from_file("path/to/plugin.wasm")?.finish()?;
[INFO] [stdout]   |                  ^^^^^^^^^^^^^^^^^ not found in this scope
[INFO] [stdout]   |
[INFO] [stdout] help: consider importing this struct
[INFO] [stdout]   |
[INFO] [stdout] 6 | use wasm_plugin_host::WasmPluginBuilder;
[INFO] [stdout]   |
[INFO] [stdout] 
[INFO] [stdout] error: aborting due to 3 previous errors
[INFO] [stdout] 
[INFO] [stdout] For more information about this error, try `rustc --explain E0433`.
[INFO] [stdout] Couldn't compile the test.
[INFO] [stdout] 
[INFO] [stdout] failures:
[INFO] [stdout]     src/lib.rs - (line 14)
[INFO] [stdout]     src/lib.rs - (line 28)
[INFO] [stdout]     src/lib.rs - (line 41)
[INFO] [stdout] 
[INFO] [stdout] test result: FAILED. 0 passed; 3 failed; 0 ignored; 0 measured; 0 filtered out; finished in 0.22s
[INFO] [stdout] 
[INFO] [stderr] error: test failed, to rerun pass '--doc'
[INFO] running `Command { std: "docker" "inspect" "e2742c096a4e85bce5d959cba5de59dfde9e2974b446bd80aea6d0aa99cf9a12", kill_on_drop: false }`
[INFO] running `Command { std: "docker" "rm" "-f" "e2742c096a4e85bce5d959cba5de59dfde9e2974b446bd80aea6d0aa99cf9a12", kill_on_drop: false }`
[INFO] [stdout] e2742c096a4e85bce5d959cba5de59dfde9e2974b446bd80aea6d0aa99cf9a12
