[INFO] fetching crate wasm-run-proc-macro 0.7.0...
[INFO] testing wasm-run-proc-macro-0.7.0 against 1.54.0 for beta-1.55-1
[INFO] extracting crate wasm-run-proc-macro 0.7.0 into /workspace/builds/worker-25/source
[INFO] validating manifest of crates.io crate wasm-run-proc-macro 0.7.0 on toolchain 1.54.0
[INFO] running `Command { std: "/workspace/cargo-home/bin/cargo" "+1.54.0" "metadata" "--manifest-path" "Cargo.toml" "--no-deps", kill_on_drop: false }`
[INFO] started tweaking crates.io crate wasm-run-proc-macro 0.7.0
[INFO] finished tweaking crates.io crate wasm-run-proc-macro 0.7.0
[INFO] tweaked toml for crates.io crate wasm-run-proc-macro 0.7.0 written to /workspace/builds/worker-25/source/Cargo.toml
[INFO] running `Command { std: "/workspace/cargo-home/bin/cargo" "+1.54.0" "generate-lockfile" "--manifest-path" "Cargo.toml" "-Zno-index-update", kill_on_drop: false }`
[INFO] [stderr]     Blocking waiting for file lock on package cache
[INFO] running `Command { std: "/workspace/cargo-home/bin/cargo" "+1.54.0" "fetch" "--manifest-path" "Cargo.toml", kill_on_drop: false }`
[INFO] [stderr]     Blocking waiting for file lock on package cache
[INFO] [stderr]     Blocking waiting for file lock on package cache
[INFO] running `Command { std: "docker" "create" "-v" "/var/lib/crater-agent-workspace/builds/worker-25/target:/opt/rustwide/target:rw,Z" "-v" "/var/lib/crater-agent-workspace/builds/worker-25/source:/opt/rustwide/workdir:ro,Z" "-v" "/var/lib/crater-agent-workspace/cargo-home:/opt/rustwide/cargo-home:ro,Z" "-v" "/var/lib/crater-agent-workspace/rustup-home:/opt/rustwide/rustup-home:ro,Z" "-e" "SOURCE_DIR=/opt/rustwide/workdir" "-e" "CARGO_TARGET_DIR=/opt/rustwide/target" "-e" "CARGO_HOME=/opt/rustwide/cargo-home" "-e" "RUSTUP_HOME=/opt/rustwide/rustup-home" "-w" "/opt/rustwide/workdir" "-m" "1610612736" "--user" "0:0" "--network" "none" "ghcr.io/rust-lang/crates-build-env/linux@sha256:34b6a614d2c27851fe6cbf88fbd1137609cefab8b10d0615aaeb6fd47975d74e" "/opt/rustwide/cargo-home/bin/cargo" "+1.54.0" "metadata" "--no-deps" "--format-version=1", kill_on_drop: false }`
[INFO] [stdout] a846c3b270f5d1dc502b6e47052c9f3533ff40e9ed72cfc82f2ad9d735fd7441
[INFO] running `Command { std: "docker" "start" "-a" "a846c3b270f5d1dc502b6e47052c9f3533ff40e9ed72cfc82f2ad9d735fd7441", kill_on_drop: false }`
[INFO] running `Command { std: "docker" "inspect" "a846c3b270f5d1dc502b6e47052c9f3533ff40e9ed72cfc82f2ad9d735fd7441", kill_on_drop: false }`
[INFO] running `Command { std: "docker" "rm" "-f" "a846c3b270f5d1dc502b6e47052c9f3533ff40e9ed72cfc82f2ad9d735fd7441", kill_on_drop: false }`
[INFO] [stdout] a846c3b270f5d1dc502b6e47052c9f3533ff40e9ed72cfc82f2ad9d735fd7441
[INFO] running `Command { std: "docker" "create" "-v" "/var/lib/crater-agent-workspace/builds/worker-25/target:/opt/rustwide/target:rw,Z" "-v" "/var/lib/crater-agent-workspace/builds/worker-25/source:/opt/rustwide/workdir:ro,Z" "-v" "/var/lib/crater-agent-workspace/cargo-home:/opt/rustwide/cargo-home:ro,Z" "-v" "/var/lib/crater-agent-workspace/rustup-home:/opt/rustwide/rustup-home:ro,Z" "-e" "SOURCE_DIR=/opt/rustwide/workdir" "-e" "CARGO_TARGET_DIR=/opt/rustwide/target" "-e" "CARGO_INCREMENTAL=0" "-e" "RUST_BACKTRACE=full" "-e" "RUSTFLAGS=--cap-lints=warn" "-e" "CARGO_HOME=/opt/rustwide/cargo-home" "-e" "RUSTUP_HOME=/opt/rustwide/rustup-home" "-w" "/opt/rustwide/workdir" "-m" "1610612736" "--user" "0:0" "--network" "none" "ghcr.io/rust-lang/crates-build-env/linux@sha256:34b6a614d2c27851fe6cbf88fbd1137609cefab8b10d0615aaeb6fd47975d74e" "/opt/rustwide/cargo-home/bin/cargo" "+1.54.0" "build" "--frozen" "--message-format=json", kill_on_drop: false }`
[INFO] [stdout] 43b1142a4f21af92bce9b2306a0b98d00f7c2deaaeac76fdb989848a23d61569
[INFO] running `Command { std: "docker" "start" "-a" "43b1142a4f21af92bce9b2306a0b98d00f7c2deaaeac76fdb989848a23d61569", kill_on_drop: false }`
[INFO] [stderr]    Compiling serde_derive v1.0.127
[INFO] [stderr]    Compiling serde v1.0.127
[INFO] [stderr]    Compiling ucd-trie v0.1.3
[INFO] [stderr]    Compiling serde_json v1.0.66
[INFO] [stderr]    Compiling itoa v0.4.7
[INFO] [stderr]    Compiling ryu v1.0.5
[INFO] [stderr]    Compiling pest v2.1.3
[INFO] [stderr]    Compiling semver-parser v0.10.2
[INFO] [stderr]    Compiling cargo-platform v0.1.2
[INFO] [stderr]    Compiling semver v0.11.0
[INFO] [stderr]    Compiling cargo_metadata v0.12.3
[INFO] [stderr]    Compiling wasm-run-proc-macro v0.7.0 (/opt/rustwide/workdir)
[INFO] [stderr]     Finished dev [unoptimized + debuginfo] target(s) in 20.23s
[INFO] running `Command { std: "docker" "inspect" "43b1142a4f21af92bce9b2306a0b98d00f7c2deaaeac76fdb989848a23d61569", kill_on_drop: false }`
[INFO] running `Command { std: "docker" "rm" "-f" "43b1142a4f21af92bce9b2306a0b98d00f7c2deaaeac76fdb989848a23d61569", kill_on_drop: false }`
[INFO] [stdout] 43b1142a4f21af92bce9b2306a0b98d00f7c2deaaeac76fdb989848a23d61569
[INFO] running `Command { std: "docker" "create" "-v" "/var/lib/crater-agent-workspace/builds/worker-25/target:/opt/rustwide/target:rw,Z" "-v" "/var/lib/crater-agent-workspace/builds/worker-25/source:/opt/rustwide/workdir:ro,Z" "-v" "/var/lib/crater-agent-workspace/cargo-home:/opt/rustwide/cargo-home:ro,Z" "-v" "/var/lib/crater-agent-workspace/rustup-home:/opt/rustwide/rustup-home:ro,Z" "-e" "SOURCE_DIR=/opt/rustwide/workdir" "-e" "CARGO_TARGET_DIR=/opt/rustwide/target" "-e" "CARGO_INCREMENTAL=0" "-e" "RUST_BACKTRACE=full" "-e" "RUSTFLAGS=--cap-lints=warn" "-e" "CARGO_HOME=/opt/rustwide/cargo-home" "-e" "RUSTUP_HOME=/opt/rustwide/rustup-home" "-w" "/opt/rustwide/workdir" "-m" "1610612736" "--user" "0:0" "--network" "none" "ghcr.io/rust-lang/crates-build-env/linux@sha256:34b6a614d2c27851fe6cbf88fbd1137609cefab8b10d0615aaeb6fd47975d74e" "/opt/rustwide/cargo-home/bin/cargo" "+1.54.0" "test" "--frozen" "--no-run" "--message-format=json", kill_on_drop: false }`
[INFO] [stdout] 53e12aa5b5b9a3913fec152ea43130c2f9ac84919bfe09f057b32a9a48b87285
[INFO] running `Command { std: "docker" "start" "-a" "53e12aa5b5b9a3913fec152ea43130c2f9ac84919bfe09f057b32a9a48b87285", kill_on_drop: false }`
[INFO] [stderr]    Compiling unicode-segmentation v1.8.0
[INFO] [stderr]    Compiling proc-macro-error-attr v1.0.4
[INFO] [stderr]    Compiling proc-macro-error v1.0.4
[INFO] [stderr]    Compiling textwrap v0.11.0
[INFO] [stderr]    Compiling atty v0.2.14
[INFO] [stderr]    Compiling clap v2.33.3
[INFO] [stderr]    Compiling heck v0.3.3
[INFO] [stderr]    Compiling structopt-derive v0.4.15
[INFO] [stderr]    Compiling structopt v0.3.22
[INFO] [stderr]    Compiling wasm-run-proc-macro v0.7.0 (/opt/rustwide/workdir)
[INFO] [stderr]     Finished test [unoptimized + debuginfo] target(s) in 10.36s
[INFO] running `Command { std: "docker" "inspect" "53e12aa5b5b9a3913fec152ea43130c2f9ac84919bfe09f057b32a9a48b87285", kill_on_drop: false }`
[INFO] running `Command { std: "docker" "rm" "-f" "53e12aa5b5b9a3913fec152ea43130c2f9ac84919bfe09f057b32a9a48b87285", kill_on_drop: false }`
[INFO] [stdout] 53e12aa5b5b9a3913fec152ea43130c2f9ac84919bfe09f057b32a9a48b87285
[INFO] running `Command { std: "docker" "create" "-v" "/var/lib/crater-agent-workspace/builds/worker-25/target:/opt/rustwide/target:rw,Z" "-v" "/var/lib/crater-agent-workspace/builds/worker-25/source:/opt/rustwide/workdir:ro,Z" "-v" "/var/lib/crater-agent-workspace/cargo-home:/opt/rustwide/cargo-home:ro,Z" "-v" "/var/lib/crater-agent-workspace/rustup-home:/opt/rustwide/rustup-home:ro,Z" "-e" "SOURCE_DIR=/opt/rustwide/workdir" "-e" "CARGO_TARGET_DIR=/opt/rustwide/target" "-e" "CARGO_INCREMENTAL=0" "-e" "RUST_BACKTRACE=full" "-e" "RUSTFLAGS=--cap-lints=warn" "-e" "CARGO_HOME=/opt/rustwide/cargo-home" "-e" "RUSTUP_HOME=/opt/rustwide/rustup-home" "-w" "/opt/rustwide/workdir" "-m" "1610612736" "--user" "0:0" "--network" "none" "ghcr.io/rust-lang/crates-build-env/linux@sha256:34b6a614d2c27851fe6cbf88fbd1137609cefab8b10d0615aaeb6fd47975d74e" "/opt/rustwide/cargo-home/bin/cargo" "+1.54.0" "test" "--frozen", kill_on_drop: false }`
[INFO] [stdout] 82ad81c4cfb177d48b85f671e8663381ab6c757c3c2233350beb406e50808109
[INFO] running `Command { std: "docker" "start" "-a" "82ad81c4cfb177d48b85f671e8663381ab6c757c3c2233350beb406e50808109", kill_on_drop: false }`
[INFO] [stderr]     Blocking waiting for file lock on package cache
[INFO] [stderr]     Finished test [unoptimized + debuginfo] target(s) in 0.88s
[INFO] [stderr]      Running unittests (/opt/rustwide/target/debug/deps/wasm_run_proc_macro-6a42a49181413621)
[INFO] [stdout] 
[INFO] [stdout] running 0 tests
[INFO] [stdout] 
[INFO] [stdout] test result: ok. 0 passed; 0 failed; 0 ignored; 0 measured; 0 filtered out; finished in 0.00s
[INFO] [stdout] 
[INFO] [stderr]    Doc-tests wasm-run-proc-macro
[INFO] [stdout] 
[INFO] [stdout] running 2 tests
[INFO] [stdout] test src/lib.rs - main (line 39) ... ignored
[INFO] [stderr] error: test failed, to rerun pass '--doc'
[INFO] [stdout] test src/lib.rs - main (line 49) ... FAILED
[INFO] [stdout] 
[INFO] [stdout] failures:
[INFO] [stdout] 
[INFO] [stdout] ---- src/lib.rs - main (line 49) stdout ----
[INFO] [stdout] error[E0433]: failed to resolve: use of undeclared crate or module `wasm_run`
[INFO] [stdout]  --> src/lib.rs:55:5
[INFO] [stdout]   |
[INFO] [stdout] 8 | use wasm_run::prelude::*;
[INFO] [stdout]   |     ^^^^^^^^ use of undeclared crate or module `wasm_run`
[INFO] [stdout] 
[INFO] [stdout] error[E0432]: unresolved import `anyhow`
[INFO] [stdout]  --> src/lib.rs:50:5
[INFO] [stdout]   |
[INFO] [stdout] 3 | use anyhow::{Context, Result};      // anyhow is provided by `wasm_run::prelude::*`
[INFO] [stdout]   |     ^^^^^^ use of undeclared crate or module `anyhow`
[INFO] [stdout] 
[INFO] [stdout] error[E0432]: unresolved import `fs_extra`
[INFO] [stdout]  --> src/lib.rs:51:5
[INFO] [stdout]   |
[INFO] [stdout] 4 | use fs_extra::dir;                  // fs_extra is provided by `wasm_run::prelude::*`
[INFO] [stdout]   |     ^^^^^^^^ use of undeclared crate or module `fs_extra`
[INFO] [stdout] 
[INFO] [stdout] error[E0432]: unresolved import `tide`
[INFO] [stdout]    --> src/lib.rs:217:9
[INFO] [stdout]     |
[INFO] [stdout] 170 |     use tide::{Body, Response};
[INFO] [stdout]     |         ^^^^ use of undeclared crate or module `tide`
[INFO] [stdout] 
[INFO] [stdout] error[E0432]: unresolved import `notify`
[INFO] [stdout]    --> src/lib.rs:235:9
[INFO] [stdout]     |
[INFO] [stdout] 188 |     use notify::{RecursiveMode, Watcher};
[INFO] [stdout]     |         ^^^^^^ use of undeclared crate or module `notify`
[INFO] [stdout] 
[INFO] [stdout] error[E0433]: failed to resolve: use of undeclared crate or module `wasm_run`
[INFO] [stdout]   --> src/lib.rs:60:3
[INFO] [stdout]    |
[INFO] [stdout] 13 | #[wasm_run::main(
[INFO] [stdout]    |   ^^^^^^^^ use of undeclared crate or module `wasm_run`
[INFO] [stdout] 
[INFO] [stdout] error[E0405]: cannot find trait `BuildArgs` in this scope
[INFO] [stdout]   --> src/lib.rs:83:6
[INFO] [stdout]    |
[INFO] [stdout] 36 | impl BuildArgs for BuildCommand {
[INFO] [stdout]    |      ^^^^^^^^^ not found in this scope
[INFO] [stdout] 
[INFO] [stdout] error[E0405]: cannot find trait `ServeArgs` in this scope
[INFO] [stdout]   --> src/lib.rs:103:6
[INFO] [stdout]    |
[INFO] [stdout] 56 | impl ServeArgs for ServeCommand {
[INFO] [stdout]    |      ^^^^^^^^^ not found in this scope
[INFO] [stdout] 
[INFO] [stdout] error[E0405]: cannot find trait `BuildArgs` in this scope
[INFO] [stdout]   --> src/lib.rs:104:34
[INFO] [stdout]    |
[INFO] [stdout] 57 |     fn build_args(&self) -> &dyn BuildArgs {
[INFO] [stdout]    |                                  ^^^^^^^^^ not found in this scope
[INFO] [stdout] 
[INFO] [stdout] error[E0412]: cannot find type `Metadata` in this scope
[INFO] [stdout]   --> src/lib.rs:122:49
[INFO] [stdout]    |
[INFO] [stdout] 75 | fn run_other_cli_commands(cli: Cli, _metadata: &Metadata, _package: &Package) -> Result<()> {
[INFO] [stdout]    |                                                 ^^^^^^^^ not found in this scope
[INFO] [stdout]    |
[INFO] [stdout] help: consider importing one of these items
[INFO] [stdout]    |
[INFO] [stdout] 2  | use cargo_metadata::Metadata;
[INFO] [stdout]    |
[INFO] [stdout] 2  | use std::fs::Metadata;
[INFO] [stdout]    |
[INFO] [stdout] 
[INFO] [stdout] error[E0412]: cannot find type `Package` in this scope
[INFO] [stdout]   --> src/lib.rs:122:70
[INFO] [stdout]    |
[INFO] [stdout] 75 | fn run_other_cli_commands(cli: Cli, _metadata: &Metadata, _package: &Package) -> Result<()> {
[INFO] [stdout]    |                                                                      ^^^^^^^ not found in this scope
[INFO] [stdout]    |
[INFO] [stdout] help: consider importing this struct
[INFO] [stdout]    |
[INFO] [stdout] 2  | use cargo_metadata::Package;
[INFO] [stdout]    |
[INFO] [stdout] 
[INFO] [stdout] error[E0412]: cannot find type `BuildProfile` in this scope
[INFO] [stdout]   --> src/lib.rs:133:14
[INFO] [stdout]    |
[INFO] [stdout] 86 |     profile: BuildProfile,
[INFO] [stdout]    |              ^^^^^^^^^^^^ not found in this scope
[INFO] [stdout] 
[INFO] [stdout] error[E0412]: cannot find type `BuildProfile` in this scope
[INFO] [stdout]    --> src/lib.rs:149:15
[INFO] [stdout]     |
[INFO] [stdout] 102 |     _profile: BuildProfile,
[INFO] [stdout]     |               ^^^^^^^^^^^^ not found in this scope
[INFO] [stdout] 
[INFO] [stdout] error[E0412]: cannot find type `Server` in this scope
[INFO] [stdout]    --> src/lib.rs:214:44
[INFO] [stdout]     |
[INFO] [stdout] 167 | fn serve(args: &ServeCommand, server: &mut Server<()>) -> Result<()> {
[INFO] [stdout]     |                                            ^^^^^^ not found in this scope
[INFO] [stdout]     |
[INFO] [stdout] help: consider importing this trait
[INFO] [stdout]     |
[INFO] [stdout] 2   | use proc_macro::bridge::server::Server;
[INFO] [stdout]     |
[INFO] [stdout] 
[INFO] [stdout] error[E0412]: cannot find type `RecommendedWatcher` in this scope
[INFO] [stdout]    --> src/lib.rs:232:45
[INFO] [stdout]     |
[INFO] [stdout] 185 | fn watch(args: &ServeCommand, watcher: &mut RecommendedWatcher) -> Result<()> {
[INFO] [stdout]     |                                             ^^^^^^^^^^^^^^^^^^ not found in this scope
[INFO] [stdout] 
[INFO] [stdout] error[E0412]: cannot find type `Metadata` in this scope
[INFO] [stdout]    --> src/lib.rs:257:34
[INFO] [stdout]     |
[INFO] [stdout] 210 | fn default_build_path(metadata: &Metadata, _package: &Package) -> PathBuf {
[INFO] [stdout]     |                                  ^^^^^^^^ not found in this scope
[INFO] [stdout]     |
[INFO] [stdout] help: consider importing one of these items
[INFO] [stdout]     |
[INFO] [stdout] 2   | use cargo_metadata::Metadata;
[INFO] [stdout]     |
[INFO] [stdout] 2   | use std::fs::Metadata;
[INFO] [stdout]     |
[INFO] [stdout] 
[INFO] [stdout] error[E0412]: cannot find type `Package` in this scope
[INFO] [stdout]    --> src/lib.rs:257:55
[INFO] [stdout]     |
[INFO] [stdout] 210 | fn default_build_path(metadata: &Metadata, _package: &Package) -> PathBuf {
[INFO] [stdout]     |                                                       ^^^^^^^ not found in this scope
[INFO] [stdout]     |
[INFO] [stdout] help: consider importing this struct
[INFO] [stdout]     |
[INFO] [stdout] 2   | use cargo_metadata::Package;
[INFO] [stdout]     |
[INFO] [stdout] 
[INFO] [stdout] error: aborting due to 17 previous errors
[INFO] [stdout] 
[INFO] [stdout] Some errors have detailed explanations: E0405, E0412, E0432, E0433.
[INFO] [stdout] For more information about an error, try `rustc --explain E0405`.
[INFO] [stdout] Couldn't compile the test.
[INFO] [stdout] 
[INFO] [stdout] failures:
[INFO] [stdout]     src/lib.rs - main (line 49)
[INFO] [stdout] 
[INFO] [stdout] test result: FAILED. 0 passed; 1 failed; 1 ignored; 0 measured; 0 filtered out; finished in 0.21s
[INFO] [stdout] 
[INFO] running `Command { std: "docker" "inspect" "82ad81c4cfb177d48b85f671e8663381ab6c757c3c2233350beb406e50808109", kill_on_drop: false }`
[INFO] running `Command { std: "docker" "rm" "-f" "82ad81c4cfb177d48b85f671e8663381ab6c757c3c2233350beb406e50808109", kill_on_drop: false }`
[INFO] [stdout] 82ad81c4cfb177d48b85f671e8663381ab6c757c3c2233350beb406e50808109
