[INFO] fetching crate wasm-encoder 0.5.0...
[INFO] testing wasm-encoder-0.5.0 against 1.54.0 for beta-1.55-1
[INFO] extracting crate wasm-encoder 0.5.0 into /workspace/builds/worker-107/source
[INFO] validating manifest of crates.io crate wasm-encoder 0.5.0 on toolchain 1.54.0
[INFO] running `Command { std: "/workspace/cargo-home/bin/cargo" "+1.54.0" "metadata" "--manifest-path" "Cargo.toml" "--no-deps", kill_on_drop: false }`
[INFO] started tweaking crates.io crate wasm-encoder 0.5.0
[INFO] finished tweaking crates.io crate wasm-encoder 0.5.0
[INFO] tweaked toml for crates.io crate wasm-encoder 0.5.0 written to /workspace/builds/worker-107/source/Cargo.toml
[INFO] running `Command { std: "/workspace/cargo-home/bin/cargo" "+1.54.0" "generate-lockfile" "--manifest-path" "Cargo.toml" "-Zno-index-update", kill_on_drop: false }`
[INFO] running `Command { std: "/workspace/cargo-home/bin/cargo" "+1.54.0" "fetch" "--manifest-path" "Cargo.toml", kill_on_drop: false }`
[INFO] [stderr]     Blocking waiting for file lock on package cache
[INFO] running `Command { std: "docker" "create" "-v" "/var/lib/crater-agent-workspace/builds/worker-107/target:/opt/rustwide/target:rw,Z" "-v" "/var/lib/crater-agent-workspace/builds/worker-107/source:/opt/rustwide/workdir:ro,Z" "-v" "/var/lib/crater-agent-workspace/cargo-home:/opt/rustwide/cargo-home:ro,Z" "-v" "/var/lib/crater-agent-workspace/rustup-home:/opt/rustwide/rustup-home:ro,Z" "-e" "SOURCE_DIR=/opt/rustwide/workdir" "-e" "CARGO_TARGET_DIR=/opt/rustwide/target" "-e" "CARGO_HOME=/opt/rustwide/cargo-home" "-e" "RUSTUP_HOME=/opt/rustwide/rustup-home" "-w" "/opt/rustwide/workdir" "-m" "1610612736" "--user" "0:0" "--network" "none" "ghcr.io/rust-lang/crates-build-env/linux@sha256:34b6a614d2c27851fe6cbf88fbd1137609cefab8b10d0615aaeb6fd47975d74e" "/opt/rustwide/cargo-home/bin/cargo" "+1.54.0" "metadata" "--no-deps" "--format-version=1", kill_on_drop: false }`
[INFO] [stdout] 4e18c398b87616b6c876e9636572f97e6b30f46be711ec37c672db7b8a108fda
[INFO] running `Command { std: "docker" "start" "-a" "4e18c398b87616b6c876e9636572f97e6b30f46be711ec37c672db7b8a108fda", kill_on_drop: false }`
[INFO] running `Command { std: "docker" "inspect" "4e18c398b87616b6c876e9636572f97e6b30f46be711ec37c672db7b8a108fda", kill_on_drop: false }`
[INFO] running `Command { std: "docker" "rm" "-f" "4e18c398b87616b6c876e9636572f97e6b30f46be711ec37c672db7b8a108fda", kill_on_drop: false }`
[INFO] [stdout] 4e18c398b87616b6c876e9636572f97e6b30f46be711ec37c672db7b8a108fda
[INFO] running `Command { std: "docker" "create" "-v" "/var/lib/crater-agent-workspace/builds/worker-107/target:/opt/rustwide/target:rw,Z" "-v" "/var/lib/crater-agent-workspace/builds/worker-107/source:/opt/rustwide/workdir:ro,Z" "-v" "/var/lib/crater-agent-workspace/cargo-home:/opt/rustwide/cargo-home:ro,Z" "-v" "/var/lib/crater-agent-workspace/rustup-home:/opt/rustwide/rustup-home:ro,Z" "-e" "SOURCE_DIR=/opt/rustwide/workdir" "-e" "CARGO_TARGET_DIR=/opt/rustwide/target" "-e" "CARGO_INCREMENTAL=0" "-e" "RUST_BACKTRACE=full" "-e" "RUSTFLAGS=--cap-lints=warn" "-e" "CARGO_HOME=/opt/rustwide/cargo-home" "-e" "RUSTUP_HOME=/opt/rustwide/rustup-home" "-w" "/opt/rustwide/workdir" "-m" "1610612736" "--user" "0:0" "--network" "none" "ghcr.io/rust-lang/crates-build-env/linux@sha256:34b6a614d2c27851fe6cbf88fbd1137609cefab8b10d0615aaeb6fd47975d74e" "/opt/rustwide/cargo-home/bin/cargo" "+1.54.0" "build" "--frozen" "--message-format=json", kill_on_drop: false }`
[INFO] [stdout] e3a3365b79ac876ea73ea4684850338857c87f9647f39a9cba4a4c9ac49998ba
[INFO] running `Command { std: "docker" "start" "-a" "e3a3365b79ac876ea73ea4684850338857c87f9647f39a9cba4a4c9ac49998ba", kill_on_drop: false }`
[INFO] [stderr]    Compiling leb128 v0.2.4
[INFO] [stderr]    Compiling wasm-encoder v0.5.0 (/opt/rustwide/workdir)
[INFO] [stderr]     Finished dev [unoptimized + debuginfo] target(s) in 3.79s
[INFO] running `Command { std: "docker" "inspect" "e3a3365b79ac876ea73ea4684850338857c87f9647f39a9cba4a4c9ac49998ba", kill_on_drop: false }`
[INFO] running `Command { std: "docker" "rm" "-f" "e3a3365b79ac876ea73ea4684850338857c87f9647f39a9cba4a4c9ac49998ba", kill_on_drop: false }`
[INFO] [stdout] e3a3365b79ac876ea73ea4684850338857c87f9647f39a9cba4a4c9ac49998ba
[INFO] running `Command { std: "docker" "create" "-v" "/var/lib/crater-agent-workspace/builds/worker-107/target:/opt/rustwide/target:rw,Z" "-v" "/var/lib/crater-agent-workspace/builds/worker-107/source:/opt/rustwide/workdir:ro,Z" "-v" "/var/lib/crater-agent-workspace/cargo-home:/opt/rustwide/cargo-home:ro,Z" "-v" "/var/lib/crater-agent-workspace/rustup-home:/opt/rustwide/rustup-home:ro,Z" "-e" "SOURCE_DIR=/opt/rustwide/workdir" "-e" "CARGO_TARGET_DIR=/opt/rustwide/target" "-e" "CARGO_INCREMENTAL=0" "-e" "RUST_BACKTRACE=full" "-e" "RUSTFLAGS=--cap-lints=warn" "-e" "CARGO_HOME=/opt/rustwide/cargo-home" "-e" "RUSTUP_HOME=/opt/rustwide/rustup-home" "-w" "/opt/rustwide/workdir" "-m" "1610612736" "--user" "0:0" "--network" "none" "ghcr.io/rust-lang/crates-build-env/linux@sha256:34b6a614d2c27851fe6cbf88fbd1137609cefab8b10d0615aaeb6fd47975d74e" "/opt/rustwide/cargo-home/bin/cargo" "+1.54.0" "test" "--frozen" "--no-run" "--message-format=json", kill_on_drop: false }`
[INFO] [stdout] 3c24b0da70c3e2e4face451279bcb3aa38e96a6bd15801ebf59ee40ebd07e91b
[INFO] running `Command { std: "docker" "start" "-a" "3c24b0da70c3e2e4face451279bcb3aa38e96a6bd15801ebf59ee40ebd07e91b", kill_on_drop: false }`
[INFO] [stderr]    Compiling wasm-encoder v0.5.0 (/opt/rustwide/workdir)
[INFO] [stderr]     Finished test [unoptimized + debuginfo] target(s) in 1.73s
[INFO] running `Command { std: "docker" "inspect" "3c24b0da70c3e2e4face451279bcb3aa38e96a6bd15801ebf59ee40ebd07e91b", kill_on_drop: false }`
[INFO] running `Command { std: "docker" "rm" "-f" "3c24b0da70c3e2e4face451279bcb3aa38e96a6bd15801ebf59ee40ebd07e91b", kill_on_drop: false }`
[INFO] [stdout] 3c24b0da70c3e2e4face451279bcb3aa38e96a6bd15801ebf59ee40ebd07e91b
[INFO] running `Command { std: "docker" "create" "-v" "/var/lib/crater-agent-workspace/builds/worker-107/target:/opt/rustwide/target:rw,Z" "-v" "/var/lib/crater-agent-workspace/builds/worker-107/source:/opt/rustwide/workdir:ro,Z" "-v" "/var/lib/crater-agent-workspace/cargo-home:/opt/rustwide/cargo-home:ro,Z" "-v" "/var/lib/crater-agent-workspace/rustup-home:/opt/rustwide/rustup-home:ro,Z" "-e" "SOURCE_DIR=/opt/rustwide/workdir" "-e" "CARGO_TARGET_DIR=/opt/rustwide/target" "-e" "CARGO_INCREMENTAL=0" "-e" "RUST_BACKTRACE=full" "-e" "RUSTFLAGS=--cap-lints=warn" "-e" "CARGO_HOME=/opt/rustwide/cargo-home" "-e" "RUSTUP_HOME=/opt/rustwide/rustup-home" "-w" "/opt/rustwide/workdir" "-m" "1610612736" "--user" "0:0" "--network" "none" "ghcr.io/rust-lang/crates-build-env/linux@sha256:34b6a614d2c27851fe6cbf88fbd1137609cefab8b10d0615aaeb6fd47975d74e" "/opt/rustwide/cargo-home/bin/cargo" "+1.54.0" "test" "--frozen", kill_on_drop: false }`
[INFO] [stdout] 614ff010d3434bd98b3996b1d70d4caf92060e78d3ba6b17014582ba2c625cd2
[INFO] running `Command { std: "docker" "start" "-a" "614ff010d3434bd98b3996b1d70d4caf92060e78d3ba6b17014582ba2c625cd2", kill_on_drop: false }`
[INFO] [stderr]     Finished test [unoptimized + debuginfo] target(s) in 0.07s
[INFO] [stderr]      Running unittests (/opt/rustwide/target/debug/deps/wasm_encoder-e4de9c9d74251b37)
[INFO] [stderr]      Running tests/linking.rs (/opt/rustwide/target/debug/deps/linking-e41b12d4b4a5a0a5)
[INFO] [stdout] 
[INFO] [stdout] running 1 test
[INFO] [stdout] test custom::tests::test_custom_section ... ok
[INFO] [stdout] 
[INFO] [stdout] test result: ok. 1 passed; 0 failed; 0 ignored; 0 measured; 0 filtered out; finished in 0.00s
[INFO] [stdout] 
[INFO] [stdout] 
[INFO] [stdout] running 6 tests
[INFO] [stderr] Warning: failed to spawn `wasm-objdump` command. Assuming WABT tools are not installed on this system and ignoring this test.
[INFO] [stderr] Warning: failed to spawn `wasm-objdump` command. Assuming WABT tools are not installed on this system and ignoring this test.
[INFO] [stderr] Warning: failed to spawn `wasm-objdump` command. Assuming WABT tools are not installed on this system and ignoring this test.
[INFO] [stderr] Warning: failed to spawn `wasm-objdump` command. Assuming WABT tools are not installed on this system and ignoring this test.
[INFO] [stderr] Warning: failed to spawn `wasm-objdump` command. Assuming WABT tools are not installed on this system and ignoring this test.
[INFO] [stderr] Warning: failed to spawn `wasm-objdump` command. Assuming WABT tools are not installed on this system and ignoring this test.
[INFO] [stdout] test sym_tab_function ... ok
[INFO] [stdout] test sym_tab_flags ... ok
[INFO] [stdout] test sym_tab_global ... ok
[INFO] [stdout] test sym_tab_data_defined ... ok
[INFO] [stdout] test sym_tab_table ... ok
[INFO] [stderr]    Doc-tests wasm-encoder
[INFO] [stdout] test sym_tab_data_undefined ... ok
[INFO] [stdout] 
[INFO] [stdout] test result: ok. 6 passed; 0 failed; 0 ignored; 0 measured; 0 filtered out; finished in 0.07s
[INFO] [stdout] 
[INFO] [stdout] 
[INFO] [stdout] running 21 tests
[INFO] [stdout] test src/lib.rs - (line 27) ... FAILED
[INFO] [stdout] test src/data.rs - data::DataSection (line 7) ... ok
[INFO] [stdout] test src/encoders.rs - encoders::s33 (line 28) ... ok
[INFO] [stdout] test src/functions.rs - functions::FunctionSection (line 7) ... ok
[INFO] [stdout] test src/tables.rs - tables::TableSection (line 7) ... ok
[INFO] [stdout] test src/encoders.rs - encoders::s33 (line 32) ... ok
[INFO] [stdout] test src/imports.rs - imports::ImportSection (line 8) ... ok
[INFO] [stdout] test src/aliases.rs - aliases::AliasSection (line 12) ... ok
[INFO] [stdout] test src/modules.rs - modules::ModuleSection (line 12) ... ok
[INFO] [stdout] test src/elements.rs - elements::ElementSection (line 7) ... ok
[INFO] [stdout] test src/start.rs - start::StartSection (line 12) ... ok
[INFO] [stdout] test src/instances.rs - instances::InstanceSection (line 12) ... ok
[INFO] [stdout] test src/memories.rs - memories::MemorySection (line 7) ... ok
[INFO] [stdout] test src/globals.rs - globals::GlobalSection (line 7) ... ok
[INFO] [stdout] test src/encoders.rs - encoders::s33 (line 36) ... ok
[INFO] [stdout] test src/linking.rs - linking::LinkingSection (line 16) ... ok
[INFO] [stdout] test src/code.rs - code::Function (line 80) ... ok
[INFO] [stdout] test src/exports.rs - exports::ExportSection (line 7) ... ok
[INFO] [stdout] test src/encoders.rs - encoders::s33 (line 40) ... ok
[INFO] [stdout] test src/types.rs - types::TypeSection (line 8) ... ok
[INFO] [stdout] test src/code.rs - code::CodeSection (line 7) ... ok
[INFO] [stdout] 
[INFO] [stdout] failures:
[INFO] [stdout] 
[INFO] [stdout] ---- src/lib.rs - (line 27) stdout ----
[INFO] [stdout] error[E0433]: failed to resolve: use of undeclared crate or module `wasmparser`
[INFO] [stdout]   --> src/lib.rs:68:9
[INFO] [stdout]    |
[INFO] [stdout] 44 | assert!(wasmparser::validate(&wasm_bytes).is_ok());
[INFO] [stdout]    |         ^^^^^^^^^^ use of undeclared crate or module `wasmparser`
[INFO] [stdout] 
[INFO] [stdout] error: aborting due to previous error
[INFO] [stdout] 
[INFO] [stdout] For more information about this error, try `rustc --explain E0433`.
[INFO] [stdout] Couldn't compile the test.
[INFO] [stdout] 
[INFO] [stdout] failures:
[INFO] [stdout]     src/lib.rs - (line 27)
[INFO] [stdout] 
[INFO] [stdout] test result: FAILED. 20 passed; 1 failed; 0 ignored; 0 measured; 0 filtered out; finished in 0.75s
[INFO] [stdout] 
[INFO] [stderr] error: test failed, to rerun pass '--doc'
[INFO] running `Command { std: "docker" "inspect" "614ff010d3434bd98b3996b1d70d4caf92060e78d3ba6b17014582ba2c625cd2", kill_on_drop: false }`
[INFO] running `Command { std: "docker" "rm" "-f" "614ff010d3434bd98b3996b1d70d4caf92060e78d3ba6b17014582ba2c625cd2", kill_on_drop: false }`
[INFO] [stdout] 614ff010d3434bd98b3996b1d70d4caf92060e78d3ba6b17014582ba2c625cd2
