[INFO] fetching crate vtx 0.1.1...
[INFO] testing vtx-0.1.1 against 1.54.0 for beta-1.55-1
[INFO] extracting crate vtx 0.1.1 into /workspace/builds/worker-27/source
[INFO] validating manifest of crates.io crate vtx 0.1.1 on toolchain 1.54.0
[INFO] running `Command { std: "/workspace/cargo-home/bin/cargo" "+1.54.0" "metadata" "--manifest-path" "Cargo.toml" "--no-deps", kill_on_drop: false }`
[INFO] started tweaking crates.io crate vtx 0.1.1
[INFO] finished tweaking crates.io crate vtx 0.1.1
[INFO] tweaked toml for crates.io crate vtx 0.1.1 written to /workspace/builds/worker-27/source/Cargo.toml
[INFO] running `Command { std: "/workspace/cargo-home/bin/cargo" "+1.54.0" "generate-lockfile" "--manifest-path" "Cargo.toml" "-Zno-index-update", kill_on_drop: false }`
[INFO] [stderr]     Blocking waiting for file lock on package cache
[INFO] running `Command { std: "/workspace/cargo-home/bin/cargo" "+1.54.0" "fetch" "--manifest-path" "Cargo.toml", kill_on_drop: false }`
[INFO] [stderr]     Blocking waiting for file lock on package cache
[INFO] [stderr]     Blocking waiting for file lock on package cache
[INFO] [stderr]  Downloading crates ...
[INFO] [stderr]   Downloaded expect-test v1.1.0
[INFO] running `Command { std: "docker" "create" "-v" "/var/lib/crater-agent-workspace/builds/worker-27/target:/opt/rustwide/target:rw,Z" "-v" "/var/lib/crater-agent-workspace/builds/worker-27/source:/opt/rustwide/workdir:ro,Z" "-v" "/var/lib/crater-agent-workspace/cargo-home:/opt/rustwide/cargo-home:ro,Z" "-v" "/var/lib/crater-agent-workspace/rustup-home:/opt/rustwide/rustup-home:ro,Z" "-e" "SOURCE_DIR=/opt/rustwide/workdir" "-e" "CARGO_TARGET_DIR=/opt/rustwide/target" "-e" "CARGO_HOME=/opt/rustwide/cargo-home" "-e" "RUSTUP_HOME=/opt/rustwide/rustup-home" "-w" "/opt/rustwide/workdir" "-m" "1610612736" "--user" "0:0" "--network" "none" "ghcr.io/rust-lang/crates-build-env/linux@sha256:34b6a614d2c27851fe6cbf88fbd1137609cefab8b10d0615aaeb6fd47975d74e" "/opt/rustwide/cargo-home/bin/cargo" "+1.54.0" "metadata" "--no-deps" "--format-version=1", kill_on_drop: false }`
[INFO] [stdout] dedc461314a131324d71e8349ea01aeed6da85b5ce69576b5cf36941ec46f663
[INFO] running `Command { std: "docker" "start" "-a" "dedc461314a131324d71e8349ea01aeed6da85b5ce69576b5cf36941ec46f663", kill_on_drop: false }`
[INFO] running `Command { std: "docker" "inspect" "dedc461314a131324d71e8349ea01aeed6da85b5ce69576b5cf36941ec46f663", kill_on_drop: false }`
[INFO] running `Command { std: "docker" "rm" "-f" "dedc461314a131324d71e8349ea01aeed6da85b5ce69576b5cf36941ec46f663", kill_on_drop: false }`
[INFO] [stdout] dedc461314a131324d71e8349ea01aeed6da85b5ce69576b5cf36941ec46f663
[INFO] running `Command { std: "docker" "create" "-v" "/var/lib/crater-agent-workspace/builds/worker-27/target:/opt/rustwide/target:rw,Z" "-v" "/var/lib/crater-agent-workspace/builds/worker-27/source:/opt/rustwide/workdir:ro,Z" "-v" "/var/lib/crater-agent-workspace/cargo-home:/opt/rustwide/cargo-home:ro,Z" "-v" "/var/lib/crater-agent-workspace/rustup-home:/opt/rustwide/rustup-home:ro,Z" "-e" "SOURCE_DIR=/opt/rustwide/workdir" "-e" "CARGO_TARGET_DIR=/opt/rustwide/target" "-e" "CARGO_INCREMENTAL=0" "-e" "RUST_BACKTRACE=full" "-e" "RUSTFLAGS=--cap-lints=warn" "-e" "CARGO_HOME=/opt/rustwide/cargo-home" "-e" "RUSTUP_HOME=/opt/rustwide/rustup-home" "-w" "/opt/rustwide/workdir" "-m" "1610612736" "--user" "0:0" "--network" "none" "ghcr.io/rust-lang/crates-build-env/linux@sha256:34b6a614d2c27851fe6cbf88fbd1137609cefab8b10d0615aaeb6fd47975d74e" "/opt/rustwide/cargo-home/bin/cargo" "+1.54.0" "build" "--frozen" "--message-format=json", kill_on_drop: false }`
[INFO] [stdout] a2b3eccdd9008e61844f006e774744c1f2287677de56e72002eed499e0262ff7
[INFO] running `Command { std: "docker" "start" "-a" "a2b3eccdd9008e61844f006e774744c1f2287677de56e72002eed499e0262ff7", kill_on_drop: false }`
[INFO] [stderr]     Blocking waiting for file lock on package cache
[INFO] [stderr]    Compiling syn v1.0.74
[INFO] [stderr]    Compiling libm v0.2.1
[INFO] [stderr]    Compiling time v0.1.44
[INFO] [stderr]    Compiling chrono v0.4.19
[INFO] [stderr]    Compiling aym v0.1.1
[INFO] [stderr]    Compiling delharc v0.3.0
[INFO] [stderr]    Compiling thiserror-impl v1.0.26
[INFO] [stderr]    Compiling num-derive v0.3.3
[INFO] [stderr]    Compiling thiserror v1.0.26
[INFO] [stderr]    Compiling vtx v0.1.1 (/opt/rustwide/workdir)
[INFO] [stderr]     Finished dev [unoptimized + debuginfo] target(s) in 10.51s
[INFO] running `Command { std: "docker" "inspect" "a2b3eccdd9008e61844f006e774744c1f2287677de56e72002eed499e0262ff7", kill_on_drop: false }`
[INFO] running `Command { std: "docker" "rm" "-f" "a2b3eccdd9008e61844f006e774744c1f2287677de56e72002eed499e0262ff7", kill_on_drop: false }`
[INFO] [stdout] a2b3eccdd9008e61844f006e774744c1f2287677de56e72002eed499e0262ff7
[INFO] running `Command { std: "docker" "create" "-v" "/var/lib/crater-agent-workspace/builds/worker-27/target:/opt/rustwide/target:rw,Z" "-v" "/var/lib/crater-agent-workspace/builds/worker-27/source:/opt/rustwide/workdir:ro,Z" "-v" "/var/lib/crater-agent-workspace/cargo-home:/opt/rustwide/cargo-home:ro,Z" "-v" "/var/lib/crater-agent-workspace/rustup-home:/opt/rustwide/rustup-home:ro,Z" "-e" "SOURCE_DIR=/opt/rustwide/workdir" "-e" "CARGO_TARGET_DIR=/opt/rustwide/target" "-e" "CARGO_INCREMENTAL=0" "-e" "RUST_BACKTRACE=full" "-e" "RUSTFLAGS=--cap-lints=warn" "-e" "CARGO_HOME=/opt/rustwide/cargo-home" "-e" "RUSTUP_HOME=/opt/rustwide/rustup-home" "-w" "/opt/rustwide/workdir" "-m" "1610612736" "--user" "0:0" "--network" "none" "ghcr.io/rust-lang/crates-build-env/linux@sha256:34b6a614d2c27851fe6cbf88fbd1137609cefab8b10d0615aaeb6fd47975d74e" "/opt/rustwide/cargo-home/bin/cargo" "+1.54.0" "test" "--frozen" "--no-run" "--message-format=json", kill_on_drop: false }`
[INFO] [stdout] 807c4af631db6f0e16c87659246ad42a25f781d05e9e43aa6aeb9bda665f093e
[INFO] running `Command { std: "docker" "start" "-a" "807c4af631db6f0e16c87659246ad42a25f781d05e9e43aa6aeb9bda665f093e", kill_on_drop: false }`
[INFO] [stderr]    Compiling typenum v1.13.0
[INFO] [stderr]    Compiling opaque-debug v0.3.0
[INFO] [stderr]    Compiling dissimilar v1.0.2
[INFO] [stderr]    Compiling cpufeatures v0.1.5
[INFO] [stderr]    Compiling generic-array v0.14.4
[INFO] [stderr]    Compiling expect-test v1.1.0
[INFO] [stderr]    Compiling digest v0.9.0
[INFO] [stderr]    Compiling block-buffer v0.9.0
[INFO] [stderr]    Compiling sha2 v0.9.5
[INFO] [stderr]    Compiling vtx v0.1.1 (/opt/rustwide/workdir)
[INFO] [stderr]     Finished test [unoptimized + debuginfo] target(s) in 6.30s
[INFO] running `Command { std: "docker" "inspect" "807c4af631db6f0e16c87659246ad42a25f781d05e9e43aa6aeb9bda665f093e", kill_on_drop: false }`
[INFO] running `Command { std: "docker" "rm" "-f" "807c4af631db6f0e16c87659246ad42a25f781d05e9e43aa6aeb9bda665f093e", kill_on_drop: false }`
[INFO] [stdout] 807c4af631db6f0e16c87659246ad42a25f781d05e9e43aa6aeb9bda665f093e
[INFO] running `Command { std: "docker" "create" "-v" "/var/lib/crater-agent-workspace/builds/worker-27/target:/opt/rustwide/target:rw,Z" "-v" "/var/lib/crater-agent-workspace/builds/worker-27/source:/opt/rustwide/workdir:ro,Z" "-v" "/var/lib/crater-agent-workspace/cargo-home:/opt/rustwide/cargo-home:ro,Z" "-v" "/var/lib/crater-agent-workspace/rustup-home:/opt/rustwide/rustup-home:ro,Z" "-e" "SOURCE_DIR=/opt/rustwide/workdir" "-e" "CARGO_TARGET_DIR=/opt/rustwide/target" "-e" "CARGO_INCREMENTAL=0" "-e" "RUST_BACKTRACE=full" "-e" "RUSTFLAGS=--cap-lints=warn" "-e" "CARGO_HOME=/opt/rustwide/cargo-home" "-e" "RUSTUP_HOME=/opt/rustwide/rustup-home" "-w" "/opt/rustwide/workdir" "-m" "1610612736" "--user" "0:0" "--network" "none" "ghcr.io/rust-lang/crates-build-env/linux@sha256:34b6a614d2c27851fe6cbf88fbd1137609cefab8b10d0615aaeb6fd47975d74e" "/opt/rustwide/cargo-home/bin/cargo" "+1.54.0" "test" "--frozen", kill_on_drop: false }`
[INFO] [stdout] 9516d158d0317c9dacb57d8ff3dd96461b190841f3c17059a9c7bccda1ac8174
[INFO] running `Command { std: "docker" "start" "-a" "9516d158d0317c9dacb57d8ff3dd96461b190841f3c17059a9c7bccda1ac8174", kill_on_drop: false }`
[INFO] [stdout] 
[INFO] [stderr]     Finished test [unoptimized + debuginfo] target(s) in 0.06s
[INFO] [stdout] running 7 tests
[INFO] [stderr]      Running unittests (/opt/rustwide/target/debug/deps/vtx-f38ee01568b7aa6f)
[INFO] [stdout] test tests::decode_succeeds_2 ... FAILED
[INFO] [stdout] test tests::decode_succeeds_1 ... ok
[INFO] [stdout] test tests::decode_succeeds_4 ... ok
[INFO] [stdout] test tests::frame_indexing_failure ... ok
[INFO] [stdout] test tests::decode_succeeds_3 ... FAILED
[INFO] [stdout] test tests::frame_indexing_success ... ok
[INFO] [stderr] error: test failed, to rerun pass '--lib'
[INFO] [stdout] test player::tests::precise_player_wroks_normally ... ok
[INFO] [stdout] 
[INFO] [stdout] failures:
[INFO] [stdout] 
[INFO] [stdout] ---- tests::decode_succeeds_2 stdout ----
[INFO] [stdout] 
[INFO] [stdout] 
[INFO] [stdout] [1m[91merror[97m: expect test failed[0m
[INFO] [stdout]    [1m[34m-->[0m src/lib.rs:275:9
[INFO] [stdout] 
[INFO] [stdout] You can update all `expect![[]]` tests by running:
[INFO] [stdout] 
[INFO] [stdout]     env UPDATE_EXPECT=1 cargo test
[INFO] [stdout] 
[INFO] [stdout] To update a single test, place the cursor on `expect` token and use `run` feature of rust-analyzer.
[INFO] [stdout] 
[INFO] [stdout] [1mExpect[0m:
[INFO] [stdout] ----
[INFO] [stdout] Vtx {
[INFO] [stdout]     chip: YM,
[INFO] [stdout]     stereo: ABC,
[INFO] [stdout]     frequency: 1773400,
[INFO] [stdout]     player_frequency: 50,
[INFO] [stdout]     loop_start_frame: 0,
[INFO] [stdout]     year: 2005,
[INFO] [stdout]     title: "\"SECRET LAND\" ( Sandra \' 95 )",
[INFO] [stdout]     author: "AY_VER BY IGNEOUS\'2000",
[INFO] [stdout]     from: "",
[INFO] [stdout]     tracker: "",
[INFO] [stdout]     comment: "Created by Sergey Bulba\'s AY-3-8910/12 Emulator v2.6",
[INFO] [stdout]     frame_data: [],
[INFO] [stdout] }
[INFO] [stdout] 
[INFO] [stdout] ----
[INFO] [stdout] 
[INFO] [stdout] [1mActual[0m:
[INFO] [stdout] ----
[INFO] [stdout] Vtx {
[INFO] [stdout]     chip: YM,
[INFO] [stdout]     stereo: ABC,
[INFO] [stdout]     frequency: 1773400,
[INFO] [stdout]     player_frequency: 50,
[INFO] [stdout]     loop_start_frame: 0,
[INFO] [stdout]     year: 2005,
[INFO] [stdout]     title: "\"SECRET LAND\" ( Sandra ' 95 )",
[INFO] [stdout]     author: "AY_VER BY IGNEOUS'2000",
[INFO] [stdout]     from: "",
[INFO] [stdout]     tracker: "",
[INFO] [stdout]     comment: "Created by Sergey Bulba's AY-3-8910/12 Emulator v2.6",
[INFO] [stdout]     frame_data: [],
[INFO] [stdout] }
[INFO] [stdout] 
[INFO] [stdout] ----
[INFO] [stdout] 
[INFO] [stdout] [1mDiff[0m:
[INFO] [stdout] ----
[INFO] [stdout] Vtx {
[INFO] [stdout]     chip: YM,
[INFO] [stdout]     stereo: ABC,
[INFO] [stdout]     frequency: 1773400,
[INFO] [stdout]     player_frequency: 50,
[INFO] [stdout]     loop_start_frame: 0,
[INFO] [stdout]     year: 2005,
[INFO] [stdout]     title: "\"SECRET LAND\" ( Sandra [41m\[0m' 95 )",
[INFO] [stdout]     author: "AY_VER BY IGNEOUS[41m\[0m'2000",
[INFO] [stdout]     from: "",
[INFO] [stdout]     tracker: "",
[INFO] [stdout]     comment: "Created by Sergey Bulba[41m\[0m's AY-3-8910/12 Emulator v2.6",
[INFO] [stdout]     frame_data: [],
[INFO] [stdout] }
[INFO] [stdout] 
[INFO] [stdout] ----
[INFO] [stdout] 
[INFO] [stdout] 
[INFO] [stdout] ---- tests::decode_succeeds_3 stdout ----
[INFO] [stdout] 
[INFO] [stdout] 
[INFO] [stdout] [1m[91merror[97m: expect test failed[0m
[INFO] [stdout]    [1m[34m-->[0m src/lib.rs:299:9
[INFO] [stdout] 
[INFO] [stdout] [1mExpect[0m:
[INFO] [stdout] ----
[INFO] [stdout] Vtx {
[INFO] [stdout]     chip: AY,
[INFO] [stdout]     stereo: ACB,
[INFO] [stdout]     frequency: 1773400,
[INFO] [stdout]     player_frequency: 50,
[INFO] [stdout]     loop_start_frame: 0,
[INFO] [stdout]     year: 1989,
[INFO] [stdout]     title: "Tune 1",
[INFO] [stdout]     author: "Fuxoft",
[INFO] [stdout]     from: "Song In Lines 3-5",
[INFO] [stdout]     tracker: "",
[INFO] [stdout]     comment: "Created by Sergey Bulba\'s AY-3-8910/12 Emulator v1.5",
[INFO] [stdout]     frame_data: [],
[INFO] [stdout] }
[INFO] [stdout] 
[INFO] [stdout] ----
[INFO] [stdout] 
[INFO] [stdout] [1mActual[0m:
[INFO] [stdout] ----
[INFO] [stdout] Vtx {
[INFO] [stdout]     chip: AY,
[INFO] [stdout]     stereo: ACB,
[INFO] [stdout]     frequency: 1773400,
[INFO] [stdout]     player_frequency: 50,
[INFO] [stdout]     loop_start_frame: 0,
[INFO] [stdout]     year: 1989,
[INFO] [stdout]     title: "Tune 1",
[INFO] [stdout]     author: "Fuxoft",
[INFO] [stdout]     from: "Song In Lines 3-5",
[INFO] [stdout]     tracker: "",
[INFO] [stdout]     comment: "Created by Sergey Bulba's AY-3-8910/12 Emulator v1.5",
[INFO] [stdout]     frame_data: [],
[INFO] [stdout] }
[INFO] [stdout] 
[INFO] [stdout] ----
[INFO] [stdout] 
[INFO] [stdout] [1mDiff[0m:
[INFO] [stdout] ----
[INFO] [stdout] Vtx {
[INFO] [stdout]     chip: AY,
[INFO] [stdout]     stereo: ACB,
[INFO] [stdout]     frequency: 1773400,
[INFO] [stdout]     player_frequency: 50,
[INFO] [stdout]     loop_start_frame: 0,
[INFO] [stdout]     year: 1989,
[INFO] [stdout]     title: "Tune 1",
[INFO] [stdout]     author: "Fuxoft",
[INFO] [stdout]     from: "Song In Lines 3-5",
[INFO] [stdout]     tracker: "",
[INFO] [stdout]     comment: "Created by Sergey Bulba[41m\[0m's AY-3-8910/12 Emulator v1.5",
[INFO] [stdout]     frame_data: [],
[INFO] [stdout] }
[INFO] [stdout] 
[INFO] [stdout] ----
[INFO] [stdout] 
[INFO] [stdout] 
[INFO] [stdout] 
[INFO] [stdout] failures:
[INFO] [stdout]     tests::decode_succeeds_2
[INFO] [stdout]     tests::decode_succeeds_3
[INFO] [stdout] 
[INFO] [stdout] test result: FAILED. 5 passed; 2 failed; 0 ignored; 0 measured; 0 filtered out; finished in 1.85s
[INFO] [stdout] 
[INFO] running `Command { std: "docker" "inspect" "9516d158d0317c9dacb57d8ff3dd96461b190841f3c17059a9c7bccda1ac8174", kill_on_drop: false }`
[INFO] running `Command { std: "docker" "rm" "-f" "9516d158d0317c9dacb57d8ff3dd96461b190841f3c17059a9c7bccda1ac8174", kill_on_drop: false }`
[INFO] [stdout] 9516d158d0317c9dacb57d8ff3dd96461b190841f3c17059a9c7bccda1ac8174
