[INFO] fetching crate vtf 0.1.4...
[INFO] testing vtf-0.1.4 against 1.54.0 for beta-1.55-1
[INFO] extracting crate vtf 0.1.4 into /workspace/builds/worker-88/source
[INFO] validating manifest of crates.io crate vtf 0.1.4 on toolchain 1.54.0
[INFO] running `Command { std: "/workspace/cargo-home/bin/cargo" "+1.54.0" "metadata" "--manifest-path" "Cargo.toml" "--no-deps", kill_on_drop: false }`
[INFO] started tweaking crates.io crate vtf 0.1.4
[INFO] finished tweaking crates.io crate vtf 0.1.4
[INFO] tweaked toml for crates.io crate vtf 0.1.4 written to /workspace/builds/worker-88/source/Cargo.toml
[INFO] crate crates.io crate vtf 0.1.4 already has a lockfile, it will not be regenerated
[INFO] running `Command { std: "/workspace/cargo-home/bin/cargo" "+1.54.0" "fetch" "--manifest-path" "Cargo.toml", kill_on_drop: false }`
[INFO] [stderr]     Blocking waiting for file lock on package cache
[INFO] [stderr]  Downloading crates ...
[INFO] [stderr]   Downloaded parse-display-derive v0.1.2
[INFO] [stderr]   Downloaded parse-display v0.1.2
[INFO] running `Command { std: "docker" "create" "-v" "/var/lib/crater-agent-workspace/builds/worker-88/target:/opt/rustwide/target:rw,Z" "-v" "/var/lib/crater-agent-workspace/builds/worker-88/source:/opt/rustwide/workdir:ro,Z" "-v" "/var/lib/crater-agent-workspace/cargo-home:/opt/rustwide/cargo-home:ro,Z" "-v" "/var/lib/crater-agent-workspace/rustup-home:/opt/rustwide/rustup-home:ro,Z" "-e" "SOURCE_DIR=/opt/rustwide/workdir" "-e" "CARGO_TARGET_DIR=/opt/rustwide/target" "-e" "CARGO_HOME=/opt/rustwide/cargo-home" "-e" "RUSTUP_HOME=/opt/rustwide/rustup-home" "-w" "/opt/rustwide/workdir" "-m" "1610612736" "--user" "0:0" "--network" "none" "ghcr.io/rust-lang/crates-build-env/linux@sha256:34b6a614d2c27851fe6cbf88fbd1137609cefab8b10d0615aaeb6fd47975d74e" "/opt/rustwide/cargo-home/bin/cargo" "+1.54.0" "metadata" "--no-deps" "--format-version=1", kill_on_drop: false }`
[INFO] [stdout] a71cf2b3895b01251449b2167010029427d7d8b7ad5d6ffb331458dc617d91bd
[INFO] running `Command { std: "docker" "start" "-a" "a71cf2b3895b01251449b2167010029427d7d8b7ad5d6ffb331458dc617d91bd", kill_on_drop: false }`
[INFO] running `Command { std: "docker" "inspect" "a71cf2b3895b01251449b2167010029427d7d8b7ad5d6ffb331458dc617d91bd", kill_on_drop: false }`
[INFO] running `Command { std: "docker" "rm" "-f" "a71cf2b3895b01251449b2167010029427d7d8b7ad5d6ffb331458dc617d91bd", kill_on_drop: false }`
[INFO] [stdout] a71cf2b3895b01251449b2167010029427d7d8b7ad5d6ffb331458dc617d91bd
[INFO] running `Command { std: "docker" "create" "-v" "/var/lib/crater-agent-workspace/builds/worker-88/target:/opt/rustwide/target:rw,Z" "-v" "/var/lib/crater-agent-workspace/builds/worker-88/source:/opt/rustwide/workdir:ro,Z" "-v" "/var/lib/crater-agent-workspace/cargo-home:/opt/rustwide/cargo-home:ro,Z" "-v" "/var/lib/crater-agent-workspace/rustup-home:/opt/rustwide/rustup-home:ro,Z" "-e" "SOURCE_DIR=/opt/rustwide/workdir" "-e" "CARGO_TARGET_DIR=/opt/rustwide/target" "-e" "CARGO_INCREMENTAL=0" "-e" "RUST_BACKTRACE=full" "-e" "RUSTFLAGS=--cap-lints=warn" "-e" "CARGO_HOME=/opt/rustwide/cargo-home" "-e" "RUSTUP_HOME=/opt/rustwide/rustup-home" "-w" "/opt/rustwide/workdir" "-m" "1610612736" "--user" "0:0" "--network" "none" "ghcr.io/rust-lang/crates-build-env/linux@sha256:34b6a614d2c27851fe6cbf88fbd1137609cefab8b10d0615aaeb6fd47975d74e" "/opt/rustwide/cargo-home/bin/cargo" "+1.54.0" "build" "--frozen" "--message-format=json", kill_on_drop: false }`
[INFO] [stdout] 219ec75d794ecb90d120064df4d11800fb2e61cf353e7fdf4aab48fc84cc96f8
[INFO] running `Command { std: "docker" "start" "-a" "219ec75d794ecb90d120064df4d11800fb2e61cf353e7fdf4aab48fc84cc96f8", kill_on_drop: false }`
[INFO] [stderr]    Compiling proc-macro2 v1.0.27
[INFO] [stderr]    Compiling syn v1.0.73
[INFO] [stderr]    Compiling rayon-core v1.9.1
[INFO] [stderr]    Compiling serde v1.0.126
[INFO] [stderr]    Compiling rustversion v1.0.5
[INFO] [stderr]    Compiling adler32 v1.2.0
[INFO] [stderr]    Compiling crc32fast v1.2.1
[INFO] [stderr]    Compiling adler v1.0.2
[INFO] [stderr]    Compiling regex-syntax v0.6.25
[INFO] [stderr]    Compiling weezl v0.1.5
[INFO] [stderr]    Compiling color_quant v1.1.0
[INFO] [stderr]    Compiling scoped_threadpool v0.1.9
[INFO] [stderr]    Compiling bytemuck v1.7.0
[INFO] [stderr]    Compiling num-traits v0.2.14
[INFO] [stderr]    Compiling rayon v1.5.1
[INFO] [stderr]    Compiling num-integer v0.1.44
[INFO] [stderr]    Compiling miniz_oxide v0.4.4
[INFO] [stderr]    Compiling num-iter v0.1.42
[INFO] [stderr]    Compiling num-rational v0.3.2
[INFO] [stderr]    Compiling proc-macro-error-attr v1.0.4
[INFO] [stderr]    Compiling proc-macro-error v1.0.4
[INFO] [stderr]    Compiling crossbeam-deque v0.8.0
[INFO] [stderr]    Compiling deflate v0.8.6
[INFO] [stderr]    Compiling miniz_oxide v0.3.7
[INFO] [stderr]    Compiling gif v0.11.2
[INFO] [stderr]    Compiling png v0.16.8
[INFO] [stderr]    Compiling quote v1.0.9
[INFO] [stderr]    Compiling err-derive v0.2.4
[INFO] [stderr]    Compiling regex v1.5.4
[INFO] [stderr]    Compiling jpeg-decoder v0.1.22
[INFO] [stderr]    Compiling toml v0.5.8
[INFO] [stderr]    Compiling tiff v0.6.1
[INFO] [stderr]    Compiling synstructure v0.12.5
[INFO] [stderr]    Compiling image v0.23.14
[INFO] [stderr]    Compiling proc-macro-crate v0.1.5
[INFO] [stderr]    Compiling parse-display-derive v0.1.2
[INFO] [stderr]    Compiling derivative v2.2.0
[INFO] [stderr]    Compiling num_enum_derive v0.4.3
[INFO] [stderr]    Compiling parse-display v0.1.2
[INFO] [stderr]    Compiling num_enum v0.4.3
[INFO] [stderr]    Compiling vtf v0.1.4 (/opt/rustwide/workdir)
[INFO] [stderr]     Finished dev [unoptimized + debuginfo] target(s) in 16.15s
[INFO] running `Command { std: "docker" "inspect" "219ec75d794ecb90d120064df4d11800fb2e61cf353e7fdf4aab48fc84cc96f8", kill_on_drop: false }`
[INFO] running `Command { std: "docker" "rm" "-f" "219ec75d794ecb90d120064df4d11800fb2e61cf353e7fdf4aab48fc84cc96f8", kill_on_drop: false }`
[INFO] [stdout] 219ec75d794ecb90d120064df4d11800fb2e61cf353e7fdf4aab48fc84cc96f8
[INFO] running `Command { std: "docker" "create" "-v" "/var/lib/crater-agent-workspace/builds/worker-88/target:/opt/rustwide/target:rw,Z" "-v" "/var/lib/crater-agent-workspace/builds/worker-88/source:/opt/rustwide/workdir:ro,Z" "-v" "/var/lib/crater-agent-workspace/cargo-home:/opt/rustwide/cargo-home:ro,Z" "-v" "/var/lib/crater-agent-workspace/rustup-home:/opt/rustwide/rustup-home:ro,Z" "-e" "SOURCE_DIR=/opt/rustwide/workdir" "-e" "CARGO_TARGET_DIR=/opt/rustwide/target" "-e" "CARGO_INCREMENTAL=0" "-e" "RUST_BACKTRACE=full" "-e" "RUSTFLAGS=--cap-lints=warn" "-e" "CARGO_HOME=/opt/rustwide/cargo-home" "-e" "RUSTUP_HOME=/opt/rustwide/rustup-home" "-w" "/opt/rustwide/workdir" "-m" "1610612736" "--user" "0:0" "--network" "none" "ghcr.io/rust-lang/crates-build-env/linux@sha256:34b6a614d2c27851fe6cbf88fbd1137609cefab8b10d0615aaeb6fd47975d74e" "/opt/rustwide/cargo-home/bin/cargo" "+1.54.0" "test" "--frozen" "--no-run" "--message-format=json", kill_on_drop: false }`
[INFO] [stdout] dd398355d8c8814ff60bb56fca255ec01d189c29fdaf3336897dc28211bb55b9
[INFO] running `Command { std: "docker" "start" "-a" "dd398355d8c8814ff60bb56fca255ec01d189c29fdaf3336897dc28211bb55b9", kill_on_drop: false }`
[INFO] [stderr]    Compiling vtf v0.1.4 (/opt/rustwide/workdir)
[INFO] [stdout] warning: use of deprecated associated function `image::DynamicImage::to_rgba`: replaced by `to_rgba8`
[INFO] [stdout]   --> examples/png.rs:28:46
[INFO] [stdout]    |
[INFO] [stdout] 28 |         DynamicImage::ImageBgra8(_) => image.to_rgba().save(&args[2])?,
[INFO] [stdout]    |                                              ^^^^^^^
[INFO] [stdout]    |
[INFO] [stdout]    = note: `#[warn(deprecated)]` on by default
[INFO] [stdout] 
[INFO] [stdout] 
[INFO] [stdout] warning: use of deprecated associated function `image::DynamicImage::to_rgb`: replaced by `to_rgb8`
[INFO] [stdout]   --> examples/png.rs:29:20
[INFO] [stdout]    |
[INFO] [stdout] 29 |         _ => image.to_rgb().save(&args[2])?,
[INFO] [stdout]    |                    ^^^^^^
[INFO] [stdout] 
[INFO] [stdout] 
[INFO] [stdout] warning: use of deprecated associated function `image::DynamicImage::into_rgba`: replaced by `into_rgba8`
[INFO] [stdout]   --> tests/png.rs:43:11
[INFO] [stdout]    |
[INFO] [stdout] 43 |     image.into_rgba().hash(&mut hasher);
[INFO] [stdout]    |           ^^^^^^^^^
[INFO] [stdout]    |
[INFO] [stdout]    = note: `#[warn(deprecated)]` on by default
[INFO] [stdout] 
[INFO] [stdout] 
[INFO] [stdout] warning: 2 warnings emitted
[INFO] [stdout] 
[INFO] [stdout] 
[INFO] [stdout] warning: 1 warning emitted
[INFO] [stdout] 
[INFO] [stdout] 
[INFO] [stderr]     Finished test [unoptimized + debuginfo] target(s) in 3.18s
[INFO] running `Command { std: "docker" "inspect" "dd398355d8c8814ff60bb56fca255ec01d189c29fdaf3336897dc28211bb55b9", kill_on_drop: false }`
[INFO] running `Command { std: "docker" "rm" "-f" "dd398355d8c8814ff60bb56fca255ec01d189c29fdaf3336897dc28211bb55b9", kill_on_drop: false }`
[INFO] [stdout] dd398355d8c8814ff60bb56fca255ec01d189c29fdaf3336897dc28211bb55b9
[INFO] running `Command { std: "docker" "create" "-v" "/var/lib/crater-agent-workspace/builds/worker-88/target:/opt/rustwide/target:rw,Z" "-v" "/var/lib/crater-agent-workspace/builds/worker-88/source:/opt/rustwide/workdir:ro,Z" "-v" "/var/lib/crater-agent-workspace/cargo-home:/opt/rustwide/cargo-home:ro,Z" "-v" "/var/lib/crater-agent-workspace/rustup-home:/opt/rustwide/rustup-home:ro,Z" "-e" "SOURCE_DIR=/opt/rustwide/workdir" "-e" "CARGO_TARGET_DIR=/opt/rustwide/target" "-e" "CARGO_INCREMENTAL=0" "-e" "RUST_BACKTRACE=full" "-e" "RUSTFLAGS=--cap-lints=warn" "-e" "CARGO_HOME=/opt/rustwide/cargo-home" "-e" "RUSTUP_HOME=/opt/rustwide/rustup-home" "-w" "/opt/rustwide/workdir" "-m" "1610612736" "--user" "0:0" "--network" "none" "ghcr.io/rust-lang/crates-build-env/linux@sha256:34b6a614d2c27851fe6cbf88fbd1137609cefab8b10d0615aaeb6fd47975d74e" "/opt/rustwide/cargo-home/bin/cargo" "+1.54.0" "test" "--frozen", kill_on_drop: false }`
[INFO] [stdout] b1bd5b51fa472f96be3e0973795d4a009491df098ce650c5a39406aad68eb176
[INFO] running `Command { std: "docker" "start" "-a" "b1bd5b51fa472f96be3e0973795d4a009491df098ce650c5a39406aad68eb176", kill_on_drop: false }`
[INFO] [stderr] warning: use of deprecated associated function `image::DynamicImage::to_rgba`: replaced by `to_rgba8`
[INFO] [stderr]   --> examples/png.rs:28:46
[INFO] [stderr]    |
[INFO] [stderr] 28 |         DynamicImage::ImageBgra8(_) => image.to_rgba().save(&args[2])?,
[INFO] [stderr]    |                                              ^^^^^^^
[INFO] [stderr]    |
[INFO] [stderr]    = note: `#[warn(deprecated)]` on by default
[INFO] [stderr] 
[INFO] [stderr] warning: use of deprecated associated function `image::DynamicImage::to_rgb`: replaced by `to_rgb8`
[INFO] [stderr]   --> examples/png.rs:29:20
[INFO] [stderr]    |
[INFO] [stderr] 29 |         _ => image.to_rgb().save(&args[2])?,
[INFO] [stderr]    |                    ^^^^^^
[INFO] [stderr] 
[INFO] [stderr] warning: 2 warnings emitted
[INFO] [stderr] 
[INFO] [stderr] warning: use of deprecated associated function `image::DynamicImage::into_rgba`: replaced by `into_rgba8`
[INFO] [stderr]   --> tests/png.rs:43:11
[INFO] [stderr]    |
[INFO] [stderr] 43 |     image.into_rgba().hash(&mut hasher);
[INFO] [stderr]    |           ^^^^^^^^^
[INFO] [stderr]    |
[INFO] [stderr]    = note: `#[warn(deprecated)]` on by default
[INFO] [stderr] 
[INFO] [stderr] warning: 1 warning emitted
[INFO] [stderr] 
[INFO] [stderr]     Finished test [unoptimized + debuginfo] target(s) in 0.05s
[INFO] [stderr]      Running unittests (/opt/rustwide/target/debug/deps/vtf-94312cb2a4741937)
[INFO] [stdout] 
[INFO] [stderr]      Running tests/info.rs (/opt/rustwide/target/debug/deps/info-35d9ba87995cef2a)
[INFO] [stdout] running 0 tests
[INFO] [stdout] 
[INFO] [stdout] test result: ok. 0 passed; 0 failed; 0 ignored; 0 measured; 0 filtered out; finished in 0.00s
[INFO] [stdout] 
[INFO] [stdout] 
[INFO] [stdout] running 2 tests
[INFO] [stdout] test test_info ... ok
[INFO] [stdout] test test_write_header ... ok
[INFO] [stdout] 
[INFO] [stdout] test result: ok. 2 passed; 0 failed; 0 ignored; 0 measured; 0 filtered out; finished in 0.00s
[INFO] [stdout] 
[INFO] [stderr]      Running tests/png.rs (/opt/rustwide/target/debug/deps/png-ed998ab58e92e1a6)
[INFO] [stdout] 
[INFO] [stdout] running 3 tests
[INFO] [stdout] test test_to_png_dxt5 ... FAILED
[INFO] [stdout] test test_to_png_rgb8_alpha ... ok
[INFO] [stdout] test test_to_png_rgb8 ... ok
[INFO] [stdout] 
[INFO] [stdout] failures:
[INFO] [stdout] 
[INFO] [stdout] ---- test_to_png_dxt5 stdout ----
[INFO] [stdout] thread 'test_to_png_dxt5' panicked at 'assertion failed: `(left == right)`
[INFO] [stdout]   left: `Ok(0)`,
[INFO] [stdout]  right: `Ok(1048576)`', /opt/rustwide/cargo-home/registry/src/github.com-1ecc6299db9ec823/image-0.23.14/./src/codecs/dxt.rs:159:9
[INFO] [stdout] stack backtrace:
[INFO] [stdout]    0:     0x559eeb180740 - std::backtrace_rs::backtrace::libunwind::trace::h34055254b57d8e79
[INFO] [stdout]                                at /rustc/a178d0322ce20e33eac124758e837cbd80a6f633/library/std/src/../../backtrace/src/backtrace/libunwind.rs:90:5
[INFO] [stdout]    1:     0x559eeb180740 - std::backtrace_rs::backtrace::trace_unsynchronized::h8f1e3fbd9afff6ec
[INFO] [stdout]                                at /rustc/a178d0322ce20e33eac124758e837cbd80a6f633/library/std/src/../../backtrace/src/backtrace/mod.rs:66:5
[INFO] [stdout]    2:     0x559eeb180740 - std::sys_common::backtrace::_print_fmt::h3a99a796b770c360
[INFO] [stdout]                                at /rustc/a178d0322ce20e33eac124758e837cbd80a6f633/library/std/src/sys_common/backtrace.rs:67:5
[INFO] [stdout]    3:     0x559eeb180740 - <std::sys_common::backtrace::_print::DisplayBacktrace as core::fmt::Display>::fmt::h32d1f94a80615d18
[INFO] [stdout]                                at /rustc/a178d0322ce20e33eac124758e837cbd80a6f633/library/std/src/sys_common/backtrace.rs:46:22
[INFO] [stdout]    4:     0x559eeb1a4bdc - core::fmt::write::h306731c068f7162c
[INFO] [stdout]                                at /rustc/a178d0322ce20e33eac124758e837cbd80a6f633/library/core/src/fmt/mod.rs:1110:17
[INFO] [stdout]    5:     0x559eeb17d165 - std::io::Write::write_fmt::h87f19b0a2cd190bc
[INFO] [stdout]                                at /rustc/a178d0322ce20e33eac124758e837cbd80a6f633/library/std/src/io/mod.rs:1588:15
[INFO] [stdout]    6:     0x559eeb18291b - std::sys_common::backtrace::_print::h5abaa2601a852287
[INFO] [stdout]                                at /rustc/a178d0322ce20e33eac124758e837cbd80a6f633/library/std/src/sys_common/backtrace.rs:49:5
[INFO] [stdout]    7:     0x559eeb18291b - std::sys_common::backtrace::print::h8d81445442bb638f
[INFO] [stdout]                                at /rustc/a178d0322ce20e33eac124758e837cbd80a6f633/library/std/src/sys_common/backtrace.rs:36:9
[INFO] [stdout]    8:     0x559eeb18291b - std::panicking::default_hook::{{closure}}::hcfe804496a9fa747
[INFO] [stdout]                                at /rustc/a178d0322ce20e33eac124758e837cbd80a6f633/library/std/src/panicking.rs:208:50
[INFO] [stdout]    9:     0x559eeb18242c - std::panicking::default_hook::hbea8e3ccf2ba8901
[INFO] [stdout]                                at /rustc/a178d0322ce20e33eac124758e837cbd80a6f633/library/std/src/panicking.rs:222:9
[INFO] [stdout]   10:     0x559eeb182fe4 - std::panicking::rust_panic_with_hook::h7ee9e1a2d0f8975a
[INFO] [stdout]                                at /rustc/a178d0322ce20e33eac124758e837cbd80a6f633/library/std/src/panicking.rs:622:17
[INFO] [stdout]   11:     0x559eeb182ac7 - std::panicking::begin_panic_handler::{{closure}}::h8ab3b4491718b2c7
[INFO] [stdout]                                at /rustc/a178d0322ce20e33eac124758e837cbd80a6f633/library/std/src/panicking.rs:519:13
[INFO] [stdout]   12:     0x559eeb180c3c - std::sys_common::backtrace::__rust_end_short_backtrace::hd489062ffa586a9f
[INFO] [stdout]                                at /rustc/a178d0322ce20e33eac124758e837cbd80a6f633/library/std/src/sys_common/backtrace.rs:141:18
[INFO] [stdout]   13:     0x559eeb182a29 - rust_begin_unwind
[INFO] [stdout]                                at /rustc/a178d0322ce20e33eac124758e837cbd80a6f633/library/std/src/panicking.rs:515:5
[INFO] [stdout]   14:     0x559eeae37b31 - core::panicking::panic_fmt::hca6330e3e14086b4
[INFO] [stdout]                                at /rustc/a178d0322ce20e33eac124758e837cbd80a6f633/library/core/src/panicking.rs:92:14
[INFO] [stdout]   15:     0x559eeb1a2c88 - core::panicking::assert_failed_inner::h33b45280069a80ed
[INFO] [stdout]   16:     0x559eeaee56da - core::panicking::assert_failed::h2cdb3e998982df26
[INFO] [stdout]                                at /rustc/a178d0322ce20e33eac124758e837cbd80a6f633/library/core/src/panicking.rs:117:5
[INFO] [stdout]   17:     0x559eeae40b4e - <image::codecs::dxt::DxtDecoder<R> as image::image::ImageDecoder>::read_image::h99dfe9c579ad63ed
[INFO] [stdout]                                at /opt/rustwide/cargo-home/registry/src/github.com-1ecc6299db9ec823/image-0.23.14/./src/codecs/dxt.rs:159:9
[INFO] [stdout]   18:     0x559eeae39c97 - vtf::image::VTFImage::decode_dxt::h6872572bfded878b
[INFO] [stdout]                                at /opt/rustwide/workdir/src/image.rs:51:9
[INFO] [stdout]   19:     0x559eeae3a42b - vtf::image::VTFImage::decode::hd95a9bdaba594858
[INFO] [stdout]                                at /opt/rustwide/workdir/src/image.rs:87:27
[INFO] [stdout]   20:     0x559eeae3865f - png::test_image::h6463c68b0980e3e4
[INFO] [stdout]                                at /opt/rustwide/workdir/tests/png.rs:32:17
[INFO] [stdout]   21:     0x559eeae38b6c - png::test_to_png_dxt5::h0b565c8c7b3b7203
[INFO] [stdout]                                at /opt/rustwide/workdir/tests/png.rs:10:5
[INFO] [stdout]   22:     0x559eeae38b3a - png::test_to_png_dxt5::{{closure}}::h7ff49c187bbaa53d
[INFO] [stdout]                                at /opt/rustwide/workdir/tests/png.rs:9:1
[INFO] [stdout]   23:     0x559eeae38d3e - core::ops::function::FnOnce::call_once::hdf48f78157ed0488
[INFO] [stdout]                                at /rustc/a178d0322ce20e33eac124758e837cbd80a6f633/library/core/src/ops/function.rs:227:5
[INFO] [stdout]   24:     0x559eeae6f173 - core::ops::function::FnOnce::call_once::h152e7e439ff59e19
[INFO] [stdout]                                at /rustc/a178d0322ce20e33eac124758e837cbd80a6f633/library/core/src/ops/function.rs:227:5
[INFO] [stdout]   25:     0x559eeae6f173 - test::__rust_begin_short_backtrace::h0908f3b1fdbb72ab
[INFO] [stdout]                                at /rustc/a178d0322ce20e33eac124758e837cbd80a6f633/library/test/src/lib.rs:577:5
[INFO] [stdout]   26:     0x559eeae6dc30 - <alloc::boxed::Box<F,A> as core::ops::function::FnOnce<Args>>::call_once::hf6d2a51e5587546c
[INFO] [stdout]                                at /rustc/a178d0322ce20e33eac124758e837cbd80a6f633/library/alloc/src/boxed.rs:1575:9
[INFO] [stdout]   27:     0x559eeae6dc30 - <std::panic::AssertUnwindSafe<F> as core::ops::function::FnOnce<()>>::call_once::h8af660f3a89ef593
[INFO] [stdout]                                at /rustc/a178d0322ce20e33eac124758e837cbd80a6f633/library/std/src/panic.rs:347:9
[INFO] [stdout]   28:     0x559eeae6dc30 - std::panicking::try::do_call::hd36aef60f84b6d36
[INFO] [stdout]                                at /rustc/a178d0322ce20e33eac124758e837cbd80a6f633/library/std/src/panicking.rs:401:40
[INFO] [stdout]   29:     0x559eeae6dc30 - std::panicking::try::h9932b4480e69817c
[INFO] [stdout]                                at /rustc/a178d0322ce20e33eac124758e837cbd80a6f633/library/std/src/panicking.rs:365:19
[INFO] [stdout]   30:     0x559eeae6dc30 - std::panic::catch_unwind::h6aa177099cfff5f8
[INFO] [stdout]                                at /rustc/a178d0322ce20e33eac124758e837cbd80a6f633/library/std/src/panic.rs:434:14
[INFO] [stdout]   31:     0x559eeae6dc30 - test::run_test_in_process::h5884d6f2d99e20c3
[INFO] [stdout]                                at /rustc/a178d0322ce20e33eac124758e837cbd80a6f633/library/test/src/lib.rs:600:18
[INFO] [stdout]   32:     0x559eeae6dc30 - test::run_test::run_test_inner::{{closure}}::h6fdc58c6d5f5b6e3
[INFO] [stdout]                                at /rustc/a178d0322ce20e33eac124758e837cbd80a6f633/library/test/src/lib.rs:492:39
[INFO] [stdout]   33:     0x559eeae472e2 - test::run_test::run_test_inner::{{closure}}::h408365d67a78ade8
[INFO] [stdout]                                at /rustc/a178d0322ce20e33eac124758e837cbd80a6f633/library/test/src/lib.rs:519:37
[INFO] [stdout]   34:     0x559eeae472e2 - std::sys_common::backtrace::__rust_begin_short_backtrace::hb560b77c4f701523
[INFO] [stdout]                                at /rustc/a178d0322ce20e33eac124758e837cbd80a6f633/library/std/src/sys_common/backtrace.rs:125:18
[INFO] [stdout]   35:     0x559eeae4ae98 - std::thread::Builder::spawn_unchecked::{{closure}}::{{closure}}::hf2e7831dad93c597
[INFO] [stdout]                                at /rustc/a178d0322ce20e33eac124758e837cbd80a6f633/library/std/src/thread/mod.rs:481:17
[INFO] [stdout]   36:     0x559eeae4ae98 - <std::panic::AssertUnwindSafe<F> as core::ops::function::FnOnce<()>>::call_once::hd2e08783d8be4d02
[INFO] [stdout]                                at /rustc/a178d0322ce20e33eac124758e837cbd80a6f633/library/std/src/panic.rs:347:9
[INFO] [stdout]   37:     0x559eeae4ae98 - std::panicking::try::do_call::h062597b7acfd6b82
[INFO] [stdout]                                at /rustc/a178d0322ce20e33eac124758e837cbd80a6f633/library/std/src/panicking.rs:401:40
[INFO] [stdout]   38:     0x559eeae4ae98 - std::panicking::try::h0d7b79db04c14552
[INFO] [stdout]                                at /rustc/a178d0322ce20e33eac124758e837cbd80a6f633/library/std/src/panicking.rs:365:19
[INFO] [stdout]   39:     0x559eeae4ae98 - std::panic::catch_unwind::hb01a0b5e7c8cd43b
[INFO] [stdout]                                at /rustc/a178d0322ce20e33eac124758e837cbd80a6f633/library/std/src/panic.rs:434:14
[INFO] [stdout]   40:     0x559eeae4ae98 - std::thread::Builder::spawn_unchecked::{{closure}}::h5bde48cc887e0d1e
[INFO] [stdout]                                at /rustc/a178d0322ce20e33eac124758e837cbd80a6f633/library/std/src/thread/mod.rs:480:30
[INFO] [stdout]   41:     0x559eeae4ae98 - core::ops::function::FnOnce::call_once{{vtable.shim}}::h745ea30807a29e55
[INFO] [stdout]                                at /rustc/a178d0322ce20e33eac124758e837cbd80a6f633/library/core/src/ops/function.rs:227:5
[INFO] [stdout]   42:     0x559eeb187c07 - <alloc::boxed::Box<F,A> as core::ops::function::FnOnce<Args>>::call_once::h7ece6cfefaff1005
[INFO] [stdout]                                at /rustc/a178d0322ce20e33eac124758e837cbd80a6f633/library/alloc/src/boxed.rs:1575:9
[INFO] [stdout]   43:     0x559eeb187c07 - <alloc::boxed::Box<F,A> as core::ops::function::FnOnce<Args>>::call_once::hb8b48e55c21f193e
[INFO] [stdout]                                at /rustc/a178d0322ce20e33eac124758e837cbd80a6f633/library/alloc/src/boxed.rs:1575:9
[INFO] [stdout]   44:     0x559eeb187c07 - std::sys::unix::thread::Thread::new::thread_start::h8c7c4450dba62914
[INFO] [stdout]                                at /rustc/a178d0322ce20e33eac124758e837cbd80a6f633/library/std/src/sys/unix/thread.rs:71:17
[INFO] [stdout]   45:     0x7fde485b1609 - start_thread
[INFO] [stdout]   46:     0x7fde48383293 - clone
[INFO] [stdout]   47:                0x0 - <unknown>
[INFO] [stdout] 
[INFO] [stdout] 
[INFO] [stdout] failures:
[INFO] [stdout]     test_to_png_dxt5
[INFO] [stdout] 
[INFO] [stdout] test result: FAILED. 2 passed; 1 failed; 0 ignored; 0 measured; 0 filtered out; finished in 0.50s
[INFO] [stdout] 
[INFO] [stderr] error: test failed, to rerun pass '--test png'
[INFO] running `Command { std: "docker" "inspect" "b1bd5b51fa472f96be3e0973795d4a009491df098ce650c5a39406aad68eb176", kill_on_drop: false }`
[INFO] running `Command { std: "docker" "rm" "-f" "b1bd5b51fa472f96be3e0973795d4a009491df098ce650c5a39406aad68eb176", kill_on_drop: false }`
[INFO] [stdout] b1bd5b51fa472f96be3e0973795d4a009491df098ce650c5a39406aad68eb176
