[INFO] fetching crate vtable-macro 0.1.2...
[INFO] testing vtable-macro-0.1.2 against 1.54.0 for beta-1.55-1
[INFO] extracting crate vtable-macro 0.1.2 into /workspace/builds/worker-36/source
[INFO] validating manifest of crates.io crate vtable-macro 0.1.2 on toolchain 1.54.0
[INFO] running `Command { std: "/workspace/cargo-home/bin/cargo" "+1.54.0" "metadata" "--manifest-path" "Cargo.toml" "--no-deps", kill_on_drop: false }`
[INFO] started tweaking crates.io crate vtable-macro 0.1.2
[INFO] finished tweaking crates.io crate vtable-macro 0.1.2
[INFO] tweaked toml for crates.io crate vtable-macro 0.1.2 written to /workspace/builds/worker-36/source/Cargo.toml
[INFO] running `Command { std: "/workspace/cargo-home/bin/cargo" "+1.54.0" "generate-lockfile" "--manifest-path" "Cargo.toml" "-Zno-index-update", kill_on_drop: false }`
[INFO] [stderr]     Blocking waiting for file lock on package cache
[INFO] running `Command { std: "/workspace/cargo-home/bin/cargo" "+1.54.0" "fetch" "--manifest-path" "Cargo.toml", kill_on_drop: false }`
[INFO] running `Command { std: "docker" "create" "-v" "/var/lib/crater-agent-workspace/builds/worker-36/target:/opt/rustwide/target:rw,Z" "-v" "/var/lib/crater-agent-workspace/builds/worker-36/source:/opt/rustwide/workdir:ro,Z" "-v" "/var/lib/crater-agent-workspace/cargo-home:/opt/rustwide/cargo-home:ro,Z" "-v" "/var/lib/crater-agent-workspace/rustup-home:/opt/rustwide/rustup-home:ro,Z" "-e" "SOURCE_DIR=/opt/rustwide/workdir" "-e" "CARGO_TARGET_DIR=/opt/rustwide/target" "-e" "CARGO_HOME=/opt/rustwide/cargo-home" "-e" "RUSTUP_HOME=/opt/rustwide/rustup-home" "-w" "/opt/rustwide/workdir" "-m" "1610612736" "--user" "0:0" "--network" "none" "ghcr.io/rust-lang/crates-build-env/linux@sha256:34b6a614d2c27851fe6cbf88fbd1137609cefab8b10d0615aaeb6fd47975d74e" "/opt/rustwide/cargo-home/bin/cargo" "+1.54.0" "metadata" "--no-deps" "--format-version=1", kill_on_drop: false }`
[INFO] [stdout] 70842e41aeb750405d90db37fbbf811e59e52cda75abd071eaa93a6847682ff7
[INFO] running `Command { std: "docker" "start" "-a" "70842e41aeb750405d90db37fbbf811e59e52cda75abd071eaa93a6847682ff7", kill_on_drop: false }`
[INFO] running `Command { std: "docker" "inspect" "70842e41aeb750405d90db37fbbf811e59e52cda75abd071eaa93a6847682ff7", kill_on_drop: false }`
[INFO] running `Command { std: "docker" "rm" "-f" "70842e41aeb750405d90db37fbbf811e59e52cda75abd071eaa93a6847682ff7", kill_on_drop: false }`
[INFO] [stdout] 70842e41aeb750405d90db37fbbf811e59e52cda75abd071eaa93a6847682ff7
[INFO] running `Command { std: "docker" "create" "-v" "/var/lib/crater-agent-workspace/builds/worker-36/target:/opt/rustwide/target:rw,Z" "-v" "/var/lib/crater-agent-workspace/builds/worker-36/source:/opt/rustwide/workdir:ro,Z" "-v" "/var/lib/crater-agent-workspace/cargo-home:/opt/rustwide/cargo-home:ro,Z" "-v" "/var/lib/crater-agent-workspace/rustup-home:/opt/rustwide/rustup-home:ro,Z" "-e" "SOURCE_DIR=/opt/rustwide/workdir" "-e" "CARGO_TARGET_DIR=/opt/rustwide/target" "-e" "CARGO_INCREMENTAL=0" "-e" "RUST_BACKTRACE=full" "-e" "RUSTFLAGS=--cap-lints=warn" "-e" "CARGO_HOME=/opt/rustwide/cargo-home" "-e" "RUSTUP_HOME=/opt/rustwide/rustup-home" "-w" "/opt/rustwide/workdir" "-m" "1610612736" "--user" "0:0" "--network" "none" "ghcr.io/rust-lang/crates-build-env/linux@sha256:34b6a614d2c27851fe6cbf88fbd1137609cefab8b10d0615aaeb6fd47975d74e" "/opt/rustwide/cargo-home/bin/cargo" "+1.54.0" "build" "--frozen" "--message-format=json", kill_on_drop: false }`
[INFO] [stdout] d6215e27dbdd637933a63c0382b73f34bf9dfd6ed004d7104dd003a7a28d465b
[INFO] running `Command { std: "docker" "start" "-a" "d6215e27dbdd637933a63c0382b73f34bf9dfd6ed004d7104dd003a7a28d465b", kill_on_drop: false }`
[INFO] [stderr]    Compiling syn v1.0.74
[INFO] [stderr]    Compiling vtable-macro v0.1.2 (/opt/rustwide/workdir)
[INFO] [stderr]     Finished dev [unoptimized + debuginfo] target(s) in 9.47s
[INFO] running `Command { std: "docker" "inspect" "d6215e27dbdd637933a63c0382b73f34bf9dfd6ed004d7104dd003a7a28d465b", kill_on_drop: false }`
[INFO] running `Command { std: "docker" "rm" "-f" "d6215e27dbdd637933a63c0382b73f34bf9dfd6ed004d7104dd003a7a28d465b", kill_on_drop: false }`
[INFO] [stdout] d6215e27dbdd637933a63c0382b73f34bf9dfd6ed004d7104dd003a7a28d465b
[INFO] running `Command { std: "docker" "create" "-v" "/var/lib/crater-agent-workspace/builds/worker-36/target:/opt/rustwide/target:rw,Z" "-v" "/var/lib/crater-agent-workspace/builds/worker-36/source:/opt/rustwide/workdir:ro,Z" "-v" "/var/lib/crater-agent-workspace/cargo-home:/opt/rustwide/cargo-home:ro,Z" "-v" "/var/lib/crater-agent-workspace/rustup-home:/opt/rustwide/rustup-home:ro,Z" "-e" "SOURCE_DIR=/opt/rustwide/workdir" "-e" "CARGO_TARGET_DIR=/opt/rustwide/target" "-e" "CARGO_INCREMENTAL=0" "-e" "RUST_BACKTRACE=full" "-e" "RUSTFLAGS=--cap-lints=warn" "-e" "CARGO_HOME=/opt/rustwide/cargo-home" "-e" "RUSTUP_HOME=/opt/rustwide/rustup-home" "-w" "/opt/rustwide/workdir" "-m" "1610612736" "--user" "0:0" "--network" "none" "ghcr.io/rust-lang/crates-build-env/linux@sha256:34b6a614d2c27851fe6cbf88fbd1137609cefab8b10d0615aaeb6fd47975d74e" "/opt/rustwide/cargo-home/bin/cargo" "+1.54.0" "test" "--frozen" "--no-run" "--message-format=json", kill_on_drop: false }`
[INFO] [stdout] 2663248a18f7f2889eb1e179eb417d5ff631fe912299d0b305eef4bb031a6444
[INFO] running `Command { std: "docker" "start" "-a" "2663248a18f7f2889eb1e179eb417d5ff631fe912299d0b305eef4bb031a6444", kill_on_drop: false }`
[INFO] [stderr]     Blocking waiting for file lock on package cache
[INFO] [stderr]    Compiling vtable-macro v0.1.2 (/opt/rustwide/workdir)
[INFO] [stderr]     Finished test [unoptimized + debuginfo] target(s) in 0.66s
[INFO] running `Command { std: "docker" "inspect" "2663248a18f7f2889eb1e179eb417d5ff631fe912299d0b305eef4bb031a6444", kill_on_drop: false }`
[INFO] running `Command { std: "docker" "rm" "-f" "2663248a18f7f2889eb1e179eb417d5ff631fe912299d0b305eef4bb031a6444", kill_on_drop: false }`
[INFO] [stdout] 2663248a18f7f2889eb1e179eb417d5ff631fe912299d0b305eef4bb031a6444
[INFO] running `Command { std: "docker" "create" "-v" "/var/lib/crater-agent-workspace/builds/worker-36/target:/opt/rustwide/target:rw,Z" "-v" "/var/lib/crater-agent-workspace/builds/worker-36/source:/opt/rustwide/workdir:ro,Z" "-v" "/var/lib/crater-agent-workspace/cargo-home:/opt/rustwide/cargo-home:ro,Z" "-v" "/var/lib/crater-agent-workspace/rustup-home:/opt/rustwide/rustup-home:ro,Z" "-e" "SOURCE_DIR=/opt/rustwide/workdir" "-e" "CARGO_TARGET_DIR=/opt/rustwide/target" "-e" "CARGO_INCREMENTAL=0" "-e" "RUST_BACKTRACE=full" "-e" "RUSTFLAGS=--cap-lints=warn" "-e" "CARGO_HOME=/opt/rustwide/cargo-home" "-e" "RUSTUP_HOME=/opt/rustwide/rustup-home" "-w" "/opt/rustwide/workdir" "-m" "1610612736" "--user" "0:0" "--network" "none" "ghcr.io/rust-lang/crates-build-env/linux@sha256:34b6a614d2c27851fe6cbf88fbd1137609cefab8b10d0615aaeb6fd47975d74e" "/opt/rustwide/cargo-home/bin/cargo" "+1.54.0" "test" "--frozen", kill_on_drop: false }`
[INFO] [stdout] 46ced116c920755c6ccce9318189b5538f505ae367d16fa0cdbf2d9275dec883
[INFO] running `Command { std: "docker" "start" "-a" "46ced116c920755c6ccce9318189b5538f505ae367d16fa0cdbf2d9275dec883", kill_on_drop: false }`
[INFO] [stderr]     Finished test [unoptimized + debuginfo] target(s) in 0.05s
[INFO] [stderr]      Running unittests (/opt/rustwide/target/debug/deps/vtable_macro-9cf2cf80f943ebd8)
[INFO] [stdout] 
[INFO] [stdout] running 0 tests
[INFO] [stdout] 
[INFO] [stdout] test result: ok. 0 passed; 0 failed; 0 ignored; 0 measured; 0 filtered out; finished in 0.00s
[INFO] [stdout] 
[INFO] [stderr]    Doc-tests vtable-macro
[INFO] [stdout] 
[INFO] [stdout] running 1 test
[INFO] [stdout] test macro.rs - vtable (line 111) ... FAILED
[INFO] [stdout] 
[INFO] [stdout] failures:
[INFO] [stdout] 
[INFO] [stdout] ---- macro.rs - vtable (line 111) stdout ----
[INFO] [stdout] error[E0432]: unresolved import `vtable`
[INFO] [stdout]  --> macro.rs:112:5
[INFO] [stdout]   |
[INFO] [stdout] 3 | use vtable::*;
[INFO] [stdout]   |     ^^^^^^ use of undeclared crate or module `vtable`
[INFO] [stdout] 
[INFO] [stdout] error: cannot find attribute `vtable` in this scope
[INFO] [stdout]  --> macro.rs:114:3
[INFO] [stdout]   |
[INFO] [stdout] 5 | #[vtable]
[INFO] [stdout]   |   ^^^^^^ help: a built-in attribute with a similar name exists: `stable`
[INFO] [stdout] 
[INFO] [stdout] error: cannot find attribute `field_offset` in this scope
[INFO] [stdout]   --> macro.rs:128:7
[INFO] [stdout]    |
[INFO] [stdout] 19 |     #[field_offset(bool)]
[INFO] [stdout]    |       ^^^^^^^^^^^^
[INFO] [stdout] 
[INFO] [stdout] error: cannot find macro `AnimalVTable_static` in this scope
[INFO] [stdout]   --> macro.rs:152:1
[INFO] [stdout]    |
[INFO] [stdout] 43 | AnimalVTable_static!(static DOG_VT for Dog);
[INFO] [stdout]    | ^^^^^^^^^^^^^^^^^^^
[INFO] [stdout] 
[INFO] [stdout] error[E0433]: failed to resolve: use of undeclared crate or module `vtable`
[INFO] [stdout]   --> macro.rs:147:22
[INFO] [stdout]    |
[INFO] [stdout] 38 |     const IS_HUNGRY: vtable::FieldOffset<Self, bool> = unsafe { vtable::FieldOffset::new_from_offset(4) };
[INFO] [stdout]    |                      ^^^^^^ use of undeclared crate or module `vtable`
[INFO] [stdout] 
[INFO] [stdout] error[E0433]: failed to resolve: use of undeclared crate or module `vtable`
[INFO] [stdout]   --> macro.rs:147:65
[INFO] [stdout]    |
[INFO] [stdout] 38 |     const IS_HUNGRY: vtable::FieldOffset<Self, bool> = unsafe { vtable::FieldOffset::new_from_offset(4) };
[INFO] [stdout]    |                                                                 ^^^^^^ use of undeclared crate or module `vtable`
[INFO] [stdout] 
[INFO] [stdout] error[E0433]: failed to resolve: use of undeclared type `VRefMut`
[INFO] [stdout]   --> macro.rs:157:27
[INFO] [stdout]    |
[INFO] [stdout] 48 |     let mut animal_vref = VRefMut::<AnimalVTable>::new(&mut dog);
[INFO] [stdout]    |                           ^^^^^^^ use of undeclared type `VRefMut`
[INFO] [stdout] 
[INFO] [stdout] error[E0412]: cannot find type `VRef` in this scope
[INFO] [stdout]   --> macro.rs:119:20
[INFO] [stdout]    |
[INFO] [stdout] 10 |     make_noise: fn(VRef<AnimalVTable>, i32) -> i32,
[INFO] [stdout]    |                    ^^^^ not found in this scope
[INFO] [stdout] 
[INFO] [stdout] error[E0412]: cannot find type `VRefMut` in this scope
[INFO] [stdout]   --> macro.rs:122:14
[INFO] [stdout]    |
[INFO] [stdout] 13 |     drop: fn(VRefMut<AnimalVTable>),
[INFO] [stdout]    |              ^^^^^^^ not found in this scope
[INFO] [stdout] 
[INFO] [stdout] error[E0405]: cannot find trait `Animal` in this scope
[INFO] [stdout]   --> macro.rs:137:6
[INFO] [stdout]    |
[INFO] [stdout] 28 | impl Animal for Dog {
[INFO] [stdout]    |      ^^^^^^ not found in this scope
[INFO] [stdout] 
[INFO] [stdout] error[E0405]: cannot find trait `AnimalConsts` in this scope
[INFO] [stdout]   --> macro.rs:145:6
[INFO] [stdout]    |
[INFO] [stdout] 36 | impl AnimalConsts for Dog {
[INFO] [stdout]    |      ^^^^^^^^^^^^ not found in this scope
[INFO] [stdout] 
[INFO] [stdout] error: aborting due to 11 previous errors
[INFO] [stdout] 
[INFO] [stdout] Some errors have detailed explanations: E0405, E0412, E0432, E0433.
[INFO] [stdout] For more information about an error, try `rustc --explain E0405`.
[INFO] [stdout] Couldn't compile the test.
[INFO] [stdout] 
[INFO] [stdout] failures:
[INFO] [stdout]     macro.rs - vtable (line 111)
[INFO] [stdout] 
[INFO] [stdout] test result: FAILED. 0 passed; 1 failed; 0 ignored; 0 measured; 0 filtered out; finished in 0.11s
[INFO] [stdout] 
[INFO] [stderr] error: test failed, to rerun pass '--doc'
[INFO] running `Command { std: "docker" "inspect" "46ced116c920755c6ccce9318189b5538f505ae367d16fa0cdbf2d9275dec883", kill_on_drop: false }`
[INFO] running `Command { std: "docker" "rm" "-f" "46ced116c920755c6ccce9318189b5538f505ae367d16fa0cdbf2d9275dec883", kill_on_drop: false }`
[INFO] [stdout] 46ced116c920755c6ccce9318189b5538f505ae367d16fa0cdbf2d9275dec883
