[INFO] fetching crate vt3 0.7.1...
[INFO] testing vt3-0.7.1 against 1.54.0 for beta-1.55-1
[INFO] extracting crate vt3 0.7.1 into /workspace/builds/worker-25/source
[INFO] validating manifest of crates.io crate vt3 0.7.1 on toolchain 1.54.0
[INFO] running `Command { std: "/workspace/cargo-home/bin/cargo" "+1.54.0" "metadata" "--manifest-path" "Cargo.toml" "--no-deps", kill_on_drop: false }`
[INFO] started tweaking crates.io crate vt3 0.7.1
[INFO] removed 8 missing examples
[INFO] finished tweaking crates.io crate vt3 0.7.1
[INFO] tweaked toml for crates.io crate vt3 0.7.1 written to /workspace/builds/worker-25/source/Cargo.toml
[INFO] crate crates.io crate vt3 0.7.1 already has a lockfile, it will not be regenerated
[INFO] running `Command { std: "/workspace/cargo-home/bin/cargo" "+1.54.0" "fetch" "--manifest-path" "Cargo.toml", kill_on_drop: false }`
[INFO] [stderr]     Blocking waiting for file lock on package cache
[INFO] running `Command { std: "docker" "create" "-v" "/var/lib/crater-agent-workspace/builds/worker-25/target:/opt/rustwide/target:rw,Z" "-v" "/var/lib/crater-agent-workspace/builds/worker-25/source:/opt/rustwide/workdir:ro,Z" "-v" "/var/lib/crater-agent-workspace/cargo-home:/opt/rustwide/cargo-home:ro,Z" "-v" "/var/lib/crater-agent-workspace/rustup-home:/opt/rustwide/rustup-home:ro,Z" "-e" "SOURCE_DIR=/opt/rustwide/workdir" "-e" "CARGO_TARGET_DIR=/opt/rustwide/target" "-e" "CARGO_HOME=/opt/rustwide/cargo-home" "-e" "RUSTUP_HOME=/opt/rustwide/rustup-home" "-w" "/opt/rustwide/workdir" "-m" "1610612736" "--user" "0:0" "--network" "none" "ghcr.io/rust-lang/crates-build-env/linux@sha256:34b6a614d2c27851fe6cbf88fbd1137609cefab8b10d0615aaeb6fd47975d74e" "/opt/rustwide/cargo-home/bin/cargo" "+1.54.0" "metadata" "--no-deps" "--format-version=1", kill_on_drop: false }`
[INFO] [stdout] a3cc1822001d3df3785c808cd864a35bb84a585c79086d45100f72fe6efc0563
[INFO] running `Command { std: "docker" "start" "-a" "a3cc1822001d3df3785c808cd864a35bb84a585c79086d45100f72fe6efc0563", kill_on_drop: false }`
[INFO] running `Command { std: "docker" "inspect" "a3cc1822001d3df3785c808cd864a35bb84a585c79086d45100f72fe6efc0563", kill_on_drop: false }`
[INFO] running `Command { std: "docker" "rm" "-f" "a3cc1822001d3df3785c808cd864a35bb84a585c79086d45100f72fe6efc0563", kill_on_drop: false }`
[INFO] [stdout] a3cc1822001d3df3785c808cd864a35bb84a585c79086d45100f72fe6efc0563
[INFO] running `Command { std: "docker" "create" "-v" "/var/lib/crater-agent-workspace/builds/worker-25/target:/opt/rustwide/target:rw,Z" "-v" "/var/lib/crater-agent-workspace/builds/worker-25/source:/opt/rustwide/workdir:ro,Z" "-v" "/var/lib/crater-agent-workspace/cargo-home:/opt/rustwide/cargo-home:ro,Z" "-v" "/var/lib/crater-agent-workspace/rustup-home:/opt/rustwide/rustup-home:ro,Z" "-e" "SOURCE_DIR=/opt/rustwide/workdir" "-e" "CARGO_TARGET_DIR=/opt/rustwide/target" "-e" "CARGO_INCREMENTAL=0" "-e" "RUST_BACKTRACE=full" "-e" "RUSTFLAGS=--cap-lints=warn" "-e" "CARGO_HOME=/opt/rustwide/cargo-home" "-e" "RUSTUP_HOME=/opt/rustwide/rustup-home" "-w" "/opt/rustwide/workdir" "-m" "1610612736" "--user" "0:0" "--network" "none" "ghcr.io/rust-lang/crates-build-env/linux@sha256:34b6a614d2c27851fe6cbf88fbd1137609cefab8b10d0615aaeb6fd47975d74e" "/opt/rustwide/cargo-home/bin/cargo" "+1.54.0" "build" "--frozen" "--message-format=json", kill_on_drop: false }`
[INFO] [stdout] 1cc749bd5e1481d2324b2657a6b3ca07c67631a018a60fa590bca89d51f0061e
[INFO] running `Command { std: "docker" "start" "-a" "1cc749bd5e1481d2324b2657a6b3ca07c67631a018a60fa590bca89d51f0061e", kill_on_drop: false }`
[INFO] [stderr]     Blocking waiting for file lock on package cache
[INFO] [stderr]     Blocking waiting for file lock on package cache
[INFO] [stderr]    Compiling libc v0.2.97
[INFO] [stderr]    Compiling cfg-if v1.0.0
[INFO] [stderr]    Compiling pin-project-lite v0.2.6
[INFO] [stderr]    Compiling cc v1.0.68
[INFO] [stderr]    Compiling syn v1.0.73
[INFO] [stderr]    Compiling bytes v1.0.1
[INFO] [stderr]    Compiling futures-core v0.3.15
[INFO] [stderr]    Compiling itoa v0.4.7
[INFO] [stderr]    Compiling futures-task v0.3.15
[INFO] [stderr]    Compiling foreign-types-shared v0.1.1
[INFO] [stderr]    Compiling openssl v0.10.34
[INFO] [stderr]    Compiling fnv v1.0.7
[INFO] [stderr]    Compiling lazy_static v1.4.0
[INFO] [stderr]    Compiling serde_derive v1.0.126
[INFO] [stderr]    Compiling matches v0.1.8
[INFO] [stderr]    Compiling futures-sink v0.3.15
[INFO] [stderr]    Compiling slab v0.4.3
[INFO] [stderr]    Compiling serde v1.0.126
[INFO] [stderr]    Compiling futures-channel v0.3.15
[INFO] [stderr]    Compiling futures-io v0.3.15
[INFO] [stderr]    Compiling pin-utils v0.1.0
[INFO] [stderr]    Compiling hashbrown v0.9.1
[INFO] [stderr]    Compiling once_cell v1.7.2
[INFO] [stderr]    Compiling tinyvec_macros v0.1.0
[INFO] [stderr]    Compiling percent-encoding v2.1.0
[INFO] [stderr]    Compiling openssl-probe v0.1.4
[INFO] [stderr]    Compiling try-lock v0.2.3
[INFO] [stderr]    Compiling serde_json v1.0.64
[INFO] [stderr]    Compiling tower-service v0.3.1
[INFO] [stderr]    Compiling httpdate v1.0.1
[INFO] [stderr]    Compiling mime v0.3.16
[INFO] [stderr]    Compiling ipnet v2.3.0
[INFO] [stderr]    Compiling base64 v0.13.0
[INFO] [stderr]    Compiling tokio v1.6.1
[INFO] [stderr]    Compiling futures-util v0.3.15
[INFO] [stderr]    Compiling indexmap v1.6.2
[INFO] [stderr]    Compiling log v0.4.14
[INFO] [stderr]    Compiling memchr v2.4.0
[INFO] [stderr]    Compiling unicase v2.6.0
[INFO] [stderr]    Compiling bitflags v1.2.1
[INFO] [stderr]    Compiling ryu v1.0.5
[INFO] [stderr]    Compiling httparse v1.4.1
[INFO] [stderr]    Compiling encoding_rs v0.8.28
[INFO] [stderr]    Compiling unicode-bidi v0.3.5
[INFO] [stderr]    Compiling foreign-types v0.3.2
[INFO] [stderr]    Compiling tinyvec v1.2.0
[INFO] [stderr]    Compiling tracing-core v0.1.18
[INFO] [stderr]    Compiling want v0.3.0
[INFO] [stderr]    Compiling form_urlencoded v1.0.1
[INFO] [stderr]    Compiling http v0.2.4
[INFO] [stderr]    Compiling tracing v0.1.26
[INFO] [stderr]    Compiling mime_guess v2.0.3
[INFO] [stderr]    Compiling num_cpus v1.13.0
[INFO] [stderr]    Compiling mio v0.7.11
[INFO] [stderr]    Compiling socket2 v0.4.0
[INFO] [stderr]    Compiling unicode-normalization v0.1.19
[INFO] [stderr]    Compiling openssl-sys v0.9.63
[INFO] [stderr]    Compiling idna v0.2.3
[INFO] [stderr]    Compiling native-tls v0.2.7
[INFO] [stderr]    Compiling http-body v0.4.2
[INFO] [stderr]    Compiling url v2.2.2
[INFO] [stderr]    Compiling tokio-util v0.6.7
[INFO] [stderr]    Compiling tokio-native-tls v0.3.0
[INFO] [stderr]    Compiling h2 v0.3.3
[INFO] [stderr]    Compiling thiserror-impl v1.0.25
[INFO] [stderr]    Compiling thiserror v1.0.25
[INFO] [stderr]    Compiling hyper v0.14.9
[INFO] [stderr]    Compiling serde_urlencoded v0.7.0
[INFO] [stderr]    Compiling hyper-tls v0.5.0
[INFO] [stderr]    Compiling reqwest v0.11.3
[INFO] [stderr]    Compiling vt3 v0.7.1 (/opt/rustwide/workdir)
[INFO] [stderr]     Finished dev [optimized + debuginfo] target(s) in 1m 07s
[INFO] running `Command { std: "docker" "inspect" "1cc749bd5e1481d2324b2657a6b3ca07c67631a018a60fa590bca89d51f0061e", kill_on_drop: false }`
[INFO] running `Command { std: "docker" "rm" "-f" "1cc749bd5e1481d2324b2657a6b3ca07c67631a018a60fa590bca89d51f0061e", kill_on_drop: false }`
[INFO] [stdout] 1cc749bd5e1481d2324b2657a6b3ca07c67631a018a60fa590bca89d51f0061e
[INFO] running `Command { std: "docker" "create" "-v" "/var/lib/crater-agent-workspace/builds/worker-25/target:/opt/rustwide/target:rw,Z" "-v" "/var/lib/crater-agent-workspace/builds/worker-25/source:/opt/rustwide/workdir:ro,Z" "-v" "/var/lib/crater-agent-workspace/cargo-home:/opt/rustwide/cargo-home:ro,Z" "-v" "/var/lib/crater-agent-workspace/rustup-home:/opt/rustwide/rustup-home:ro,Z" "-e" "SOURCE_DIR=/opt/rustwide/workdir" "-e" "CARGO_TARGET_DIR=/opt/rustwide/target" "-e" "CARGO_INCREMENTAL=0" "-e" "RUST_BACKTRACE=full" "-e" "RUSTFLAGS=--cap-lints=warn" "-e" "CARGO_HOME=/opt/rustwide/cargo-home" "-e" "RUSTUP_HOME=/opt/rustwide/rustup-home" "-w" "/opt/rustwide/workdir" "-m" "1610612736" "--user" "0:0" "--network" "none" "ghcr.io/rust-lang/crates-build-env/linux@sha256:34b6a614d2c27851fe6cbf88fbd1137609cefab8b10d0615aaeb6fd47975d74e" "/opt/rustwide/cargo-home/bin/cargo" "+1.54.0" "test" "--frozen" "--no-run" "--message-format=json", kill_on_drop: false }`
[INFO] [stdout] 7dea51f0d49f590c83f9949be511bdb66993ab7abde4ce34229b94755d9e0323
[INFO] running `Command { std: "docker" "start" "-a" "7dea51f0d49f590c83f9949be511bdb66993ab7abde4ce34229b94755d9e0323", kill_on_drop: false }`
[INFO] [stderr]    Compiling vt3 v0.7.1 (/opt/rustwide/workdir)
[INFO] [stderr]     Finished test [optimized + debuginfo] target(s) in 4.02s
[INFO] running `Command { std: "docker" "inspect" "7dea51f0d49f590c83f9949be511bdb66993ab7abde4ce34229b94755d9e0323", kill_on_drop: false }`
[INFO] running `Command { std: "docker" "rm" "-f" "7dea51f0d49f590c83f9949be511bdb66993ab7abde4ce34229b94755d9e0323", kill_on_drop: false }`
[INFO] [stdout] 7dea51f0d49f590c83f9949be511bdb66993ab7abde4ce34229b94755d9e0323
[INFO] running `Command { std: "docker" "create" "-v" "/var/lib/crater-agent-workspace/builds/worker-25/target:/opt/rustwide/target:rw,Z" "-v" "/var/lib/crater-agent-workspace/builds/worker-25/source:/opt/rustwide/workdir:ro,Z" "-v" "/var/lib/crater-agent-workspace/cargo-home:/opt/rustwide/cargo-home:ro,Z" "-v" "/var/lib/crater-agent-workspace/rustup-home:/opt/rustwide/rustup-home:ro,Z" "-e" "SOURCE_DIR=/opt/rustwide/workdir" "-e" "CARGO_TARGET_DIR=/opt/rustwide/target" "-e" "CARGO_INCREMENTAL=0" "-e" "RUST_BACKTRACE=full" "-e" "RUSTFLAGS=--cap-lints=warn" "-e" "CARGO_HOME=/opt/rustwide/cargo-home" "-e" "RUSTUP_HOME=/opt/rustwide/rustup-home" "-w" "/opt/rustwide/workdir" "-m" "1610612736" "--user" "0:0" "--network" "none" "ghcr.io/rust-lang/crates-build-env/linux@sha256:34b6a614d2c27851fe6cbf88fbd1137609cefab8b10d0615aaeb6fd47975d74e" "/opt/rustwide/cargo-home/bin/cargo" "+1.54.0" "test" "--frozen", kill_on_drop: false }`
[INFO] [stdout] c30b291f7a2c09f84db3ec7f265dd0a336c754f2749efff5131690bde3c02a65
[INFO] running `Command { std: "docker" "start" "-a" "c30b291f7a2c09f84db3ec7f265dd0a336c754f2749efff5131690bde3c02a65", kill_on_drop: false }`
[INFO] [stderr]     Finished test [optimized + debuginfo] target(s) in 0.19s
[INFO] [stderr]      Running unittests (/opt/rustwide/target/debug/deps/vt3-db2273bb9018e76f)
[INFO] [stdout] 
[INFO] [stdout] running 1 test
[INFO] [stdout] test tests::test_vtclient ... ok
[INFO] [stdout] 
[INFO] [stdout] test result: ok. 1 passed; 0 failed; 0 ignored; 0 measured; 0 filtered out; finished in 0.00s
[INFO] [stdout] 
[INFO] [stderr]    Doc-tests vt3
[INFO] [stdout] 
[INFO] [stdout] running 14 tests
[INFO] [stdout] test src/public_api/url/mod.rs - public_api::url::VtClient::url_info_by_id (line 71) ... ignored
[INFO] [stdout] test src/public_api/domain/mod.rs - public_api::domain::VtClient::domain_info (line 11) ... FAILED
[INFO] [stdout] test src/public_api/comment/mod.rs - public_api::comment::VtClient::get_comment (line 49) ... FAILED
[INFO] [stdout] test src/public_api/file/mod.rs - public_api::file::VtClient::file_info (line 18) ... FAILED
[INFO] [stdout] test src/public_api/url/mod.rs - public_api::url::VtClient::url_scan (line 14) ... FAILED
[INFO] [stdout] test src/public_api/url/mod.rs - public_api::url::VtClient::url_rescan (line 31) ... FAILED
[INFO] [stdout] test src/public_api/ip/mod.rs - public_api::ip::VtClient::ip_info (line 11) ... FAILED
[INFO] [stdout] test src/public_api/comment/mod.rs - public_api::comment::VtClient::delete_comment (line 64) ... ok
[INFO] [stdout] test src/public_api/file/mod.rs - public_api::file::VtClient::file_rescan (line 56) ... ok
[INFO] [stdout] test src/public_api/comment/mod.rs - public_api::comment::VtClient::get_comments (line 19) ... ok
[INFO] [stdout] test src/public_api/url/mod.rs - public_api::url::VtClient::url_info (line 49) ... ok
[INFO] [stdout] test src/lib.rs - VtClient::new (line 52) ... ok
[INFO] [stdout] test src/lib.rs - public_api (line 13) ... ok
[INFO] [stdout] test src/public_api/file/mod.rs - public_api::file::VtClient::file_scan (line 32) ... ok
[INFO] [stdout] 
[INFO] [stdout] failures:
[INFO] [stdout] 
[INFO] [stdout] ---- src/public_api/domain/mod.rs - public_api::domain::VtClient::domain_info (line 11) stdout ----
[INFO] [stdout] error: linking with `cc` failed: exit status: 1
[INFO] [stdout]   |
[INFO] [stdout]   = note: "cc" "-m64" "/tmp/rustdoctestgQeYuQ/rust_out.rust_out.7rcbfp3g-cgu.0.rcgu.o" "/tmp/rustdoctestgQeYuQ/rust_out.33dyzt1ekirinwy8.rcgu.o" "-Wl,--as-needed" "-L" "/opt/rustwide/target/debug/deps" "-L" "/opt/rustwide/target/debug/deps" "-L" "/opt/rustwide/rustup-home/toolchains/1.54.0-x86_64-unknown-linux-gnu/lib/rustlib/x86_64-unknown-linux-gnu/lib" "-Wl,-Bstatic" "/opt/rustwide/target/debug/deps/libvt3-227f0453b1e3525e.rlib" "/opt/rustwide/target/debug/deps/libthiserror-b95b146a9efcf384.rlib" "/opt/rustwide/target/debug/deps/libreqwest-a838883bb0b1e413.rlib" "/opt/rustwide/target/debug/deps/libhyper_tls-e7cab599f4b4a478.rlib" "/opt/rustwide/target/debug/deps/libipnet-b011aebcc10da248.rlib" "/opt/rustwide/target/debug/deps/libtokio_native_tls-1e810ef6e693463d.rlib" "/opt/rustwide/target/debug/deps/libserde_urlencoded-dcb678470c59255b.rlib" "/opt/rustwide/target/debug/deps/libencoding_rs-b20c3ab42e23b9aa.rlib" "/opt/rustwide/target/debug/deps/libserde_json-03c028b81d76f27a.rlib" "/opt/rustwide/target/debug/deps/libryu-e9d83beb5f245d8a.rlib" "/opt/rustwide/target/debug/deps/libbase64-85a7c845487317b6.rlib" "/opt/rustwide/target/debug/deps/libmime_guess-2915486d230c043d.rlib" "/opt/rustwide/target/debug/deps/libunicase-65aaa977d9613e5e.rlib" "/opt/rustwide/target/debug/deps/libmime-0cdc39d483992d87.rlib" "/opt/rustwide/target/debug/deps/libnative_tls-0c005367bb0a4e9e.rlib" "/opt/rustwide/target/debug/deps/libopenssl_probe-bf0b0dd478f55e2a.rlib" "/opt/rustwide/target/debug/deps/libopenssl-942cde43224dd422.rlib" "/opt/rustwide/target/debug/deps/libonce_cell-e7fc120f94a67e48.rlib" "/opt/rustwide/target/debug/deps/libbitflags-28691dca92dcea1d.rlib" "/opt/rustwide/target/debug/deps/libforeign_types-32116637a04685b5.rlib" "/opt/rustwide/target/debug/deps/libforeign_types_shared-a8ab035919ad74a8.rlib" "/opt/rustwide/target/debug/deps/libopenssl_sys-a445b8cb4dccb1ee.rlib" "/opt/rustwide/target/debug/deps/libhyper-ffe03218e9a9f070.rlib" "/opt/rustwide/target/debug/deps/libwant-076a84067f7b7ccd.rlib" "/opt/rustwide/target/debug/deps/libtry_lock-91cba5cb8fbe6cf2.rlib" "/opt/rustwide/target/debug/deps/libsocket2-0ed5f1d9bf89cfb1.rlib" "/opt/rustwide/target/debug/deps/libh2-9baed4e7cc49f543.rlib" "/opt/rustwide/target/debug/deps/libindexmap-5de7a48a8920f1bb.rlib" "/opt/rustwide/target/debug/deps/libhashbrown-4a691b4c35f70b7d.rlib" "/opt/rustwide/target/debug/deps/libtokio_util-051a9303192a954d.rlib" "/opt/rustwide/target/debug/deps/libfutures_sink-8b34d590cd3147ec.rlib" "/opt/rustwide/target/debug/deps/libhttparse-fd57782c97f1cd38.rlib" "/opt/rustwide/target/debug/deps/libtower_service-ee332f169b30b8de.rlib" "/opt/rustwide/target/debug/deps/libfutures_channel-30803100ea45b100.rlib" "/opt/rustwide/target/debug/deps/libtracing-79f851430e7cab5c.rlib" "/opt/rustwide/target/debug/deps/libtracing_core-3005d089cc2047b3.rlib" "/opt/rustwide/target/debug/deps/libtokio-047280acf4556414.rlib" "/opt/rustwide/target/debug/deps/libnum_cpus-8fa73edf0d9f6ad0.rlib" "/opt/rustwide/target/debug/deps/libmio-03b447a36d404504.rlib" "/opt/rustwide/target/debug/deps/liblibc-b24e4e7229449fb2.rlib" "/opt/rustwide/target/debug/deps/libhttp_body-888b4c92a492a6de.rlib" "/opt/rustwide/target/debug/deps/liblog-6c7241733082ae7d.rlib" "/opt/rustwide/target/debug/deps/libcfg_if-2b4979ec00a6df77.rlib" "/opt/rustwide/target/debug/deps/libfutures_util-23bbd205df38be3f.rlib" "/opt/rustwide/target/debug/deps/libmemchr-e15c2fe3b98c6d8c.rlib" "/opt/rustwide/target/debug/deps/libfutures_io-0fcab8164166b842.rlib" "/opt/rustwide/target/debug/deps/libslab-288001301d8463d3.rlib" "/opt/rustwide/target/debug/deps/libpin_project_lite-adcafb3ab2d90fb0.rlib" "/opt/rustwide/target/debug/deps/libfutures_task-1ac89b475529bd88.rlib" "/opt/rustwide/target/debug/deps/libpin_utils-6aad8a4c62365377.rlib" "/opt/rustwide/target/debug/deps/libfutures_core-25dd934b14ec4f06.rlib" "/opt/rustwide/target/debug/deps/liblazy_static-0d0c3ba8fc659c9d.rlib" "/opt/rustwide/target/debug/deps/liburl-5f88eea799c3862d.rlib" "/opt/rustwide/target/debug/deps/libidna-4d94a28773329479.rlib" "/opt/rustwide/target/debug/deps/libunicode_normalization-2dc753eae3956428.rlib" "/opt/rustwide/target/debug/deps/libtinyvec-79e787f10b06d034.rlib" "/opt/rustwide/target/debug/deps/libtinyvec_macros-dcc41fc03a543df4.rlib" "/opt/rustwide/target/debug/deps/libunicode_bidi-6d421fde44230bfd.rlib" "/opt/rustwide/target/debug/deps/libform_urlencoded-85836bd88c27ba52.rlib" "/opt/rustwide/target/debug/deps/libpercent_encoding-21aea0a093418504.rlib" "/opt/rustwide/target/debug/deps/libmatches-10e969ad2a8f46f5.rlib" "/opt/rustwide/target/debug/deps/libhttp-832a730d11f5511f.rlib" "/opt/rustwide/target/debug/deps/libitoa-d633c5c6b2751733.rlib" "/opt/rustwide/target/debug/deps/libbytes-56b768157f94c7ca.rlib" "/opt/rustwide/target/debug/deps/libfnv-4b13fa5dc053ace9.rlib" "/opt/rustwide/target/debug/deps/libserde-0874c9705797cc10.rlib" "-Wl,--start-group" "/opt/rustwide/rustup-home/toolchains/1.54.0-x86_64-unknown-linux-gnu/lib/rustlib/x86_64-unknown-linux-gnu/lib/libstd-2420485b9e5ef5e1.rlib" "/opt/rustwide/rustup-home/toolchains/1.54.0-x86_64-unknown-linux-gnu/lib/rustlib/x86_64-unknown-linux-gnu/lib/libpanic_unwind-785e3cb61c4b1960.rlib" "/opt/rustwide/rustup-home/toolchains/1.54.0-x86_64-unknown-linux-gnu/lib/rustlib/x86_64-unknown-linux-gnu/lib/libminiz_oxide-087191a88bdaa22d.rlib" "/opt/rustwide/rustup-home/toolchains/1.54.0-x86_64-unknown-linux-gnu/lib/rustlib/x86_64-unknown-linux-gnu/lib/libadler-9981842c02975178.rlib" "/opt/rustwide/rustup-home/toolchains/1.54.0-x86_64-unknown-linux-gnu/lib/rustlib/x86_64-unknown-linux-gnu/lib/libobject-6fb405869b015fde.rlib" "/opt/rustwide/rustup-home/toolchains/1.54.0-x86_64-unknown-linux-gnu/lib/rustlib/x86_64-unknown-linux-gnu/lib/libaddr2line-d05c5c3c56004b7b.rlib" "/opt/rustwide/rustup-home/toolchains/1.54.0-x86_64-unknown-linux-gnu/lib/rustlib/x86_64-unknown-linux-gnu/lib/libgimli-42d74d2097528b38.rlib" "/opt/rustwide/rustup-home/toolchains/1.54.0-x86_64-unknown-linux-gnu/lib/rustlib/x86_64-unknown-linux-gnu/lib/libstd_detect-fb36534c113d2209.rlib" "/opt/rustwide/rustup-home/toolchains/1.54.0-x86_64-unknown-linux-gnu/lib/rustlib/x86_64-unknown-linux-gnu/lib/librustc_demangle-b56b9042c12b6535.rlib" "/opt/rustwide/rustup-home/toolchains/1.54.0-x86_64-unknown-linux-gnu/lib/rustlib/x86_64-unknown-linux-gnu/lib/libhashbrown-491902d6cb3e76df.rlib" "/opt/rustwide/rustup-home/toolchains/1.54.0-x86_64-unknown-linux-gnu/lib/rustlib/x86_64-unknown-linux-gnu/lib/librustc_std_workspace_alloc-61834e0981b8c367.rlib" "/opt/rustwide/rustup-home/toolchains/1.54.0-x86_64-unknown-linux-gnu/lib/rustlib/x86_64-unknown-linux-gnu/lib/libunwind-f78aa99d613a55bc.rlib" "/opt/rustwide/rustup-home/toolchains/1.54.0-x86_64-unknown-linux-gnu/lib/rustlib/x86_64-unknown-linux-gnu/lib/libcfg_if-53ee54cd7fed2c57.rlib" "/opt/rustwide/rustup-home/toolchains/1.54.0-x86_64-unknown-linux-gnu/lib/rustlib/x86_64-unknown-linux-gnu/lib/liblibc-544ecdbd6cda3c58.rlib" "/opt/rustwide/rustup-home/toolchains/1.54.0-x86_64-unknown-linux-gnu/lib/rustlib/x86_64-unknown-linux-gnu/lib/liballoc-379cc252b6943a79.rlib" "/opt/rustwide/rustup-home/toolchains/1.54.0-x86_64-unknown-linux-gnu/lib/rustlib/x86_64-unknown-linux-gnu/lib/librustc_std_workspace_core-8063eea38dcc5e62.rlib" "/opt/rustwide/rustup-home/toolchains/1.54.0-x86_64-unknown-linux-gnu/lib/rustlib/x86_64-unknown-linux-gnu/lib/libcore-5b228734afae15ee.rlib" "-Wl,--end-group" "/opt/rustwide/rustup-home/toolchains/1.54.0-x86_64-unknown-linux-gnu/lib/rustlib/x86_64-unknown-linux-gnu/lib/libcompiler_builtins-d6c7a399d95d173f.rlib" "-Wl,-Bdynamic" "-lssl" "-lcrypto" "-lgcc_s" "-lutil" "-lrt" "-lpthread" "-lm" "-ldl" "-lc" "-Wl,--eh-frame-hdr" "-Wl,-znoexecstack" "-L" "/opt/rustwide/rustup-home/toolchains/1.54.0-x86_64-unknown-linux-gnu/lib/rustlib/x86_64-unknown-linux-gnu/lib" "-o" "/tmp/rustdoctestgQeYuQ/rust_out" "-Wl,--gc-sections" "-pie" "-Wl,-zrelro" "-Wl,-znow" "-nodefaultlibs"
[INFO] [stdout]   = note: collect2: fatal error: ld terminated with signal 9 [Killed]
[INFO] [stdout]           compilation terminated.
[INFO] [stdout]           
[INFO] [stdout] 
[INFO] [stdout] error: aborting due to previous error
[INFO] [stdout] 
[INFO] [stdout] Couldn't compile the test.
[INFO] [stdout] ---- src/public_api/comment/mod.rs - public_api::comment::VtClient::get_comment (line 49) stdout ----
[INFO] [stdout] error: linking with `cc` failed: exit status: 1
[INFO] [stdout]   |
[INFO] [stdout]   = note: "cc" "-m64" "/tmp/rustdoctest6wTA9A/rust_out.rust_out.7rcbfp3g-cgu.0.rcgu.o" "/tmp/rustdoctest6wTA9A/rust_out.33dyzt1ekirinwy8.rcgu.o" "-Wl,--as-needed" "-L" "/opt/rustwide/target/debug/deps" "-L" "/opt/rustwide/target/debug/deps" "-L" "/opt/rustwide/rustup-home/toolchains/1.54.0-x86_64-unknown-linux-gnu/lib/rustlib/x86_64-unknown-linux-gnu/lib" "-Wl,-Bstatic" "/opt/rustwide/target/debug/deps/libvt3-227f0453b1e3525e.rlib" "/opt/rustwide/target/debug/deps/libthiserror-b95b146a9efcf384.rlib" "/opt/rustwide/target/debug/deps/libreqwest-a838883bb0b1e413.rlib" "/opt/rustwide/target/debug/deps/libhyper_tls-e7cab599f4b4a478.rlib" "/opt/rustwide/target/debug/deps/libipnet-b011aebcc10da248.rlib" "/opt/rustwide/target/debug/deps/libtokio_native_tls-1e810ef6e693463d.rlib" "/opt/rustwide/target/debug/deps/libserde_urlencoded-dcb678470c59255b.rlib" "/opt/rustwide/target/debug/deps/libencoding_rs-b20c3ab42e23b9aa.rlib" "/opt/rustwide/target/debug/deps/libserde_json-03c028b81d76f27a.rlib" "/opt/rustwide/target/debug/deps/libryu-e9d83beb5f245d8a.rlib" "/opt/rustwide/target/debug/deps/libbase64-85a7c845487317b6.rlib" "/opt/rustwide/target/debug/deps/libmime_guess-2915486d230c043d.rlib" "/opt/rustwide/target/debug/deps/libunicase-65aaa977d9613e5e.rlib" "/opt/rustwide/target/debug/deps/libmime-0cdc39d483992d87.rlib" "/opt/rustwide/target/debug/deps/libnative_tls-0c005367bb0a4e9e.rlib" "/opt/rustwide/target/debug/deps/libopenssl_probe-bf0b0dd478f55e2a.rlib" "/opt/rustwide/target/debug/deps/libopenssl-942cde43224dd422.rlib" "/opt/rustwide/target/debug/deps/libonce_cell-e7fc120f94a67e48.rlib" "/opt/rustwide/target/debug/deps/libbitflags-28691dca92dcea1d.rlib" "/opt/rustwide/target/debug/deps/libforeign_types-32116637a04685b5.rlib" "/opt/rustwide/target/debug/deps/libforeign_types_shared-a8ab035919ad74a8.rlib" "/opt/rustwide/target/debug/deps/libopenssl_sys-a445b8cb4dccb1ee.rlib" "/opt/rustwide/target/debug/deps/libhyper-ffe03218e9a9f070.rlib" "/opt/rustwide/target/debug/deps/libwant-076a84067f7b7ccd.rlib" "/opt/rustwide/target/debug/deps/libtry_lock-91cba5cb8fbe6cf2.rlib" "/opt/rustwide/target/debug/deps/libsocket2-0ed5f1d9bf89cfb1.rlib" "/opt/rustwide/target/debug/deps/libh2-9baed4e7cc49f543.rlib" "/opt/rustwide/target/debug/deps/libindexmap-5de7a48a8920f1bb.rlib" "/opt/rustwide/target/debug/deps/libhashbrown-4a691b4c35f70b7d.rlib" "/opt/rustwide/target/debug/deps/libtokio_util-051a9303192a954d.rlib" "/opt/rustwide/target/debug/deps/libfutures_sink-8b34d590cd3147ec.rlib" "/opt/rustwide/target/debug/deps/libhttparse-fd57782c97f1cd38.rlib" "/opt/rustwide/target/debug/deps/libtower_service-ee332f169b30b8de.rlib" "/opt/rustwide/target/debug/deps/libfutures_channel-30803100ea45b100.rlib" "/opt/rustwide/target/debug/deps/libtracing-79f851430e7cab5c.rlib" "/opt/rustwide/target/debug/deps/libtracing_core-3005d089cc2047b3.rlib" "/opt/rustwide/target/debug/deps/libtokio-047280acf4556414.rlib" "/opt/rustwide/target/debug/deps/libnum_cpus-8fa73edf0d9f6ad0.rlib" "/opt/rustwide/target/debug/deps/libmio-03b447a36d404504.rlib" "/opt/rustwide/target/debug/deps/liblibc-b24e4e7229449fb2.rlib" "/opt/rustwide/target/debug/deps/libhttp_body-888b4c92a492a6de.rlib" "/opt/rustwide/target/debug/deps/liblog-6c7241733082ae7d.rlib" "/opt/rustwide/target/debug/deps/libcfg_if-2b4979ec00a6df77.rlib" "/opt/rustwide/target/debug/deps/libfutures_util-23bbd205df38be3f.rlib" "/opt/rustwide/target/debug/deps/libmemchr-e15c2fe3b98c6d8c.rlib" "/opt/rustwide/target/debug/deps/libfutures_io-0fcab8164166b842.rlib" "/opt/rustwide/target/debug/deps/libslab-288001301d8463d3.rlib" "/opt/rustwide/target/debug/deps/libpin_project_lite-adcafb3ab2d90fb0.rlib" "/opt/rustwide/target/debug/deps/libfutures_task-1ac89b475529bd88.rlib" "/opt/rustwide/target/debug/deps/libpin_utils-6aad8a4c62365377.rlib" "/opt/rustwide/target/debug/deps/libfutures_core-25dd934b14ec4f06.rlib" "/opt/rustwide/target/debug/deps/liblazy_static-0d0c3ba8fc659c9d.rlib" "/opt/rustwide/target/debug/deps/liburl-5f88eea799c3862d.rlib" "/opt/rustwide/target/debug/deps/libidna-4d94a28773329479.rlib" "/opt/rustwide/target/debug/deps/libunicode_normalization-2dc753eae3956428.rlib" "/opt/rustwide/target/debug/deps/libtinyvec-79e787f10b06d034.rlib" "/opt/rustwide/target/debug/deps/libtinyvec_macros-dcc41fc03a543df4.rlib" "/opt/rustwide/target/debug/deps/libunicode_bidi-6d421fde44230bfd.rlib" "/opt/rustwide/target/debug/deps/libform_urlencoded-85836bd88c27ba52.rlib" "/opt/rustwide/target/debug/deps/libpercent_encoding-21aea0a093418504.rlib" "/opt/rustwide/target/debug/deps/libmatches-10e969ad2a8f46f5.rlib" "/opt/rustwide/target/debug/deps/libhttp-832a730d11f5511f.rlib" "/opt/rustwide/target/debug/deps/libitoa-d633c5c6b2751733.rlib" "/opt/rustwide/target/debug/deps/libbytes-56b768157f94c7ca.rlib" "/opt/rustwide/target/debug/deps/libfnv-4b13fa5dc053ace9.rlib" "/opt/rustwide/target/debug/deps/libserde-0874c9705797cc10.rlib" "-Wl,--start-group" "/opt/rustwide/rustup-home/toolchains/1.54.0-x86_64-unknown-linux-gnu/lib/rustlib/x86_64-unknown-linux-gnu/lib/libstd-2420485b9e5ef5e1.rlib" "/opt/rustwide/rustup-home/toolchains/1.54.0-x86_64-unknown-linux-gnu/lib/rustlib/x86_64-unknown-linux-gnu/lib/libpanic_unwind-785e3cb61c4b1960.rlib" "/opt/rustwide/rustup-home/toolchains/1.54.0-x86_64-unknown-linux-gnu/lib/rustlib/x86_64-unknown-linux-gnu/lib/libminiz_oxide-087191a88bdaa22d.rlib" "/opt/rustwide/rustup-home/toolchains/1.54.0-x86_64-unknown-linux-gnu/lib/rustlib/x86_64-unknown-linux-gnu/lib/libadler-9981842c02975178.rlib" "/opt/rustwide/rustup-home/toolchains/1.54.0-x86_64-unknown-linux-gnu/lib/rustlib/x86_64-unknown-linux-gnu/lib/libobject-6fb405869b015fde.rlib" "/opt/rustwide/rustup-home/toolchains/1.54.0-x86_64-unknown-linux-gnu/lib/rustlib/x86_64-unknown-linux-gnu/lib/libaddr2line-d05c5c3c56004b7b.rlib" "/opt/rustwide/rustup-home/toolchains/1.54.0-x86_64-unknown-linux-gnu/lib/rustlib/x86_64-unknown-linux-gnu/lib/libgimli-42d74d2097528b38.rlib" "/opt/rustwide/rustup-home/toolchains/1.54.0-x86_64-unknown-linux-gnu/lib/rustlib/x86_64-unknown-linux-gnu/lib/libstd_detect-fb36534c113d2209.rlib" "/opt/rustwide/rustup-home/toolchains/1.54.0-x86_64-unknown-linux-gnu/lib/rustlib/x86_64-unknown-linux-gnu/lib/librustc_demangle-b56b9042c12b6535.rlib" "/opt/rustwide/rustup-home/toolchains/1.54.0-x86_64-unknown-linux-gnu/lib/rustlib/x86_64-unknown-linux-gnu/lib/libhashbrown-491902d6cb3e76df.rlib" "/opt/rustwide/rustup-home/toolchains/1.54.0-x86_64-unknown-linux-gnu/lib/rustlib/x86_64-unknown-linux-gnu/lib/librustc_std_workspace_alloc-61834e0981b8c367.rlib" "/opt/rustwide/rustup-home/toolchains/1.54.0-x86_64-unknown-linux-gnu/lib/rustlib/x86_64-unknown-linux-gnu/lib/libunwind-f78aa99d613a55bc.rlib" "/opt/rustwide/rustup-home/toolchains/1.54.0-x86_64-unknown-linux-gnu/lib/rustlib/x86_64-unknown-linux-gnu/lib/libcfg_if-53ee54cd7fed2c57.rlib" "/opt/rustwide/rustup-home/toolchains/1.54.0-x86_64-unknown-linux-gnu/lib/rustlib/x86_64-unknown-linux-gnu/lib/liblibc-544ecdbd6cda3c58.rlib" "/opt/rustwide/rustup-home/toolchains/1.54.0-x86_64-unknown-linux-gnu/lib/rustlib/x86_64-unknown-linux-gnu/lib/liballoc-379cc252b6943a79.rlib" "/opt/rustwide/rustup-home/toolchains/1.54.0-x86_64-unknown-linux-gnu/lib/rustlib/x86_64-unknown-linux-gnu/lib/librustc_std_workspace_core-8063eea38dcc5e62.rlib" "/opt/rustwide/rustup-home/toolchains/1.54.0-x86_64-unknown-linux-gnu/lib/rustlib/x86_64-unknown-linux-gnu/lib/libcore-5b228734afae15ee.rlib" "-Wl,--end-group" "/opt/rustwide/rustup-home/toolchains/1.54.0-x86_64-unknown-linux-gnu/lib/rustlib/x86_64-unknown-linux-gnu/lib/libcompiler_builtins-d6c7a399d95d173f.rlib" "-Wl,-Bdynamic" "-lssl" "-lcrypto" "-lgcc_s" "-lutil" "-lrt" "-lpthread" "-lm" "-ldl" "-lc" "-Wl,--eh-frame-hdr" "-Wl,-znoexecstack" "-L" "/opt/rustwide/rustup-home/toolchains/1.54.0-x86_64-unknown-linux-gnu/lib/rustlib/x86_64-unknown-linux-gnu/lib" "-o" "/tmp/rustdoctest6wTA9A/rust_out" "-Wl,--gc-sections" "-pie" "-Wl,-zrelro" "-Wl,-znow" "-nodefaultlibs"
[INFO] [stdout]   = note: collect2: fatal error: ld terminated with signal 9 [Killed]
[INFO] [stdout]           compilation terminated.
[INFO] [stdout]           
[INFO] [stdout] 
[INFO] [stdout] error: aborting due to previous error
[INFO] [stdout] 
[INFO] [stdout] Couldn't compile the test.
[INFO] [stdout] ---- src/public_api/file/mod.rs - public_api::file::VtClient::file_info (line 18) stdout ----
[INFO] [stdout] error: linking with `cc` failed: exit status: 1
[INFO] [stdout]   |
[INFO] [stdout]   = note: "cc" "-m64" "/tmp/rustdoctestjFyuZL/rust_out.rust_out.7rcbfp3g-cgu.0.rcgu.o" "/tmp/rustdoctestjFyuZL/rust_out.33dyzt1ekirinwy8.rcgu.o" "-Wl,--as-needed" "-L" "/opt/rustwide/target/debug/deps" "-L" "/opt/rustwide/target/debug/deps" "-L" "/opt/rustwide/rustup-home/toolchains/1.54.0-x86_64-unknown-linux-gnu/lib/rustlib/x86_64-unknown-linux-gnu/lib" "-Wl,-Bstatic" "/opt/rustwide/target/debug/deps/libvt3-227f0453b1e3525e.rlib" "/opt/rustwide/target/debug/deps/libthiserror-b95b146a9efcf384.rlib" "/opt/rustwide/target/debug/deps/libreqwest-a838883bb0b1e413.rlib" "/opt/rustwide/target/debug/deps/libhyper_tls-e7cab599f4b4a478.rlib" "/opt/rustwide/target/debug/deps/libipnet-b011aebcc10da248.rlib" "/opt/rustwide/target/debug/deps/libtokio_native_tls-1e810ef6e693463d.rlib" "/opt/rustwide/target/debug/deps/libserde_urlencoded-dcb678470c59255b.rlib" "/opt/rustwide/target/debug/deps/libencoding_rs-b20c3ab42e23b9aa.rlib" "/opt/rustwide/target/debug/deps/libserde_json-03c028b81d76f27a.rlib" "/opt/rustwide/target/debug/deps/libryu-e9d83beb5f245d8a.rlib" "/opt/rustwide/target/debug/deps/libbase64-85a7c845487317b6.rlib" "/opt/rustwide/target/debug/deps/libmime_guess-2915486d230c043d.rlib" "/opt/rustwide/target/debug/deps/libunicase-65aaa977d9613e5e.rlib" "/opt/rustwide/target/debug/deps/libmime-0cdc39d483992d87.rlib" "/opt/rustwide/target/debug/deps/libnative_tls-0c005367bb0a4e9e.rlib" "/opt/rustwide/target/debug/deps/libopenssl_probe-bf0b0dd478f55e2a.rlib" "/opt/rustwide/target/debug/deps/libopenssl-942cde43224dd422.rlib" "/opt/rustwide/target/debug/deps/libonce_cell-e7fc120f94a67e48.rlib" "/opt/rustwide/target/debug/deps/libbitflags-28691dca92dcea1d.rlib" "/opt/rustwide/target/debug/deps/libforeign_types-32116637a04685b5.rlib" "/opt/rustwide/target/debug/deps/libforeign_types_shared-a8ab035919ad74a8.rlib" "/opt/rustwide/target/debug/deps/libopenssl_sys-a445b8cb4dccb1ee.rlib" "/opt/rustwide/target/debug/deps/libhyper-ffe03218e9a9f070.rlib" "/opt/rustwide/target/debug/deps/libwant-076a84067f7b7ccd.rlib" "/opt/rustwide/target/debug/deps/libtry_lock-91cba5cb8fbe6cf2.rlib" "/opt/rustwide/target/debug/deps/libsocket2-0ed5f1d9bf89cfb1.rlib" "/opt/rustwide/target/debug/deps/libh2-9baed4e7cc49f543.rlib" "/opt/rustwide/target/debug/deps/libindexmap-5de7a48a8920f1bb.rlib" "/opt/rustwide/target/debug/deps/libhashbrown-4a691b4c35f70b7d.rlib" "/opt/rustwide/target/debug/deps/libtokio_util-051a9303192a954d.rlib" "/opt/rustwide/target/debug/deps/libfutures_sink-8b34d590cd3147ec.rlib" "/opt/rustwide/target/debug/deps/libhttparse-fd57782c97f1cd38.rlib" "/opt/rustwide/target/debug/deps/libtower_service-ee332f169b30b8de.rlib" "/opt/rustwide/target/debug/deps/libfutures_channel-30803100ea45b100.rlib" "/opt/rustwide/target/debug/deps/libtracing-79f851430e7cab5c.rlib" "/opt/rustwide/target/debug/deps/libtracing_core-3005d089cc2047b3.rlib" "/opt/rustwide/target/debug/deps/libtokio-047280acf4556414.rlib" "/opt/rustwide/target/debug/deps/libnum_cpus-8fa73edf0d9f6ad0.rlib" "/opt/rustwide/target/debug/deps/libmio-03b447a36d404504.rlib" "/opt/rustwide/target/debug/deps/liblibc-b24e4e7229449fb2.rlib" "/opt/rustwide/target/debug/deps/libhttp_body-888b4c92a492a6de.rlib" "/opt/rustwide/target/debug/deps/liblog-6c7241733082ae7d.rlib" "/opt/rustwide/target/debug/deps/libcfg_if-2b4979ec00a6df77.rlib" "/opt/rustwide/target/debug/deps/libfutures_util-23bbd205df38be3f.rlib" "/opt/rustwide/target/debug/deps/libmemchr-e15c2fe3b98c6d8c.rlib" "/opt/rustwide/target/debug/deps/libfutures_io-0fcab8164166b842.rlib" "/opt/rustwide/target/debug/deps/libslab-288001301d8463d3.rlib" "/opt/rustwide/target/debug/deps/libpin_project_lite-adcafb3ab2d90fb0.rlib" "/opt/rustwide/target/debug/deps/libfutures_task-1ac89b475529bd88.rlib" "/opt/rustwide/target/debug/deps/libpin_utils-6aad8a4c62365377.rlib" "/opt/rustwide/target/debug/deps/libfutures_core-25dd934b14ec4f06.rlib" "/opt/rustwide/target/debug/deps/liblazy_static-0d0c3ba8fc659c9d.rlib" "/opt/rustwide/target/debug/deps/liburl-5f88eea799c3862d.rlib" "/opt/rustwide/target/debug/deps/libidna-4d94a28773329479.rlib" "/opt/rustwide/target/debug/deps/libunicode_normalization-2dc753eae3956428.rlib" "/opt/rustwide/target/debug/deps/libtinyvec-79e787f10b06d034.rlib" "/opt/rustwide/target/debug/deps/libtinyvec_macros-dcc41fc03a543df4.rlib" "/opt/rustwide/target/debug/deps/libunicode_bidi-6d421fde44230bfd.rlib" "/opt/rustwide/target/debug/deps/libform_urlencoded-85836bd88c27ba52.rlib" "/opt/rustwide/target/debug/deps/libpercent_encoding-21aea0a093418504.rlib" "/opt/rustwide/target/debug/deps/libmatches-10e969ad2a8f46f5.rlib" "/opt/rustwide/target/debug/deps/libhttp-832a730d11f5511f.rlib" "/opt/rustwide/target/debug/deps/libitoa-d633c5c6b2751733.rlib" "/opt/rustwide/target/debug/deps/libbytes-56b768157f94c7ca.rlib" "/opt/rustwide/target/debug/deps/libfnv-4b13fa5dc053ace9.rlib" "/opt/rustwide/target/debug/deps/libserde-0874c9705797cc10.rlib" "-Wl,--start-group" "/opt/rustwide/rustup-home/toolchains/1.54.0-x86_64-unknown-linux-gnu/lib/rustlib/x86_64-unknown-linux-gnu/lib/libstd-2420485b9e5ef5e1.rlib" "/opt/rustwide/rustup-home/toolchains/1.54.0-x86_64-unknown-linux-gnu/lib/rustlib/x86_64-unknown-linux-gnu/lib/libpanic_unwind-785e3cb61c4b1960.rlib" "/opt/rustwide/rustup-home/toolchains/1.54.0-x86_64-unknown-linux-gnu/lib/rustlib/x86_64-unknown-linux-gnu/lib/libminiz_oxide-087191a88bdaa22d.rlib" "/opt/rustwide/rustup-home/toolchains/1.54.0-x86_64-unknown-linux-gnu/lib/rustlib/x86_64-unknown-linux-gnu/lib/libadler-9981842c02975178.rlib" "/opt/rustwide/rustup-home/toolchains/1.54.0-x86_64-unknown-linux-gnu/lib/rustlib/x86_64-unknown-linux-gnu/lib/libobject-6fb405869b015fde.rlib" "/opt/rustwide/rustup-home/toolchains/1.54.0-x86_64-unknown-linux-gnu/lib/rustlib/x86_64-unknown-linux-gnu/lib/libaddr2line-d05c5c3c56004b7b.rlib" "/opt/rustwide/rustup-home/toolchains/1.54.0-x86_64-unknown-linux-gnu/lib/rustlib/x86_64-unknown-linux-gnu/lib/libgimli-42d74d2097528b38.rlib" "/opt/rustwide/rustup-home/toolchains/1.54.0-x86_64-unknown-linux-gnu/lib/rustlib/x86_64-unknown-linux-gnu/lib/libstd_detect-fb36534c113d2209.rlib" "/opt/rustwide/rustup-home/toolchains/1.54.0-x86_64-unknown-linux-gnu/lib/rustlib/x86_64-unknown-linux-gnu/lib/librustc_demangle-b56b9042c12b6535.rlib" "/opt/rustwide/rustup-home/toolchains/1.54.0-x86_64-unknown-linux-gnu/lib/rustlib/x86_64-unknown-linux-gnu/lib/libhashbrown-491902d6cb3e76df.rlib" "/opt/rustwide/rustup-home/toolchains/1.54.0-x86_64-unknown-linux-gnu/lib/rustlib/x86_64-unknown-linux-gnu/lib/librustc_std_workspace_alloc-61834e0981b8c367.rlib" "/opt/rustwide/rustup-home/toolchains/1.54.0-x86_64-unknown-linux-gnu/lib/rustlib/x86_64-unknown-linux-gnu/lib/libunwind-f78aa99d613a55bc.rlib" "/opt/rustwide/rustup-home/toolchains/1.54.0-x86_64-unknown-linux-gnu/lib/rustlib/x86_64-unknown-linux-gnu/lib/libcfg_if-53ee54cd7fed2c57.rlib" "/opt/rustwide/rustup-home/toolchains/1.54.0-x86_64-unknown-linux-gnu/lib/rustlib/x86_64-unknown-linux-gnu/lib/liblibc-544ecdbd6cda3c58.rlib" "/opt/rustwide/rustup-home/toolchains/1.54.0-x86_64-unknown-linux-gnu/lib/rustlib/x86_64-unknown-linux-gnu/lib/liballoc-379cc252b6943a79.rlib" "/opt/rustwide/rustup-home/toolchains/1.54.0-x86_64-unknown-linux-gnu/lib/rustlib/x86_64-unknown-linux-gnu/lib/librustc_std_workspace_core-8063eea38dcc5e62.rlib" "/opt/rustwide/rustup-home/toolchains/1.54.0-x86_64-unknown-linux-gnu/lib/rustlib/x86_64-unknown-linux-gnu/lib/libcore-5b228734afae15ee.rlib" "-Wl,--end-group" "/opt/rustwide/rustup-home/toolchains/1.54.0-x86_64-unknown-linux-gnu/lib/rustlib/x86_64-unknown-linux-gnu/lib/libcompiler_builtins-d6c7a399d95d173f.rlib" "-Wl,-Bdynamic" "-lssl" "-lcrypto" "-lgcc_s" "-lutil" "-lrt" "-lpthread" "-lm" "-ldl" "-lc" "-Wl,--eh-frame-hdr" "-Wl,-znoexecstack" "-L" "/opt/rustwide/rustup-home/toolchains/1.54.0-x86_64-unknown-linux-gnu/lib/rustlib/x86_64-unknown-linux-gnu/lib" "-o" "/tmp/rustdoctestjFyuZL/rust_out" "-Wl,--gc-sections" "-pie" "-Wl,-zrelro" "-Wl,-znow" "-nodefaultlibs"
[INFO] [stdout]   = note: collect2: fatal error: ld terminated with signal 9 [Killed]
[INFO] [stdout]           compilation terminated.
[INFO] [stdout]           
[INFO] [stdout] 
[INFO] [stdout] error: aborting due to previous error
[INFO] [stdout] 
[INFO] [stdout] Couldn't compile the test.
[INFO] [stdout] ---- src/public_api/url/mod.rs - public_api::url::VtClient::url_scan (line 14) stdout ----
[INFO] [stdout] error: linking with `cc` failed: exit status: 1
[INFO] [stdout]   |
[INFO] [stdout]   = note: "cc" "-m64" "/tmp/rustdoctestPHQIWa/rust_out.rust_out.7rcbfp3g-cgu.0.rcgu.o" "/tmp/rustdoctestPHQIWa/rust_out.33dyzt1ekirinwy8.rcgu.o" "-Wl,--as-needed" "-L" "/opt/rustwide/target/debug/deps" "-L" "/opt/rustwide/target/debug/deps" "-L" "/opt/rustwide/rustup-home/toolchains/1.54.0-x86_64-unknown-linux-gnu/lib/rustlib/x86_64-unknown-linux-gnu/lib" "-Wl,-Bstatic" "/opt/rustwide/target/debug/deps/libvt3-227f0453b1e3525e.rlib" "/opt/rustwide/target/debug/deps/libthiserror-b95b146a9efcf384.rlib" "/opt/rustwide/target/debug/deps/libreqwest-a838883bb0b1e413.rlib" "/opt/rustwide/target/debug/deps/libhyper_tls-e7cab599f4b4a478.rlib" "/opt/rustwide/target/debug/deps/libipnet-b011aebcc10da248.rlib" "/opt/rustwide/target/debug/deps/libtokio_native_tls-1e810ef6e693463d.rlib" "/opt/rustwide/target/debug/deps/libserde_urlencoded-dcb678470c59255b.rlib" "/opt/rustwide/target/debug/deps/libencoding_rs-b20c3ab42e23b9aa.rlib" "/opt/rustwide/target/debug/deps/libserde_json-03c028b81d76f27a.rlib" "/opt/rustwide/target/debug/deps/libryu-e9d83beb5f245d8a.rlib" "/opt/rustwide/target/debug/deps/libbase64-85a7c845487317b6.rlib" "/opt/rustwide/target/debug/deps/libmime_guess-2915486d230c043d.rlib" "/opt/rustwide/target/debug/deps/libunicase-65aaa977d9613e5e.rlib" "/opt/rustwide/target/debug/deps/libmime-0cdc39d483992d87.rlib" "/opt/rustwide/target/debug/deps/libnative_tls-0c005367bb0a4e9e.rlib" "/opt/rustwide/target/debug/deps/libopenssl_probe-bf0b0dd478f55e2a.rlib" "/opt/rustwide/target/debug/deps/libopenssl-942cde43224dd422.rlib" "/opt/rustwide/target/debug/deps/libonce_cell-e7fc120f94a67e48.rlib" "/opt/rustwide/target/debug/deps/libbitflags-28691dca92dcea1d.rlib" "/opt/rustwide/target/debug/deps/libforeign_types-32116637a04685b5.rlib" "/opt/rustwide/target/debug/deps/libforeign_types_shared-a8ab035919ad74a8.rlib" "/opt/rustwide/target/debug/deps/libopenssl_sys-a445b8cb4dccb1ee.rlib" "/opt/rustwide/target/debug/deps/libhyper-ffe03218e9a9f070.rlib" "/opt/rustwide/target/debug/deps/libwant-076a84067f7b7ccd.rlib" "/opt/rustwide/target/debug/deps/libtry_lock-91cba5cb8fbe6cf2.rlib" "/opt/rustwide/target/debug/deps/libsocket2-0ed5f1d9bf89cfb1.rlib" "/opt/rustwide/target/debug/deps/libh2-9baed4e7cc49f543.rlib" "/opt/rustwide/target/debug/deps/libindexmap-5de7a48a8920f1bb.rlib" "/opt/rustwide/target/debug/deps/libhashbrown-4a691b4c35f70b7d.rlib" "/opt/rustwide/target/debug/deps/libtokio_util-051a9303192a954d.rlib" "/opt/rustwide/target/debug/deps/libfutures_sink-8b34d590cd3147ec.rlib" "/opt/rustwide/target/debug/deps/libhttparse-fd57782c97f1cd38.rlib" "/opt/rustwide/target/debug/deps/libtower_service-ee332f169b30b8de.rlib" "/opt/rustwide/target/debug/deps/libfutures_channel-30803100ea45b100.rlib" "/opt/rustwide/target/debug/deps/libtracing-79f851430e7cab5c.rlib" "/opt/rustwide/target/debug/deps/libtracing_core-3005d089cc2047b3.rlib" "/opt/rustwide/target/debug/deps/libtokio-047280acf4556414.rlib" "/opt/rustwide/target/debug/deps/libnum_cpus-8fa73edf0d9f6ad0.rlib" "/opt/rustwide/target/debug/deps/libmio-03b447a36d404504.rlib" "/opt/rustwide/target/debug/deps/liblibc-b24e4e7229449fb2.rlib" "/opt/rustwide/target/debug/deps/libhttp_body-888b4c92a492a6de.rlib" "/opt/rustwide/target/debug/deps/liblog-6c7241733082ae7d.rlib" "/opt/rustwide/target/debug/deps/libcfg_if-2b4979ec00a6df77.rlib" "/opt/rustwide/target/debug/deps/libfutures_util-23bbd205df38be3f.rlib" "/opt/rustwide/target/debug/deps/libmemchr-e15c2fe3b98c6d8c.rlib" "/opt/rustwide/target/debug/deps/libfutures_io-0fcab8164166b842.rlib" "/opt/rustwide/target/debug/deps/libslab-288001301d8463d3.rlib" "/opt/rustwide/target/debug/deps/libpin_project_lite-adcafb3ab2d90fb0.rlib" "/opt/rustwide/target/debug/deps/libfutures_task-1ac89b475529bd88.rlib" "/opt/rustwide/target/debug/deps/libpin_utils-6aad8a4c62365377.rlib" "/opt/rustwide/target/debug/deps/libfutures_core-25dd934b14ec4f06.rlib" "/opt/rustwide/target/debug/deps/liblazy_static-0d0c3ba8fc659c9d.rlib" "/opt/rustwide/target/debug/deps/liburl-5f88eea799c3862d.rlib" "/opt/rustwide/target/debug/deps/libidna-4d94a28773329479.rlib" "/opt/rustwide/target/debug/deps/libunicode_normalization-2dc753eae3956428.rlib" "/opt/rustwide/target/debug/deps/libtinyvec-79e787f10b06d034.rlib" "/opt/rustwide/target/debug/deps/libtinyvec_macros-dcc41fc03a543df4.rlib" "/opt/rustwide/target/debug/deps/libunicode_bidi-6d421fde44230bfd.rlib" "/opt/rustwide/target/debug/deps/libform_urlencoded-85836bd88c27ba52.rlib" "/opt/rustwide/target/debug/deps/libpercent_encoding-21aea0a093418504.rlib" "/opt/rustwide/target/debug/deps/libmatches-10e969ad2a8f46f5.rlib" "/opt/rustwide/target/debug/deps/libhttp-832a730d11f5511f.rlib" "/opt/rustwide/target/debug/deps/libitoa-d633c5c6b2751733.rlib" "/opt/rustwide/target/debug/deps/libbytes-56b768157f94c7ca.rlib" "/opt/rustwide/target/debug/deps/libfnv-4b13fa5dc053ace9.rlib" "/opt/rustwide/target/debug/deps/libserde-0874c9705797cc10.rlib" "-Wl,--start-group" "/opt/rustwide/rustup-home/toolchains/1.54.0-x86_64-unknown-linux-gnu/lib/rustlib/x86_64-unknown-linux-gnu/lib/libstd-2420485b9e5ef5e1.rlib" "/opt/rustwide/rustup-home/toolchains/1.54.0-x86_64-unknown-linux-gnu/lib/rustlib/x86_64-unknown-linux-gnu/lib/libpanic_unwind-785e3cb61c4b1960.rlib" "/opt/rustwide/rustup-home/toolchains/1.54.0-x86_64-unknown-linux-gnu/lib/rustlib/x86_64-unknown-linux-gnu/lib/libminiz_oxide-087191a88bdaa22d.rlib" "/opt/rustwide/rustup-home/toolchains/1.54.0-x86_64-unknown-linux-gnu/lib/rustlib/x86_64-unknown-linux-gnu/lib/libadler-9981842c02975178.rlib" "/opt/rustwide/rustup-home/toolchains/1.54.0-x86_64-unknown-linux-gnu/lib/rustlib/x86_64-unknown-linux-gnu/lib/libobject-6fb405869b015fde.rlib" "/opt/rustwide/rustup-home/toolchains/1.54.0-x86_64-unknown-linux-gnu/lib/rustlib/x86_64-unknown-linux-gnu/lib/libaddr2line-d05c5c3c56004b7b.rlib" "/opt/rustwide/rustup-home/toolchains/1.54.0-x86_64-unknown-linux-gnu/lib/rustlib/x86_64-unknown-linux-gnu/lib/libgimli-42d74d2097528b38.rlib" "/opt/rustwide/rustup-home/toolchains/1.54.0-x86_64-unknown-linux-gnu/lib/rustlib/x86_64-unknown-linux-gnu/lib/libstd_detect-fb36534c113d2209.rlib" "/opt/rustwide/rustup-home/toolchains/1.54.0-x86_64-unknown-linux-gnu/lib/rustlib/x86_64-unknown-linux-gnu/lib/librustc_demangle-b56b9042c12b6535.rlib" "/opt/rustwide/rustup-home/toolchains/1.54.0-x86_64-unknown-linux-gnu/lib/rustlib/x86_64-unknown-linux-gnu/lib/libhashbrown-491902d6cb3e76df.rlib" "/opt/rustwide/rustup-home/toolchains/1.54.0-x86_64-unknown-linux-gnu/lib/rustlib/x86_64-unknown-linux-gnu/lib/librustc_std_workspace_alloc-61834e0981b8c367.rlib" "/opt/rustwide/rustup-home/toolchains/1.54.0-x86_64-unknown-linux-gnu/lib/rustlib/x86_64-unknown-linux-gnu/lib/libunwind-f78aa99d613a55bc.rlib" "/opt/rustwide/rustup-home/toolchains/1.54.0-x86_64-unknown-linux-gnu/lib/rustlib/x86_64-unknown-linux-gnu/lib/libcfg_if-53ee54cd7fed2c57.rlib" "/opt/rustwide/rustup-home/toolchains/1.54.0-x86_64-unknown-linux-gnu/lib/rustlib/x86_64-unknown-linux-gnu/lib/liblibc-544ecdbd6cda3c58.rlib" "/opt/rustwide/rustup-home/toolchains/1.54.0-x86_64-unknown-linux-gnu/lib/rustlib/x86_64-unknown-linux-gnu/lib/liballoc-379cc252b6943a79.rlib" "/opt/rustwide/rustup-home/toolchains/1.54.0-x86_64-unknown-linux-gnu/lib/rustlib/x86_64-unknown-linux-gnu/lib/librustc_std_workspace_core-8063eea38dcc5e62.rlib" "/opt/rustwide/rustup-home/toolchains/1.54.0-x86_64-unknown-linux-gnu/lib/rustlib/x86_64-unknown-linux-gnu/lib/libcore-5b228734afae15ee.rlib" "-Wl,--end-group" "/opt/rustwide/rustup-home/toolchains/1.54.0-x86_64-unknown-linux-gnu/lib/rustlib/x86_64-unknown-linux-gnu/lib/libcompiler_builtins-d6c7a399d95d173f.rlib" "-Wl,-Bdynamic" "-lssl" "-lcrypto" "-lgcc_s" "-lutil" "-lrt" "-lpthread" "-lm" "-ldl" "-lc" "-Wl,--eh-frame-hdr" "-Wl,-znoexecstack" "-L" "/opt/rustwide/rustup-home/toolchains/1.54.0-x86_64-unknown-linux-gnu/lib/rustlib/x86_64-unknown-linux-gnu/lib" "-o" "/tmp/rustdoctestPHQIWa/rust_out" "-Wl,--gc-sections" "-pie" "-Wl,-zrelro" "-Wl,-znow" "-nodefaultlibs"
[INFO] [stdout]   = note: collect2: fatal error: ld terminated with signal 9 [Killed]
[INFO] [stdout]           compilation terminated.
[INFO] [stdout]           
[INFO] [stdout] 
[INFO] [stdout] error: aborting due to previous error
[INFO] [stdout] 
[INFO] [stdout] Couldn't compile the test.
[INFO] [stdout] ---- src/public_api/url/mod.rs - public_api::url::VtClient::url_rescan (line 31) stdout ----
[INFO] [stdout] error: linking with `cc` failed: exit status: 1
[INFO] [stdout]   |
[INFO] [stdout]   = note: "cc" "-m64" "/tmp/rustdoctestbRQ1ek/rust_out.rust_out.7rcbfp3g-cgu.0.rcgu.o" "/tmp/rustdoctestbRQ1ek/rust_out.33dyzt1ekirinwy8.rcgu.o" "-Wl,--as-needed" "-L" "/opt/rustwide/target/debug/deps" "-L" "/opt/rustwide/target/debug/deps" "-L" "/opt/rustwide/rustup-home/toolchains/1.54.0-x86_64-unknown-linux-gnu/lib/rustlib/x86_64-unknown-linux-gnu/lib" "-Wl,-Bstatic" "/opt/rustwide/target/debug/deps/libvt3-227f0453b1e3525e.rlib" "/opt/rustwide/target/debug/deps/libthiserror-b95b146a9efcf384.rlib" "/opt/rustwide/target/debug/deps/libreqwest-a838883bb0b1e413.rlib" "/opt/rustwide/target/debug/deps/libhyper_tls-e7cab599f4b4a478.rlib" "/opt/rustwide/target/debug/deps/libipnet-b011aebcc10da248.rlib" "/opt/rustwide/target/debug/deps/libtokio_native_tls-1e810ef6e693463d.rlib" "/opt/rustwide/target/debug/deps/libserde_urlencoded-dcb678470c59255b.rlib" "/opt/rustwide/target/debug/deps/libencoding_rs-b20c3ab42e23b9aa.rlib" "/opt/rustwide/target/debug/deps/libserde_json-03c028b81d76f27a.rlib" "/opt/rustwide/target/debug/deps/libryu-e9d83beb5f245d8a.rlib" "/opt/rustwide/target/debug/deps/libbase64-85a7c845487317b6.rlib" "/opt/rustwide/target/debug/deps/libmime_guess-2915486d230c043d.rlib" "/opt/rustwide/target/debug/deps/libunicase-65aaa977d9613e5e.rlib" "/opt/rustwide/target/debug/deps/libmime-0cdc39d483992d87.rlib" "/opt/rustwide/target/debug/deps/libnative_tls-0c005367bb0a4e9e.rlib" "/opt/rustwide/target/debug/deps/libopenssl_probe-bf0b0dd478f55e2a.rlib" "/opt/rustwide/target/debug/deps/libopenssl-942cde43224dd422.rlib" "/opt/rustwide/target/debug/deps/libonce_cell-e7fc120f94a67e48.rlib" "/opt/rustwide/target/debug/deps/libbitflags-28691dca92dcea1d.rlib" "/opt/rustwide/target/debug/deps/libforeign_types-32116637a04685b5.rlib" "/opt/rustwide/target/debug/deps/libforeign_types_shared-a8ab035919ad74a8.rlib" "/opt/rustwide/target/debug/deps/libopenssl_sys-a445b8cb4dccb1ee.rlib" "/opt/rustwide/target/debug/deps/libhyper-ffe03218e9a9f070.rlib" "/opt/rustwide/target/debug/deps/libwant-076a84067f7b7ccd.rlib" "/opt/rustwide/target/debug/deps/libtry_lock-91cba5cb8fbe6cf2.rlib" "/opt/rustwide/target/debug/deps/libsocket2-0ed5f1d9bf89cfb1.rlib" "/opt/rustwide/target/debug/deps/libh2-9baed4e7cc49f543.rlib" "/opt/rustwide/target/debug/deps/libindexmap-5de7a48a8920f1bb.rlib" "/opt/rustwide/target/debug/deps/libhashbrown-4a691b4c35f70b7d.rlib" "/opt/rustwide/target/debug/deps/libtokio_util-051a9303192a954d.rlib" "/opt/rustwide/target/debug/deps/libfutures_sink-8b34d590cd3147ec.rlib" "/opt/rustwide/target/debug/deps/libhttparse-fd57782c97f1cd38.rlib" "/opt/rustwide/target/debug/deps/libtower_service-ee332f169b30b8de.rlib" "/opt/rustwide/target/debug/deps/libfutures_channel-30803100ea45b100.rlib" "/opt/rustwide/target/debug/deps/libtracing-79f851430e7cab5c.rlib" "/opt/rustwide/target/debug/deps/libtracing_core-3005d089cc2047b3.rlib" "/opt/rustwide/target/debug/deps/libtokio-047280acf4556414.rlib" "/opt/rustwide/target/debug/deps/libnum_cpus-8fa73edf0d9f6ad0.rlib" "/opt/rustwide/target/debug/deps/libmio-03b447a36d404504.rlib" "/opt/rustwide/target/debug/deps/liblibc-b24e4e7229449fb2.rlib" "/opt/rustwide/target/debug/deps/libhttp_body-888b4c92a492a6de.rlib" "/opt/rustwide/target/debug/deps/liblog-6c7241733082ae7d.rlib" "/opt/rustwide/target/debug/deps/libcfg_if-2b4979ec00a6df77.rlib" "/opt/rustwide/target/debug/deps/libfutures_util-23bbd205df38be3f.rlib" "/opt/rustwide/target/debug/deps/libmemchr-e15c2fe3b98c6d8c.rlib" "/opt/rustwide/target/debug/deps/libfutures_io-0fcab8164166b842.rlib" "/opt/rustwide/target/debug/deps/libslab-288001301d8463d3.rlib" "/opt/rustwide/target/debug/deps/libpin_project_lite-adcafb3ab2d90fb0.rlib" "/opt/rustwide/target/debug/deps/libfutures_task-1ac89b475529bd88.rlib" "/opt/rustwide/target/debug/deps/libpin_utils-6aad8a4c62365377.rlib" "/opt/rustwide/target/debug/deps/libfutures_core-25dd934b14ec4f06.rlib" "/opt/rustwide/target/debug/deps/liblazy_static-0d0c3ba8fc659c9d.rlib" "/opt/rustwide/target/debug/deps/liburl-5f88eea799c3862d.rlib" "/opt/rustwide/target/debug/deps/libidna-4d94a28773329479.rlib" "/opt/rustwide/target/debug/deps/libunicode_normalization-2dc753eae3956428.rlib" "/opt/rustwide/target/debug/deps/libtinyvec-79e787f10b06d034.rlib" "/opt/rustwide/target/debug/deps/libtinyvec_macros-dcc41fc03a543df4.rlib" "/opt/rustwide/target/debug/deps/libunicode_bidi-6d421fde44230bfd.rlib" "/opt/rustwide/target/debug/deps/libform_urlencoded-85836bd88c27ba52.rlib" "/opt/rustwide/target/debug/deps/libpercent_encoding-21aea0a093418504.rlib" "/opt/rustwide/target/debug/deps/libmatches-10e969ad2a8f46f5.rlib" "/opt/rustwide/target/debug/deps/libhttp-832a730d11f5511f.rlib" "/opt/rustwide/target/debug/deps/libitoa-d633c5c6b2751733.rlib" "/opt/rustwide/target/debug/deps/libbytes-56b768157f94c7ca.rlib" "/opt/rustwide/target/debug/deps/libfnv-4b13fa5dc053ace9.rlib" "/opt/rustwide/target/debug/deps/libserde-0874c9705797cc10.rlib" "-Wl,--start-group" "/opt/rustwide/rustup-home/toolchains/1.54.0-x86_64-unknown-linux-gnu/lib/rustlib/x86_64-unknown-linux-gnu/lib/libstd-2420485b9e5ef5e1.rlib" "/opt/rustwide/rustup-home/toolchains/1.54.0-x86_64-unknown-linux-gnu/lib/rustlib/x86_64-unknown-linux-gnu/lib/libpanic_unwind-785e3cb61c4b1960.rlib" "/opt/rustwide/rustup-home/toolchains/1.54.0-x86_64-unknown-linux-gnu/lib/rustlib/x86_64-unknown-linux-gnu/lib/libminiz_oxide-087191a88bdaa22d.rlib" "/opt/rustwide/rustup-home/toolchains/1.54.0-x86_64-unknown-linux-gnu/lib/rustlib/x86_64-unknown-linux-gnu/lib/libadler-9981842c02975178.rlib" "/opt/rustwide/rustup-home/toolchains/1.54.0-x86_64-unknown-linux-gnu/lib/rustlib/x86_64-unknown-linux-gnu/lib/libobject-6fb405869b015fde.rlib" "/opt/rustwide/rustup-home/toolchains/1.54.0-x86_64-unknown-linux-gnu/lib/rustlib/x86_64-unknown-linux-gnu/lib/libaddr2line-d05c5c3c56004b7b.rlib" "/opt/rustwide/rustup-home/toolchains/1.54.0-x86_64-unknown-linux-gnu/lib/rustlib/x86_64-unknown-linux-gnu/lib/libgimli-42d74d2097528b38.rlib" "/opt/rustwide/rustup-home/toolchains/1.54.0-x86_64-unknown-linux-gnu/lib/rustlib/x86_64-unknown-linux-gnu/lib/libstd_detect-fb36534c113d2209.rlib" "/opt/rustwide/rustup-home/toolchains/1.54.0-x86_64-unknown-linux-gnu/lib/rustlib/x86_64-unknown-linux-gnu/lib/librustc_demangle-b56b9042c12b6535.rlib" "/opt/rustwide/rustup-home/toolchains/1.54.0-x86_64-unknown-linux-gnu/lib/rustlib/x86_64-unknown-linux-gnu/lib/libhashbrown-491902d6cb3e76df.rlib" "/opt/rustwide/rustup-home/toolchains/1.54.0-x86_64-unknown-linux-gnu/lib/rustlib/x86_64-unknown-linux-gnu/lib/librustc_std_workspace_alloc-61834e0981b8c367.rlib" "/opt/rustwide/rustup-home/toolchains/1.54.0-x86_64-unknown-linux-gnu/lib/rustlib/x86_64-unknown-linux-gnu/lib/libunwind-f78aa99d613a55bc.rlib" "/opt/rustwide/rustup-home/toolchains/1.54.0-x86_64-unknown-linux-gnu/lib/rustlib/x86_64-unknown-linux-gnu/lib/libcfg_if-53ee54cd7fed2c57.rlib" "/opt/rustwide/rustup-home/toolchains/1.54.0-x86_64-unknown-linux-gnu/lib/rustlib/x86_64-unknown-linux-gnu/lib/liblibc-544ecdbd6cda3c58.rlib" "/opt/rustwide/rustup-home/toolchains/1.54.0-x86_64-unknown-linux-gnu/lib/rustlib/x86_64-unknown-linux-gnu/lib/liballoc-379cc252b6943a79.rlib" "/opt/rustwide/rustup-home/toolchains/1.54.0-x86_64-unknown-linux-gnu/lib/rustlib/x86_64-unknown-linux-gnu/lib/librustc_std_workspace_core-8063eea38dcc5e62.rlib" "/opt/rustwide/rustup-home/toolchains/1.54.0-x86_64-unknown-linux-gnu/lib/rustlib/x86_64-unknown-linux-gnu/lib/libcore-5b228734afae15ee.rlib" "-Wl,--end-group" "/opt/rustwide/rustup-home/toolchains/1.54.0-x86_64-unknown-linux-gnu/lib/rustlib/x86_64-unknown-linux-gnu/lib/libcompiler_builtins-d6c7a399d95d173f.rlib" "-Wl,-Bdynamic" "-lssl" "-lcrypto" "-lgcc_s" "-lutil" "-lrt" "-lpthread" "-lm" "-ldl" "-lc" "-Wl,--eh-frame-hdr" "-Wl,-znoexecstack" "-L" "/opt/rustwide/rustup-home/toolchains/1.54.0-x86_64-unknown-linux-gnu/lib/rustlib/x86_64-unknown-linux-gnu/lib" "-o" "/tmp/rustdoctestbRQ1ek/rust_out" "-Wl,--gc-sections" "-pie" "-Wl,-zrelro" "-Wl,-znow" "-nodefaultlibs"
[INFO] [stdout]   = note: collect2: fatal error: ld terminated with signal 9 [Killed]
[INFO] [stdout]           compilation terminated.
[INFO] [stdout]           
[INFO] [stdout] 
[INFO] [stdout] error: aborting due to previous error
[INFO] [stdout] 
[INFO] [stdout] Couldn't compile the test.
[INFO] [stdout] ---- src/public_api/ip/mod.rs - public_api::ip::VtClient::ip_info (line 11) stdout ----
[INFO] [stdout] error: linking with `cc` failed: exit status: 1
[INFO] [stdout]   |
[INFO] [stdout]   = note: "cc" "-m64" "/tmp/rustdoctestc6m6Lg/rust_out.rust_out.7rcbfp3g-cgu.0.rcgu.o" "/tmp/rustdoctestc6m6Lg/rust_out.33dyzt1ekirinwy8.rcgu.o" "-Wl,--as-needed" "-L" "/opt/rustwide/target/debug/deps" "-L" "/opt/rustwide/target/debug/deps" "-L" "/opt/rustwide/rustup-home/toolchains/1.54.0-x86_64-unknown-linux-gnu/lib/rustlib/x86_64-unknown-linux-gnu/lib" "-Wl,-Bstatic" "/opt/rustwide/target/debug/deps/libvt3-227f0453b1e3525e.rlib" "/opt/rustwide/target/debug/deps/libthiserror-b95b146a9efcf384.rlib" "/opt/rustwide/target/debug/deps/libreqwest-a838883bb0b1e413.rlib" "/opt/rustwide/target/debug/deps/libhyper_tls-e7cab599f4b4a478.rlib" "/opt/rustwide/target/debug/deps/libipnet-b011aebcc10da248.rlib" "/opt/rustwide/target/debug/deps/libtokio_native_tls-1e810ef6e693463d.rlib" "/opt/rustwide/target/debug/deps/libserde_urlencoded-dcb678470c59255b.rlib" "/opt/rustwide/target/debug/deps/libencoding_rs-b20c3ab42e23b9aa.rlib" "/opt/rustwide/target/debug/deps/libserde_json-03c028b81d76f27a.rlib" "/opt/rustwide/target/debug/deps/libryu-e9d83beb5f245d8a.rlib" "/opt/rustwide/target/debug/deps/libbase64-85a7c845487317b6.rlib" "/opt/rustwide/target/debug/deps/libmime_guess-2915486d230c043d.rlib" "/opt/rustwide/target/debug/deps/libunicase-65aaa977d9613e5e.rlib" "/opt/rustwide/target/debug/deps/libmime-0cdc39d483992d87.rlib" "/opt/rustwide/target/debug/deps/libnative_tls-0c005367bb0a4e9e.rlib" "/opt/rustwide/target/debug/deps/libopenssl_probe-bf0b0dd478f55e2a.rlib" "/opt/rustwide/target/debug/deps/libopenssl-942cde43224dd422.rlib" "/opt/rustwide/target/debug/deps/libonce_cell-e7fc120f94a67e48.rlib" "/opt/rustwide/target/debug/deps/libbitflags-28691dca92dcea1d.rlib" "/opt/rustwide/target/debug/deps/libforeign_types-32116637a04685b5.rlib" "/opt/rustwide/target/debug/deps/libforeign_types_shared-a8ab035919ad74a8.rlib" "/opt/rustwide/target/debug/deps/libopenssl_sys-a445b8cb4dccb1ee.rlib" "/opt/rustwide/target/debug/deps/libhyper-ffe03218e9a9f070.rlib" "/opt/rustwide/target/debug/deps/libwant-076a84067f7b7ccd.rlib" "/opt/rustwide/target/debug/deps/libtry_lock-91cba5cb8fbe6cf2.rlib" "/opt/rustwide/target/debug/deps/libsocket2-0ed5f1d9bf89cfb1.rlib" "/opt/rustwide/target/debug/deps/libh2-9baed4e7cc49f543.rlib" "/opt/rustwide/target/debug/deps/libindexmap-5de7a48a8920f1bb.rlib" "/opt/rustwide/target/debug/deps/libhashbrown-4a691b4c35f70b7d.rlib" "/opt/rustwide/target/debug/deps/libtokio_util-051a9303192a954d.rlib" "/opt/rustwide/target/debug/deps/libfutures_sink-8b34d590cd3147ec.rlib" "/opt/rustwide/target/debug/deps/libhttparse-fd57782c97f1cd38.rlib" "/opt/rustwide/target/debug/deps/libtower_service-ee332f169b30b8de.rlib" "/opt/rustwide/target/debug/deps/libfutures_channel-30803100ea45b100.rlib" "/opt/rustwide/target/debug/deps/libtracing-79f851430e7cab5c.rlib" "/opt/rustwide/target/debug/deps/libtracing_core-3005d089cc2047b3.rlib" "/opt/rustwide/target/debug/deps/libtokio-047280acf4556414.rlib" "/opt/rustwide/target/debug/deps/libnum_cpus-8fa73edf0d9f6ad0.rlib" "/opt/rustwide/target/debug/deps/libmio-03b447a36d404504.rlib" "/opt/rustwide/target/debug/deps/liblibc-b24e4e7229449fb2.rlib" "/opt/rustwide/target/debug/deps/libhttp_body-888b4c92a492a6de.rlib" "/opt/rustwide/target/debug/deps/liblog-6c7241733082ae7d.rlib" "/opt/rustwide/target/debug/deps/libcfg_if-2b4979ec00a6df77.rlib" "/opt/rustwide/target/debug/deps/libfutures_util-23bbd205df38be3f.rlib" "/opt/rustwide/target/debug/deps/libmemchr-e15c2fe3b98c6d8c.rlib" "/opt/rustwide/target/debug/deps/libfutures_io-0fcab8164166b842.rlib" "/opt/rustwide/target/debug/deps/libslab-288001301d8463d3.rlib" "/opt/rustwide/target/debug/deps/libpin_project_lite-adcafb3ab2d90fb0.rlib" "/opt/rustwide/target/debug/deps/libfutures_task-1ac89b475529bd88.rlib" "/opt/rustwide/target/debug/deps/libpin_utils-6aad8a4c62365377.rlib" "/opt/rustwide/target/debug/deps/libfutures_core-25dd934b14ec4f06.rlib" "/opt/rustwide/target/debug/deps/liblazy_static-0d0c3ba8fc659c9d.rlib" "/opt/rustwide/target/debug/deps/liburl-5f88eea799c3862d.rlib" "/opt/rustwide/target/debug/deps/libidna-4d94a28773329479.rlib" "/opt/rustwide/target/debug/deps/libunicode_normalization-2dc753eae3956428.rlib" "/opt/rustwide/target/debug/deps/libtinyvec-79e787f10b06d034.rlib" "/opt/rustwide/target/debug/deps/libtinyvec_macros-dcc41fc03a543df4.rlib" "/opt/rustwide/target/debug/deps/libunicode_bidi-6d421fde44230bfd.rlib" "/opt/rustwide/target/debug/deps/libform_urlencoded-85836bd88c27ba52.rlib" "/opt/rustwide/target/debug/deps/libpercent_encoding-21aea0a093418504.rlib" "/opt/rustwide/target/debug/deps/libmatches-10e969ad2a8f46f5.rlib" "/opt/rustwide/target/debug/deps/libhttp-832a730d11f5511f.rlib" "/opt/rustwide/target/debug/deps/libitoa-d633c5c6b2751733.rlib" "/opt/rustwide/target/debug/deps/libbytes-56b768157f94c7ca.rlib" "/opt/rustwide/target/debug/deps/libfnv-4b13fa5dc053ace9.rlib" "/opt/rustwide/target/debug/deps/libserde-0874c9705797cc10.rlib" "-Wl,--start-group" "/opt/rustwide/rustup-home/toolchains/1.54.0-x86_64-unknown-linux-gnu/lib/rustlib/x86_64-unknown-linux-gnu/lib/libstd-2420485b9e5ef5e1.rlib" "/opt/rustwide/rustup-home/toolchains/1.54.0-x86_64-unknown-linux-gnu/lib/rustlib/x86_64-unknown-linux-gnu/lib/libpanic_unwind-785e3cb61c4b1960.rlib" "/opt/rustwide/rustup-home/toolchains/1.54.0-x86_64-unknown-linux-gnu/lib/rustlib/x86_64-unknown-linux-gnu/lib/libminiz_oxide-087191a88bdaa22d.rlib" "/opt/rustwide/rustup-home/toolchains/1.54.0-x86_64-unknown-linux-gnu/lib/rustlib/x86_64-unknown-linux-gnu/lib/libadler-9981842c02975178.rlib" "/opt/rustwide/rustup-home/toolchains/1.54.0-x86_64-unknown-linux-gnu/lib/rustlib/x86_64-unknown-linux-gnu/lib/libobject-6fb405869b015fde.rlib" "/opt/rustwide/rustup-home/toolchains/1.54.0-x86_64-unknown-linux-gnu/lib/rustlib/x86_64-unknown-linux-gnu/lib/libaddr2line-d05c5c3c56004b7b.rlib" "/opt/rustwide/rustup-home/toolchains/1.54.0-x86_64-unknown-linux-gnu/lib/rustlib/x86_64-unknown-linux-gnu/lib/libgimli-42d74d2097528b38.rlib" "/opt/rustwide/rustup-home/toolchains/1.54.0-x86_64-unknown-linux-gnu/lib/rustlib/x86_64-unknown-linux-gnu/lib/libstd_detect-fb36534c113d2209.rlib" "/opt/rustwide/rustup-home/toolchains/1.54.0-x86_64-unknown-linux-gnu/lib/rustlib/x86_64-unknown-linux-gnu/lib/librustc_demangle-b56b9042c12b6535.rlib" "/opt/rustwide/rustup-home/toolchains/1.54.0-x86_64-unknown-linux-gnu/lib/rustlib/x86_64-unknown-linux-gnu/lib/libhashbrown-491902d6cb3e76df.rlib" "/opt/rustwide/rustup-home/toolchains/1.54.0-x86_64-unknown-linux-gnu/lib/rustlib/x86_64-unknown-linux-gnu/lib/librustc_std_workspace_alloc-61834e0981b8c367.rlib" "/opt/rustwide/rustup-home/toolchains/1.54.0-x86_64-unknown-linux-gnu/lib/rustlib/x86_64-unknown-linux-gnu/lib/libunwind-f78aa99d613a55bc.rlib" "/opt/rustwide/rustup-home/toolchains/1.54.0-x86_64-unknown-linux-gnu/lib/rustlib/x86_64-unknown-linux-gnu/lib/libcfg_if-53ee54cd7fed2c57.rlib" "/opt/rustwide/rustup-home/toolchains/1.54.0-x86_64-unknown-linux-gnu/lib/rustlib/x86_64-unknown-linux-gnu/lib/liblibc-544ecdbd6cda3c58.rlib" "/opt/rustwide/rustup-home/toolchains/1.54.0-x86_64-unknown-linux-gnu/lib/rustlib/x86_64-unknown-linux-gnu/lib/liballoc-379cc252b6943a79.rlib" "/opt/rustwide/rustup-home/toolchains/1.54.0-x86_64-unknown-linux-gnu/lib/rustlib/x86_64-unknown-linux-gnu/lib/librustc_std_workspace_core-8063eea38dcc5e62.rlib" "/opt/rustwide/rustup-home/toolchains/1.54.0-x86_64-unknown-linux-gnu/lib/rustlib/x86_64-unknown-linux-gnu/lib/libcore-5b228734afae15ee.rlib" "-Wl,--end-group" "/opt/rustwide/rustup-home/toolchains/1.54.0-x86_64-unknown-linux-gnu/lib/rustlib/x86_64-unknown-linux-gnu/lib/libcompiler_builtins-d6c7a399d95d173f.rlib" "-Wl,-Bdynamic" "-lssl" "-lcrypto" "-lgcc_s" "-lutil" "-lrt" "-lpthread" "-lm" "-ldl" "-lc" "-Wl,--eh-frame-hdr" "-Wl,-znoexecstack" "-L" "/opt/rustwide/rustup-home/toolchains/1.54.0-x86_64-unknown-linux-gnu/lib/rustlib/x86_64-unknown-linux-gnu/lib" "-o" "/tmp/rustdoctestc6m6Lg/rust_out" "-Wl,--gc-sections" "-pie" "-Wl,-zrelro" "-Wl,-znow" "-nodefaultlibs"
[INFO] [stdout]   = note: collect2: fatal error: ld terminated with signal 9 [Killed]
[INFO] [stdout]           compilation terminated.
[INFO] [stdout]           
[INFO] [stdout] 
[INFO] [stdout] error: aborting due to previous error
[INFO] [stdout] 
[INFO] [stdout] Couldn't compile the test.
[INFO] [stdout] 
[INFO] [stdout] failures:
[INFO] [stdout]     src/public_api/comment/mod.rs - public_api::comment::VtClient::get_comment (line 49)
[INFO] [stdout]     src/public_api/domain/mod.rs - public_api::domain::VtClient::domain_info (line 11)
[INFO] [stdout]     src/public_api/file/mod.rs - public_api::file::VtClient::file_info (line 18)
[INFO] [stdout]     src/public_api/ip/mod.rs - public_api::ip::VtClient::ip_info (line 11)
[INFO] [stdout]     src/public_api/url/mod.rs - public_api::url::VtClient::url_rescan (line 31)
[INFO] [stdout]     src/public_api/url/mod.rs - public_api::url::VtClient::url_scan (line 14)
[INFO] [stdout] 
[INFO] [stdout] test result: FAILED. 7 passed; 6 failed; 1 ignored; 0 measured; 0 filtered out; finished in 7.22s
[INFO] [stdout] 
[INFO] [stderr] error: test failed, to rerun pass '--doc'
[INFO] running `Command { std: "docker" "inspect" "c30b291f7a2c09f84db3ec7f265dd0a336c754f2749efff5131690bde3c02a65", kill_on_drop: false }`
[INFO] running `Command { std: "docker" "rm" "-f" "c30b291f7a2c09f84db3ec7f265dd0a336c754f2749efff5131690bde3c02a65", kill_on_drop: false }`
[INFO] [stdout] c30b291f7a2c09f84db3ec7f265dd0a336c754f2749efff5131690bde3c02a65
