[INFO] fetching crate voracious_radix_sort 1.1.0...
[INFO] testing voracious_radix_sort-1.1.0 against 1.54.0 for beta-1.55-1
[INFO] extracting crate voracious_radix_sort 1.1.0 into /workspace/builds/worker-70/source
[INFO] validating manifest of crates.io crate voracious_radix_sort 1.1.0 on toolchain 1.54.0
[INFO] running `Command { std: "/workspace/cargo-home/bin/cargo" "+1.54.0" "metadata" "--manifest-path" "Cargo.toml" "--no-deps", kill_on_drop: false }`
[INFO] started tweaking crates.io crate voracious_radix_sort 1.1.0
[INFO] finished tweaking crates.io crate voracious_radix_sort 1.1.0
[INFO] tweaked toml for crates.io crate voracious_radix_sort 1.1.0 written to /workspace/builds/worker-70/source/Cargo.toml
[INFO] running `Command { std: "/workspace/cargo-home/bin/cargo" "+1.54.0" "generate-lockfile" "--manifest-path" "Cargo.toml" "-Zno-index-update", kill_on_drop: false }`
[INFO] running `Command { std: "/workspace/cargo-home/bin/cargo" "+1.54.0" "fetch" "--manifest-path" "Cargo.toml", kill_on_drop: false }`
[INFO] [stderr]     Blocking waiting for file lock on package cache
[INFO] running `Command { std: "docker" "create" "-v" "/var/lib/crater-agent-workspace/builds/worker-70/target:/opt/rustwide/target:rw,Z" "-v" "/var/lib/crater-agent-workspace/builds/worker-70/source:/opt/rustwide/workdir:ro,Z" "-v" "/var/lib/crater-agent-workspace/cargo-home:/opt/rustwide/cargo-home:ro,Z" "-v" "/var/lib/crater-agent-workspace/rustup-home:/opt/rustwide/rustup-home:ro,Z" "-e" "SOURCE_DIR=/opt/rustwide/workdir" "-e" "CARGO_TARGET_DIR=/opt/rustwide/target" "-e" "CARGO_HOME=/opt/rustwide/cargo-home" "-e" "RUSTUP_HOME=/opt/rustwide/rustup-home" "-w" "/opt/rustwide/workdir" "-m" "1610612736" "--user" "0:0" "--network" "none" "ghcr.io/rust-lang/crates-build-env/linux@sha256:34b6a614d2c27851fe6cbf88fbd1137609cefab8b10d0615aaeb6fd47975d74e" "/opt/rustwide/cargo-home/bin/cargo" "+1.54.0" "metadata" "--no-deps" "--format-version=1", kill_on_drop: false }`
[INFO] [stdout] 78251fb7a15d9d79fcf87589d21a0b91ae19d787522c9244644a41da8f08cb44
[INFO] running `Command { std: "docker" "start" "-a" "78251fb7a15d9d79fcf87589d21a0b91ae19d787522c9244644a41da8f08cb44", kill_on_drop: false }`
[INFO] running `Command { std: "docker" "inspect" "78251fb7a15d9d79fcf87589d21a0b91ae19d787522c9244644a41da8f08cb44", kill_on_drop: false }`
[INFO] running `Command { std: "docker" "rm" "-f" "78251fb7a15d9d79fcf87589d21a0b91ae19d787522c9244644a41da8f08cb44", kill_on_drop: false }`
[INFO] [stdout] 78251fb7a15d9d79fcf87589d21a0b91ae19d787522c9244644a41da8f08cb44
[INFO] running `Command { std: "docker" "create" "-v" "/var/lib/crater-agent-workspace/builds/worker-70/target:/opt/rustwide/target:rw,Z" "-v" "/var/lib/crater-agent-workspace/builds/worker-70/source:/opt/rustwide/workdir:ro,Z" "-v" "/var/lib/crater-agent-workspace/cargo-home:/opt/rustwide/cargo-home:ro,Z" "-v" "/var/lib/crater-agent-workspace/rustup-home:/opt/rustwide/rustup-home:ro,Z" "-e" "SOURCE_DIR=/opt/rustwide/workdir" "-e" "CARGO_TARGET_DIR=/opt/rustwide/target" "-e" "CARGO_INCREMENTAL=0" "-e" "RUST_BACKTRACE=full" "-e" "RUSTFLAGS=--cap-lints=warn" "-e" "CARGO_HOME=/opt/rustwide/cargo-home" "-e" "RUSTUP_HOME=/opt/rustwide/rustup-home" "-w" "/opt/rustwide/workdir" "-m" "1610612736" "--user" "0:0" "--network" "none" "ghcr.io/rust-lang/crates-build-env/linux@sha256:34b6a614d2c27851fe6cbf88fbd1137609cefab8b10d0615aaeb6fd47975d74e" "/opt/rustwide/cargo-home/bin/cargo" "+1.54.0" "build" "--frozen" "--message-format=json", kill_on_drop: false }`
[INFO] [stdout] 4b3d033632a5de4b6b0d7cc3ea20c221818f906409c8c00bf1af0d1cd5e9e55b
[INFO] running `Command { std: "docker" "start" "-a" "4b3d033632a5de4b6b0d7cc3ea20c221818f906409c8c00bf1af0d1cd5e9e55b", kill_on_drop: false }`
[INFO] [stderr]    Compiling voracious_radix_sort v1.1.0 (/opt/rustwide/workdir)
[INFO] [stderr]     Finished dev [unoptimized + debuginfo] target(s) in 10.42s
[INFO] running `Command { std: "docker" "inspect" "4b3d033632a5de4b6b0d7cc3ea20c221818f906409c8c00bf1af0d1cd5e9e55b", kill_on_drop: false }`
[INFO] running `Command { std: "docker" "rm" "-f" "4b3d033632a5de4b6b0d7cc3ea20c221818f906409c8c00bf1af0d1cd5e9e55b", kill_on_drop: false }`
[INFO] [stdout] 4b3d033632a5de4b6b0d7cc3ea20c221818f906409c8c00bf1af0d1cd5e9e55b
[INFO] running `Command { std: "docker" "create" "-v" "/var/lib/crater-agent-workspace/builds/worker-70/target:/opt/rustwide/target:rw,Z" "-v" "/var/lib/crater-agent-workspace/builds/worker-70/source:/opt/rustwide/workdir:ro,Z" "-v" "/var/lib/crater-agent-workspace/cargo-home:/opt/rustwide/cargo-home:ro,Z" "-v" "/var/lib/crater-agent-workspace/rustup-home:/opt/rustwide/rustup-home:ro,Z" "-e" "SOURCE_DIR=/opt/rustwide/workdir" "-e" "CARGO_TARGET_DIR=/opt/rustwide/target" "-e" "CARGO_INCREMENTAL=0" "-e" "RUST_BACKTRACE=full" "-e" "RUSTFLAGS=--cap-lints=warn" "-e" "CARGO_HOME=/opt/rustwide/cargo-home" "-e" "RUSTUP_HOME=/opt/rustwide/rustup-home" "-w" "/opt/rustwide/workdir" "-m" "1610612736" "--user" "0:0" "--network" "none" "ghcr.io/rust-lang/crates-build-env/linux@sha256:34b6a614d2c27851fe6cbf88fbd1137609cefab8b10d0615aaeb6fd47975d74e" "/opt/rustwide/cargo-home/bin/cargo" "+1.54.0" "test" "--frozen" "--no-run" "--message-format=json", kill_on_drop: false }`
[INFO] [stdout] 70009ce5f72bdd152e025960b2de9d44255d94c119e7f512d28a7525f411ed0e
[INFO] running `Command { std: "docker" "start" "-a" "70009ce5f72bdd152e025960b2de9d44255d94c119e7f512d28a7525f411ed0e", kill_on_drop: false }`
[INFO] [stderr]    Compiling libc v0.2.98
[INFO] [stderr]    Compiling libm v0.2.1
[INFO] [stderr]    Compiling num-traits v0.2.14
[INFO] [stderr]    Compiling getrandom v0.1.16
[INFO] [stderr]    Compiling rand_core v0.5.1
[INFO] [stderr]    Compiling rand_chacha v0.2.2
[INFO] [stderr]    Compiling rand v0.7.3
[INFO] [stderr]    Compiling rand_distr v0.3.0
[INFO] [stderr]    Compiling voracious_radix_sort v1.1.0 (/opt/rustwide/workdir)
[INFO] [stderr]     Finished test [unoptimized + debuginfo] target(s) in 10.40s
[INFO] running `Command { std: "docker" "inspect" "70009ce5f72bdd152e025960b2de9d44255d94c119e7f512d28a7525f411ed0e", kill_on_drop: false }`
[INFO] running `Command { std: "docker" "rm" "-f" "70009ce5f72bdd152e025960b2de9d44255d94c119e7f512d28a7525f411ed0e", kill_on_drop: false }`
[INFO] [stdout] 70009ce5f72bdd152e025960b2de9d44255d94c119e7f512d28a7525f411ed0e
[INFO] running `Command { std: "docker" "create" "-v" "/var/lib/crater-agent-workspace/builds/worker-70/target:/opt/rustwide/target:rw,Z" "-v" "/var/lib/crater-agent-workspace/builds/worker-70/source:/opt/rustwide/workdir:ro,Z" "-v" "/var/lib/crater-agent-workspace/cargo-home:/opt/rustwide/cargo-home:ro,Z" "-v" "/var/lib/crater-agent-workspace/rustup-home:/opt/rustwide/rustup-home:ro,Z" "-e" "SOURCE_DIR=/opt/rustwide/workdir" "-e" "CARGO_TARGET_DIR=/opt/rustwide/target" "-e" "CARGO_INCREMENTAL=0" "-e" "RUST_BACKTRACE=full" "-e" "RUSTFLAGS=--cap-lints=warn" "-e" "CARGO_HOME=/opt/rustwide/cargo-home" "-e" "RUSTUP_HOME=/opt/rustwide/rustup-home" "-w" "/opt/rustwide/workdir" "-m" "1610612736" "--user" "0:0" "--network" "none" "ghcr.io/rust-lang/crates-build-env/linux@sha256:34b6a614d2c27851fe6cbf88fbd1137609cefab8b10d0615aaeb6fd47975d74e" "/opt/rustwide/cargo-home/bin/cargo" "+1.54.0" "test" "--frozen", kill_on_drop: false }`
[INFO] [stdout] c238aa309cad2fca1b613ebfc3869bd8b2875180d6178334a9f8c8402bd5e2f1
[INFO] running `Command { std: "docker" "start" "-a" "c238aa309cad2fca1b613ebfc3869bd8b2875180d6178334a9f8c8402bd5e2f1", kill_on_drop: false }`
[INFO] [stdout] 
[INFO] [stderr]     Finished test [unoptimized + debuginfo] target(s) in 0.10s
[INFO] [stdout] running 1 test
[INFO] [stderr]      Running unittests (/opt/rustwide/target/debug/deps/voracious_radix_sort-1425a0d4777d5a16)
[INFO] [stdout] test sorts::thiel_sort::test_utils_get_full_histograms_except_last_chunk ... ok
[INFO] [stdout] 
[INFO] [stdout] test result: ok. 1 passed; 0 failed; 0 ignored; 0 measured; 0 filtered out; finished in 0.00s
[INFO] [stdout] 
[INFO] [stderr]    Doc-tests voracious_radix_sort
[INFO] [stdout] 
[INFO] [stdout] running 4 tests
[INFO] [stdout] test src/lib.rs - (line 89) ... FAILED
[INFO] [stdout] test src/lib.rs - (line 117) ... ok
[INFO] [stdout] test src/lib.rs - (line 143) ... ok
[INFO] [stdout] test src/lib.rs - (line 174) ... ok
[INFO] [stdout] 
[INFO] [stdout] failures:
[INFO] [stdout] 
[INFO] [stdout] ---- src/lib.rs - (line 89) stdout ----
[INFO] [stdout] error[E0599]: no method named `voracious_mt_sort` found for struct `Vec<{integer}>` in the current scope
[INFO] [stdout]   --> src/lib.rs:108:7
[INFO] [stdout]    |
[INFO] [stdout] 22 | array.voracious_mt_sort(4);
[INFO] [stdout]    |       ^^^^^^^^^^^^^^^^^ method not found in `Vec<{integer}>`
[INFO] [stdout] 
[INFO] [stdout] error: aborting due to previous error
[INFO] [stdout] 
[INFO] [stdout] For more information about this error, try `rustc --explain E0599`.
[INFO] [stdout] Couldn't compile the test.
[INFO] [stdout] 
[INFO] [stdout] failures:
[INFO] [stdout]     src/lib.rs - (line 89)
[INFO] [stdout] 
[INFO] [stdout] test result: FAILED. 3 passed; 1 failed; 0 ignored; 0 measured; 0 filtered out; finished in 1.98s
[INFO] [stdout] 
[INFO] [stderr] error: test failed, to rerun pass '--doc'
[INFO] running `Command { std: "docker" "inspect" "c238aa309cad2fca1b613ebfc3869bd8b2875180d6178334a9f8c8402bd5e2f1", kill_on_drop: false }`
[INFO] running `Command { std: "docker" "rm" "-f" "c238aa309cad2fca1b613ebfc3869bd8b2875180d6178334a9f8c8402bd5e2f1", kill_on_drop: false }`
[INFO] [stdout] c238aa309cad2fca1b613ebfc3869bd8b2875180d6178334a9f8c8402bd5e2f1
