[INFO] fetching crate vnd_siren 0.2.1...
[INFO] testing vnd_siren-0.2.1 against 1.54.0 for beta-1.55-1
[INFO] extracting crate vnd_siren 0.2.1 into /workspace/builds/worker-96/source
[INFO] validating manifest of crates.io crate vnd_siren 0.2.1 on toolchain 1.54.0
[INFO] running `Command { std: "/workspace/cargo-home/bin/cargo" "+1.54.0" "metadata" "--manifest-path" "Cargo.toml" "--no-deps", kill_on_drop: false }`
[INFO] started tweaking crates.io crate vnd_siren 0.2.1
[INFO] finished tweaking crates.io crate vnd_siren 0.2.1
[INFO] tweaked toml for crates.io crate vnd_siren 0.2.1 written to /workspace/builds/worker-96/source/Cargo.toml
[INFO] running `Command { std: "/workspace/cargo-home/bin/cargo" "+1.54.0" "generate-lockfile" "--manifest-path" "Cargo.toml" "-Zno-index-update", kill_on_drop: false }`
[INFO] running `Command { std: "/workspace/cargo-home/bin/cargo" "+1.54.0" "fetch" "--manifest-path" "Cargo.toml", kill_on_drop: false }`
[INFO] running `Command { std: "docker" "create" "-v" "/var/lib/crater-agent-workspace/builds/worker-96/target:/opt/rustwide/target:rw,Z" "-v" "/var/lib/crater-agent-workspace/builds/worker-96/source:/opt/rustwide/workdir:ro,Z" "-v" "/var/lib/crater-agent-workspace/cargo-home:/opt/rustwide/cargo-home:ro,Z" "-v" "/var/lib/crater-agent-workspace/rustup-home:/opt/rustwide/rustup-home:ro,Z" "-e" "SOURCE_DIR=/opt/rustwide/workdir" "-e" "CARGO_TARGET_DIR=/opt/rustwide/target" "-e" "CARGO_HOME=/opt/rustwide/cargo-home" "-e" "RUSTUP_HOME=/opt/rustwide/rustup-home" "-w" "/opt/rustwide/workdir" "-m" "1610612736" "--user" "0:0" "--network" "none" "ghcr.io/rust-lang/crates-build-env/linux@sha256:34b6a614d2c27851fe6cbf88fbd1137609cefab8b10d0615aaeb6fd47975d74e" "/opt/rustwide/cargo-home/bin/cargo" "+1.54.0" "metadata" "--no-deps" "--format-version=1", kill_on_drop: false }`
[INFO] [stdout] 0880d13abef0f2a0f0811140befd1811b8d3d95639ea83edaab61880a9fa145a
[INFO] running `Command { std: "docker" "start" "-a" "0880d13abef0f2a0f0811140befd1811b8d3d95639ea83edaab61880a9fa145a", kill_on_drop: false }`
[INFO] running `Command { std: "docker" "inspect" "0880d13abef0f2a0f0811140befd1811b8d3d95639ea83edaab61880a9fa145a", kill_on_drop: false }`
[INFO] running `Command { std: "docker" "rm" "-f" "0880d13abef0f2a0f0811140befd1811b8d3d95639ea83edaab61880a9fa145a", kill_on_drop: false }`
[INFO] [stdout] 0880d13abef0f2a0f0811140befd1811b8d3d95639ea83edaab61880a9fa145a
[INFO] running `Command { std: "docker" "create" "-v" "/var/lib/crater-agent-workspace/builds/worker-96/target:/opt/rustwide/target:rw,Z" "-v" "/var/lib/crater-agent-workspace/builds/worker-96/source:/opt/rustwide/workdir:ro,Z" "-v" "/var/lib/crater-agent-workspace/cargo-home:/opt/rustwide/cargo-home:ro,Z" "-v" "/var/lib/crater-agent-workspace/rustup-home:/opt/rustwide/rustup-home:ro,Z" "-e" "SOURCE_DIR=/opt/rustwide/workdir" "-e" "CARGO_TARGET_DIR=/opt/rustwide/target" "-e" "CARGO_INCREMENTAL=0" "-e" "RUST_BACKTRACE=full" "-e" "RUSTFLAGS=--cap-lints=warn" "-e" "CARGO_HOME=/opt/rustwide/cargo-home" "-e" "RUSTUP_HOME=/opt/rustwide/rustup-home" "-w" "/opt/rustwide/workdir" "-m" "1610612736" "--user" "0:0" "--network" "none" "ghcr.io/rust-lang/crates-build-env/linux@sha256:34b6a614d2c27851fe6cbf88fbd1137609cefab8b10d0615aaeb6fd47975d74e" "/opt/rustwide/cargo-home/bin/cargo" "+1.54.0" "build" "--frozen" "--message-format=json", kill_on_drop: false }`
[INFO] [stdout] 50157081ae9088c6ec298a5ed82a00e337e645bc19b1cf8b9a87326ef34cd29f
[INFO] running `Command { std: "docker" "start" "-a" "50157081ae9088c6ec298a5ed82a00e337e645bc19b1cf8b9a87326ef34cd29f", kill_on_drop: false }`
[INFO] [stderr]    Compiling syn v1.0.74
[INFO] [stderr]    Compiling bytes v0.4.12
[INFO] [stderr]    Compiling http v0.1.21
[INFO] [stderr]    Compiling serde_derive v1.0.127
[INFO] [stderr]    Compiling vnd_siren v0.2.1 (/opt/rustwide/workdir)
[INFO] [stderr]     Finished dev [unoptimized + debuginfo] target(s) in 14.97s
[INFO] running `Command { std: "docker" "inspect" "50157081ae9088c6ec298a5ed82a00e337e645bc19b1cf8b9a87326ef34cd29f", kill_on_drop: false }`
[INFO] running `Command { std: "docker" "rm" "-f" "50157081ae9088c6ec298a5ed82a00e337e645bc19b1cf8b9a87326ef34cd29f", kill_on_drop: false }`
[INFO] [stdout] 50157081ae9088c6ec298a5ed82a00e337e645bc19b1cf8b9a87326ef34cd29f
[INFO] running `Command { std: "docker" "create" "-v" "/var/lib/crater-agent-workspace/builds/worker-96/target:/opt/rustwide/target:rw,Z" "-v" "/var/lib/crater-agent-workspace/builds/worker-96/source:/opt/rustwide/workdir:ro,Z" "-v" "/var/lib/crater-agent-workspace/cargo-home:/opt/rustwide/cargo-home:ro,Z" "-v" "/var/lib/crater-agent-workspace/rustup-home:/opt/rustwide/rustup-home:ro,Z" "-e" "SOURCE_DIR=/opt/rustwide/workdir" "-e" "CARGO_TARGET_DIR=/opt/rustwide/target" "-e" "CARGO_INCREMENTAL=0" "-e" "RUST_BACKTRACE=full" "-e" "RUSTFLAGS=--cap-lints=warn" "-e" "CARGO_HOME=/opt/rustwide/cargo-home" "-e" "RUSTUP_HOME=/opt/rustwide/rustup-home" "-w" "/opt/rustwide/workdir" "-m" "1610612736" "--user" "0:0" "--network" "none" "ghcr.io/rust-lang/crates-build-env/linux@sha256:34b6a614d2c27851fe6cbf88fbd1137609cefab8b10d0615aaeb6fd47975d74e" "/opt/rustwide/cargo-home/bin/cargo" "+1.54.0" "test" "--frozen" "--no-run" "--message-format=json", kill_on_drop: false }`
[INFO] [stdout] bbd7c3f0270c318f66f34ad8f11c94e08546091fb5d6e19451612ac56d75e5b4
[INFO] running `Command { std: "docker" "start" "-a" "bbd7c3f0270c318f66f34ad8f11c94e08546091fb5d6e19451612ac56d75e5b4", kill_on_drop: false }`
[INFO] [stderr]    Compiling vnd_siren v0.2.1 (/opt/rustwide/workdir)
[INFO] [stderr]     Finished test [unoptimized + debuginfo] target(s) in 1.31s
[INFO] running `Command { std: "docker" "inspect" "bbd7c3f0270c318f66f34ad8f11c94e08546091fb5d6e19451612ac56d75e5b4", kill_on_drop: false }`
[INFO] running `Command { std: "docker" "rm" "-f" "bbd7c3f0270c318f66f34ad8f11c94e08546091fb5d6e19451612ac56d75e5b4", kill_on_drop: false }`
[INFO] [stdout] bbd7c3f0270c318f66f34ad8f11c94e08546091fb5d6e19451612ac56d75e5b4
[INFO] running `Command { std: "docker" "create" "-v" "/var/lib/crater-agent-workspace/builds/worker-96/target:/opt/rustwide/target:rw,Z" "-v" "/var/lib/crater-agent-workspace/builds/worker-96/source:/opt/rustwide/workdir:ro,Z" "-v" "/var/lib/crater-agent-workspace/cargo-home:/opt/rustwide/cargo-home:ro,Z" "-v" "/var/lib/crater-agent-workspace/rustup-home:/opt/rustwide/rustup-home:ro,Z" "-e" "SOURCE_DIR=/opt/rustwide/workdir" "-e" "CARGO_TARGET_DIR=/opt/rustwide/target" "-e" "CARGO_INCREMENTAL=0" "-e" "RUST_BACKTRACE=full" "-e" "RUSTFLAGS=--cap-lints=warn" "-e" "CARGO_HOME=/opt/rustwide/cargo-home" "-e" "RUSTUP_HOME=/opt/rustwide/rustup-home" "-w" "/opt/rustwide/workdir" "-m" "1610612736" "--user" "0:0" "--network" "none" "ghcr.io/rust-lang/crates-build-env/linux@sha256:34b6a614d2c27851fe6cbf88fbd1137609cefab8b10d0615aaeb6fd47975d74e" "/opt/rustwide/cargo-home/bin/cargo" "+1.54.0" "test" "--frozen", kill_on_drop: false }`
[INFO] [stdout] dff02011d5d2e49f45e20422064200f910d9f0f488a8ef400d8a7f0a206281e6
[INFO] running `Command { std: "docker" "start" "-a" "dff02011d5d2e49f45e20422064200f910d9f0f488a8ef400d8a7f0a206281e6", kill_on_drop: false }`
[INFO] [stderr]     Finished test [unoptimized + debuginfo] target(s) in 0.03s
[INFO] [stderr]      Running unittests (/opt/rustwide/target/debug/deps/vnd_siren-d6031d3df7baff71)
[INFO] [stdout] 
[INFO] [stderr]    Doc-tests vnd_siren
[INFO] [stdout] running 0 tests
[INFO] [stdout] 
[INFO] [stdout] test result: ok. 0 passed; 0 failed; 0 ignored; 0 measured; 0 filtered out; finished in 0.00s
[INFO] [stdout] 
[INFO] [stdout] 
[INFO] [stdout] running 58 tests
[INFO] [stdout] test src/entity.rs - entity::EntityBuilder::properties (line 491) ... FAILED
[INFO] [stdout] test src/entity.rs - entity::EntityBuilder::links (line 424) ... FAILED
[INFO] [stdout] test src/entity.rs - entity::EntityBuilder::property (line 455) ... FAILED
[INFO] [stdout] test src/entity.rs - entity::EntityBuilder::class (line 304) ... FAILED
[INFO] [stdout] test src/field.rs - field::FieldBuilder::classes (line 126) ... FAILED
[INFO] [stdout] test src/entity.rs - entity::Entity::actions (line 76) ... FAILED
[INFO] [stdout] test src/entity.rs - entity::EntityBuilder::actions (line 273) ... FAILED
[INFO] [stderr] error: test failed, to rerun pass '--doc'
[INFO] [stderr] 
[INFO] [stderr] Caused by:
[INFO] [stderr]   process didn't exit successfully: `rustdoc --crate-type lib --crate-name vnd_siren --test /opt/rustwide/workdir/src/lib.rs -L dependency=/opt/rustwide/target/debug/deps -L dependency=/opt/rustwide/target/debug/deps --extern http=/opt/rustwide/target/debug/deps/libhttp-8504dbee6fd3ac66.rlib --extern serde=/opt/rustwide/target/debug/deps/libserde-1d37970d7e69b8e5.rlib --extern serde_derive=/opt/rustwide/target/debug/deps/libserde_derive-05e319b971c8ec6f.so --extern serde_json=/opt/rustwide/target/debug/deps/libserde_json-6c5fd2acb78d0e80.rlib --extern vnd_siren=/opt/rustwide/target/debug/deps/libvnd_siren-f2bcaef3d89f75fa.rlib -C embed-bitcode=no --cfg 'feature="default"' --cfg 'feature="http"' --cfg 'feature="http-compat"' --error-format human` (signal: 9, SIGKILL: kill)
[INFO] running `Command { std: "docker" "inspect" "dff02011d5d2e49f45e20422064200f910d9f0f488a8ef400d8a7f0a206281e6", kill_on_drop: false }`
[INFO] running `Command { std: "docker" "rm" "-f" "dff02011d5d2e49f45e20422064200f910d9f0f488a8ef400d8a7f0a206281e6", kill_on_drop: false }`
[INFO] [stdout] dff02011d5d2e49f45e20422064200f910d9f0f488a8ef400d8a7f0a206281e6
