[INFO] fetching crate vmm-sys-util 0.8.0...
[INFO] testing vmm-sys-util-0.8.0 against 1.54.0 for beta-1.55-1
[INFO] extracting crate vmm-sys-util 0.8.0 into /workspace/builds/worker-50/source
[INFO] validating manifest of crates.io crate vmm-sys-util 0.8.0 on toolchain 1.54.0
[INFO] running `Command { std: "/workspace/cargo-home/bin/cargo" "+1.54.0" "metadata" "--manifest-path" "Cargo.toml" "--no-deps", kill_on_drop: false }`
[INFO] removed /workspace/builds/worker-50/source/.cargo/config
[INFO] started tweaking crates.io crate vmm-sys-util 0.8.0
[INFO] finished tweaking crates.io crate vmm-sys-util 0.8.0
[INFO] tweaked toml for crates.io crate vmm-sys-util 0.8.0 written to /workspace/builds/worker-50/source/Cargo.toml
[INFO] running `Command { std: "/workspace/cargo-home/bin/cargo" "+1.54.0" "generate-lockfile" "--manifest-path" "Cargo.toml" "-Zno-index-update", kill_on_drop: false }`
[INFO] running `Command { std: "/workspace/cargo-home/bin/cargo" "+1.54.0" "fetch" "--manifest-path" "Cargo.toml", kill_on_drop: false }`
[INFO] running `Command { std: "docker" "create" "-v" "/var/lib/crater-agent-workspace/builds/worker-50/target:/opt/rustwide/target:rw,Z" "-v" "/var/lib/crater-agent-workspace/builds/worker-50/source:/opt/rustwide/workdir:ro,Z" "-v" "/var/lib/crater-agent-workspace/cargo-home:/opt/rustwide/cargo-home:ro,Z" "-v" "/var/lib/crater-agent-workspace/rustup-home:/opt/rustwide/rustup-home:ro,Z" "-e" "SOURCE_DIR=/opt/rustwide/workdir" "-e" "CARGO_TARGET_DIR=/opt/rustwide/target" "-e" "CARGO_HOME=/opt/rustwide/cargo-home" "-e" "RUSTUP_HOME=/opt/rustwide/rustup-home" "-w" "/opt/rustwide/workdir" "-m" "1610612736" "--user" "0:0" "--network" "none" "ghcr.io/rust-lang/crates-build-env/linux@sha256:34b6a614d2c27851fe6cbf88fbd1137609cefab8b10d0615aaeb6fd47975d74e" "/opt/rustwide/cargo-home/bin/cargo" "+1.54.0" "metadata" "--no-deps" "--format-version=1", kill_on_drop: false }`
[INFO] [stdout] 3f09a39750407d8b0a27bcc1a03eab19defb719acf2ff64176826a375cdcbf55
[INFO] running `Command { std: "docker" "start" "-a" "3f09a39750407d8b0a27bcc1a03eab19defb719acf2ff64176826a375cdcbf55", kill_on_drop: false }`
[INFO] running `Command { std: "docker" "inspect" "3f09a39750407d8b0a27bcc1a03eab19defb719acf2ff64176826a375cdcbf55", kill_on_drop: false }`
[INFO] running `Command { std: "docker" "rm" "-f" "3f09a39750407d8b0a27bcc1a03eab19defb719acf2ff64176826a375cdcbf55", kill_on_drop: false }`
[INFO] [stdout] 3f09a39750407d8b0a27bcc1a03eab19defb719acf2ff64176826a375cdcbf55
[INFO] running `Command { std: "docker" "create" "-v" "/var/lib/crater-agent-workspace/builds/worker-50/target:/opt/rustwide/target:rw,Z" "-v" "/var/lib/crater-agent-workspace/builds/worker-50/source:/opt/rustwide/workdir:ro,Z" "-v" "/var/lib/crater-agent-workspace/cargo-home:/opt/rustwide/cargo-home:ro,Z" "-v" "/var/lib/crater-agent-workspace/rustup-home:/opt/rustwide/rustup-home:ro,Z" "-e" "SOURCE_DIR=/opt/rustwide/workdir" "-e" "CARGO_TARGET_DIR=/opt/rustwide/target" "-e" "CARGO_INCREMENTAL=0" "-e" "RUST_BACKTRACE=full" "-e" "RUSTFLAGS=--cap-lints=warn" "-e" "CARGO_HOME=/opt/rustwide/cargo-home" "-e" "RUSTUP_HOME=/opt/rustwide/rustup-home" "-w" "/opt/rustwide/workdir" "-m" "1610612736" "--user" "0:0" "--network" "none" "ghcr.io/rust-lang/crates-build-env/linux@sha256:34b6a614d2c27851fe6cbf88fbd1137609cefab8b10d0615aaeb6fd47975d74e" "/opt/rustwide/cargo-home/bin/cargo" "+1.54.0" "build" "--frozen" "--message-format=json", kill_on_drop: false }`
[INFO] [stdout] 13aa50c5b5447aa316d2f66b47ea738d6bd02c433312e70689ae47051439f401
[INFO] running `Command { std: "docker" "start" "-a" "13aa50c5b5447aa316d2f66b47ea738d6bd02c433312e70689ae47051439f401", kill_on_drop: false }`
[INFO] [stderr]    Compiling vmm-sys-util v0.8.0 (/opt/rustwide/workdir)
[INFO] [stderr]     Finished dev [unoptimized + debuginfo] target(s) in 1.36s
[INFO] running `Command { std: "docker" "inspect" "13aa50c5b5447aa316d2f66b47ea738d6bd02c433312e70689ae47051439f401", kill_on_drop: false }`
[INFO] running `Command { std: "docker" "rm" "-f" "13aa50c5b5447aa316d2f66b47ea738d6bd02c433312e70689ae47051439f401", kill_on_drop: false }`
[INFO] [stdout] 13aa50c5b5447aa316d2f66b47ea738d6bd02c433312e70689ae47051439f401
[INFO] running `Command { std: "docker" "create" "-v" "/var/lib/crater-agent-workspace/builds/worker-50/target:/opt/rustwide/target:rw,Z" "-v" "/var/lib/crater-agent-workspace/builds/worker-50/source:/opt/rustwide/workdir:ro,Z" "-v" "/var/lib/crater-agent-workspace/cargo-home:/opt/rustwide/cargo-home:ro,Z" "-v" "/var/lib/crater-agent-workspace/rustup-home:/opt/rustwide/rustup-home:ro,Z" "-e" "SOURCE_DIR=/opt/rustwide/workdir" "-e" "CARGO_TARGET_DIR=/opt/rustwide/target" "-e" "CARGO_INCREMENTAL=0" "-e" "RUST_BACKTRACE=full" "-e" "RUSTFLAGS=--cap-lints=warn" "-e" "CARGO_HOME=/opt/rustwide/cargo-home" "-e" "RUSTUP_HOME=/opt/rustwide/rustup-home" "-w" "/opt/rustwide/workdir" "-m" "1610612736" "--user" "0:0" "--network" "none" "ghcr.io/rust-lang/crates-build-env/linux@sha256:34b6a614d2c27851fe6cbf88fbd1137609cefab8b10d0615aaeb6fd47975d74e" "/opt/rustwide/cargo-home/bin/cargo" "+1.54.0" "test" "--frozen" "--no-run" "--message-format=json", kill_on_drop: false }`
[INFO] [stdout] b6a3a12a059a01e060fe0e5cf069f77e60d7639847603864aad27dd6d0632761
[INFO] running `Command { std: "docker" "start" "-a" "b6a3a12a059a01e060fe0e5cf069f77e60d7639847603864aad27dd6d0632761", kill_on_drop: false }`
[INFO] [stderr]    Compiling serde v1.0.127
[INFO] [stderr]    Compiling serde_json v1.0.66
[INFO] [stderr]    Compiling vmm-sys-util v0.8.0 (/opt/rustwide/workdir)
[INFO] [stderr]     Finished test [unoptimized + debuginfo] target(s) in 10.24s
[INFO] running `Command { std: "docker" "inspect" "b6a3a12a059a01e060fe0e5cf069f77e60d7639847603864aad27dd6d0632761", kill_on_drop: false }`
[INFO] running `Command { std: "docker" "rm" "-f" "b6a3a12a059a01e060fe0e5cf069f77e60d7639847603864aad27dd6d0632761", kill_on_drop: false }`
[INFO] [stdout] b6a3a12a059a01e060fe0e5cf069f77e60d7639847603864aad27dd6d0632761
[INFO] running `Command { std: "docker" "create" "-v" "/var/lib/crater-agent-workspace/builds/worker-50/target:/opt/rustwide/target:rw,Z" "-v" "/var/lib/crater-agent-workspace/builds/worker-50/source:/opt/rustwide/workdir:ro,Z" "-v" "/var/lib/crater-agent-workspace/cargo-home:/opt/rustwide/cargo-home:ro,Z" "-v" "/var/lib/crater-agent-workspace/rustup-home:/opt/rustwide/rustup-home:ro,Z" "-e" "SOURCE_DIR=/opt/rustwide/workdir" "-e" "CARGO_TARGET_DIR=/opt/rustwide/target" "-e" "CARGO_INCREMENTAL=0" "-e" "RUST_BACKTRACE=full" "-e" "RUSTFLAGS=--cap-lints=warn" "-e" "CARGO_HOME=/opt/rustwide/cargo-home" "-e" "RUSTUP_HOME=/opt/rustwide/rustup-home" "-w" "/opt/rustwide/workdir" "-m" "1610612736" "--user" "0:0" "--network" "none" "ghcr.io/rust-lang/crates-build-env/linux@sha256:34b6a614d2c27851fe6cbf88fbd1137609cefab8b10d0615aaeb6fd47975d74e" "/opt/rustwide/cargo-home/bin/cargo" "+1.54.0" "test" "--frozen", kill_on_drop: false }`
[INFO] [stdout] fe3ff248c0e827a385b31c5d8595d0539db9fe87a616e4dc6480fc33a7007e9f
[INFO] running `Command { std: "docker" "start" "-a" "fe3ff248c0e827a385b31c5d8595d0539db9fe87a616e4dc6480fc33a7007e9f", kill_on_drop: false }`
[INFO] [stderr]     Finished test [unoptimized + debuginfo] target(s) in 0.05s
[INFO] [stderr]      Running unittests (/opt/rustwide/target/debug/deps/vmm_sys_util-ad37cc24d897c031)
[INFO] [stdout] 
[INFO] [stdout] running 74 tests
[INFO] [stderr] [src/linux/poll.rs:834] busy poll wait loop with hungup FDs detected on thread linux::poll::tests::test_poll_context_hungup
[INFO] [stderr] 
[INFO] [stdout] test errno::tests::test_display ... ok
[INFO] [stdout] test fam::tests::test_clone_multiple_fields ... ok
[INFO] [stdout] test fam::tests::test_clone ... ok
[INFO] [stdout] test fam::tests::test_entries_slice ... ok
[INFO] [stdout] test fam::tests::test_from_entries ... ok
[INFO] [stdout] test fam::tests::test_mem_allocator_len ... ok
[INFO] [stdout] test fam::tests::test_new ... ok
[INFO] [stdout] test fam::tests::test_partial_eq ... ok
[INFO] [stdout] test fam::tests::test_push ... ok
[INFO] [stdout] test fam::tests::test_raw_content ... ok
[INFO] [stdout] test fam::tests::test_set_len ... ok
[INFO] [stdout] test fam::tests::test_wrapper_len ... ok
[INFO] [stdout] test linux::aio::test::bindgen_test_layout_io_event ... ok
[INFO] [stdout] test linux::aio::test::bindgen_test_layout_iocb ... ok
[INFO] [stdout] test fam::tests::test_retain ... ok
[INFO] [stdout] test fam::tests::test_reserve ... ok
[INFO] [stdout] test linux::epoll::tests::test_epoll ... ok
[INFO] [stdout] test linux::epoll::tests::test_events_debug ... ok
[INFO] [stdout] test linux::epoll::tests::test_event_ops ... ok
[INFO] [stdout] test linux::eventfd::tests::test_clone ... ok
[INFO] [stdout] test linux::eventfd::tests::test_read_nothing ... ok
[INFO] [stdout] test linux::eventfd::tests::test_read_write ... ok
[INFO] [stdout] test linux::eventfd::tests::test_write_overflow ... ok
[INFO] [stdout] test linux::poll::tests::test_poll_context_overflow ... ok
[INFO] [stdout] test linux::poll::tests::test_poll_event ... ok
[INFO] [stdout] test linux::signal::tests::test_block_unblock_signal ... ok
[INFO] [stdout] test linux::signal::tests::test_register_signal_handler ... ok
[INFO] [stdout] test linux::sock_ctrl_msg::tests::send_recv_only_fd ... ok
[INFO] [stdout] test linux::sock_ctrl_msg::tests::send_recv_no_fd ... ok
[INFO] [stdout] test linux::timerfd::tests::test_from_raw_fd ... ok
[INFO] [stdout] test linux::timerfd::tests::test_into_raw_fd ... ok
[INFO] [stdout] test rand::tests::test_rand_alphanumerics ... ok
[INFO] [stdout] test rand::tests::test_rand_alphanumerics_impl ... ok
[INFO] [stdout] test rand::tests::test_xor_psuedo_rng_u32 ... ok
[INFO] [stdout] test rand::tests::test_xor_psuedo_rng_u8_alphas ... ok
[INFO] [stdout] test rand::tests::test_timestamp_cycles ... ok
[INFO] [stdout] test errno::tests::test_errno ... ok
[INFO] [stdout] test linux::sock_ctrl_msg::tests::send_recv_with_fd ... ok
[INFO] [stdout] test linux::sock_ctrl_msg::tests::buffer_len ... ok
[INFO] [stdout] test metric::tests::test_main ... ok
[INFO] [stdout] test linux::ioctl::tests::test_ioctl_macros ... ok
[INFO] [stdout] test linux::eventfd::tests::test_new ... ok
[INFO] [stdout] test syscall::tests::test_syscall_ops ... ok
[INFO] [stdout] test linux::poll::tests::test_poll_context ... ok
[INFO] [stdout] test tempfile::tests::test_drop_file ... ok
[INFO] [stdout] test tempfile::tests::test_remove_file ... ok
[INFO] [stdout] test tempfile::tests::test_create_file_new ... ok
[INFO] [stdout] test tempfile::tests::test_create_file_new_in ... ok
[INFO] [stdout] test linux::aio::test::test_new_context ... ok
[INFO] [stdout] test linux::poll::tests::test_poll_context_timeout ... ok
[INFO] [stdout] test linux::write_zeroes::tests::test_small_write_zeroes ... ok
[INFO] [stdout] test tempfile::tests::test_into_file ... ok
[INFO] [stdout] test unix::file_traits::tests::test_set_len_fails_when_file_not_opened_for_writing ... ok
[INFO] [stdout] test unix::file_traits::tests::test_set_len ... ok
[INFO] [stdout] test unix::tempdir::tests::test_create_dir ... ok
[INFO] [stdout] test unix::tempdir::tests::test_create_dir_with_prefix ... ok
[INFO] [stdout] test unix::tempdir::tests::test_create_dir_in ... ok
[INFO] [stdout] test linux::seek_hole::tests::seek_data ... ok
[INFO] [stdout] test unix::terminal::tests::test_a_tty ... ok
[INFO] [stdout] test unix::terminal::tests::test_a_non_tty ... ok
[INFO] [stdout] test tempfile::tests::test_create_file_with_prefix ... ok
[INFO] [stdout] test unix::file_traits::tests::test_fsync ... ok
[INFO] [stdout] test linux::write_zeroes::tests::test_punch_hole ... ok
[INFO] [stdout] test linux::poll::tests::test_poll_context_hungup - should panic ... ok
[INFO] [stdout] test linux::write_zeroes::tests::test_large_write_zeroes ... ok
[INFO] [stdout] test unix::tempdir::tests::test_drop ... ok
[INFO] [stdout] test linux::seek_hole::tests::seek_hole ... ok
[INFO] [stdout] test unix::tempdir::tests::test_remove_dir ... ok
[INFO] [stdout] test linux::signal::tests::test_killing_thread ... ok
[INFO] [stdout] test linux::aio::test::test_cancel_request ... ok
[INFO] [stdout] test linux::signal::tests::test_clear_pending ... ok
[INFO] [stdout] test linux::aio::test::test_read_zero ... ok
[INFO] [stdout] test linux::timerfd::tests::test_one_shot ... ok
[INFO] [stderr]    Doc-tests vmm-sys-util
[INFO] [stdout] test linux::timerfd::tests::test_repeating ... ok
[INFO] [stdout] 
[INFO] [stdout] test result: ok. 74 passed; 0 failed; 0 ignored; 0 measured; 0 filtered out; finished in 0.61s
[INFO] [stdout] 
[INFO] [stdout] 
[INFO] [stdout] running 54 tests
[INFO] [stdout] test src/linux/ioctl.rs - ioctl_ior_nr (line 83) ... ok
[INFO] [stdout] test src/linux/epoll.rs - linux::epoll::EpollEvent::fd (line 186) ... ok
[INFO] [stdout] test src/linux/fallocate.rs - linux::fallocate::fallocate (line 39) ... ok
[INFO] [stdout] test src/linux/epoll.rs - linux::epoll::EpollEvent::event_set (line 150) ... ok
[INFO] [stdout] test src/linux/ioctl.rs - linux::ioctl::ioctl (line 224) ... FAILED
[INFO] [stdout] test src/linux/ioctl.rs - ioctl_io_nr (line 65) ... ok
[INFO] [stdout] test src/linux/aio.rs - linux::aio::IoContext::submit (line 110) ... ok
[INFO] [stdout] test src/linux/poll.rs - linux::poll::EpollContext<T>::wait_timeout (line 600) ... ok
[INFO] [stdout] test src/errno.rs - errno::Error::new (line 39) ... ok
[INFO] [stdout] test src/linux/epoll.rs - linux::epoll::EpollEvent::new (line 112) ... ok
[INFO] [stdout] test src/errno.rs - errno::Error::errno (line 93) ... ok
[INFO] [stdout] test src/linux/eventfd.rs - linux::eventfd::EventFd::new (line 34) ... ok
[INFO] [stdout] test src/linux/ioctl.rs - ioctl_ioc_nr (line 37) ... ok
[INFO] [stdout] test src/linux/ioctl.rs - ioctl_iow_nr (line 113) ... ok
[INFO] [stdout] test src/linux/epoll.rs - linux::epoll::EpollEvent::events (line 130) ... ok
[INFO] [stdout] test src/errno.rs - errno::Error::last (line 61) ... ok
[INFO] [stdout] test src/linux/epoll.rs - linux::epoll::Epoll::ctl (line 224) ... ok
[INFO] [stdout] test src/linux/ioctl.rs - linux::ioctl::ioctl_with_val (line 266) ... FAILED
[INFO] [stdout] test src/linux/ioctl.rs - ioctl_expr (line 17) ... ok
[INFO] [stdout] test src/linux/poll.rs - linux::poll::EpollContext<T>::add_fd_with_events (line 434) ... ok
[INFO] [stdout] test src/linux/eventfd.rs - linux::eventfd::EventFd::write (line 68) ... ok
[INFO] [stdout] test src/linux/poll.rs - linux::poll::EpollContext<T>::delete (line 526) ... ok
[INFO] [stdout] test src/linux/epoll.rs - linux::epoll::EpollEvent::data (line 168) ... ok
[INFO] [stdout] test src/linux/eventfd.rs - linux::eventfd::EventFd::read (line 100) ... ok
[INFO] [stdout] test src/linux/poll.rs - linux::poll::EpollContext (line 342) ... ok
[INFO] [stdout] test src/fam.rs - fam::FamStruct (line 47) ... ok
[INFO] [stdout] test src/linux/timerfd.rs - linux::timerfd::TimerFd::is_armed (line 140) ... ok
[INFO] [stdout] test src/unix/terminal.rs - unix::terminal::Terminal::read_raw (line 120) ... ok
[INFO] [stdout] test src/linux/aio.rs - linux::aio::IoContext::get_events (line 186) ... ok
[INFO] [stdout] test src/linux/eventfd.rs - linux::eventfd::EventFd::try_clone (line 133) ... ok
[INFO] [stdout] test src/linux/signal.rs - linux::signal::validate_signal_num (line 117) ... ok
[INFO] [stdout] test src/linux/timerfd.rs - linux::timerfd::TimerFd::clear (line 171) ... ok
[INFO] [stdout] test src/linux/signal.rs - linux::signal::unblock_signal (line 314) ... ok
[INFO] [stdout] test src/unix/tempdir.rs - unix::tempdir::TempDir::remove (line 106) ... ok
[INFO] [stdout] test src/unix/tempdir.rs - unix::tempdir::TempDir::new_with_prefix (line 30) ... ok
[INFO] [stdout] test src/linux/sock_ctrl_msg.rs - linux::sock_ctrl_msg::ScmSocket (line 252) ... ok
[INFO] [stdout] test src/linux/poll.rs - linux::poll::EpollContext<T>::new (line 372) ... ok
[INFO] [stdout] test src/unix/tempdir.rs - unix::tempdir::TempDir::new (line 80) ... ok
[INFO] [stdout] test src/linux/signal.rs - linux::signal::create_sigset (line 197) ... ok
[INFO] [stdout] test src/linux/signal.rs - linux::signal::clear_signal (line 341) ... ok
[INFO] [stdout] test src/linux/signal.rs - linux::signal::register_signal_handler (line 146) ... ok
[INFO] [stdout] test src/linux/signal.rs - linux::signal::block_signal (line 276) ... ok
[INFO] [stdout] test src/linux/poll.rs - linux::poll::EpollContext<T>::add (line 405) ... ok
[INFO] [stdout] test src/linux/poll.rs - linux::poll::EpollContext<T>::wait (line 567) ... ok
[INFO] [stdout] test src/linux/ioctl.rs - ioctl_iowr_nr (line 143) ... ok
[INFO] [stdout] test src/linux/epoll.rs - linux::epoll::Epoll::wait (line 275) ... ok
[INFO] [stdout] test src/linux/timerfd.rs - linux::timerfd::TimerFd::reset (line 55) ... ok
[INFO] [stdout] test src/unix/tempdir.rs - unix::tempdir::TempDir::new_in (line 60) ... ok
[INFO] [stdout] test src/linux/signal.rs - linux::signal::get_blocked_signals (line 236) ... ok
[INFO] [stdout] test src/linux/poll.rs - linux::poll::PollContext (line 678) ... ok
[INFO] [stdout] test src/linux/poll.rs - linux::poll::EpollContext<T>::modify (line 482) ... ok
[INFO] [stdout] test src/linux/timerfd.rs - linux::timerfd::TimerFd::wait (line 98) ... ok
[INFO] [stdout] test src/unix/tempdir.rs - unix::tempdir::TempDir::as_path (line 121) ... ok
[INFO] [stdout] test src/tempfile.rs - tempfile (line 16) ... ok
[INFO] [stdout] 
[INFO] [stdout] failures:
[INFO] [stdout] 
[INFO] [stdout] ---- src/linux/ioctl.rs - linux::ioctl::ioctl (line 224) stdout ----
[INFO] [stdout] Test executable failed (exit code 101).
[INFO] [stdout] 
[INFO] [stdout] stderr:
[INFO] [stdout] thread 'main' panicked at 'assertion failed: `(left != right)`
[INFO] [stdout]   left: `-1`,
[INFO] [stdout]  right: `-1`', library/std/src/sys/unix/fd.rs:71:9
[INFO] [stdout] stack backtrace:
[INFO] [stdout]    0:     0x5643d55ea4d0 - std::backtrace_rs::backtrace::libunwind::trace::h34055254b57d8e79
[INFO] [stdout]                                at /rustc/a178d0322ce20e33eac124758e837cbd80a6f633/library/std/src/../../backtrace/src/backtrace/libunwind.rs:90:5
[INFO] [stdout]    1:     0x5643d55ea4d0 - std::backtrace_rs::backtrace::trace_unsynchronized::h8f1e3fbd9afff6ec
[INFO] [stdout]                                at /rustc/a178d0322ce20e33eac124758e837cbd80a6f633/library/std/src/../../backtrace/src/backtrace/mod.rs:66:5
[INFO] [stdout]    2:     0x5643d55ea4d0 - std::sys_common::backtrace::_print_fmt::h3a99a796b770c360
[INFO] [stdout]                                at /rustc/a178d0322ce20e33eac124758e837cbd80a6f633/library/std/src/sys_common/backtrace.rs:67:5
[INFO] [stdout]    3:     0x5643d55ea4d0 - <std::sys_common::backtrace::_print::DisplayBacktrace as core::fmt::Display>::fmt::h32d1f94a80615d18
[INFO] [stdout]                                at /rustc/a178d0322ce20e33eac124758e837cbd80a6f633/library/std/src/sys_common/backtrace.rs:46:22
[INFO] [stdout]    4:     0x5643d5603b6c - core::fmt::write::h306731c068f7162c
[INFO] [stdout]                                at /rustc/a178d0322ce20e33eac124758e837cbd80a6f633/library/core/src/fmt/mod.rs:1110:17
[INFO] [stdout]    5:     0x5643d55e8f15 - std::io::Write::write_fmt::hd2fa90334eee2a21
[INFO] [stdout]                                at /rustc/a178d0322ce20e33eac124758e837cbd80a6f633/library/std/src/io/mod.rs:1588:15
[INFO] [stdout]    6:     0x5643d55ec0fb - std::sys_common::backtrace::_print::h5abaa2601a852287
[INFO] [stdout]                                at /rustc/a178d0322ce20e33eac124758e837cbd80a6f633/library/std/src/sys_common/backtrace.rs:49:5
[INFO] [stdout]    7:     0x5643d55ec0fb - std::sys_common::backtrace::print::h8d81445442bb638f
[INFO] [stdout]                                at /rustc/a178d0322ce20e33eac124758e837cbd80a6f633/library/std/src/sys_common/backtrace.rs:36:9
[INFO] [stdout]    8:     0x5643d55ec0fb - std::panicking::default_hook::{{closure}}::hcfe804496a9fa747
[INFO] [stdout]                                at /rustc/a178d0322ce20e33eac124758e837cbd80a6f633/library/std/src/panicking.rs:208:50
[INFO] [stdout]    9:     0x5643d55ebbd1 - std::panicking::default_hook::hbea8e3ccf2ba8901
[INFO] [stdout]                                at /rustc/a178d0322ce20e33eac124758e837cbd80a6f633/library/std/src/panicking.rs:225:9
[INFO] [stdout]   10:     0x5643d55ec7c4 - std::panicking::rust_panic_with_hook::h7ee9e1a2d0f8975a
[INFO] [stdout]                                at /rustc/a178d0322ce20e33eac124758e837cbd80a6f633/library/std/src/panicking.rs:622:17
[INFO] [stdout]   11:     0x5643d55ec2a7 - std::panicking::begin_panic_handler::{{closure}}::h8ab3b4491718b2c7
[INFO] [stdout]                                at /rustc/a178d0322ce20e33eac124758e837cbd80a6f633/library/std/src/panicking.rs:519:13
[INFO] [stdout]   12:     0x5643d55ea9cc - std::sys_common::backtrace::__rust_end_short_backtrace::hd489062ffa586a9f
[INFO] [stdout]                                at /rustc/a178d0322ce20e33eac124758e837cbd80a6f633/library/std/src/sys_common/backtrace.rs:141:18
[INFO] [stdout]   13:     0x5643d55ec209 - rust_begin_unwind
[INFO] [stdout]                                at /rustc/a178d0322ce20e33eac124758e837cbd80a6f633/library/std/src/panicking.rs:515:5
[INFO] [stdout]   14:     0x5643d55dbe21 - core::panicking::panic_fmt::hca6330e3e14086b4
[INFO] [stdout]                                at /rustc/a178d0322ce20e33eac124758e837cbd80a6f633/library/core/src/panicking.rs:92:14
[INFO] [stdout]   15:     0x5643d5602e28 - core::panicking::assert_failed_inner::h33b45280069a80ed
[INFO] [stdout]   16:     0x5643d55da85b - core::panicking::assert_failed::ha7e0f7f9a60278ca
[INFO] [stdout]                                at /rustc/a178d0322ce20e33eac124758e837cbd80a6f633/library/core/src/panicking.rs:117:5
[INFO] [stdout]   17:     0x5643d55ed8ff - std::sys::unix::fd::FileDesc::new::h4dc7808b316bc64a
[INFO] [stdout]                                at /rustc/a178d0322ce20e33eac124758e837cbd80a6f633/library/std/src/sys/unix/fd.rs:71:9
[INFO] [stdout]   18:     0x5643d55ed8ff - <std::sys::unix::fs::File as std::sys_common::FromInner<i32>>::from_inner::h3786d7eb9b0aa767
[INFO] [stdout]                                at /rustc/a178d0322ce20e33eac124758e837cbd80a6f633/library/std/src/sys/unix/fs.rs:917:14
[INFO] [stdout]   19:     0x5643d55dc8a7 - <std::fs::File as std::os::imp::unix::io::FromRawFd>::from_raw_fd::he7ff3a99fa8869b9
[INFO] [stdout]   20:     0x5643d55dc92c - rust_out::main::_doctest_main_src_linux_ioctl_rs_224_0::h8f60190c37bbcc76
[INFO] [stdout]   21:     0x5643d55dc8e6 - rust_out::main::h2a38bb51b9580a7d
[INFO] [stdout]   22:     0x5643d55dc793 - core::ops::function::FnOnce::call_once::hb73b95e6982fd3f0
[INFO] [stdout]   23:     0x5643d55dc689 - std::sys_common::backtrace::__rust_begin_short_backtrace::h8371d112165838d3
[INFO] [stdout]   24:     0x5643d55dc6f9 - std::rt::lang_start::{{closure}}::h783adf50233ec5ec
[INFO] [stdout]   25:     0x5643d55eccc9 - core::ops::function::impls::<impl core::ops::function::FnOnce<A> for &F>::call_once::h2aabc384aab89b7b
[INFO] [stdout]                                at /rustc/a178d0322ce20e33eac124758e837cbd80a6f633/library/core/src/ops/function.rs:259:13
[INFO] [stdout]   26:     0x5643d55eccc9 - std::panicking::try::do_call::hc5fcacb7a85fc7b1
[INFO] [stdout]                                at /rustc/a178d0322ce20e33eac124758e837cbd80a6f633/library/std/src/panicking.rs:401:40
[INFO] [stdout]   27:     0x5643d55eccc9 - std::panicking::try::hb5d9603af3abbe3a
[INFO] [stdout]                                at /rustc/a178d0322ce20e33eac124758e837cbd80a6f633/library/std/src/panicking.rs:365:19
[INFO] [stdout]   28:     0x5643d55eccc9 - std::panic::catch_unwind::h98fe6ac3925e64b4
[INFO] [stdout]                                at /rustc/a178d0322ce20e33eac124758e837cbd80a6f633/library/std/src/panic.rs:434:14
[INFO] [stdout]   29:     0x5643d55eccc9 - std::rt::lang_start_internal::h22ac7383c516f93e
[INFO] [stdout]                                at /rustc/a178d0322ce20e33eac124758e837cbd80a6f633/library/std/src/rt.rs:34:21
[INFO] [stdout]   30:     0x5643d55dc6e1 - std::rt::lang_start::h11b9716471e37ff8
[INFO] [stdout]   31:     0x5643d55dca33 - main
[INFO] [stdout]   32:     0x7f35256f30b3 - __libc_start_main
[INFO] [stdout]   33:     0x5643d55dc57e - _start
[INFO] [stdout]   34:                0x0 - <unknown>
[INFO] [stdout] 
[INFO] [stdout] 
[INFO] [stdout] ---- src/linux/ioctl.rs - linux::ioctl::ioctl_with_val (line 266) stdout ----
[INFO] [stdout] Test executable failed (exit code 101).
[INFO] [stdout] 
[INFO] [stdout] stderr:
[INFO] [stdout] thread 'main' panicked at 'assertion failed: `(left != right)`
[INFO] [stdout]   left: `-1`,
[INFO] [stdout]  right: `-1`', library/std/src/sys/unix/fd.rs:71:9
[INFO] [stdout] stack backtrace:
[INFO] [stdout]    0:     0x55c56aa96340 - std::backtrace_rs::backtrace::libunwind::trace::h34055254b57d8e79
[INFO] [stdout]                                at /rustc/a178d0322ce20e33eac124758e837cbd80a6f633/library/std/src/../../backtrace/src/backtrace/libunwind.rs:90:5
[INFO] [stdout]    1:     0x55c56aa96340 - std::backtrace_rs::backtrace::trace_unsynchronized::h8f1e3fbd9afff6ec
[INFO] [stdout]                                at /rustc/a178d0322ce20e33eac124758e837cbd80a6f633/library/std/src/../../backtrace/src/backtrace/mod.rs:66:5
[INFO] [stdout]    2:     0x55c56aa96340 - std::sys_common::backtrace::_print_fmt::h3a99a796b770c360
[INFO] [stdout]                                at /rustc/a178d0322ce20e33eac124758e837cbd80a6f633/library/std/src/sys_common/backtrace.rs:67:5
[INFO] [stdout]    3:     0x55c56aa96340 - <std::sys_common::backtrace::_print::DisplayBacktrace as core::fmt::Display>::fmt::h32d1f94a80615d18
[INFO] [stdout]                                at /rustc/a178d0322ce20e33eac124758e837cbd80a6f633/library/std/src/sys_common/backtrace.rs:46:22
[INFO] [stdout]    4:     0x55c56aaaf9dc - core::fmt::write::h306731c068f7162c
[INFO] [stdout]                                at /rustc/a178d0322ce20e33eac124758e837cbd80a6f633/library/core/src/fmt/mod.rs:1110:17
[INFO] [stdout]    5:     0x55c56aa94d85 - std::io::Write::write_fmt::hd2fa90334eee2a21
[INFO] [stdout]                                at /rustc/a178d0322ce20e33eac124758e837cbd80a6f633/library/std/src/io/mod.rs:1588:15
[INFO] [stdout]    6:     0x55c56aa97f6b - std::sys_common::backtrace::_print::h5abaa2601a852287
[INFO] [stdout]                                at /rustc/a178d0322ce20e33eac124758e837cbd80a6f633/library/std/src/sys_common/backtrace.rs:49:5
[INFO] [stdout]    7:     0x55c56aa97f6b - std::sys_common::backtrace::print::h8d81445442bb638f
[INFO] [stdout]                                at /rustc/a178d0322ce20e33eac124758e837cbd80a6f633/library/std/src/sys_common/backtrace.rs:36:9
[INFO] [stdout]    8:     0x55c56aa97f6b - std::panicking::default_hook::{{closure}}::hcfe804496a9fa747
[INFO] [stdout]                                at /rustc/a178d0322ce20e33eac124758e837cbd80a6f633/library/std/src/panicking.rs:208:50
[INFO] [stdout]    9:     0x55c56aa97a41 - std::panicking::default_hook::hbea8e3ccf2ba8901
[INFO] [stdout]                                at /rustc/a178d0322ce20e33eac124758e837cbd80a6f633/library/std/src/panicking.rs:225:9
[INFO] [stdout]   10:     0x55c56aa98634 - std::panicking::rust_panic_with_hook::h7ee9e1a2d0f8975a
[INFO] [stdout]                                at /rustc/a178d0322ce20e33eac124758e837cbd80a6f633/library/std/src/panicking.rs:622:17
[INFO] [stdout]   11:     0x55c56aa98117 - std::panicking::begin_panic_handler::{{closure}}::h8ab3b4491718b2c7
[INFO] [stdout]                                at /rustc/a178d0322ce20e33eac124758e837cbd80a6f633/library/std/src/panicking.rs:519:13
[INFO] [stdout]   12:     0x55c56aa9683c - std::sys_common::backtrace::__rust_end_short_backtrace::hd489062ffa586a9f
[INFO] [stdout]                                at /rustc/a178d0322ce20e33eac124758e837cbd80a6f633/library/std/src/sys_common/backtrace.rs:141:18
[INFO] [stdout]   13:     0x55c56aa98079 - rust_begin_unwind
[INFO] [stdout]                                at /rustc/a178d0322ce20e33eac124758e837cbd80a6f633/library/std/src/panicking.rs:515:5
[INFO] [stdout]   14:     0x55c56aa87e21 - core::panicking::panic_fmt::hca6330e3e14086b4
[INFO] [stdout]                                at /rustc/a178d0322ce20e33eac124758e837cbd80a6f633/library/core/src/panicking.rs:92:14
[INFO] [stdout]   15:     0x55c56aaaec98 - core::panicking::assert_failed_inner::h33b45280069a80ed
[INFO] [stdout]   16:     0x55c56aa8685b - core::panicking::assert_failed::ha7e0f7f9a60278ca
[INFO] [stdout]                                at /rustc/a178d0322ce20e33eac124758e837cbd80a6f633/library/core/src/panicking.rs:117:5
[INFO] [stdout]   17:     0x55c56aa9976f - std::sys::unix::fd::FileDesc::new::h4dc7808b316bc64a
[INFO] [stdout]                                at /rustc/a178d0322ce20e33eac124758e837cbd80a6f633/library/std/src/sys/unix/fd.rs:71:9
[INFO] [stdout]   18:     0x55c56aa9976f - <std::sys::unix::fs::File as std::sys_common::FromInner<i32>>::from_inner::h3786d7eb9b0aa767
[INFO] [stdout]                                at /rustc/a178d0322ce20e33eac124758e837cbd80a6f633/library/std/src/sys/unix/fs.rs:917:14
[INFO] [stdout]   19:     0x55c56aa88837 - <std::fs::File as std::os::imp::unix::io::FromRawFd>::from_raw_fd::he7ff3a99fa8869b9
[INFO] [stdout]   20:     0x55c56aa888b9 - rust_out::main::_doctest_main_src_linux_ioctl_rs_266_0::h8ac7c971e13c773a
[INFO] [stdout]   21:     0x55c56aa88876 - rust_out::main::h2a38bb51b9580a7d
[INFO] [stdout]   22:     0x55c56aa88793 - core::ops::function::FnOnce::call_once::hb73b95e6982fd3f0
[INFO] [stdout]   23:     0x55c56aa88689 - std::sys_common::backtrace::__rust_begin_short_backtrace::h8371d112165838d3
[INFO] [stdout]   24:     0x55c56aa886f9 - std::rt::lang_start::{{closure}}::h783adf50233ec5ec
[INFO] [stdout]   25:     0x55c56aa98b39 - core::ops::function::impls::<impl core::ops::function::FnOnce<A> for &F>::call_once::h2aabc384aab89b7b
[INFO] [stdout]                                at /rustc/a178d0322ce20e33eac124758e837cbd80a6f633/library/core/src/ops/function.rs:259:13
[INFO] [stdout]   26:     0x55c56aa98b39 - std::panicking::try::do_call::hc5fcacb7a85fc7b1
[INFO] [stdout]                                at /rustc/a178d0322ce20e33eac124758e837cbd80a6f633/library/std/src/panicking.rs:401:40
[INFO] [stdout]   27:     0x55c56aa98b39 - std::panicking::try::hb5d9603af3abbe3a
[INFO] [stdout]                                at /rustc/a178d0322ce20e33eac124758e837cbd80a6f633/library/std/src/panicking.rs:365:19
[INFO] [stdout]   28:     0x55c56aa98b39 - std::panic::catch_unwind::h98fe6ac3925e64b4
[INFO] [stdout]                                at /rustc/a178d0322ce20e33eac124758e837cbd80a6f633/library/std/src/panic.rs:434:14
[INFO] [stdout]   29:     0x55c56aa98b39 - std::rt::lang_start_internal::h22ac7383c516f93e
[INFO] [stdout]                                at /rustc/a178d0322ce20e33eac124758e837cbd80a6f633/library/std/src/rt.rs:34:21
[INFO] [stdout]   30:     0x55c56aa886e1 - std::rt::lang_start::h11b9716471e37ff8
[INFO] [stdout]   31:     0x55c56aa88983 - main
[INFO] [stdout]   32:     0x7f7ee2d640b3 - __libc_start_main
[INFO] [stdout]   33:     0x55c56aa8857e - _start
[INFO] [stdout]   34:                0x0 - <unknown>
[INFO] [stdout] 
[INFO] [stdout] 
[INFO] [stdout] 
[INFO] [stdout] failures:
[INFO] [stdout]     src/linux/ioctl.rs - linux::ioctl::ioctl (line 224)
[INFO] [stdout]     src/linux/ioctl.rs - linux::ioctl::ioctl_with_val (line 266)
[INFO] [stdout] 
[INFO] [stdout] test result: FAILED. 52 passed; 2 failed; 0 ignored; 0 measured; 0 filtered out; finished in 2.45s
[INFO] [stdout] 
[INFO] [stderr] error: test failed, to rerun pass '--doc'
[INFO] running `Command { std: "docker" "inspect" "fe3ff248c0e827a385b31c5d8595d0539db9fe87a616e4dc6480fc33a7007e9f", kill_on_drop: false }`
[INFO] running `Command { std: "docker" "rm" "-f" "fe3ff248c0e827a385b31c5d8595d0539db9fe87a616e4dc6480fc33a7007e9f", kill_on_drop: false }`
[INFO] [stdout] fe3ff248c0e827a385b31c5d8595d0539db9fe87a616e4dc6480fc33a7007e9f
