[INFO] fetching crate virt-ic 0.3.0...
[INFO] testing virt-ic-0.3.0 against 1.54.0 for beta-1.55-1
[INFO] extracting crate virt-ic 0.3.0 into /workspace/builds/worker-37/source
[INFO] validating manifest of crates.io crate virt-ic 0.3.0 on toolchain 1.54.0
[INFO] running `Command { std: "/workspace/cargo-home/bin/cargo" "+1.54.0" "metadata" "--manifest-path" "Cargo.toml" "--no-deps", kill_on_drop: false }`
[INFO] started tweaking crates.io crate virt-ic 0.3.0
[INFO] finished tweaking crates.io crate virt-ic 0.3.0
[INFO] tweaked toml for crates.io crate virt-ic 0.3.0 written to /workspace/builds/worker-37/source/Cargo.toml
[INFO] crate crates.io crate virt-ic 0.3.0 already has a lockfile, it will not be regenerated
[INFO] running `Command { std: "/workspace/cargo-home/bin/cargo" "+1.54.0" "fetch" "--manifest-path" "Cargo.toml", kill_on_drop: false }`
[INFO] [stderr]     Blocking waiting for file lock on package cache
[INFO] running `Command { std: "docker" "create" "-v" "/var/lib/crater-agent-workspace/builds/worker-37/target:/opt/rustwide/target:rw,Z" "-v" "/var/lib/crater-agent-workspace/builds/worker-37/source:/opt/rustwide/workdir:ro,Z" "-v" "/var/lib/crater-agent-workspace/cargo-home:/opt/rustwide/cargo-home:ro,Z" "-v" "/var/lib/crater-agent-workspace/rustup-home:/opt/rustwide/rustup-home:ro,Z" "-e" "SOURCE_DIR=/opt/rustwide/workdir" "-e" "CARGO_TARGET_DIR=/opt/rustwide/target" "-e" "CARGO_HOME=/opt/rustwide/cargo-home" "-e" "RUSTUP_HOME=/opt/rustwide/rustup-home" "-w" "/opt/rustwide/workdir" "-m" "1610612736" "--user" "0:0" "--network" "none" "ghcr.io/rust-lang/crates-build-env/linux@sha256:34b6a614d2c27851fe6cbf88fbd1137609cefab8b10d0615aaeb6fd47975d74e" "/opt/rustwide/cargo-home/bin/cargo" "+1.54.0" "metadata" "--no-deps" "--format-version=1", kill_on_drop: false }`
[INFO] [stdout] c9155861a215c55208c798bb90788dc1fb552166f5d25024b9d6bb1710b15067
[INFO] running `Command { std: "docker" "start" "-a" "c9155861a215c55208c798bb90788dc1fb552166f5d25024b9d6bb1710b15067", kill_on_drop: false }`
[INFO] running `Command { std: "docker" "inspect" "c9155861a215c55208c798bb90788dc1fb552166f5d25024b9d6bb1710b15067", kill_on_drop: false }`
[INFO] running `Command { std: "docker" "rm" "-f" "c9155861a215c55208c798bb90788dc1fb552166f5d25024b9d6bb1710b15067", kill_on_drop: false }`
[INFO] [stdout] c9155861a215c55208c798bb90788dc1fb552166f5d25024b9d6bb1710b15067
[INFO] running `Command { std: "docker" "create" "-v" "/var/lib/crater-agent-workspace/builds/worker-37/target:/opt/rustwide/target:rw,Z" "-v" "/var/lib/crater-agent-workspace/builds/worker-37/source:/opt/rustwide/workdir:ro,Z" "-v" "/var/lib/crater-agent-workspace/cargo-home:/opt/rustwide/cargo-home:ro,Z" "-v" "/var/lib/crater-agent-workspace/rustup-home:/opt/rustwide/rustup-home:ro,Z" "-e" "SOURCE_DIR=/opt/rustwide/workdir" "-e" "CARGO_TARGET_DIR=/opt/rustwide/target" "-e" "CARGO_INCREMENTAL=0" "-e" "RUST_BACKTRACE=full" "-e" "RUSTFLAGS=--cap-lints=warn" "-e" "CARGO_HOME=/opt/rustwide/cargo-home" "-e" "RUSTUP_HOME=/opt/rustwide/rustup-home" "-w" "/opt/rustwide/workdir" "-m" "1610612736" "--user" "0:0" "--network" "none" "ghcr.io/rust-lang/crates-build-env/linux@sha256:34b6a614d2c27851fe6cbf88fbd1137609cefab8b10d0615aaeb6fd47975d74e" "/opt/rustwide/cargo-home/bin/cargo" "+1.54.0" "build" "--frozen" "--message-format=json", kill_on_drop: false }`
[INFO] [stdout] 18f9647f9c6199ed73dea80e1efc401853ee574d7da933963898bd44d8ae629b
[INFO] running `Command { std: "docker" "start" "-a" "18f9647f9c6199ed73dea80e1efc401853ee574d7da933963898bd44d8ae629b", kill_on_drop: false }`
[INFO] [stderr]     Blocking waiting for file lock on package cache
[INFO] [stderr]    Compiling proc-macro2 v1.0.18
[INFO] [stderr]    Compiling libc v0.2.71
[INFO] [stderr]    Compiling getrandom v0.1.14
[INFO] [stderr]    Compiling unicode-xid v0.2.0
[INFO] [stderr]    Compiling syn v1.0.31
[INFO] [stderr]    Compiling serde v1.0.111
[INFO] [stderr]    Compiling ppv-lite86 v0.2.8
[INFO] [stderr]    Compiling base64 v0.12.1
[INFO] [stderr]    Compiling quote v1.0.7
[INFO] [stderr]    Compiling rand_core v0.5.1
[INFO] [stderr]    Compiling rand_chacha v0.2.2
[INFO] [stderr]    Compiling rand v0.7.3
[INFO] [stderr]    Compiling uuid v0.8.1
[INFO] [stderr]    Compiling serde_derive v1.0.111
[INFO] [stderr]    Compiling ron v0.6.0
[INFO] [stderr]    Compiling virt-ic v0.3.0 (/opt/rustwide/workdir)
[INFO] [stderr]     Finished dev [unoptimized + debuginfo] target(s) in 21.14s
[INFO] running `Command { std: "docker" "inspect" "18f9647f9c6199ed73dea80e1efc401853ee574d7da933963898bd44d8ae629b", kill_on_drop: false }`
[INFO] running `Command { std: "docker" "rm" "-f" "18f9647f9c6199ed73dea80e1efc401853ee574d7da933963898bd44d8ae629b", kill_on_drop: false }`
[INFO] [stdout] 18f9647f9c6199ed73dea80e1efc401853ee574d7da933963898bd44d8ae629b
[INFO] running `Command { std: "docker" "create" "-v" "/var/lib/crater-agent-workspace/builds/worker-37/target:/opt/rustwide/target:rw,Z" "-v" "/var/lib/crater-agent-workspace/builds/worker-37/source:/opt/rustwide/workdir:ro,Z" "-v" "/var/lib/crater-agent-workspace/cargo-home:/opt/rustwide/cargo-home:ro,Z" "-v" "/var/lib/crater-agent-workspace/rustup-home:/opt/rustwide/rustup-home:ro,Z" "-e" "SOURCE_DIR=/opt/rustwide/workdir" "-e" "CARGO_TARGET_DIR=/opt/rustwide/target" "-e" "CARGO_INCREMENTAL=0" "-e" "RUST_BACKTRACE=full" "-e" "RUSTFLAGS=--cap-lints=warn" "-e" "CARGO_HOME=/opt/rustwide/cargo-home" "-e" "RUSTUP_HOME=/opt/rustwide/rustup-home" "-w" "/opt/rustwide/workdir" "-m" "1610612736" "--user" "0:0" "--network" "none" "ghcr.io/rust-lang/crates-build-env/linux@sha256:34b6a614d2c27851fe6cbf88fbd1137609cefab8b10d0615aaeb6fd47975d74e" "/opt/rustwide/cargo-home/bin/cargo" "+1.54.0" "test" "--frozen" "--no-run" "--message-format=json", kill_on_drop: false }`
[INFO] [stdout] 456e9745121b87beb364d25c41ece0117c9e95dfc2edfa2409735ab3c7489696
[INFO] running `Command { std: "docker" "start" "-a" "456e9745121b87beb364d25c41ece0117c9e95dfc2edfa2409735ab3c7489696", kill_on_drop: false }`
[INFO] [stderr]     Blocking waiting for file lock on package cache
[INFO] [stderr]    Compiling virt-ic v0.3.0 (/opt/rustwide/workdir)
[INFO] [stderr]     Finished test [unoptimized + debuginfo] target(s) in 1.63s
[INFO] running `Command { std: "docker" "inspect" "456e9745121b87beb364d25c41ece0117c9e95dfc2edfa2409735ab3c7489696", kill_on_drop: false }`
[INFO] running `Command { std: "docker" "rm" "-f" "456e9745121b87beb364d25c41ece0117c9e95dfc2edfa2409735ab3c7489696", kill_on_drop: false }`
[INFO] [stdout] 456e9745121b87beb364d25c41ece0117c9e95dfc2edfa2409735ab3c7489696
[INFO] running `Command { std: "docker" "create" "-v" "/var/lib/crater-agent-workspace/builds/worker-37/target:/opt/rustwide/target:rw,Z" "-v" "/var/lib/crater-agent-workspace/builds/worker-37/source:/opt/rustwide/workdir:ro,Z" "-v" "/var/lib/crater-agent-workspace/cargo-home:/opt/rustwide/cargo-home:ro,Z" "-v" "/var/lib/crater-agent-workspace/rustup-home:/opt/rustwide/rustup-home:ro,Z" "-e" "SOURCE_DIR=/opt/rustwide/workdir" "-e" "CARGO_TARGET_DIR=/opt/rustwide/target" "-e" "CARGO_INCREMENTAL=0" "-e" "RUST_BACKTRACE=full" "-e" "RUSTFLAGS=--cap-lints=warn" "-e" "CARGO_HOME=/opt/rustwide/cargo-home" "-e" "RUSTUP_HOME=/opt/rustwide/rustup-home" "-w" "/opt/rustwide/workdir" "-m" "1610612736" "--user" "0:0" "--network" "none" "ghcr.io/rust-lang/crates-build-env/linux@sha256:34b6a614d2c27851fe6cbf88fbd1137609cefab8b10d0615aaeb6fd47975d74e" "/opt/rustwide/cargo-home/bin/cargo" "+1.54.0" "test" "--frozen", kill_on_drop: false }`
[INFO] [stdout] 214751cb1584fadef25212dcf860afd51f1025f6633e9a257330a557749fbf7c
[INFO] running `Command { std: "docker" "start" "-a" "214751cb1584fadef25212dcf860afd51f1025f6633e9a257330a557749fbf7c", kill_on_drop: false }`
[INFO] [stderr]     Finished test [unoptimized + debuginfo] target(s) in 0.10s
[INFO] [stderr]      Running unittests (/opt/rustwide/target/debug/deps/virt_ic-b12fdddb992259b6)
[INFO] [stdout] 
[INFO] [stdout] running 0 tests
[INFO] [stdout] 
[INFO] [stdout] test result: ok. 0 passed; 0 failed; 0 ignored; 0 measured; 0 filtered out; finished in 0.00s
[INFO] [stdout] 
[INFO] [stderr]    Doc-tests virt-ic
[INFO] [stdout] 
[INFO] [stdout] running 13 tests
[INFO] [stdout] test src/chip/cpu.rs - chip::cpu::SimpleCPU (line 48) ... FAILED
[INFO] [stdout] test src/chip/clocks.rs - chip::clocks::Clock100Hz (line 10) ... FAILED
[INFO] [stdout] test src/chip/memory.rs - chip::memory::Ram256B (line 16) ... FAILED
[INFO] [stdout] test src/chip/gates.rs - chip::gates::GateNot (line 276) ... FAILED
[INFO] [stdout] test src/chip/buttons.rs - chip::buttons::Button (line 12) ... FAILED
[INFO] [stdout] test src/chip/gates.rs - chip::gates::GateOr (line 10) ... FAILED
[INFO] [stdout] test src/chip/generators.rs - chip::generators::Generator (line 10) ... FAILED
[INFO] [stdout] test src/chip/cpu.rs - chip::cpu::SimpleCPU (line 129) ... FAILED
[INFO] [stdout] test src/chip/gates.rs - chip::gates::GateAnd (line 143) ... FAILED
[INFO] [stdout] test src/chip/mod.rs - chip::virt_ic_chip_factory (line 121) ... FAILED
[INFO] [stdout] test src/chip/memory.rs - chip::memory::Rom256B (line 248) ... FAILED
[INFO] [stdout] test src/chip/clocks.rs - chip::clocks::Clock1kHz (line 110) ... FAILED
[INFO] [stdout] test src/board.rs - board::Board::load (line 131) ... FAILED
[INFO] [stdout] 
[INFO] [stdout] failures:
[INFO] [stdout] 
[INFO] [stdout] ---- src/chip/cpu.rs - chip::cpu::SimpleCPU (line 48) stdout ----
[INFO] [stdout] error: expected `|`, found `}`
[INFO] [stdout]  --> src/chip/cpu.rs:50:1
[INFO] [stdout]   |
[INFO] [stdout] 3 | | x0| x1| x2| x3| x4| x5| x6| x7| x8| x9| xA| xB| xC| xD| xE| xF|   |
[INFO] [stdout]   |                                                                      - expected `|`
[INFO] [stdout] 4 | } _doctest_main_src_chip_cpu_rs_48_0() }
[INFO] [stdout]   | ^ unexpected token
[INFO] [stdout] 
[INFO] [stdout] error: aborting due to previous error
[INFO] [stdout] 
[INFO] [stdout] Couldn't compile the test.
[INFO] [stdout] ---- src/chip/clocks.rs - chip::clocks::Clock100Hz (line 10) stdout ----
[INFO] [stdout] error: expected one of `,`, `...`, `..=`, `..`, or `:`, found `4`
[INFO] [stdout]  --> src/chip/clocks.rs:12:14
[INFO] [stdout]   |
[INFO] [stdout] 4 |  CLK --|1    4|-- VCC
[INFO] [stdout]   |          -   ^ expected one of `,`, `...`, `..=`, `..`, or `:`
[INFO] [stdout]   |          |
[INFO] [stdout]   |          help: missing `,`
[INFO] [stdout] 
[INFO] [stdout] error: expected one of `!`, `.`, `::`, `;`, `?`, `{`, `}`, or an operator, found `GND`
[INFO] [stdout]  --> src/chip/clocks.rs:13:2
[INFO] [stdout]   |
[INFO] [stdout] 4 |  CLK --|1    4|-- VCC
[INFO] [stdout]   |                      - expected one of 8 possible tokens
[INFO] [stdout] 5 |  GND --|2    3|-- UNUSED
[INFO] [stdout]   |  ^^^ unexpected token
[INFO] [stdout] 
[INFO] [stdout] error: aborting due to 2 previous errors
[INFO] [stdout] 
[INFO] [stdout] Couldn't compile the test.
[INFO] [stdout] ---- src/chip/memory.rs - chip::memory::Ram256B (line 16) stdout ----
[INFO] [stdout] error: expected one of `,`, `...`, `..=`, `..`, or `:`, found `22`
[INFO] [stdout]  --> src/chip/memory.rs:18:13
[INFO] [stdout]   |
[INFO] [stdout] 4 |  !CS --|1   22|-- VCC
[INFO] [stdout]   |          -  ^^ expected one of `,`, `...`, `..=`, `..`, or `:`
[INFO] [stdout]   |          |
[INFO] [stdout]   |          help: missing `,`
[INFO] [stdout] 
[INFO] [stdout] error: expected one of `(`, `[`, or `{`, found `WE`
[INFO] [stdout]  --> src/chip/memory.rs:19:3
[INFO] [stdout]   |
[INFO] [stdout] 5 |  !WE --|2   21|-- UNUSED
[INFO] [stdout]   |   ^^ expected one of `(`, `[`, or `{`
[INFO] [stdout] 
[INFO] [stdout] error: aborting due to 2 previous errors
[INFO] [stdout] 
[INFO] [stdout] Couldn't compile the test.
[INFO] [stdout] ---- src/chip/gates.rs - chip::gates::GateNot (line 276) stdout ----
[INFO] [stdout] error: expected one of `,`, `...`, `..=`, `..`, or `:`, found `14`
[INFO] [stdout]  --> src/chip/gates.rs:278:13
[INFO] [stdout]   |
[INFO] [stdout] 4 |    A --|1   14|-- VCC
[INFO] [stdout]   |          -  ^^ expected one of `,`, `...`, `..=`, `..`, or `:`
[INFO] [stdout]   |          |
[INFO] [stdout]   |          help: missing `,`
[INFO] [stdout] 
[INFO] [stdout] error: expected one of `(`, `[`, or `{`, found `A`
[INFO] [stdout]  --> src/chip/gates.rs:279:4
[INFO] [stdout]   |
[INFO] [stdout] 5 |   !A --|2   13|-- D
[INFO] [stdout]   |    ^ expected one of `(`, `[`, or `{`
[INFO] [stdout] 
[INFO] [stdout] error: aborting due to 2 previous errors
[INFO] [stdout] 
[INFO] [stdout] Couldn't compile the test.
[INFO] [stdout] ---- src/chip/buttons.rs - chip::buttons::Button (line 12) stdout ----
[INFO] [stdout] error: expected one of `,`, `...`, `..=`, `..`, or `:`, found `2`
[INFO] [stdout]  --> src/chip/buttons.rs:14:14
[INFO] [stdout]   |
[INFO] [stdout] 4 |  IN  --|1    2|-- OUT
[INFO] [stdout]   |          -   ^ expected one of `,`, `...`, `..=`, `..`, or `:`
[INFO] [stdout]   |          |
[INFO] [stdout]   |          help: missing `,`
[INFO] [stdout] 
[INFO] [stdout] error: expected expression, found `}`
[INFO] [stdout]  --> src/chip/buttons.rs:16:1
[INFO] [stdout]   |
[INFO] [stdout] 6 | } _doctest_main_src_chip_buttons_rs_12_0() }
[INFO] [stdout]   | ^ expected expression
[INFO] [stdout] 
[INFO] [stdout] error: aborting due to 2 previous errors
[INFO] [stdout] 
[INFO] [stdout] Couldn't compile the test.
[INFO] [stdout] ---- src/chip/gates.rs - chip::gates::GateOr (line 10) stdout ----
[INFO] [stdout] error: expected one of `,`, `...`, `..=`, `..`, or `:`, found `14`
[INFO] [stdout]  --> src/chip/gates.rs:12:13
[INFO] [stdout]   |
[INFO] [stdout] 4 |    A --|1   14|-- VCC
[INFO] [stdout]   |          -  ^^ expected one of `,`, `...`, `..=`, `..`, or `:`
[INFO] [stdout]   |          |
[INFO] [stdout]   |          help: missing `,`
[INFO] [stdout] 
[INFO] [stdout] error: expected one of `!`, `.`, `::`, `;`, `?`, `{`, `}`, or an operator, found `B`
[INFO] [stdout]  --> src/chip/gates.rs:13:4
[INFO] [stdout]   |
[INFO] [stdout] 4 |    A --|1   14|-- VCC
[INFO] [stdout]   |                      - expected one of 8 possible tokens
[INFO] [stdout] 5 |    B --|2   13|-- E
[INFO] [stdout]   |    ^ unexpected token
[INFO] [stdout] 
[INFO] [stdout] error: aborting due to 2 previous errors
[INFO] [stdout] 
[INFO] [stdout] Couldn't compile the test.
[INFO] [stdout] ---- src/chip/generators.rs - chip::generators::Generator (line 10) stdout ----
[INFO] [stdout] error: expected one of `,`, `...`, `..=`, `..`, or `:`, found `2`
[INFO] [stdout]  --> src/chip/generators.rs:12:14
[INFO] [stdout]   |
[INFO] [stdout] 4 |  VCC --|1    2|-- GND
[INFO] [stdout]   |          -   ^ expected one of `,`, `...`, `..=`, `..`, or `:`
[INFO] [stdout]   |          |
[INFO] [stdout]   |          help: missing `,`
[INFO] [stdout] 
[INFO] [stdout] error: expected expression, found `}`
[INFO] [stdout]  --> src/chip/generators.rs:14:1
[INFO] [stdout]   |
[INFO] [stdout] 6 | } _doctest_main_src_chip_generators_rs_10_0() }
[INFO] [stdout]   | ^ expected expression
[INFO] [stdout] 
[INFO] [stdout] error: aborting due to 2 previous errors
[INFO] [stdout] 
[INFO] [stdout] Couldn't compile the test.
[INFO] [stdout] ---- src/chip/cpu.rs - chip::cpu::SimpleCPU (line 129) stdout ----
[INFO] [stdout] error: expected one of `,`, `...`, `..=`, `..`, or `:`, found `26`
[INFO] [stdout]  --> src/chip/cpu.rs:131:13
[INFO] [stdout]   |
[INFO] [stdout] 4 |   A0 --|1   26|-- VCC
[INFO] [stdout]   |          -  ^^ expected one of `,`, `...`, `..=`, `..`, or `:`
[INFO] [stdout]   |          |
[INFO] [stdout]   |          help: missing `,`
[INFO] [stdout] 
[INFO] [stdout] error: expected one of `!`, `.`, `::`, `;`, `?`, `{`, `}`, or an operator, found `A1`
[INFO] [stdout]  --> src/chip/cpu.rs:132:3
[INFO] [stdout]   |
[INFO] [stdout] 4 |   A0 --|1   26|-- VCC
[INFO] [stdout]   |                      - expected one of 8 possible tokens
[INFO] [stdout] 5 |   A1 --|2   25|-- R/!W
[INFO] [stdout]   |   ^^ unexpected token
[INFO] [stdout] 
[INFO] [stdout] error: aborting due to 2 previous errors
[INFO] [stdout] 
[INFO] [stdout] Couldn't compile the test.
[INFO] [stdout] ---- src/chip/gates.rs - chip::gates::GateAnd (line 143) stdout ----
[INFO] [stdout] error: expected one of `,`, `...`, `..=`, `..`, or `:`, found `14`
[INFO] [stdout]  --> src/chip/gates.rs:145:13
[INFO] [stdout]   |
[INFO] [stdout] 4 |    A --|1   14|-- VCC
[INFO] [stdout]   |          -  ^^ expected one of `,`, `...`, `..=`, `..`, or `:`
[INFO] [stdout]   |          |
[INFO] [stdout]   |          help: missing `,`
[INFO] [stdout] 
[INFO] [stdout] error: expected one of `!`, `.`, `::`, `;`, `?`, `{`, `}`, or an operator, found `B`
[INFO] [stdout]  --> src/chip/gates.rs:146:4
[INFO] [stdout]   |
[INFO] [stdout] 4 |    A --|1   14|-- VCC
[INFO] [stdout]   |                      - expected one of 8 possible tokens
[INFO] [stdout] 5 |    B --|2   13|-- E
[INFO] [stdout]   |    ^ unexpected token
[INFO] [stdout] 
[INFO] [stdout] error: aborting due to 2 previous errors
[INFO] [stdout] 
[INFO] [stdout] Couldn't compile the test.
[INFO] [stdout] ---- src/chip/mod.rs - chip::virt_ic_chip_factory (line 121) stdout ----
[INFO] [stdout] error[E0405]: cannot find trait `Chip` in this scope
[INFO] [stdout]  --> src/chip/mod.rs:122:61
[INFO] [stdout]   |
[INFO] [stdout] 4 | pub fn my_custom_factory(chip_name: &str) -> Option<Box<dyn Chip>> {
[INFO] [stdout]   |                                                             ^^^^ not found in this scope
[INFO] [stdout]   |
[INFO] [stdout] help: consider importing this trait
[INFO] [stdout]   |
[INFO] [stdout] 3 | use virt_ic::Chip;
[INFO] [stdout]   |
[INFO] [stdout] 
[INFO] [stdout] error: aborting due to previous error
[INFO] [stdout] 
[INFO] [stdout] For more information about this error, try `rustc --explain E0405`.
[INFO] [stdout] Couldn't compile the test.
[INFO] [stdout] ---- src/chip/memory.rs - chip::memory::Rom256B (line 248) stdout ----
[INFO] [stdout] error: expected one of `,`, `...`, `..=`, `..`, or `:`, found `22`
[INFO] [stdout]  --> src/chip/memory.rs:250:14
[INFO] [stdout]   |
[INFO] [stdout] 4 |   !CS --|1   22|-- VCC
[INFO] [stdout]   |           -  ^^ expected one of `,`, `...`, `..=`, `..`, or `:`
[INFO] [stdout]   |           |
[INFO] [stdout]   |           help: missing `,`
[INFO] [stdout] 
[INFO] [stdout] error: expected one of `!`, `.`, `::`, `;`, `?`, `{`, `}`, or an operator, found `UNUSED`
[INFO] [stdout]  --> src/chip/memory.rs:251:1
[INFO] [stdout]   |
[INFO] [stdout] 4 |   !CS --|1   22|-- VCC
[INFO] [stdout]   |                       - expected one of 8 possible tokens
[INFO] [stdout] 5 | UNUSED--|2   21|-- UNUSED
[INFO] [stdout]   | ^^^^^^ unexpected token
[INFO] [stdout] 
[INFO] [stdout] error: aborting due to 2 previous errors
[INFO] [stdout] 
[INFO] [stdout] Couldn't compile the test.
[INFO] [stdout] ---- src/chip/clocks.rs - chip::clocks::Clock1kHz (line 110) stdout ----
[INFO] [stdout] error: expected one of `,`, `...`, `..=`, `..`, or `:`, found `4`
[INFO] [stdout]  --> src/chip/clocks.rs:112:14
[INFO] [stdout]   |
[INFO] [stdout] 4 |  CLK --|1    4|-- VCC
[INFO] [stdout]   |          -   ^ expected one of `,`, `...`, `..=`, `..`, or `:`
[INFO] [stdout]   |          |
[INFO] [stdout]   |          help: missing `,`
[INFO] [stdout] 
[INFO] [stdout] error: expected one of `!`, `.`, `::`, `;`, `?`, `{`, `}`, or an operator, found `GND`
[INFO] [stdout]  --> src/chip/clocks.rs:113:2
[INFO] [stdout]   |
[INFO] [stdout] 4 |  CLK --|1    4|-- VCC
[INFO] [stdout]   |                      - expected one of 8 possible tokens
[INFO] [stdout] 5 |  GND --|2    3|-- UNUSED
[INFO] [stdout]   |  ^^^ unexpected token
[INFO] [stdout] 
[INFO] [stdout] error: aborting due to 2 previous errors
[INFO] [stdout] 
[INFO] [stdout] Couldn't compile the test.
[INFO] [stdout] ---- src/board.rs - board::Board::load (line 131) stdout ----
[INFO] [stdout] error[E0433]: failed to resolve: use of undeclared type `Board`
[INFO] [stdout]  --> src/board.rs:134:17
[INFO] [stdout]   |
[INFO] [stdout] 6 | let mut board = Board::load("my_saved_board.ron", &virt_ic_chip_factory).unwrap();
[INFO] [stdout]   |                 ^^^^^ not found in this scope
[INFO] [stdout]   |
[INFO] [stdout] help: consider importing this struct
[INFO] [stdout]   |
[INFO] [stdout] 3 | use virt_ic::Board;
[INFO] [stdout]   |
[INFO] [stdout] 
[INFO] [stdout] error: aborting due to previous error
[INFO] [stdout] 
[INFO] [stdout] For more information about this error, try `rustc --explain E0433`.
[INFO] [stdout] Couldn't compile the test.
[INFO] [stdout] 
[INFO] [stdout] failures:
[INFO] [stdout]     src/board.rs - board::Board::load (line 131)
[INFO] [stdout]     src/chip/buttons.rs - chip::buttons::Button (line 12)
[INFO] [stdout]     src/chip/clocks.rs - chip::clocks::Clock100Hz (line 10)
[INFO] [stdout]     src/chip/clocks.rs - chip::clocks::Clock1kHz (line 110)
[INFO] [stdout]     src/chip/cpu.rs - chip::cpu::SimpleCPU (line 129)
[INFO] [stdout]     src/chip/cpu.rs - chip::cpu::SimpleCPU (line 48)
[INFO] [stdout]     src/chip/gates.rs - chip::gates::GateAnd (line 143)
[INFO] [stdout]     src/chip/gates.rs - chip::gates::GateNot (line 276)
[INFO] [stdout]     src/chip/gates.rs - chip::gates::GateOr (line 10)
[INFO] [stdout]     src/chip/generators.rs - chip::generators::Generator (line 10)
[INFO] [stdout]     src/chip/memory.rs - chip::memory::Ram256B (line 16)
[INFO] [stdout]     src/chip/memory.rs - chip::memory::Rom256B (line 248)
[INFO] [stdout]     src/chip/mod.rs - chip::virt_ic_chip_factory (line 121)
[INFO] [stdout] 
[INFO] [stdout] test result: FAILED. 0 passed; 13 failed; 0 ignored; 0 measured; 0 filtered out; finished in 0.28s
[INFO] [stdout] 
[INFO] [stderr] error: test failed, to rerun pass '--doc'
[INFO] running `Command { std: "docker" "inspect" "214751cb1584fadef25212dcf860afd51f1025f6633e9a257330a557749fbf7c", kill_on_drop: false }`
[INFO] running `Command { std: "docker" "rm" "-f" "214751cb1584fadef25212dcf860afd51f1025f6633e9a257330a557749fbf7c", kill_on_drop: false }`
[INFO] [stdout] 214751cb1584fadef25212dcf860afd51f1025f6633e9a257330a557749fbf7c
