[INFO] fetching crate vextractor 0.2.2...
[INFO] testing vextractor-0.2.2 against beta-2021-08-01 for beta-1.55-1
[INFO] extracting crate vextractor 0.2.2 into /workspace/builds/worker-47/source
[INFO] validating manifest of crates.io crate vextractor 0.2.2 on toolchain beta-2021-08-01
[INFO] running `Command { std: "/workspace/cargo-home/bin/cargo" "+beta-2021-08-01" "metadata" "--manifest-path" "Cargo.toml" "--no-deps", kill_on_drop: false }`
[INFO] started tweaking crates.io crate vextractor 0.2.2
[INFO] finished tweaking crates.io crate vextractor 0.2.2
[INFO] tweaked toml for crates.io crate vextractor 0.2.2 written to /workspace/builds/worker-47/source/Cargo.toml
[INFO] running `Command { std: "/workspace/cargo-home/bin/cargo" "+beta-2021-08-01" "generate-lockfile" "--manifest-path" "Cargo.toml" "-Zno-index-update", kill_on_drop: false }`
[INFO] [stderr]     Blocking waiting for file lock on package cache
[INFO] running `Command { std: "/workspace/cargo-home/bin/cargo" "+beta-2021-08-01" "fetch" "--manifest-path" "Cargo.toml", kill_on_drop: false }`
[INFO] [stderr]     Blocking waiting for file lock on package cache
[INFO] [stderr]     Blocking waiting for file lock on package cache
[INFO] running `Command { std: "docker" "create" "-v" "/var/lib/crater-agent-workspace/builds/worker-47/target:/opt/rustwide/target:rw,Z" "-v" "/var/lib/crater-agent-workspace/builds/worker-47/source:/opt/rustwide/workdir:ro,Z" "-v" "/var/lib/crater-agent-workspace/cargo-home:/opt/rustwide/cargo-home:ro,Z" "-v" "/var/lib/crater-agent-workspace/rustup-home:/opt/rustwide/rustup-home:ro,Z" "-e" "SOURCE_DIR=/opt/rustwide/workdir" "-e" "CARGO_TARGET_DIR=/opt/rustwide/target" "-e" "CARGO_HOME=/opt/rustwide/cargo-home" "-e" "RUSTUP_HOME=/opt/rustwide/rustup-home" "-w" "/opt/rustwide/workdir" "-m" "1610612736" "--user" "0:0" "--network" "none" "ghcr.io/rust-lang/crates-build-env/linux@sha256:34b6a614d2c27851fe6cbf88fbd1137609cefab8b10d0615aaeb6fd47975d74e" "/opt/rustwide/cargo-home/bin/cargo" "+beta-2021-08-01" "metadata" "--no-deps" "--format-version=1", kill_on_drop: false }`
[INFO] [stdout] c77e24b94850835bd8544adf9d9c37016cd612f5651b4c90a5d7cc2ab5b3b6df
[INFO] running `Command { std: "docker" "start" "-a" "c77e24b94850835bd8544adf9d9c37016cd612f5651b4c90a5d7cc2ab5b3b6df", kill_on_drop: false }`
[INFO] running `Command { std: "docker" "inspect" "c77e24b94850835bd8544adf9d9c37016cd612f5651b4c90a5d7cc2ab5b3b6df", kill_on_drop: false }`
[INFO] running `Command { std: "docker" "rm" "-f" "c77e24b94850835bd8544adf9d9c37016cd612f5651b4c90a5d7cc2ab5b3b6df", kill_on_drop: false }`
[INFO] [stdout] c77e24b94850835bd8544adf9d9c37016cd612f5651b4c90a5d7cc2ab5b3b6df
[INFO] running `Command { std: "docker" "create" "-v" "/var/lib/crater-agent-workspace/builds/worker-47/target:/opt/rustwide/target:rw,Z" "-v" "/var/lib/crater-agent-workspace/builds/worker-47/source:/opt/rustwide/workdir:ro,Z" "-v" "/var/lib/crater-agent-workspace/cargo-home:/opt/rustwide/cargo-home:ro,Z" "-v" "/var/lib/crater-agent-workspace/rustup-home:/opt/rustwide/rustup-home:ro,Z" "-e" "SOURCE_DIR=/opt/rustwide/workdir" "-e" "CARGO_TARGET_DIR=/opt/rustwide/target" "-e" "CARGO_INCREMENTAL=0" "-e" "RUST_BACKTRACE=full" "-e" "RUSTFLAGS=--cap-lints=warn" "-e" "CARGO_HOME=/opt/rustwide/cargo-home" "-e" "RUSTUP_HOME=/opt/rustwide/rustup-home" "-w" "/opt/rustwide/workdir" "-m" "1610612736" "--user" "0:0" "--network" "none" "ghcr.io/rust-lang/crates-build-env/linux@sha256:34b6a614d2c27851fe6cbf88fbd1137609cefab8b10d0615aaeb6fd47975d74e" "/opt/rustwide/cargo-home/bin/cargo" "+beta-2021-08-01" "build" "--frozen" "--message-format=json", kill_on_drop: false }`
[INFO] [stdout] d6b51e953124b8b71630a81a5ecd6c4aa7e019f39ab7cb5d7316d496f9e5db93
[INFO] running `Command { std: "docker" "start" "-a" "d6b51e953124b8b71630a81a5ecd6c4aa7e019f39ab7cb5d7316d496f9e5db93", kill_on_drop: false }`
[INFO] [stderr]    Compiling vextractor v0.2.2 (/opt/rustwide/workdir)
[INFO] [stderr]     Finished dev [unoptimized + debuginfo] target(s) in 1.29s
[INFO] running `Command { std: "docker" "inspect" "d6b51e953124b8b71630a81a5ecd6c4aa7e019f39ab7cb5d7316d496f9e5db93", kill_on_drop: false }`
[INFO] running `Command { std: "docker" "rm" "-f" "d6b51e953124b8b71630a81a5ecd6c4aa7e019f39ab7cb5d7316d496f9e5db93", kill_on_drop: false }`
[INFO] [stdout] d6b51e953124b8b71630a81a5ecd6c4aa7e019f39ab7cb5d7316d496f9e5db93
[INFO] running `Command { std: "docker" "create" "-v" "/var/lib/crater-agent-workspace/builds/worker-47/target:/opt/rustwide/target:rw,Z" "-v" "/var/lib/crater-agent-workspace/builds/worker-47/source:/opt/rustwide/workdir:ro,Z" "-v" "/var/lib/crater-agent-workspace/cargo-home:/opt/rustwide/cargo-home:ro,Z" "-v" "/var/lib/crater-agent-workspace/rustup-home:/opt/rustwide/rustup-home:ro,Z" "-e" "SOURCE_DIR=/opt/rustwide/workdir" "-e" "CARGO_TARGET_DIR=/opt/rustwide/target" "-e" "CARGO_INCREMENTAL=0" "-e" "RUST_BACKTRACE=full" "-e" "RUSTFLAGS=--cap-lints=warn" "-e" "CARGO_HOME=/opt/rustwide/cargo-home" "-e" "RUSTUP_HOME=/opt/rustwide/rustup-home" "-w" "/opt/rustwide/workdir" "-m" "1610612736" "--user" "0:0" "--network" "none" "ghcr.io/rust-lang/crates-build-env/linux@sha256:34b6a614d2c27851fe6cbf88fbd1137609cefab8b10d0615aaeb6fd47975d74e" "/opt/rustwide/cargo-home/bin/cargo" "+beta-2021-08-01" "test" "--frozen" "--no-run" "--message-format=json", kill_on_drop: false }`
[INFO] [stdout] ff55c3abe49e1711389f47a5355850dcde1c24efe7ecb3b2e7ce613e7395edc8
[INFO] running `Command { std: "docker" "start" "-a" "ff55c3abe49e1711389f47a5355850dcde1c24efe7ecb3b2e7ce613e7395edc8", kill_on_drop: false }`
[INFO] [stderr]    Compiling vextractor v0.2.2 (/opt/rustwide/workdir)
[INFO] [stderr]     Finished test [unoptimized + debuginfo] target(s) in 0.59s
[INFO] running `Command { std: "docker" "inspect" "ff55c3abe49e1711389f47a5355850dcde1c24efe7ecb3b2e7ce613e7395edc8", kill_on_drop: false }`
[INFO] running `Command { std: "docker" "rm" "-f" "ff55c3abe49e1711389f47a5355850dcde1c24efe7ecb3b2e7ce613e7395edc8", kill_on_drop: false }`
[INFO] [stdout] ff55c3abe49e1711389f47a5355850dcde1c24efe7ecb3b2e7ce613e7395edc8
[INFO] running `Command { std: "docker" "create" "-v" "/var/lib/crater-agent-workspace/builds/worker-47/target:/opt/rustwide/target:rw,Z" "-v" "/var/lib/crater-agent-workspace/builds/worker-47/source:/opt/rustwide/workdir:ro,Z" "-v" "/var/lib/crater-agent-workspace/cargo-home:/opt/rustwide/cargo-home:ro,Z" "-v" "/var/lib/crater-agent-workspace/rustup-home:/opt/rustwide/rustup-home:ro,Z" "-e" "SOURCE_DIR=/opt/rustwide/workdir" "-e" "CARGO_TARGET_DIR=/opt/rustwide/target" "-e" "CARGO_INCREMENTAL=0" "-e" "RUST_BACKTRACE=full" "-e" "RUSTFLAGS=--cap-lints=warn" "-e" "CARGO_HOME=/opt/rustwide/cargo-home" "-e" "RUSTUP_HOME=/opt/rustwide/rustup-home" "-w" "/opt/rustwide/workdir" "-m" "1610612736" "--user" "0:0" "--network" "none" "ghcr.io/rust-lang/crates-build-env/linux@sha256:34b6a614d2c27851fe6cbf88fbd1137609cefab8b10d0615aaeb6fd47975d74e" "/opt/rustwide/cargo-home/bin/cargo" "+beta-2021-08-01" "test" "--frozen", kill_on_drop: false }`
[INFO] [stdout] b5cf2af03c21ec95ec4c1c758dc932cc774a012758a23d9c641e0fad3ff21e2c
[INFO] running `Command { std: "docker" "start" "-a" "b5cf2af03c21ec95ec4c1c758dc932cc774a012758a23d9c641e0fad3ff21e2c", kill_on_drop: false }`
[INFO] [stderr]     Blocking waiting for file lock on package cache
[INFO] [stderr]     Finished test [unoptimized + debuginfo] target(s) in 0.36s
[INFO] [stderr]      Running unittests (/opt/rustwide/target/debug/deps/vextractor-eeeec1fbe03e5132)
[INFO] [stdout] 
[INFO] [stderr]    Doc-tests vextractor
[INFO] [stdout] running 0 tests
[INFO] [stdout] 
[INFO] [stdout] test result: ok. 0 passed; 0 failed; 0 ignored; 0 measured; 0 filtered out; finished in 0.00s
[INFO] [stdout] 
[INFO] [stdout] 
[INFO] [stdout] running 6 tests
[INFO] [stdout] test src/vex.rs - vex::Vextract::add_punctuation (line 182) - compile ... FAILED
[INFO] [stdout] test src/vex.rs - vex::Vextract::add_punctuation (line 192) - compile ... FAILED
[INFO] [stdout] test src/vex.rs - vex::Vextract::pstrip (line 89) - compile ... FAILED
[INFO] [stdout] test src/lib.rs - (line 29) - compile ... ok
[INFO] [stdout] test src/vex.rs - vex::Vextract::new (line 51) - compile ... FAILED
[INFO] [stdout] test src/vex.rs - vex::Vextract::add_punctuation (line 196) - compile ... FAILED
[INFO] [stdout] 
[INFO] [stdout] failures:
[INFO] [stdout] 
[INFO] [stdout] ---- src/vex.rs - vex::Vextract::add_punctuation (line 182) stdout ----
[INFO] [stdout] error[E0425]: cannot find value `x` in this scope
[INFO] [stdout]  --> src/vex.rs:183:1
[INFO] [stdout]   |
[INFO] [stdout] 3 | x.add_punctuation("。"); // x is a Vextract struct
[INFO] [stdout]   | ^ not found in this scope
[INFO] [stdout] 
[INFO] [stdout] error[E0425]: cannot find value `x` in this scope
[INFO] [stdout]  --> src/vex.rs:184:1
[INFO] [stdout]   |
[INFO] [stdout] 4 | x.pstrip(); // removes the newly added punctuation character
[INFO] [stdout]   | ^ not found in this scope
[INFO] [stdout] 
[INFO] [stdout] error: aborting due to 2 previous errors
[INFO] [stdout] 
[INFO] [stdout] For more information about this error, try `rustc --explain E0425`.
[INFO] [stdout] Couldn't compile the test.
[INFO] [stdout] ---- src/vex.rs - vex::Vextract::add_punctuation (line 192) stdout ----
[INFO] [stdout] error[E0425]: cannot find value `x` in this scope
[INFO] [stdout]  --> src/vex.rs:193:1
[INFO] [stdout]   |
[INFO] [stdout] 3 | x.add_punctuation("。«»");
[INFO] [stdout]   | ^ not found in this scope
[INFO] [stdout] 
[INFO] [stdout] error: aborting due to previous error
[INFO] [stdout] 
[INFO] [stdout] For more information about this error, try `rustc --explain E0425`.
[INFO] [stdout] Couldn't compile the test.
[INFO] [stdout] ---- src/vex.rs - vex::Vextract::pstrip (line 89) stdout ----
[INFO] [stdout] error[E0425]: cannot find value `x` in this scope
[INFO] [stdout]  --> src/vex.rs:90:1
[INFO] [stdout]   |
[INFO] [stdout] 3 | x.pstrip(); // x is a Vextract struct
[INFO] [stdout]   | ^ not found in this scope
[INFO] [stdout] 
[INFO] [stdout] error: aborting due to previous error
[INFO] [stdout] 
[INFO] [stdout] For more information about this error, try `rustc --explain E0425`.
[INFO] [stdout] Couldn't compile the test.
[INFO] [stdout] ---- src/vex.rs - vex::Vextract::new (line 51) stdout ----
[INFO] [stdout] error[E0433]: failed to resolve: use of undeclared type `Vextract`
[INFO] [stdout]  --> src/vex.rs:52:9
[INFO] [stdout]   |
[INFO] [stdout] 3 | let x = Vextract::new(
[INFO] [stdout]   |         ^^^^^^^^ not found in this scope
[INFO] [stdout]   |
[INFO] [stdout] help: consider importing this struct
[INFO] [stdout]   |
[INFO] [stdout] 2 | use vextractor::vex::Vextract;
[INFO] [stdout]   |
[INFO] [stdout] 
[INFO] [stdout] error: aborting due to previous error
[INFO] [stdout] 
[INFO] [stdout] For more information about this error, try `rustc --explain E0433`.
[INFO] [stdout] Couldn't compile the test.
[INFO] [stdout] ---- src/vex.rs - vex::Vextract::add_punctuation (line 196) stdout ----
[INFO] [stdout] error[E0425]: cannot find value `x` in this scope
[INFO] [stdout]  --> src/vex.rs:197:1
[INFO] [stdout]   |
[INFO] [stdout] 3 | x.add_punctuation("。");
[INFO] [stdout]   | ^ not found in this scope
[INFO] [stdout] 
[INFO] [stdout] error[E0425]: cannot find value `x` in this scope
[INFO] [stdout]  --> src/vex.rs:198:1
[INFO] [stdout]   |
[INFO] [stdout] 4 | x.add_punctuation("«");
[INFO] [stdout]   | ^ not found in this scope
[INFO] [stdout] 
[INFO] [stdout] error[E0425]: cannot find value `x` in this scope
[INFO] [stdout]  --> src/vex.rs:199:1
[INFO] [stdout]   |
[INFO] [stdout] 5 | x.add_punctuation("»");
[INFO] [stdout]   | ^ not found in this scope
[INFO] [stdout] 
[INFO] [stdout] error: aborting due to 3 previous errors
[INFO] [stdout] 
[INFO] [stdout] For more information about this error, try `rustc --explain E0425`.
[INFO] [stdout] Couldn't compile the test.
[INFO] [stdout] 
[INFO] [stdout] failures:
[INFO] [stdout]     src/vex.rs - vex::Vextract::add_punctuation (line 182)
[INFO] [stdout]     src/vex.rs - vex::Vextract::add_punctuation (line 192)
[INFO] [stdout]     src/vex.rs - vex::Vextract::add_punctuation (line 196)
[INFO] [stdout]     src/vex.rs - vex::Vextract::new (line 51)
[INFO] [stdout]     src/vex.rs - vex::Vextract::pstrip (line 89)
[INFO] [stdout] 
[INFO] [stdout] test result: FAILED. 1 passed; 5 failed; 0 ignored; 0 measured; 0 filtered out; finished in 0.14s
[INFO] [stdout] 
[INFO] [stderr] error: test failed, to rerun pass '--doc'
[INFO] running `Command { std: "docker" "inspect" "b5cf2af03c21ec95ec4c1c758dc932cc774a012758a23d9c641e0fad3ff21e2c", kill_on_drop: false }`
[INFO] running `Command { std: "docker" "rm" "-f" "b5cf2af03c21ec95ec4c1c758dc932cc774a012758a23d9c641e0fad3ff21e2c", kill_on_drop: false }`
[INFO] [stdout] b5cf2af03c21ec95ec4c1c758dc932cc774a012758a23d9c641e0fad3ff21e2c
