[INFO] fetching crate validr 0.2.0...
[INFO] testing validr-0.2.0 against beta-2021-08-01 for beta-1.55-1
[INFO] extracting crate validr 0.2.0 into /workspace/builds/worker-44/source
[INFO] validating manifest of crates.io crate validr 0.2.0 on toolchain beta-2021-08-01
[INFO] running `Command { std: "/workspace/cargo-home/bin/cargo" "+beta-2021-08-01" "metadata" "--manifest-path" "Cargo.toml" "--no-deps", kill_on_drop: false }`
[INFO] started tweaking crates.io crate validr 0.2.0
[INFO] finished tweaking crates.io crate validr 0.2.0
[INFO] tweaked toml for crates.io crate validr 0.2.0 written to /workspace/builds/worker-44/source/Cargo.toml
[INFO] running `Command { std: "/workspace/cargo-home/bin/cargo" "+beta-2021-08-01" "generate-lockfile" "--manifest-path" "Cargo.toml" "-Zno-index-update", kill_on_drop: false }`
[INFO] [stderr]     Blocking waiting for file lock on package cache
[INFO] running `Command { std: "/workspace/cargo-home/bin/cargo" "+beta-2021-08-01" "fetch" "--manifest-path" "Cargo.toml", kill_on_drop: false }`
[INFO] [stderr]     Blocking waiting for file lock on package cache
[INFO] [stderr]     Blocking waiting for file lock on package cache
[INFO] [stderr]  Downloading crates ...
[INFO] [stderr]   Downloaded validator v0.12.0
[INFO] [stderr]   Downloaded card-validate v2.2.2
[INFO] [stderr]   Downloaded validator_derive v0.12.0
[INFO] [stderr]   Downloaded validator_types v0.12.0
[INFO] [stderr]   Downloaded phonenumber v0.3.1+8.12.9
[INFO] running `Command { std: "docker" "create" "-v" "/var/lib/crater-agent-workspace/builds/worker-44/target:/opt/rustwide/target:rw,Z" "-v" "/var/lib/crater-agent-workspace/builds/worker-44/source:/opt/rustwide/workdir:ro,Z" "-v" "/var/lib/crater-agent-workspace/cargo-home:/opt/rustwide/cargo-home:ro,Z" "-v" "/var/lib/crater-agent-workspace/rustup-home:/opt/rustwide/rustup-home:ro,Z" "-e" "SOURCE_DIR=/opt/rustwide/workdir" "-e" "CARGO_TARGET_DIR=/opt/rustwide/target" "-e" "CARGO_HOME=/opt/rustwide/cargo-home" "-e" "RUSTUP_HOME=/opt/rustwide/rustup-home" "-w" "/opt/rustwide/workdir" "-m" "1610612736" "--user" "0:0" "--network" "none" "ghcr.io/rust-lang/crates-build-env/linux@sha256:34b6a614d2c27851fe6cbf88fbd1137609cefab8b10d0615aaeb6fd47975d74e" "/opt/rustwide/cargo-home/bin/cargo" "+beta-2021-08-01" "metadata" "--no-deps" "--format-version=1", kill_on_drop: false }`
[INFO] [stdout] abd592788afeacae77067df3d8735c9b051349e4141f4e703e487df695695c3e
[INFO] running `Command { std: "docker" "start" "-a" "abd592788afeacae77067df3d8735c9b051349e4141f4e703e487df695695c3e", kill_on_drop: false }`
[INFO] running `Command { std: "docker" "inspect" "abd592788afeacae77067df3d8735c9b051349e4141f4e703e487df695695c3e", kill_on_drop: false }`
[INFO] running `Command { std: "docker" "rm" "-f" "abd592788afeacae77067df3d8735c9b051349e4141f4e703e487df695695c3e", kill_on_drop: false }`
[INFO] [stdout] abd592788afeacae77067df3d8735c9b051349e4141f4e703e487df695695c3e
[INFO] running `Command { std: "docker" "create" "-v" "/var/lib/crater-agent-workspace/builds/worker-44/target:/opt/rustwide/target:rw,Z" "-v" "/var/lib/crater-agent-workspace/builds/worker-44/source:/opt/rustwide/workdir:ro,Z" "-v" "/var/lib/crater-agent-workspace/cargo-home:/opt/rustwide/cargo-home:ro,Z" "-v" "/var/lib/crater-agent-workspace/rustup-home:/opt/rustwide/rustup-home:ro,Z" "-e" "SOURCE_DIR=/opt/rustwide/workdir" "-e" "CARGO_TARGET_DIR=/opt/rustwide/target" "-e" "CARGO_INCREMENTAL=0" "-e" "RUST_BACKTRACE=full" "-e" "RUSTFLAGS=--cap-lints=warn" "-e" "CARGO_HOME=/opt/rustwide/cargo-home" "-e" "RUSTUP_HOME=/opt/rustwide/rustup-home" "-w" "/opt/rustwide/workdir" "-m" "1610612736" "--user" "0:0" "--network" "none" "ghcr.io/rust-lang/crates-build-env/linux@sha256:34b6a614d2c27851fe6cbf88fbd1137609cefab8b10d0615aaeb6fd47975d74e" "/opt/rustwide/cargo-home/bin/cargo" "+beta-2021-08-01" "build" "--frozen" "--message-format=json", kill_on_drop: false }`
[INFO] [stdout] 717340fdc70e0ec056500ba7fc207accf7a564866ce2e9fbbd0e25b0bd596011
[INFO] running `Command { std: "docker" "start" "-a" "717340fdc70e0ec056500ba7fc207accf7a564866ce2e9fbbd0e25b0bd596011", kill_on_drop: false }`
[INFO] [stderr]    Compiling syn v1.0.74
[INFO] [stderr]    Compiling libc v0.2.98
[INFO] [stderr]    Compiling memchr v2.4.0
[INFO] [stderr]    Compiling log v0.4.14
[INFO] [stderr]    Compiling lazy_static v1.4.0
[INFO] [stderr]    Compiling futures-core v0.3.16
[INFO] [stderr]    Compiling proc-macro-hack v0.5.19
[INFO] [stderr]    Compiling slab v0.4.4
[INFO] [stderr]    Compiling futures-sink v0.3.16
[INFO] [stderr]    Compiling cfg-if v0.1.10
[INFO] [stderr]    Compiling futures-channel v0.3.16
[INFO] [stderr]    Compiling pin-project-lite v0.2.7
[INFO] [stderr]    Compiling futures-task v0.3.16
[INFO] [stderr]    Compiling proc-macro-nested v0.1.7
[INFO] [stderr]    Compiling futures-io v0.3.16
[INFO] [stderr]    Compiling pin-project-lite v0.1.12
[INFO] [stderr]    Compiling pin-utils v0.1.0
[INFO] [stderr]    Compiling bytes v0.5.6
[INFO] [stderr]    Compiling smallvec v1.6.1
[INFO] [stderr]    Compiling pin-project-internal v0.4.28
[INFO] [stderr]    Compiling scopeguard v1.1.0
[INFO] [stderr]    Compiling percent-encoding v2.1.0
[INFO] [stderr]    Compiling convert_case v0.4.0
[INFO] [stderr]    Compiling getrandom v0.1.16
[INFO] [stderr]    Compiling ryu v1.0.5
[INFO] [stderr]    Compiling either v1.6.1
[INFO] [stderr]    Compiling itoa v0.4.7
[INFO] [stderr]    Compiling copyless v0.1.5
[INFO] [stderr]    Compiling typenum v1.13.0
[INFO] [stderr]    Compiling fnv v1.0.7
[INFO] [stderr]    Compiling async-trait v0.1.51
[INFO] [stderr]    Compiling bytes v1.0.1
[INFO] [stderr]    Compiling ppv-lite86 v0.2.10
[INFO] [stderr]    Compiling unicode-segmentation v1.8.0
[INFO] [stderr]    Compiling match_cfg v0.1.0
[INFO] [stderr]    Compiling const_fn v0.4.8
[INFO] [stderr]    Compiling quick-error v1.2.3
[INFO] [stderr]    Compiling serde_json v1.0.66
[INFO] [stderr]    Compiling crc32fast v1.2.1
[INFO] [stderr]    Compiling hashbrown v0.11.2
[INFO] [stderr]    Compiling lexical-core v0.7.6
[INFO] [stderr]    Compiling httparse v1.4.1
[INFO] [stderr]    Compiling encoding_rs v0.8.28
[INFO] [stderr]    Compiling arrayvec v0.5.2
[INFO] [stderr]    Compiling opaque-debug v0.3.0
[INFO] [stderr]    Compiling byteorder v1.4.3
[INFO] [stderr]    Compiling static_assertions v1.1.0
[INFO] [stderr]    Compiling cpufeatures v0.1.5
[INFO] [stderr]    Compiling base64 v0.13.0
[INFO] [stderr]    Compiling mime v0.3.16
[INFO] [stderr]    Compiling unic-common v0.9.0
[INFO] [stderr]    Compiling unic-char-range v0.9.0
[INFO] [stderr]    Compiling oncemutex v0.1.1
[INFO] [stderr]    Compiling language-tags v0.2.2
[INFO] [stderr]    Compiling validator_types v0.12.0
[INFO] [stderr]    Compiling if_chain v1.0.1
[INFO] [stderr]    Compiling futures-macro v0.3.16
[INFO] [stderr]    Compiling futures-util v0.3.16
[INFO] [stderr]    Compiling instant v0.1.10
[INFO] [stderr]    Compiling standback v0.2.17
[INFO] [stderr]    Compiling generic-array v0.14.4
[INFO] [stderr]    Compiling lru-cache v0.1.2
[INFO] [stderr]    Compiling brotli-sys v0.3.2
[INFO] [stderr]    Compiling indexmap v1.7.0
[INFO] [stderr]    Compiling time v0.2.27
[INFO] [stderr]    Compiling cookie v0.14.4
[INFO] [stderr]    Compiling proc-macro-error-attr v1.0.4
[INFO] [stderr]    Compiling proc-macro-error v1.0.4
[INFO] [stderr]    Compiling nom v5.1.2
[INFO] [stderr]    Compiling idna v0.2.3
[INFO] [stderr]    Compiling tracing-core v0.1.18
[INFO] [stderr]    Compiling form_urlencoded v1.0.1
[INFO] [stderr]    Compiling itertools v0.9.0
[INFO] [stderr]    Compiling unic-ucd-version v0.9.0
[INFO] [stderr]    Compiling bytestring v1.0.0
[INFO] [stderr]    Compiling lock_api v0.4.4
[INFO] [stderr]    Compiling fxhash v0.2.1
[INFO] [stderr]    Compiling unic-char-property v0.9.0
[INFO] [stderr]    Compiling http v0.2.4
[INFO] [stderr]    Compiling unic-ucd-common v0.9.0
[INFO] [stderr]    Compiling heck v0.3.3
[INFO] [stderr]    Compiling aho-corasick v0.7.18
[INFO] [stderr]    Compiling quick-xml v0.18.1
[INFO] [stderr]    Compiling tracing v0.1.26
[INFO] [stderr]    Compiling url v2.2.2
[INFO] [stderr]    Compiling net2 v0.2.37
[INFO] [stderr]    Compiling iovec v0.1.4
[INFO] [stderr]    Compiling signal-hook-registry v1.4.0
[INFO] [stderr]    Compiling parking_lot_core v0.8.3
[INFO] [stderr]    Compiling num_cpus v1.13.0
[INFO] [stderr]    Compiling hostname v0.3.1
[INFO] [stderr]    Compiling flate2 v1.0.20
[INFO] [stderr]    Compiling socket2 v0.3.19
[INFO] [stderr]    Compiling resolv-conf v0.7.0
[INFO] [stderr]    Compiling rand_core v0.5.1
[INFO] [stderr]    Compiling threadpool v1.8.1
[INFO] [stderr]    Compiling regex v1.5.4
[INFO] [stderr]    Compiling parking_lot v0.11.1
[INFO] [stderr]    Compiling mio v0.6.23
[INFO] [stderr]    Compiling rand_chacha v0.2.2
[INFO] [stderr]    Compiling rand v0.7.3
[INFO] [stderr]    Compiling block-buffer v0.9.0
[INFO] [stderr]    Compiling digest v0.9.0
[INFO] [stderr]    Compiling mio-uds v0.6.8
[INFO] [stderr]    Compiling sha-1 v0.9.7
[INFO] [stderr]    Compiling tokio v0.2.25
[INFO] [stderr]    Compiling regex-cache v0.2.1
[INFO] [stderr]    Compiling card-validate v2.2.2
[INFO] [stderr]    Compiling tokio-util v0.3.1
[INFO] [stderr]    Compiling brotli2 v0.3.2
[INFO] [stderr]    Compiling serde_derive v1.0.127
[INFO] [stderr]    Compiling thiserror-impl v1.0.26
[INFO] [stderr]    Compiling derive_more v0.99.16
[INFO] [stderr]    Compiling actix-macros v0.1.3
[INFO] [stderr]    Compiling pin-project-internal v1.0.8
[INFO] [stderr]    Compiling time-macros-impl v0.1.2
[INFO] [stderr]    Compiling enum-as-inner v0.3.3
[INFO] [stderr]    Compiling actix-web-codegen v0.4.0
[INFO] [stderr]    Compiling validator_derive v0.12.0
[INFO] [stderr]    Compiling time-macros v0.1.1
[INFO] [stderr]    Compiling thiserror v1.0.26
[INFO] [stderr]    Compiling pin-project v1.0.8
[INFO] [stderr]    Compiling pin-project v0.4.28
[INFO] [stderr]    Compiling tracing-futures v0.2.5
[INFO] [stderr]    Compiling actix-codec v0.3.0
[INFO] [stderr]    Compiling actix-threadpool v0.3.3
[INFO] [stderr]    Compiling serde v1.0.127
[INFO] [stderr]    Compiling actix-service v1.0.6
[INFO] [stderr]    Compiling actix-rt v1.1.1
[INFO] [stderr]    Compiling futures v0.3.16
[INFO] [stderr]    Compiling h2 v0.2.7
[INFO] [stderr]    Compiling trust-dns-proto v0.19.7
[INFO] [stderr]    Compiling actix-utils v2.0.0
[INFO] [stderr]    Compiling actix-server v1.0.4
[INFO] [stderr]    Compiling actix-tls v2.0.0
[INFO] [stderr]    Compiling actix-testing v1.0.1
[INFO] [stderr]    Compiling trust-dns-resolver v0.19.7
[INFO] [stderr]    Compiling actix-connect v2.0.0
[INFO] [stderr]    Compiling bincode v1.3.3
[INFO] [stderr]    Compiling serde_urlencoded v0.7.0
[INFO] [stderr]    Compiling actix-router v0.2.7
[INFO] [stderr]    Compiling phonenumber v0.3.1+8.12.9
[INFO] [stderr]    Compiling actix-http v2.2.0
[INFO] [stderr]    Compiling validator v0.12.0
[INFO] [stderr]    Compiling awc v2.0.3
[INFO] [stderr]    Compiling actix-web v3.3.2
[INFO] [stderr]    Compiling validr v0.2.0 (/opt/rustwide/workdir)
[INFO] [stderr]     Finished dev [unoptimized + debuginfo] target(s) in 34.86s
[INFO] running `Command { std: "docker" "inspect" "717340fdc70e0ec056500ba7fc207accf7a564866ce2e9fbbd0e25b0bd596011", kill_on_drop: false }`
[INFO] running `Command { std: "docker" "rm" "-f" "717340fdc70e0ec056500ba7fc207accf7a564866ce2e9fbbd0e25b0bd596011", kill_on_drop: false }`
[INFO] [stdout] 717340fdc70e0ec056500ba7fc207accf7a564866ce2e9fbbd0e25b0bd596011
[INFO] running `Command { std: "docker" "create" "-v" "/var/lib/crater-agent-workspace/builds/worker-44/target:/opt/rustwide/target:rw,Z" "-v" "/var/lib/crater-agent-workspace/builds/worker-44/source:/opt/rustwide/workdir:ro,Z" "-v" "/var/lib/crater-agent-workspace/cargo-home:/opt/rustwide/cargo-home:ro,Z" "-v" "/var/lib/crater-agent-workspace/rustup-home:/opt/rustwide/rustup-home:ro,Z" "-e" "SOURCE_DIR=/opt/rustwide/workdir" "-e" "CARGO_TARGET_DIR=/opt/rustwide/target" "-e" "CARGO_INCREMENTAL=0" "-e" "RUST_BACKTRACE=full" "-e" "RUSTFLAGS=--cap-lints=warn" "-e" "CARGO_HOME=/opt/rustwide/cargo-home" "-e" "RUSTUP_HOME=/opt/rustwide/rustup-home" "-w" "/opt/rustwide/workdir" "-m" "1610612736" "--user" "0:0" "--network" "none" "ghcr.io/rust-lang/crates-build-env/linux@sha256:34b6a614d2c27851fe6cbf88fbd1137609cefab8b10d0615aaeb6fd47975d74e" "/opt/rustwide/cargo-home/bin/cargo" "+beta-2021-08-01" "test" "--frozen" "--no-run" "--message-format=json", kill_on_drop: false }`
[INFO] [stdout] 4d447b1877630e5a60e538f61c7df0fd7b4c44b4ff8082e676f781ca5f616615
[INFO] running `Command { std: "docker" "start" "-a" "4d447b1877630e5a60e538f61c7df0fd7b4c44b4ff8082e676f781ca5f616615", kill_on_drop: false }`
[INFO] [stderr]    Compiling validr v0.2.0 (/opt/rustwide/workdir)
[INFO] [stderr]     Finished test [unoptimized + debuginfo] target(s) in 10.30s
[INFO] running `Command { std: "docker" "inspect" "4d447b1877630e5a60e538f61c7df0fd7b4c44b4ff8082e676f781ca5f616615", kill_on_drop: false }`
[INFO] running `Command { std: "docker" "rm" "-f" "4d447b1877630e5a60e538f61c7df0fd7b4c44b4ff8082e676f781ca5f616615", kill_on_drop: false }`
[INFO] [stdout] 4d447b1877630e5a60e538f61c7df0fd7b4c44b4ff8082e676f781ca5f616615
[INFO] running `Command { std: "docker" "create" "-v" "/var/lib/crater-agent-workspace/builds/worker-44/target:/opt/rustwide/target:rw,Z" "-v" "/var/lib/crater-agent-workspace/builds/worker-44/source:/opt/rustwide/workdir:ro,Z" "-v" "/var/lib/crater-agent-workspace/cargo-home:/opt/rustwide/cargo-home:ro,Z" "-v" "/var/lib/crater-agent-workspace/rustup-home:/opt/rustwide/rustup-home:ro,Z" "-e" "SOURCE_DIR=/opt/rustwide/workdir" "-e" "CARGO_TARGET_DIR=/opt/rustwide/target" "-e" "CARGO_INCREMENTAL=0" "-e" "RUST_BACKTRACE=full" "-e" "RUSTFLAGS=--cap-lints=warn" "-e" "CARGO_HOME=/opt/rustwide/cargo-home" "-e" "RUSTUP_HOME=/opt/rustwide/rustup-home" "-w" "/opt/rustwide/workdir" "-m" "1610612736" "--user" "0:0" "--network" "none" "ghcr.io/rust-lang/crates-build-env/linux@sha256:34b6a614d2c27851fe6cbf88fbd1137609cefab8b10d0615aaeb6fd47975d74e" "/opt/rustwide/cargo-home/bin/cargo" "+beta-2021-08-01" "test" "--frozen", kill_on_drop: false }`
[INFO] [stdout] ba2361445ce5b8d2a3d654ee66e30d2ec63d382e692720c6fec6cafa9c85e630
[INFO] running `Command { std: "docker" "start" "-a" "ba2361445ce5b8d2a3d654ee66e30d2ec63d382e692720c6fec6cafa9c85e630", kill_on_drop: false }`
[INFO] [stderr]     Finished test [unoptimized + debuginfo] target(s) in 0.20s
[INFO] [stdout] 
[INFO] [stderr]      Running unittests (/opt/rustwide/target/debug/deps/validr-d49ab91892070f4f)
[INFO] [stdout] running 21 tests
[INFO] [stderr]    Doc-tests validr
[INFO] [stdout] test test::test_equal_to_rule ... ok
[INFO] [stdout] test test::test_actix_integration_fails_validation ... ok
[INFO] [stdout] test test::test_if_will_fail_required_name ... ok
[INFO] [stdout] test test::test_fail_accepted_rule_in_option ... ok
[INFO] [stdout] test test::test_not_equal_to_rule ... ok
[INFO] [stdout] test test::test_fail_accepted_rule ... ok
[INFO] [stdout] test test::test_it_will_trim_name ... ok
[INFO] [stdout] test test::test_if_will_fail_name_too_short ... ok
[INFO] [stdout] test test::test_if_will_fail_valid_email ... ok
[INFO] [stdout] test test::test_regular_string_in_rule_failing ... ok
[INFO] [stdout] test test::test_it_will_capitalize_name ... ok
[INFO] [stdout] test test::test_if_ip_v4_fails ... ok
[INFO] [stdout] test test::test_if_ip_fails ... ok
[INFO] [stdout] test test::test_regular_string_in_rule_passing ... ok
[INFO] [stdout] test test::test_if_ips_are_ok ... ok
[INFO] [stdout] test test::test_age_fails_range_rule ... ok
[INFO] [stdout] test test::test_if_it_fail_age_test ... ok
[INFO] [stdout] test test::test_age_fails_in_rule ... ok
[INFO] [stdout] test test::test_try_to_pass_rule_in ... ok
[INFO] [stdout] test test::test_try_to_fail_rule_in ... ok
[INFO] [stdout] test test::test_if_ip_v6_fails ... ok
[INFO] [stdout] 
[INFO] [stdout] test result: ok. 21 passed; 0 failed; 0 ignored; 0 measured; 0 filtered out; finished in 0.05s
[INFO] [stdout] 
[INFO] [stdout] 
[INFO] [stdout] running 26 tests
[INFO] [stdout] test src/lib.rs - (line 5) ... FAILED
[INFO] [stdout] test src/lib.rs - (line 97) ... FAILED
[INFO] [stdout] test src/lib.rs - (line 157) ... FAILED
[INFO] [stdout] test src/lib.rs - (line 257) ... FAILED
[INFO] [stdout] test src/lib.rs - (line 492) ... FAILED
[INFO] [stdout] test src/lib.rs - (line 237) ... FAILED
[INFO] [stdout] test src/lib.rs - (line 57) ... FAILED
[INFO] [stdout] test src/lib.rs - (line 117) ... FAILED
[INFO] [stdout] test src/lib.rs - (line 77) ... FAILED
[INFO] [stdout] test src/lib.rs - (line 362) ... FAILED
[INFO] [stdout] test src/lib.rs - (line 137) ... ok
[INFO] [stdout] test src/lib.rs - (line 276) ... FAILED
[INFO] [stdout] test src/lib.rs - (line 442) ... FAILED
[INFO] [stdout] test src/lib.rs - (line 296) ... FAILED
[INFO] [stdout] test src/lib.rs - (line 554) ... FAILED
[INFO] [stdout] test src/lib.rs - (line 402) ... ok
[INFO] [stdout] test src/lib.rs - (line 177) ... ok
[INFO] [stdout] test src/lib.rs - (line 342) ... ok
[INFO] [stdout] test src/lib.rs - (line 197) ... ok
[INFO] [stdout] test src/lib.rs - (line 534) ... ok
[INFO] [stdout] test src/lib.rs - (line 317) ... ok
[INFO] [stdout] test src/lib.rs - (line 217) ... ok
[INFO] [stdout] test src/lib.rs - (line 382) ... ok
[INFO] [stdout] test src/lib.rs - (line 472) ... ok
[INFO] [stdout] test src/lib.rs - (line 512) ... ok
[INFO] [stdout] test src/lib.rs - (line 422) ... ok
[INFO] [stdout] 
[INFO] [stdout] failures:
[INFO] [stdout] 
[INFO] [stdout] ---- src/lib.rs - (line 5) stdout ----
[INFO] [stdout] Couldn't compile the test.
[INFO] [stdout] ---- src/lib.rs - (line 97) stdout ----
[INFO] [stdout] Couldn't compile the test.
[INFO] [stdout] ---- src/lib.rs - (line 157) stdout ----
[INFO] [stdout] Couldn't compile the test.
[INFO] [stdout] ---- src/lib.rs - (line 257) stdout ----
[INFO] [stdout] Couldn't compile the test.
[INFO] [stdout] ---- src/lib.rs - (line 492) stdout ----
[INFO] [stdout] Couldn't compile the test.
[INFO] [stdout] ---- src/lib.rs - (line 237) stdout ----
[INFO] [stdout] Couldn't compile the test.
[INFO] [stdout] ---- src/lib.rs - (line 57) stdout ----
[INFO] [stdout] Couldn't compile the test.
[INFO] [stdout] ---- src/lib.rs - (line 117) stdout ----
[INFO] [stdout] Couldn't compile the test.
[INFO] [stdout] ---- src/lib.rs - (line 77) stdout ----
[INFO] [stdout] Couldn't compile the test.
[INFO] [stdout] ---- src/lib.rs - (line 362) stdout ----
[INFO] [stdout] Couldn't compile the test.
[INFO] [stdout] ---- src/lib.rs - (line 276) stdout ----
[INFO] [stdout] Couldn't compile the test.
[INFO] [stdout] ---- src/lib.rs - (line 442) stdout ----
[INFO] [stdout] Couldn't compile the test.
[INFO] [stdout] ---- src/lib.rs - (line 296) stdout ----
[INFO] [stdout] Couldn't compile the test.
[INFO] [stdout] ---- src/lib.rs - (line 554) stdout ----
[INFO] [stdout] Couldn't compile the test.
[INFO] [stdout] 
[INFO] [stdout] failures:
[INFO] [stdout]     src/lib.rs - (line 117)
[INFO] [stdout]     src/lib.rs - (line 157)
[INFO] [stdout]     src/lib.rs - (line 237)
[INFO] [stdout]     src/lib.rs - (line 257)
[INFO] [stdout]     src/lib.rs - (line 276)
[INFO] [stdout]     src/lib.rs - (line 296)
[INFO] [stdout]     src/lib.rs - (line 362)
[INFO] [stdout]     src/lib.rs - (line 442)
[INFO] [stdout]     src/lib.rs - (line 492)
[INFO] [stdout]     src/lib.rs - (line 5)
[INFO] [stdout]     src/lib.rs - (line 554)
[INFO] [stdout]     src/lib.rs - (line 57)
[INFO] [stdout]     src/lib.rs - (line 77)
[INFO] [stdout]     src/lib.rs - (line 97)
[INFO] [stdout] 
[INFO] [stdout] test result: FAILED. 12 passed; 14 failed; 0 ignored; 0 measured; 0 filtered out; finished in 2.42s
[INFO] [stdout] 
[INFO] [stderr] error: test failed, to rerun pass '--doc'
[INFO] running `Command { std: "docker" "inspect" "ba2361445ce5b8d2a3d654ee66e30d2ec63d382e692720c6fec6cafa9c85e630", kill_on_drop: false }`
[INFO] running `Command { std: "docker" "rm" "-f" "ba2361445ce5b8d2a3d654ee66e30d2ec63d382e692720c6fec6cafa9c85e630", kill_on_drop: false }`
[INFO] [stdout] ba2361445ce5b8d2a3d654ee66e30d2ec63d382e692720c6fec6cafa9c85e630
