[INFO] fetching crate validators-derive 0.22.5...
[INFO] testing validators-derive-0.22.5 against beta-2021-08-01 for beta-1.55-1
[INFO] extracting crate validators-derive 0.22.5 into /workspace/builds/worker-11/source
[INFO] validating manifest of crates.io crate validators-derive 0.22.5 on toolchain beta-2021-08-01
[INFO] running `Command { std: "/workspace/cargo-home/bin/cargo" "+beta-2021-08-01" "metadata" "--manifest-path" "Cargo.toml" "--no-deps", kill_on_drop: false }`
[INFO] started tweaking crates.io crate validators-derive 0.22.5
[INFO] finished tweaking crates.io crate validators-derive 0.22.5
[INFO] tweaked toml for crates.io crate validators-derive 0.22.5 written to /workspace/builds/worker-11/source/Cargo.toml
[INFO] running `Command { std: "/workspace/cargo-home/bin/cargo" "+beta-2021-08-01" "generate-lockfile" "--manifest-path" "Cargo.toml" "-Zno-index-update", kill_on_drop: false }`
[INFO] running `Command { std: "/workspace/cargo-home/bin/cargo" "+beta-2021-08-01" "fetch" "--manifest-path" "Cargo.toml", kill_on_drop: false }`
[INFO] [stderr]     Blocking waiting for file lock on package cache
[INFO] [stderr]  Downloading crates ...
[INFO] [stderr]   Downloaded validators v0.22.5
[INFO] [stderr]   Downloaded validators-options v0.22.1
[INFO] [stderr]   Downloaded cow-utils v0.1.2
[INFO] [stderr]   Downloaded str-utils v0.1.5
[INFO] running `Command { std: "docker" "create" "-v" "/var/lib/crater-agent-workspace/builds/worker-11/target:/opt/rustwide/target:rw,Z" "-v" "/var/lib/crater-agent-workspace/builds/worker-11/source:/opt/rustwide/workdir:ro,Z" "-v" "/var/lib/crater-agent-workspace/cargo-home:/opt/rustwide/cargo-home:ro,Z" "-v" "/var/lib/crater-agent-workspace/rustup-home:/opt/rustwide/rustup-home:ro,Z" "-e" "SOURCE_DIR=/opt/rustwide/workdir" "-e" "CARGO_TARGET_DIR=/opt/rustwide/target" "-e" "CARGO_HOME=/opt/rustwide/cargo-home" "-e" "RUSTUP_HOME=/opt/rustwide/rustup-home" "-w" "/opt/rustwide/workdir" "-m" "1610612736" "--user" "0:0" "--network" "none" "ghcr.io/rust-lang/crates-build-env/linux@sha256:34b6a614d2c27851fe6cbf88fbd1137609cefab8b10d0615aaeb6fd47975d74e" "/opt/rustwide/cargo-home/bin/cargo" "+beta-2021-08-01" "metadata" "--no-deps" "--format-version=1", kill_on_drop: false }`
[INFO] [stdout] 2127aeb06d2ba328777efe0c93f0c24ea9912763b8bd047413e4ff0e5c68ab48
[INFO] running `Command { std: "docker" "start" "-a" "2127aeb06d2ba328777efe0c93f0c24ea9912763b8bd047413e4ff0e5c68ab48", kill_on_drop: false }`
[INFO] running `Command { std: "docker" "inspect" "2127aeb06d2ba328777efe0c93f0c24ea9912763b8bd047413e4ff0e5c68ab48", kill_on_drop: false }`
[INFO] running `Command { std: "docker" "rm" "-f" "2127aeb06d2ba328777efe0c93f0c24ea9912763b8bd047413e4ff0e5c68ab48", kill_on_drop: false }`
[INFO] [stdout] 2127aeb06d2ba328777efe0c93f0c24ea9912763b8bd047413e4ff0e5c68ab48
[INFO] running `Command { std: "docker" "create" "-v" "/var/lib/crater-agent-workspace/builds/worker-11/target:/opt/rustwide/target:rw,Z" "-v" "/var/lib/crater-agent-workspace/builds/worker-11/source:/opt/rustwide/workdir:ro,Z" "-v" "/var/lib/crater-agent-workspace/cargo-home:/opt/rustwide/cargo-home:ro,Z" "-v" "/var/lib/crater-agent-workspace/rustup-home:/opt/rustwide/rustup-home:ro,Z" "-e" "SOURCE_DIR=/opt/rustwide/workdir" "-e" "CARGO_TARGET_DIR=/opt/rustwide/target" "-e" "CARGO_INCREMENTAL=0" "-e" "RUST_BACKTRACE=full" "-e" "RUSTFLAGS=--cap-lints=warn" "-e" "CARGO_HOME=/opt/rustwide/cargo-home" "-e" "RUSTUP_HOME=/opt/rustwide/rustup-home" "-w" "/opt/rustwide/workdir" "-m" "1610612736" "--user" "0:0" "--network" "none" "ghcr.io/rust-lang/crates-build-env/linux@sha256:34b6a614d2c27851fe6cbf88fbd1137609cefab8b10d0615aaeb6fd47975d74e" "/opt/rustwide/cargo-home/bin/cargo" "+beta-2021-08-01" "build" "--frozen" "--message-format=json", kill_on_drop: false }`
[INFO] [stdout] de914f21f043aa40cf6e5609b2a824fc53d6d400ba273637babdb0707ee1803d
[INFO] running `Command { std: "docker" "start" "-a" "de914f21f043aa40cf6e5609b2a824fc53d6d400ba273637babdb0707ee1803d", kill_on_drop: false }`
[INFO] [stderr]    Compiling proc-macro2 v1.0.28
[INFO] [stderr]    Compiling unicode-xid v0.2.2
[INFO] [stderr]    Compiling syn v1.0.74
[INFO] [stderr]    Compiling memchr v2.4.0
[INFO] [stderr]    Compiling version_check v0.9.3
[INFO] [stderr]    Compiling serde v1.0.127
[INFO] [stderr]    Compiling ryu v1.0.5
[INFO] [stderr]    Compiling serde_derive v1.0.127
[INFO] [stderr]    Compiling regex-syntax v0.6.25
[INFO] [stderr]    Compiling bitflags v1.2.1
[INFO] [stderr]    Compiling tinyvec_macros v0.1.0
[INFO] [stderr]    Compiling lexical-core v0.7.6
[INFO] [stderr]    Compiling matches v0.1.8
[INFO] [stderr]    Compiling linked-hash-map v0.5.4
[INFO] [stderr]    Compiling arrayvec v0.5.2
[INFO] [stderr]    Compiling ucd-trie v0.1.3
[INFO] [stderr]    Compiling static_assertions v1.1.0
[INFO] [stderr]    Compiling percent-encoding v2.1.0
[INFO] [stderr]    Compiling serde_json v1.0.66
[INFO] [stderr]    Compiling oncemutex v0.1.1
[INFO] [stderr]    Compiling either v1.6.1
[INFO] [stderr]    Compiling lazy_static v1.4.0
[INFO] [stderr]    Compiling cow-utils v0.1.2
[INFO] [stderr]    Compiling itoa v0.4.7
[INFO] [stderr]    Compiling fnv v1.0.7
[INFO] [stderr]    Compiling data-encoding v2.3.2
[INFO] [stderr]    Compiling num-traits v0.2.14
[INFO] [stderr]    Compiling num-integer v0.1.44
[INFO] [stderr]    Compiling num-bigint v0.4.0
[INFO] [stderr]    Compiling pest v2.1.3
[INFO] [stderr]    Compiling tinyvec v1.3.1
[INFO] [stderr]    Compiling unicode-bidi v0.3.5
[INFO] [stderr]    Compiling itertools v0.9.0
[INFO] [stderr]    Compiling lru-cache v0.1.2
[INFO] [stderr]    Compiling form_urlencoded v1.0.1
[INFO] [stderr]    Compiling unicase v2.6.0
[INFO] [stderr]    Compiling nom v5.1.2
[INFO] [stderr]    Compiling aho-corasick v0.7.18
[INFO] [stderr]    Compiling quick-xml v0.18.1
[INFO] [stderr]    Compiling quote v1.0.9
[INFO] [stderr]    Compiling unicode-normalization v0.1.19
[INFO] [stderr]    Compiling str-utils v0.1.5
[INFO] [stderr]    Compiling semver-parser v0.10.2
[INFO] [stderr]    Compiling semver v0.11.0
[INFO] [stderr]    Compiling regex v1.5.4
[INFO] [stderr]    Compiling idna v0.2.3
[INFO] [stderr]    Compiling url v2.2.2
[INFO] [stderr]    Compiling regex-cache v0.2.1
[INFO] [stderr]    Compiling bincode v1.3.3
[INFO] [stderr]    Compiling thiserror-impl v1.0.26
[INFO] [stderr]    Compiling enum-ordinalize v3.1.10
[INFO] [stderr]    Compiling educe v0.4.18
[INFO] [stderr]    Compiling thiserror v1.0.26
[INFO] [stderr]    Compiling validators-options v0.22.1
[INFO] [stderr]    Compiling phonenumber v0.3.1+8.12.9
[INFO] [stderr]    Compiling validators v0.22.5
[INFO] [stderr]    Compiling validators-derive v0.22.5 (/opt/rustwide/workdir)
[INFO] [stderr]     Finished dev [unoptimized + debuginfo] target(s) in 38.69s
[INFO] running `Command { std: "docker" "inspect" "de914f21f043aa40cf6e5609b2a824fc53d6d400ba273637babdb0707ee1803d", kill_on_drop: false }`
[INFO] running `Command { std: "docker" "rm" "-f" "de914f21f043aa40cf6e5609b2a824fc53d6d400ba273637babdb0707ee1803d", kill_on_drop: false }`
[INFO] [stdout] de914f21f043aa40cf6e5609b2a824fc53d6d400ba273637babdb0707ee1803d
[INFO] running `Command { std: "docker" "create" "-v" "/var/lib/crater-agent-workspace/builds/worker-11/target:/opt/rustwide/target:rw,Z" "-v" "/var/lib/crater-agent-workspace/builds/worker-11/source:/opt/rustwide/workdir:ro,Z" "-v" "/var/lib/crater-agent-workspace/cargo-home:/opt/rustwide/cargo-home:ro,Z" "-v" "/var/lib/crater-agent-workspace/rustup-home:/opt/rustwide/rustup-home:ro,Z" "-e" "SOURCE_DIR=/opt/rustwide/workdir" "-e" "CARGO_TARGET_DIR=/opt/rustwide/target" "-e" "CARGO_INCREMENTAL=0" "-e" "RUST_BACKTRACE=full" "-e" "RUSTFLAGS=--cap-lints=warn" "-e" "CARGO_HOME=/opt/rustwide/cargo-home" "-e" "RUSTUP_HOME=/opt/rustwide/rustup-home" "-w" "/opt/rustwide/workdir" "-m" "1610612736" "--user" "0:0" "--network" "none" "ghcr.io/rust-lang/crates-build-env/linux@sha256:34b6a614d2c27851fe6cbf88fbd1137609cefab8b10d0615aaeb6fd47975d74e" "/opt/rustwide/cargo-home/bin/cargo" "+beta-2021-08-01" "test" "--frozen" "--no-run" "--message-format=json", kill_on_drop: false }`
[INFO] [stdout] 6f4b94a03f65aa0cc2b5cdd1f0a124cd519102335d2f50ba7327e0a442ab439d
[INFO] running `Command { std: "docker" "start" "-a" "6f4b94a03f65aa0cc2b5cdd1f0a124cd519102335d2f50ba7327e0a442ab439d", kill_on_drop: false }`
[INFO] [stderr]    Compiling once_cell v1.8.0
[INFO] [stderr]    Compiling validators-derive v0.22.5 (/opt/rustwide/workdir)
[INFO] [stderr]     Finished test [unoptimized + debuginfo] target(s) in 13.57s
[INFO] running `Command { std: "docker" "inspect" "6f4b94a03f65aa0cc2b5cdd1f0a124cd519102335d2f50ba7327e0a442ab439d", kill_on_drop: false }`
[INFO] running `Command { std: "docker" "rm" "-f" "6f4b94a03f65aa0cc2b5cdd1f0a124cd519102335d2f50ba7327e0a442ab439d", kill_on_drop: false }`
[INFO] [stdout] 6f4b94a03f65aa0cc2b5cdd1f0a124cd519102335d2f50ba7327e0a442ab439d
[INFO] running `Command { std: "docker" "create" "-v" "/var/lib/crater-agent-workspace/builds/worker-11/target:/opt/rustwide/target:rw,Z" "-v" "/var/lib/crater-agent-workspace/builds/worker-11/source:/opt/rustwide/workdir:ro,Z" "-v" "/var/lib/crater-agent-workspace/cargo-home:/opt/rustwide/cargo-home:ro,Z" "-v" "/var/lib/crater-agent-workspace/rustup-home:/opt/rustwide/rustup-home:ro,Z" "-e" "SOURCE_DIR=/opt/rustwide/workdir" "-e" "CARGO_TARGET_DIR=/opt/rustwide/target" "-e" "CARGO_INCREMENTAL=0" "-e" "RUST_BACKTRACE=full" "-e" "RUSTFLAGS=--cap-lints=warn" "-e" "CARGO_HOME=/opt/rustwide/cargo-home" "-e" "RUSTUP_HOME=/opt/rustwide/rustup-home" "-w" "/opt/rustwide/workdir" "-m" "1610612736" "--user" "0:0" "--network" "none" "ghcr.io/rust-lang/crates-build-env/linux@sha256:34b6a614d2c27851fe6cbf88fbd1137609cefab8b10d0615aaeb6fd47975d74e" "/opt/rustwide/cargo-home/bin/cargo" "+beta-2021-08-01" "test" "--frozen", kill_on_drop: false }`
[INFO] [stdout] ced48b97cbd9c9e58bcf1d38f4cd3c27c15a9db01e84ee1ad9c69faa2d91e6ce
[INFO] running `Command { std: "docker" "start" "-a" "ced48b97cbd9c9e58bcf1d38f4cd3c27c15a9db01e84ee1ad9c69faa2d91e6ce", kill_on_drop: false }`
[INFO] [stderr]     Finished test [unoptimized + debuginfo] target(s) in 0.14s
[INFO] [stderr]      Running unittests (/opt/rustwide/target/debug/deps/validators_derive-6495053c8bc42389)
[INFO] [stdout] 
[INFO] [stdout] running 0 tests
[INFO] [stdout] 
[INFO] [stdout] test result: ok. 0 passed; 0 failed; 0 ignored; 0 measured; 0 filtered out; finished in 0.00s
[INFO] [stdout] 
[INFO] [stderr]    Doc-tests validators-derive
[INFO] [stdout] 
[INFO] [stdout] running 30 tests
[INFO] [stdout] test src/lib.rs - (line 250) ... FAILED
[INFO] [stdout] test src/lib.rs - (line 220) ... FAILED
[INFO] [stdout] test src/lib.rs - (line 777) ... FAILED
[INFO] [stdout] test src/lib.rs - (line 288) ... FAILED
[INFO] [stdout] test src/lib.rs - (line 13) ... ok
[INFO] [stdout] test src/lib.rs - (line 432) ... FAILED
[INFO] [stdout] test src/lib.rs - (line 554) ... FAILED
[INFO] [stdout] test src/lib.rs - (line 595) ... FAILED
[INFO] [stdout] test src/lib.rs - (line 171) ... FAILED
[INFO] [stdout] test src/lib.rs - (line 98) ... FAILED
[INFO] [stdout] test src/lib.rs - (line 79) ... FAILED
[INFO] [stdout] test src/lib.rs - (line 135) ... FAILED
[INFO] [stdout] test src/lib.rs - (line 189) ... FAILED
[INFO] [stdout] test src/lib.rs - (line 525) ... FAILED
[INFO] [stdout] test src/lib.rs - (line 504) ... FAILED
[INFO] [stdout] test src/lib.rs - (line 361) ... FAILED
[INFO] [stdout] test src/lib.rs - (line 116) ... ok
[INFO] [stdout] test src/lib.rs - (line 665) ... FAILED
[INFO] [stdout] test src/lib.rs - (line 153) ... FAILED
[INFO] [stdout] test src/lib.rs - (line 387) ... FAILED
[INFO] [stdout] test src/lib.rs - (line 481) ... FAILED
[INFO] [stdout] test src/lib.rs - (line 461) ... ok
[INFO] [stdout] test src/lib.rs - (line 409) ... ok
[INFO] [stdout] test src/lib.rs - (line 734) ... ok
[INFO] [stdout] test src/lib.rs - (line 335) ... FAILED
[INFO] [stdout] test src/lib.rs - (line 713) ... FAILED
[INFO] [stdout] test src/lib.rs - (line 645) ... ok
[INFO] [stdout] test src/lib.rs - (line 311) ... FAILED
[INFO] [stdout] test src/lib.rs - (line 685) ... ok
[INFO] [stdout] test src/lib.rs - (line 754) ... ok
[INFO] [stdout] 
[INFO] [stdout] failures:
[INFO] [stdout] 
[INFO] [stdout] ---- src/lib.rs - (line 250) stdout ----
[INFO] [stdout] Couldn't compile the test.
[INFO] [stdout] ---- src/lib.rs - (line 220) stdout ----
[INFO] [stdout] Couldn't compile the test.
[INFO] [stdout] ---- src/lib.rs - (line 777) stdout ----
[INFO] [stdout] Couldn't compile the test.
[INFO] [stdout] ---- src/lib.rs - (line 288) stdout ----
[INFO] [stdout] Couldn't compile the test.
[INFO] [stdout] ---- src/lib.rs - (line 432) stdout ----
[INFO] [stdout] Couldn't compile the test.
[INFO] [stdout] ---- src/lib.rs - (line 554) stdout ----
[INFO] [stdout] Couldn't compile the test.
[INFO] [stdout] ---- src/lib.rs - (line 595) stdout ----
[INFO] [stdout] Couldn't compile the test.
[INFO] [stdout] ---- src/lib.rs - (line 171) stdout ----
[INFO] [stdout] Couldn't compile the test.
[INFO] [stdout] ---- src/lib.rs - (line 98) stdout ----
[INFO] [stdout] Couldn't compile the test.
[INFO] [stdout] ---- src/lib.rs - (line 79) stdout ----
[INFO] [stdout] Couldn't compile the test.
[INFO] [stdout] ---- src/lib.rs - (line 135) stdout ----
[INFO] [stdout] Couldn't compile the test.
[INFO] [stdout] ---- src/lib.rs - (line 189) stdout ----
[INFO] [stdout] Couldn't compile the test.
[INFO] [stdout] ---- src/lib.rs - (line 525) stdout ----
[INFO] [stdout] Couldn't compile the test.
[INFO] [stdout] ---- src/lib.rs - (line 504) stdout ----
[INFO] [stdout] Couldn't compile the test.
[INFO] [stdout] ---- src/lib.rs - (line 361) stdout ----
[INFO] [stdout] Couldn't compile the test.
[INFO] [stdout] ---- src/lib.rs - (line 665) stdout ----
[INFO] [stdout] Couldn't compile the test.
[INFO] [stdout] ---- src/lib.rs - (line 153) stdout ----
[INFO] [stdout] Couldn't compile the test.
[INFO] [stdout] ---- src/lib.rs - (line 387) stdout ----
[INFO] [stdout] Couldn't compile the test.
[INFO] [stdout] ---- src/lib.rs - (line 481) stdout ----
[INFO] [stdout] Couldn't compile the test.
[INFO] [stdout] ---- src/lib.rs - (line 335) stdout ----
[INFO] [stdout] Couldn't compile the test.
[INFO] [stdout] ---- src/lib.rs - (line 713) stdout ----
[INFO] [stdout] Couldn't compile the test.
[INFO] [stdout] ---- src/lib.rs - (line 311) stdout ----
[INFO] [stdout] Couldn't compile the test.
[INFO] [stdout] 
[INFO] [stdout] failures:
[INFO] [stdout]     src/lib.rs - (line 135)
[INFO] [stdout]     src/lib.rs - (line 153)
[INFO] [stdout]     src/lib.rs - (line 171)
[INFO] [stdout]     src/lib.rs - (line 189)
[INFO] [stdout]     src/lib.rs - (line 220)
[INFO] [stdout]     src/lib.rs - (line 250)
[INFO] [stdout]     src/lib.rs - (line 288)
[INFO] [stdout]     src/lib.rs - (line 311)
[INFO] [stdout]     src/lib.rs - (line 335)
[INFO] [stdout]     src/lib.rs - (line 361)
[INFO] [stdout]     src/lib.rs - (line 387)
[INFO] [stdout]     src/lib.rs - (line 432)
[INFO] [stdout]     src/lib.rs - (line 481)
[INFO] [stdout]     src/lib.rs - (line 504)
[INFO] [stdout]     src/lib.rs - (line 525)
[INFO] [stdout]     src/lib.rs - (line 554)
[INFO] [stdout]     src/lib.rs - (line 595)
[INFO] [stdout]     src/lib.rs - (line 665)
[INFO] [stdout]     src/lib.rs - (line 713)
[INFO] [stdout]     src/lib.rs - (line 777)
[INFO] [stdout]     src/lib.rs - (line 79)
[INFO] [stdout]     src/lib.rs - (line 98)
[INFO] [stdout] 
[INFO] [stdout] test result: FAILED. 8 passed; 22 failed; 0 ignored; 0 measured; 0 filtered out; finished in 1.67s
[INFO] [stdout] 
[INFO] [stderr] error: test failed, to rerun pass '--doc'
[INFO] running `Command { std: "docker" "inspect" "ced48b97cbd9c9e58bcf1d38f4cd3c27c15a9db01e84ee1ad9c69faa2d91e6ce", kill_on_drop: false }`
[INFO] running `Command { std: "docker" "rm" "-f" "ced48b97cbd9c9e58bcf1d38f4cd3c27c15a9db01e84ee1ad9c69faa2d91e6ce", kill_on_drop: false }`
[INFO] [stdout] ced48b97cbd9c9e58bcf1d38f4cd3c27c15a9db01e84ee1ad9c69faa2d91e6ce
