[INFO] fetching crate valico 3.6.0...
[INFO] testing valico-3.6.0 against beta-2021-08-01 for beta-1.55-1
[INFO] extracting crate valico 3.6.0 into /workspace/builds/worker-62/source
[INFO] validating manifest of crates.io crate valico 3.6.0 on toolchain beta-2021-08-01
[INFO] running `Command { std: "/workspace/cargo-home/bin/cargo" "+beta-2021-08-01" "metadata" "--manifest-path" "Cargo.toml" "--no-deps", kill_on_drop: false }`
[INFO] started tweaking crates.io crate valico 3.6.0
[INFO] removed 0 missing tests
[INFO] finished tweaking crates.io crate valico 3.6.0
[INFO] tweaked toml for crates.io crate valico 3.6.0 written to /workspace/builds/worker-62/source/Cargo.toml
[INFO] crate crates.io crate valico 3.6.0 already has a lockfile, it will not be regenerated
[INFO] running `Command { std: "/workspace/cargo-home/bin/cargo" "+beta-2021-08-01" "fetch" "--manifest-path" "Cargo.toml", kill_on_drop: false }`
[INFO] [stderr]  Downloading crates ...
[INFO] [stderr]   Downloaded uritemplate-next v0.2.0
[INFO] [stderr]   Downloaded json-pointer v0.3.4
[INFO] running `Command { std: "docker" "create" "-v" "/var/lib/crater-agent-workspace/builds/worker-62/target:/opt/rustwide/target:rw,Z" "-v" "/var/lib/crater-agent-workspace/builds/worker-62/source:/opt/rustwide/workdir:ro,Z" "-v" "/var/lib/crater-agent-workspace/cargo-home:/opt/rustwide/cargo-home:ro,Z" "-v" "/var/lib/crater-agent-workspace/rustup-home:/opt/rustwide/rustup-home:ro,Z" "-e" "SOURCE_DIR=/opt/rustwide/workdir" "-e" "CARGO_TARGET_DIR=/opt/rustwide/target" "-e" "CARGO_HOME=/opt/rustwide/cargo-home" "-e" "RUSTUP_HOME=/opt/rustwide/rustup-home" "-w" "/opt/rustwide/workdir" "-m" "1610612736" "--user" "0:0" "--network" "none" "ghcr.io/rust-lang/crates-build-env/linux@sha256:34b6a614d2c27851fe6cbf88fbd1137609cefab8b10d0615aaeb6fd47975d74e" "/opt/rustwide/cargo-home/bin/cargo" "+beta-2021-08-01" "metadata" "--no-deps" "--format-version=1", kill_on_drop: false }`
[INFO] [stdout] 903a2972711d02968a81de953c13bc41b670393e87101365420aed500c78b3ce
[INFO] running `Command { std: "docker" "start" "-a" "903a2972711d02968a81de953c13bc41b670393e87101365420aed500c78b3ce", kill_on_drop: false }`
[INFO] running `Command { std: "docker" "inspect" "903a2972711d02968a81de953c13bc41b670393e87101365420aed500c78b3ce", kill_on_drop: false }`
[INFO] running `Command { std: "docker" "rm" "-f" "903a2972711d02968a81de953c13bc41b670393e87101365420aed500c78b3ce", kill_on_drop: false }`
[INFO] [stdout] 903a2972711d02968a81de953c13bc41b670393e87101365420aed500c78b3ce
[INFO] running `Command { std: "docker" "create" "-v" "/var/lib/crater-agent-workspace/builds/worker-62/target:/opt/rustwide/target:rw,Z" "-v" "/var/lib/crater-agent-workspace/builds/worker-62/source:/opt/rustwide/workdir:ro,Z" "-v" "/var/lib/crater-agent-workspace/cargo-home:/opt/rustwide/cargo-home:ro,Z" "-v" "/var/lib/crater-agent-workspace/rustup-home:/opt/rustwide/rustup-home:ro,Z" "-e" "SOURCE_DIR=/opt/rustwide/workdir" "-e" "CARGO_TARGET_DIR=/opt/rustwide/target" "-e" "CARGO_INCREMENTAL=0" "-e" "RUST_BACKTRACE=full" "-e" "RUSTFLAGS=--cap-lints=warn" "-e" "CARGO_HOME=/opt/rustwide/cargo-home" "-e" "RUSTUP_HOME=/opt/rustwide/rustup-home" "-w" "/opt/rustwide/workdir" "-m" "1610612736" "--user" "0:0" "--network" "none" "ghcr.io/rust-lang/crates-build-env/linux@sha256:34b6a614d2c27851fe6cbf88fbd1137609cefab8b10d0615aaeb6fd47975d74e" "/opt/rustwide/cargo-home/bin/cargo" "+beta-2021-08-01" "build" "--frozen" "--message-format=json", kill_on_drop: false }`
[INFO] [stdout] 98aec4df08cd6a6e9fc40d4d08cf00e15e9a952725b2efbc21b5b1bb7c3bd50f
[INFO] running `Command { std: "docker" "start" "-a" "98aec4df08cd6a6e9fc40d4d08cf00e15e9a952725b2efbc21b5b1bb7c3bd50f", kill_on_drop: false }`
[INFO] [stderr]     Blocking waiting for file lock on package cache
[INFO] [stderr]    Compiling libc v0.2.81
[INFO] [stderr]    Compiling getrandom v0.1.15
[INFO] [stderr]    Compiling cfg-if v0.1.10
[INFO] [stderr]    Compiling autocfg v1.0.1
[INFO] [stderr]    Compiling ppv-lite86 v0.2.10
[INFO] [stderr]    Compiling memchr v2.3.4
[INFO] [stderr]    Compiling siphasher v0.3.3
[INFO] [stderr]    Compiling serde v1.0.118
[INFO] [stderr]    Compiling tinyvec_macros v0.1.0
[INFO] [stderr]    Compiling ryu v1.0.5
[INFO] [stderr]    Compiling matches v0.1.8
[INFO] [stderr]    Compiling version_check v0.9.2
[INFO] [stderr]    Compiling serde_json v1.0.60
[INFO] [stderr]    Compiling lazy_static v1.4.0
[INFO] [stderr]    Compiling regex-syntax v0.6.21
[INFO] [stderr]    Compiling itoa v0.4.6
[INFO] [stderr]    Compiling percent-encoding v2.1.0
[INFO] [stderr]    Compiling base64 v0.13.0
[INFO] [stderr]    Compiling unicode-bidi v0.3.4
[INFO] [stderr]    Compiling tinyvec v1.1.0
[INFO] [stderr]    Compiling thread_local v1.0.1
[INFO] [stderr]    Compiling phf_shared v0.8.0
[INFO] [stderr]    Compiling form_urlencoded v1.0.0
[INFO] [stderr]    Compiling error-chain v0.12.4
[INFO] [stderr]    Compiling phf v0.8.0
[INFO] [stderr]    Compiling num-traits v0.2.14
[INFO] [stderr]    Compiling num-integer v0.1.44
[INFO] [stderr]    Compiling aho-corasick v0.7.15
[INFO] [stderr]    Compiling unicode-normalization v0.1.16
[INFO] [stderr]    Compiling time v0.1.44
[INFO] [stderr]    Compiling rand_core v0.5.1
[INFO] [stderr]    Compiling rand_pcg v0.2.1
[INFO] [stderr]    Compiling rand_chacha v0.2.2
[INFO] [stderr]    Compiling rand v0.7.3
[INFO] [stderr]    Compiling idna v0.2.0
[INFO] [stderr]    Compiling regex v1.4.2
[INFO] [stderr]    Compiling chrono v0.4.19
[INFO] [stderr]    Compiling url v2.2.0
[INFO] [stderr]    Compiling phf_generator v0.8.0
[INFO] [stderr]    Compiling uuid v0.8.1
[INFO] [stderr]    Compiling phf_codegen v0.8.0
[INFO] [stderr]    Compiling valico v3.6.0 (/opt/rustwide/workdir)
[INFO] [stderr]    Compiling uritemplate-next v0.2.0
[INFO] [stderr]    Compiling publicsuffix v1.5.4
[INFO] [stderr]    Compiling json-pointer v0.3.4
[INFO] [stderr]    Compiling jsonway v2.0.0
[INFO] [stderr]     Finished dev [unoptimized + debuginfo] target(s) in 13.22s
[INFO] running `Command { std: "docker" "inspect" "98aec4df08cd6a6e9fc40d4d08cf00e15e9a952725b2efbc21b5b1bb7c3bd50f", kill_on_drop: false }`
[INFO] running `Command { std: "docker" "rm" "-f" "98aec4df08cd6a6e9fc40d4d08cf00e15e9a952725b2efbc21b5b1bb7c3bd50f", kill_on_drop: false }`
[INFO] [stdout] 98aec4df08cd6a6e9fc40d4d08cf00e15e9a952725b2efbc21b5b1bb7c3bd50f
[INFO] running `Command { std: "docker" "create" "-v" "/var/lib/crater-agent-workspace/builds/worker-62/target:/opt/rustwide/target:rw,Z" "-v" "/var/lib/crater-agent-workspace/builds/worker-62/source:/opt/rustwide/workdir:ro,Z" "-v" "/var/lib/crater-agent-workspace/cargo-home:/opt/rustwide/cargo-home:ro,Z" "-v" "/var/lib/crater-agent-workspace/rustup-home:/opt/rustwide/rustup-home:ro,Z" "-e" "SOURCE_DIR=/opt/rustwide/workdir" "-e" "CARGO_TARGET_DIR=/opt/rustwide/target" "-e" "CARGO_INCREMENTAL=0" "-e" "RUST_BACKTRACE=full" "-e" "RUSTFLAGS=--cap-lints=warn" "-e" "CARGO_HOME=/opt/rustwide/cargo-home" "-e" "RUSTUP_HOME=/opt/rustwide/rustup-home" "-w" "/opt/rustwide/workdir" "-m" "1610612736" "--user" "0:0" "--network" "none" "ghcr.io/rust-lang/crates-build-env/linux@sha256:34b6a614d2c27851fe6cbf88fbd1137609cefab8b10d0615aaeb6fd47975d74e" "/opt/rustwide/cargo-home/bin/cargo" "+beta-2021-08-01" "test" "--frozen" "--no-run" "--message-format=json", kill_on_drop: false }`
[INFO] [stdout] 0ce4139fa3b6e4390186378101777941e229b7905825cbdbb142a0b61cc3dc20
[INFO] running `Command { std: "docker" "start" "-a" "0ce4139fa3b6e4390186378101777941e229b7905825cbdbb142a0b61cc3dc20", kill_on_drop: false }`
[INFO] [stderr]    Compiling valico v3.6.0 (/opt/rustwide/workdir)
[INFO] [stdout] warning: panic message is not a string literal
[INFO] [stdout]   --> src/json_schema/keywords/conditional.rs:69:31
[INFO] [stdout]    |
[INFO] [stdout] 69 |     assert!(!schema.is_err(), schema.err().unwrap().to_string());
[INFO] [stdout]    |                               ^^^^^^^^^^^^^^^^^^^^^^^^^^^^^^^^^
[INFO] [stdout]    |
[INFO] [stdout]    = note: `#[warn(non_fmt_panics)]` on by default
[INFO] [stdout]    = note: this usage of panic!() is deprecated; it will be a hard error in Rust 2021
[INFO] [stdout]    = note: for more information, see <https://doc.rust-lang.org/nightly/edition-guide/rust-2021/panic-macro-consistency.html>
[INFO] [stdout] help: add a "{}" format string to Display the message
[INFO] [stdout]    |
[INFO] [stdout] 69 |     assert!(!schema.is_err(), "{}", schema.err().unwrap().to_string());
[INFO] [stdout]    |                               ^^^^^
[INFO] [stdout] 
[INFO] [stdout] 
[INFO] [stdout] warning: panic message is not a string literal
[INFO] [stdout]   --> src/json_schema/keywords/conditional.rs:97:31
[INFO] [stdout]    |
[INFO] [stdout] 97 |     assert!(!schema.is_err(), schema.err().unwrap().to_string());
[INFO] [stdout]    |                               ^^^^^^^^^^^^^^^^^^^^^^^^^^^^^^^^^
[INFO] [stdout]    |
[INFO] [stdout]    = note: this usage of panic!() is deprecated; it will be a hard error in Rust 2021
[INFO] [stdout]    = note: for more information, see <https://doc.rust-lang.org/nightly/edition-guide/rust-2021/panic-macro-consistency.html>
[INFO] [stdout] help: add a "{}" format string to Display the message
[INFO] [stdout]    |
[INFO] [stdout] 97 |     assert!(!schema.is_err(), "{}", schema.err().unwrap().to_string());
[INFO] [stdout]    |                               ^^^^^
[INFO] [stdout] 
[INFO] [stdout] 
[INFO] [stdout] warning: 2 warnings emitted
[INFO] [stdout] 
[INFO] [stdout] 
[INFO] [stderr]     Finished test [unoptimized + debuginfo] target(s) in 5.28s
[INFO] running `Command { std: "docker" "inspect" "0ce4139fa3b6e4390186378101777941e229b7905825cbdbb142a0b61cc3dc20", kill_on_drop: false }`
[INFO] running `Command { std: "docker" "rm" "-f" "0ce4139fa3b6e4390186378101777941e229b7905825cbdbb142a0b61cc3dc20", kill_on_drop: false }`
[INFO] [stdout] 0ce4139fa3b6e4390186378101777941e229b7905825cbdbb142a0b61cc3dc20
[INFO] running `Command { std: "docker" "create" "-v" "/var/lib/crater-agent-workspace/builds/worker-62/target:/opt/rustwide/target:rw,Z" "-v" "/var/lib/crater-agent-workspace/builds/worker-62/source:/opt/rustwide/workdir:ro,Z" "-v" "/var/lib/crater-agent-workspace/cargo-home:/opt/rustwide/cargo-home:ro,Z" "-v" "/var/lib/crater-agent-workspace/rustup-home:/opt/rustwide/rustup-home:ro,Z" "-e" "SOURCE_DIR=/opt/rustwide/workdir" "-e" "CARGO_TARGET_DIR=/opt/rustwide/target" "-e" "CARGO_INCREMENTAL=0" "-e" "RUST_BACKTRACE=full" "-e" "RUSTFLAGS=--cap-lints=warn" "-e" "CARGO_HOME=/opt/rustwide/cargo-home" "-e" "RUSTUP_HOME=/opt/rustwide/rustup-home" "-w" "/opt/rustwide/workdir" "-m" "1610612736" "--user" "0:0" "--network" "none" "ghcr.io/rust-lang/crates-build-env/linux@sha256:34b6a614d2c27851fe6cbf88fbd1137609cefab8b10d0615aaeb6fd47975d74e" "/opt/rustwide/cargo-home/bin/cargo" "+beta-2021-08-01" "test" "--frozen", kill_on_drop: false }`
[INFO] [stdout] f70c507e20e5ed598462e16f11e203589ceb207acd82fd71734d8e97af1d12d6
[INFO] running `Command { std: "docker" "start" "-a" "f70c507e20e5ed598462e16f11e203589ceb207acd82fd71734d8e97af1d12d6", kill_on_drop: false }`
[INFO] [stderr]     Blocking waiting for file lock on package cache
[INFO] [stderr]     Blocking waiting for file lock on package cache
[INFO] [stderr] warning: panic message is not a string literal
[INFO] [stderr]   --> src/json_schema/keywords/conditional.rs:69:31
[INFO] [stderr]    |
[INFO] [stderr] 69 |     assert!(!schema.is_err(), schema.err().unwrap().to_string());
[INFO] [stderr]    |                               ^^^^^^^^^^^^^^^^^^^^^^^^^^^^^^^^^
[INFO] [stderr]    |
[INFO] [stderr]    = note: `#[warn(non_fmt_panics)]` on by default
[INFO] [stderr]    = note: this usage of panic!() is deprecated; it will be a hard error in Rust 2021
[INFO] [stderr]    = note: for more information, see <https://doc.rust-lang.org/nightly/edition-guide/rust-2021/panic-macro-consistency.html>
[INFO] [stderr] help: add a "{}" format string to Display the message
[INFO] [stderr]    |
[INFO] [stderr] 69 |     assert!(!schema.is_err(), "{}", schema.err().unwrap().to_string());
[INFO] [stderr]    |                               ^^^^^
[INFO] [stderr] 
[INFO] [stderr] warning: panic message is not a string literal
[INFO] [stderr]   --> src/json_schema/keywords/conditional.rs:97:31
[INFO] [stderr]    |
[INFO] [stderr] 97 |     assert!(!schema.is_err(), schema.err().unwrap().to_string());
[INFO] [stderr]    |                               ^^^^^^^^^^^^^^^^^^^^^^^^^^^^^^^^^
[INFO] [stderr]    |
[INFO] [stderr]    = note: this usage of panic!() is deprecated; it will be a hard error in Rust 2021
[INFO] [stderr]    = note: for more information, see <https://doc.rust-lang.org/nightly/edition-guide/rust-2021/panic-macro-consistency.html>
[INFO] [stderr] help: add a "{}" format string to Display the message
[INFO] [stderr]    |
[INFO] [stderr] 97 |     assert!(!schema.is_err(), "{}", schema.err().unwrap().to_string());
[INFO] [stderr]    |                               ^^^^^
[INFO] [stderr] 
[INFO] [stderr] warning: `valico` (lib test) generated 2 warnings
[INFO] [stderr]     Finished test [unoptimized + debuginfo] target(s) in 0.50s
[INFO] [stderr]      Running unittests (/opt/rustwide/target/debug/deps/valico-11ffdda483112f79)
[INFO] [stdout] 
[INFO] [stdout] running 88 tests
[INFO] [stdout] test json_schema::keywords::conditional::validate_if_then ... ok
[INFO] [stdout] test json_schema::keywords::conditional::validate_if_then_else ... ok
[INFO] [stdout] test json_schema::keywords::contains::tests::default_for_first ... ok
[INFO] [stdout] test json_schema::keywords::contains::tests::no_default_for_schema ... ok
[INFO] [stdout] test json_schema::keywords::contains::tests::no_default_when_not_needed ... ok
[INFO] [stdout] test json_schema::keywords::dependencies::default_when_needed ... ok
[INFO] [stdout] test json_schema::keywords::dependencies::malformed ... ok
[INFO] [stdout] test json_schema::keywords::dependencies::no_default_for_schema ... ok
[INFO] [stdout] test json_schema::keywords::enum_::malformed ... ok
[INFO] [stdout] test json_schema::keywords::dependencies::no_default_otherwise2 ... ok
[INFO] [stdout] test json_schema::keywords::format::validate_date_time ... ok
[INFO] [stdout] test json_schema::keywords::format::validate_hostname ... ok
[INFO] [stdout] test json_schema::keywords::enum_::validate ... ok
[INFO] [stdout] test json_schema::keywords::format::validate_email ... ok
[INFO] [stdout] test json_schema::keywords::format::validate_date ... ok
[INFO] [stdout] test json_schema::keywords::format::validate_ipv6 ... ok
[INFO] [stdout] test json_schema::keywords::dependencies::no_default_otherwise ... ok
[INFO] [stdout] test json_schema::keywords::items::default_for_schema ... ok
[INFO] [stdout] test json_schema::keywords::maxmin::mailformed_minumum ... ok
[INFO] [stdout] test json_schema::keywords::maxmin::mailformed_exclusive_minumum ... ok
[INFO] [stdout] test json_schema::keywords::maxmin::mailformed_exclusive_maximum ... ok
[INFO] [stdout] test json_schema::keywords::items::no_default_otherwise ... ok
[INFO] [stdout] test json_schema::keywords::items::default_when_needed ... ok
[INFO] [stdout] test json_schema::keywords::items::validate_items_with_schema ... ok
[INFO] [stdout] test json_schema::keywords::items::validate_items_with_array_of_schemes ... ok
[INFO] [stdout] test json_schema::keywords::dependencies::validate_dependencies ... ok
[INFO] [stdout] test json_schema::keywords::items::validate_items_with_array_of_schemes_with_additional_bool ... ok
[INFO] [stdout] test json_schema::keywords::maxmin::validate_exclusive_minimum ... ok
[INFO] [stdout] test json_schema::keywords::format::validate_json_pointer ... ok
[INFO] [stdout] test json_schema::keywords::maxmin::validate_minumum ... ok
[INFO] [stdout] test json_schema::keywords::maxmin::validate_exclusive_maximum ... ok
[INFO] [stdout] test json_schema::keywords::format::validate_uri ... ok
[INFO] [stdout] test json_schema::keywords::format::validate_ipv4 ... ok
[INFO] [stdout] test json_schema::keywords::maxmin::validate_maximum ... ok
[INFO] [stdout] test json_schema::keywords::maxmin::mailformed_maximum ... ok
[INFO] [stdout] test json_schema::keywords::items::validate_items_with_array_of_schemes_with_additional_schema ... ok
[INFO] [stdout] test json_schema::keywords::format::validate_uuid ... ok
[INFO] [stdout] test json_schema::keywords::maxmin_items::malformed_max_items ... ok
[INFO] [stdout] test json_schema::keywords::maxmin_items::validate_min_items ... ok
[INFO] [stdout] test json_schema::keywords::maxmin_length::validate_min_length ... ok
[INFO] [stdout] test json_schema::keywords::maxmin_length::malformed_max_length ... ok
[INFO] [stdout] test json_schema::keywords::maxmin_items::validate_max_items ... ok
[INFO] [stdout] test json_schema::keywords::maxmin_length::validate_max_length ... ok
[INFO] [stdout] test json_schema::keywords::maxmin_length::malformed_min_length ... ok
[INFO] [stdout] test json_schema::keywords::maxmin_items::malformed_min_items ... ok
[INFO] [stdout] test json_schema::keywords::maxmin_properties::malformed_min_properties ... ok
[INFO] [stdout] test json_schema::keywords::maxmin_properties::malformed_max_properties ... ok
[INFO] [stdout] test json_schema::keywords::format::validate_time ... FAILED
[INFO] [stdout] test json_schema::keywords::maxmin_properties::validate_max_properties ... ok
[INFO] [stdout] test json_schema::keywords::maxmin_properties::validate_min_properties ... ok
[INFO] [stdout] test json_schema::keywords::of::divergent_defaults ... ok
[INFO] [stdout] test json_schema::keywords::multiple_of::validate ... ok
[INFO] [stdout] test json_schema::keywords::of::no_default_for_schema ... ok
[INFO] [stdout] test json_schema::keywords::of::default_when_needed ... ok
[INFO] [stdout] test json_schema::keywords::multiple_of::malformed ... ok
[INFO] [stdout] test json_schema::keywords::of::conflicting_defaults ... ok
[INFO] [stdout] test json_schema::keywords::of::validate_any_of ... ok
[INFO] [stdout] test json_schema::keywords::ref_::default_when_needed ... ok
[INFO] [stdout] test json_schema::keywords::of::default_when_needed2 ... ok
[INFO] [stdout] test json_schema::keywords::pattern::mailformed ... ok
[INFO] [stdout] test json_schema::keywords::properties::validate_properties ... ok
[INFO] [stdout] test json_schema::keywords::ref_::no_default_otherwise ... ok
[INFO] [stdout] test json_schema::keywords::of::validate_all_of ... ok
[INFO] [stdout] test json_schema::keywords::properties::validate_additional_properties_schema ... ok
[INFO] [stdout] test json_schema::keywords::of::validate_one_of ... ok
[INFO] [stdout] test json_schema::keywords::pattern::validate ... ok
[INFO] [stdout] test json_schema::keywords::properties::malformed ... ok
[INFO] [stdout] test json_schema::keywords::properties::validate_additional_properties_false ... ok
[INFO] [stdout] test json_schema::keywords::of::no_default_otherwise ... ok
[INFO] [stdout] test json_schema::keywords::type_::validate_boolean ... ok
[INFO] [stdout] test json_schema::keywords::ref_::default_for_schema ... ok
[INFO] [stdout] test json_schema::schema::schema_compiles_boolean_schema ... ok
[INFO] [stdout] test json_schema::keywords::type_::validate_array ... ok
[INFO] [stdout] test json_schema::keywords::properties::validate_kw_properties ... ok
[INFO] [stdout] test json_schema::schema::schema_doesnt_compile_not_object ... ok
[INFO] [stdout] test json_schema::scope::lookup ... ok
[INFO] [stdout] test json_schema::keywords::type_::malformed ... ok
[INFO] [stdout] test json_schema::keywords::type_::validate_object ... ok
[INFO] [stdout] test json_schema::keywords::type_::validate_null ... ok
[INFO] [stdout] test json_schema::keywords::type_::validate_integer ... ok
[INFO] [stdout] test json_schema::keywords::type_::validate_set ... ok
[INFO] [stdout] test json_schema::keywords::unique_items::validate_unique_items ... ok
[INFO] [stdout] test json_schema::keywords::type_::validate_string ... ok
[INFO] [stdout] test json_schema::keywords::required::validate ... ok
[INFO] [stdout] test json_schema::keywords::ref_::validate ... ok
[INFO] [stdout] test json_schema::keywords::required::malformed ... ok
[INFO] [stdout] test json_schema::keywords::type_::validate_number ... ok
[INFO] [stdout] test json_schema::keywords::properties::validate_pattern_properties ... ok
[INFO] [stdout] 
[INFO] [stdout] failures:
[INFO] [stdout] 
[INFO] [stdout] ---- json_schema::keywords::format::validate_time stdout ----
[INFO] [stdout] thread 'json_schema::keywords::format::validate_time' panicked at 'assertion failed: `(left == right)`
[INFO] [stdout]   left: `true`,
[INFO] [stdout]  right: `false`', src/json_schema/keywords/format.rs:240:5
[INFO] [stdout] stack backtrace:
[INFO] [stdout]    0:     0x5560a19086d0 - std::backtrace_rs::backtrace::libunwind::trace::hff4d1766e93f64f1
[INFO] [stdout]                                at /rustc/53fd98ca776cb875bc9e5514f56b52eb74f9e7a9/library/std/src/../../backtrace/src/backtrace/libunwind.rs:90:5
[INFO] [stdout]    1:     0x5560a19086d0 - std::backtrace_rs::backtrace::trace_unsynchronized::h56bbc8eb78770bcb
[INFO] [stdout]                                at /rustc/53fd98ca776cb875bc9e5514f56b52eb74f9e7a9/library/std/src/../../backtrace/src/backtrace/mod.rs:66:5
[INFO] [stdout]    2:     0x5560a19086d0 - std::sys_common::backtrace::_print_fmt::h5c8e75464faca780
[INFO] [stdout]                                at /rustc/53fd98ca776cb875bc9e5514f56b52eb74f9e7a9/library/std/src/sys_common/backtrace.rs:67:5
[INFO] [stdout]    3:     0x5560a19086d0 - <std::sys_common::backtrace::_print::DisplayBacktrace as core::fmt::Display>::fmt::h48b88277def8b362
[INFO] [stdout]                                at /rustc/53fd98ca776cb875bc9e5514f56b52eb74f9e7a9/library/std/src/sys_common/backtrace.rs:46:22
[INFO] [stdout]    4:     0x5560a192c6cc - core::fmt::write::h3381b3176fe2b3d3
[INFO] [stdout]                                at /rustc/53fd98ca776cb875bc9e5514f56b52eb74f9e7a9/library/core/src/fmt/mod.rs:1115:17
[INFO] [stdout]    5:     0x5560a1903695 - std::io::Write::write_fmt::h5f34a676f60246b5
[INFO] [stdout]                                at /rustc/53fd98ca776cb875bc9e5514f56b52eb74f9e7a9/library/std/src/io/mod.rs:1665:15
[INFO] [stdout]    6:     0x5560a190a84b - std::sys_common::backtrace::_print::ha537687d6c17dd0d
[INFO] [stdout]                                at /rustc/53fd98ca776cb875bc9e5514f56b52eb74f9e7a9/library/std/src/sys_common/backtrace.rs:49:5
[INFO] [stdout]    7:     0x5560a190a84b - std::sys_common::backtrace::print::h61376ae57d131d72
[INFO] [stdout]                                at /rustc/53fd98ca776cb875bc9e5514f56b52eb74f9e7a9/library/std/src/sys_common/backtrace.rs:36:9
[INFO] [stdout]    8:     0x5560a190a84b - std::panicking::default_hook::{{closure}}::h0f7208c0b9644a54
[INFO] [stdout]                                at /rustc/53fd98ca776cb875bc9e5514f56b52eb74f9e7a9/library/std/src/panicking.rs:208:50
[INFO] [stdout]    9:     0x5560a190a35c - std::panicking::default_hook::hdac7fc06578c14ce
[INFO] [stdout]                                at /rustc/53fd98ca776cb875bc9e5514f56b52eb74f9e7a9/library/std/src/panicking.rs:222:9
[INFO] [stdout]   10:     0x5560a190af14 - std::panicking::rust_panic_with_hook::h72b21c283da3d1ef
[INFO] [stdout]                                at /rustc/53fd98ca776cb875bc9e5514f56b52eb74f9e7a9/library/std/src/panicking.rs:622:17
[INFO] [stdout]   11:     0x5560a190a9f7 - std::panicking::begin_panic_handler::{{closure}}::he5778f1729cff84a
[INFO] [stdout]                                at /rustc/53fd98ca776cb875bc9e5514f56b52eb74f9e7a9/library/std/src/panicking.rs:519:13
[INFO] [stdout]   12:     0x5560a1908bac - std::sys_common::backtrace::__rust_end_short_backtrace::h2d11ca8b453b4b1d
[INFO] [stdout]                                at /rustc/53fd98ca776cb875bc9e5514f56b52eb74f9e7a9/library/std/src/sys_common/backtrace.rs:141:18
[INFO] [stdout]   13:     0x5560a190a959 - rust_begin_unwind
[INFO] [stdout]                                at /rustc/53fd98ca776cb875bc9e5514f56b52eb74f9e7a9/library/std/src/panicking.rs:515:5
[INFO] [stdout]   14:     0x5560a155d951 - core::panicking::panic_fmt::hf9de31d4acbce4db
[INFO] [stdout]                                at /rustc/53fd98ca776cb875bc9e5514f56b52eb74f9e7a9/library/core/src/panicking.rs:92:14
[INFO] [stdout]   15:     0x5560a192ad38 - core::panicking::assert_failed_inner::h62e8cb2847a6e7ec
[INFO] [stdout]   16:     0x5560a15adcba - core::panicking::assert_failed::h9a67e516178fe70c
[INFO] [stdout]                                at /rustc/53fd98ca776cb875bc9e5514f56b52eb74f9e7a9/library/core/src/panicking.rs:117:5
[INFO] [stdout]   17:     0x5560a15b9c0c - valico::json_schema::keywords::format::validate_time::h6dae866729f00cad
[INFO] [stdout]                                at /opt/rustwide/workdir/src/json_schema/keywords/format.rs:240:5
[INFO] [stdout]   18:     0x5560a15b99ba - valico::json_schema::keywords::format::validate_time::{{closure}}::h666c87c7d977a198
[INFO] [stdout]                                at /opt/rustwide/workdir/src/json_schema/keywords/format.rs:227:1
[INFO] [stdout]   19:     0x5560a15f9fde - core::ops::function::FnOnce::call_once::h1323942d230a230b
[INFO] [stdout]                                at /rustc/53fd98ca776cb875bc9e5514f56b52eb74f9e7a9/library/core/src/ops/function.rs:227:5
[INFO] [stdout]   20:     0x5560a1652083 - core::ops::function::FnOnce::call_once::hbb52c4519d3137b0
[INFO] [stdout]                                at /rustc/53fd98ca776cb875bc9e5514f56b52eb74f9e7a9/library/core/src/ops/function.rs:227:5
[INFO] [stdout]   21:     0x5560a1652083 - test::__rust_begin_short_backtrace::h86fe3a2a5a5121af
[INFO] [stdout]                                at /rustc/53fd98ca776cb875bc9e5514f56b52eb74f9e7a9/library/test/src/lib.rs:578:5
[INFO] [stdout]   22:     0x5560a1650b38 - <alloc::boxed::Box<F,A> as core::ops::function::FnOnce<Args>>::call_once::hfd956bc3d57399be
[INFO] [stdout]                                at /rustc/53fd98ca776cb875bc9e5514f56b52eb74f9e7a9/library/alloc/src/boxed.rs:1572:9
[INFO] [stdout]   23:     0x5560a1650b38 - <std::panic::AssertUnwindSafe<F> as core::ops::function::FnOnce<()>>::call_once::h40dc93e0ddb5938a
[INFO] [stdout]                                at /rustc/53fd98ca776cb875bc9e5514f56b52eb74f9e7a9/library/std/src/panic.rs:347:9
[INFO] [stdout]   24:     0x5560a1650b38 - std::panicking::try::do_call::h90d07750cb47c562
[INFO] [stdout]                                at /rustc/53fd98ca776cb875bc9e5514f56b52eb74f9e7a9/library/std/src/panicking.rs:401:40
[INFO] [stdout]   25:     0x5560a1650b38 - std::panicking::try::h063c84733ad2a629
[INFO] [stdout]                                at /rustc/53fd98ca776cb875bc9e5514f56b52eb74f9e7a9/library/std/src/panicking.rs:365:19
[INFO] [stdout]   26:     0x5560a1650b38 - std::panic::catch_unwind::h0c464836a84e7c08
[INFO] [stdout]                                at /rustc/53fd98ca776cb875bc9e5514f56b52eb74f9e7a9/library/std/src/panic.rs:434:14
[INFO] [stdout]   27:     0x5560a1650b38 - test::run_test_in_process::h5cb06ef620b157fc
[INFO] [stdout]                                at /rustc/53fd98ca776cb875bc9e5514f56b52eb74f9e7a9/library/test/src/lib.rs:601:18
[INFO] [stdout]   28:     0x5560a1650b38 - test::run_test::run_test_inner::{{closure}}::h76f677f4b93f9828
[INFO] [stdout]                                at /rustc/53fd98ca776cb875bc9e5514f56b52eb74f9e7a9/library/test/src/lib.rs:493:39
[INFO] [stdout]   29:     0x5560a161f2cd - test::run_test::run_test_inner::{{closure}}::h366d01fe04f4d67a
[INFO] [stdout]                                at /rustc/53fd98ca776cb875bc9e5514f56b52eb74f9e7a9/library/test/src/lib.rs:520:37
[INFO] [stdout]   30:     0x5560a161f2cd - std::sys_common::backtrace::__rust_begin_short_backtrace::h7dfa0de4eb395af2
[INFO] [stdout]                                at /rustc/53fd98ca776cb875bc9e5514f56b52eb74f9e7a9/library/std/src/sys_common/backtrace.rs:125:18
[INFO] [stdout]   31:     0x5560a1623a98 - std::thread::Builder::spawn_unchecked::{{closure}}::{{closure}}::hf0a74bb58798037f
[INFO] [stdout]                                at /rustc/53fd98ca776cb875bc9e5514f56b52eb74f9e7a9/library/std/src/thread/mod.rs:476:17
[INFO] [stdout]   32:     0x5560a1623a98 - <std::panic::AssertUnwindSafe<F> as core::ops::function::FnOnce<()>>::call_once::hb024e854818586ac
[INFO] [stdout]                                at /rustc/53fd98ca776cb875bc9e5514f56b52eb74f9e7a9/library/std/src/panic.rs:347:9
[INFO] [stdout]   33:     0x5560a1623a98 - std::panicking::try::do_call::hb2dd9f1d0d48e41d
[INFO] [stdout]                                at /rustc/53fd98ca776cb875bc9e5514f56b52eb74f9e7a9/library/std/src/panicking.rs:401:40
[INFO] [stdout]   34:     0x5560a1623a98 - std::panicking::try::h4717ae7bac8b2bf3
[INFO] [stdout]                                at /rustc/53fd98ca776cb875bc9e5514f56b52eb74f9e7a9/library/std/src/panicking.rs:365:19
[INFO] [stdout]   35:     0x5560a1623a98 - std::panic::catch_unwind::h0dc8a061326ce8d8
[INFO] [stdout]                                at /rustc/53fd98ca776cb875bc9e5514f56b52eb74f9e7a9/library/std/src/panic.rs:434:14
[INFO] [stdout]   36:     0x5560a1623a98 - std::thread::Builder::spawn_unchecked::{{closure}}::haa369e2d6fd00aa1
[INFO] [stdout]                                at /rustc/53fd98ca776cb875bc9e5514f56b52eb74f9e7a9/library/std/src/thread/mod.rs:475:30
[INFO] [stdout]   37:     0x5560a1623a98 - core::ops::function::FnOnce::call_once{{vtable.shim}}::h36dcf3de8b056f17
[INFO] [stdout]                                at /rustc/53fd98ca776cb875bc9e5514f56b52eb74f9e7a9/library/core/src/ops/function.rs:227:5
[INFO] [stdout]   38:     0x5560a190fa87 - <alloc::boxed::Box<F,A> as core::ops::function::FnOnce<Args>>::call_once::h65c29e4642be2358
[INFO] [stdout]                                at /rustc/53fd98ca776cb875bc9e5514f56b52eb74f9e7a9/library/alloc/src/boxed.rs:1572:9
[INFO] [stdout]   39:     0x5560a190fa87 - <alloc::boxed::Box<F,A> as core::ops::function::FnOnce<Args>>::call_once::hd0f8f7fbbd9fffbf
[INFO] [stdout]                                at /rustc/53fd98ca776cb875bc9e5514f56b52eb74f9e7a9/library/alloc/src/boxed.rs:1572:9
[INFO] [stdout]   40:     0x5560a190fa87 - std::sys::unix::thread::Thread::new::thread_start::h2fd22fee3ca77b65
[INFO] [stdout]                                at /rustc/53fd98ca776cb875bc9e5514f56b52eb74f9e7a9/library/std/src/sys/unix/thread.rs:74:17
[INFO] [stdout]   41:     0x7fed7ae8c609 - start_thread
[INFO] [stdout]   42:     0x7fed7ac5e293 - clone
[INFO] [stdout]   43:                0x0 - <unknown>
[INFO] [stdout] 
[INFO] [stdout] 
[INFO] [stdout] failures:
[INFO] [stdout]     json_schema::keywords::format::validate_time
[INFO] [stdout] 
[INFO] [stdout] test result: FAILED. 87 passed; 1 failed; 0 ignored; 0 measured; 0 filtered out; finished in 0.27s
[INFO] [stdout] 
[INFO] [stderr] error: test failed, to rerun pass '--lib'
[INFO] running `Command { std: "docker" "inspect" "f70c507e20e5ed598462e16f11e203589ceb207acd82fd71734d8e97af1d12d6", kill_on_drop: false }`
[INFO] running `Command { std: "docker" "rm" "-f" "f70c507e20e5ed598462e16f11e203589ceb207acd82fd71734d8e97af1d12d6", kill_on_drop: false }`
[INFO] [stdout] f70c507e20e5ed598462e16f11e203589ceb207acd82fd71734d8e97af1d12d6
