[INFO] fetching crate va-ts 0.0.4...
[INFO] testing va-ts-0.0.4 against 1.54.0 for beta-1.55-1
[INFO] extracting crate va-ts 0.0.4 into /workspace/builds/worker-73/source
[INFO] validating manifest of crates.io crate va-ts 0.0.4 on toolchain 1.54.0
[INFO] running `Command { std: "/workspace/cargo-home/bin/cargo" "+1.54.0" "metadata" "--manifest-path" "Cargo.toml" "--no-deps", kill_on_drop: false }`
[INFO] started tweaking crates.io crate va-ts 0.0.4
[INFO] finished tweaking crates.io crate va-ts 0.0.4
[INFO] tweaked toml for crates.io crate va-ts 0.0.4 written to /workspace/builds/worker-73/source/Cargo.toml
[INFO] crate crates.io crate va-ts 0.0.4 already has a lockfile, it will not be regenerated
[INFO] running `Command { std: "/workspace/cargo-home/bin/cargo" "+1.54.0" "fetch" "--manifest-path" "Cargo.toml", kill_on_drop: false }`
[INFO] [stderr]     Blocking waiting for file lock on package cache
[INFO] [stderr]     Blocking waiting for file lock on package cache
[INFO] running `Command { std: "docker" "create" "-v" "/var/lib/crater-agent-workspace/builds/worker-73/target:/opt/rustwide/target:rw,Z" "-v" "/var/lib/crater-agent-workspace/builds/worker-73/source:/opt/rustwide/workdir:ro,Z" "-v" "/var/lib/crater-agent-workspace/cargo-home:/opt/rustwide/cargo-home:ro,Z" "-v" "/var/lib/crater-agent-workspace/rustup-home:/opt/rustwide/rustup-home:ro,Z" "-e" "SOURCE_DIR=/opt/rustwide/workdir" "-e" "CARGO_TARGET_DIR=/opt/rustwide/target" "-e" "CARGO_HOME=/opt/rustwide/cargo-home" "-e" "RUSTUP_HOME=/opt/rustwide/rustup-home" "-w" "/opt/rustwide/workdir" "-m" "1610612736" "--user" "0:0" "--network" "none" "ghcr.io/rust-lang/crates-build-env/linux@sha256:34b6a614d2c27851fe6cbf88fbd1137609cefab8b10d0615aaeb6fd47975d74e" "/opt/rustwide/cargo-home/bin/cargo" "+1.54.0" "metadata" "--no-deps" "--format-version=1", kill_on_drop: false }`
[INFO] [stdout] dd572bcd951069a70dc39ec5ad593cdb004f26bf9f2d29ceff1cf1b544693886
[INFO] running `Command { std: "docker" "start" "-a" "dd572bcd951069a70dc39ec5ad593cdb004f26bf9f2d29ceff1cf1b544693886", kill_on_drop: false }`
[INFO] running `Command { std: "docker" "inspect" "dd572bcd951069a70dc39ec5ad593cdb004f26bf9f2d29ceff1cf1b544693886", kill_on_drop: false }`
[INFO] running `Command { std: "docker" "rm" "-f" "dd572bcd951069a70dc39ec5ad593cdb004f26bf9f2d29ceff1cf1b544693886", kill_on_drop: false }`
[INFO] [stdout] dd572bcd951069a70dc39ec5ad593cdb004f26bf9f2d29ceff1cf1b544693886
[INFO] running `Command { std: "docker" "create" "-v" "/var/lib/crater-agent-workspace/builds/worker-73/target:/opt/rustwide/target:rw,Z" "-v" "/var/lib/crater-agent-workspace/builds/worker-73/source:/opt/rustwide/workdir:ro,Z" "-v" "/var/lib/crater-agent-workspace/cargo-home:/opt/rustwide/cargo-home:ro,Z" "-v" "/var/lib/crater-agent-workspace/rustup-home:/opt/rustwide/rustup-home:ro,Z" "-e" "SOURCE_DIR=/opt/rustwide/workdir" "-e" "CARGO_TARGET_DIR=/opt/rustwide/target" "-e" "CARGO_INCREMENTAL=0" "-e" "RUST_BACKTRACE=full" "-e" "RUSTFLAGS=--cap-lints=warn" "-e" "CARGO_HOME=/opt/rustwide/cargo-home" "-e" "RUSTUP_HOME=/opt/rustwide/rustup-home" "-w" "/opt/rustwide/workdir" "-m" "1610612736" "--user" "0:0" "--network" "none" "ghcr.io/rust-lang/crates-build-env/linux@sha256:34b6a614d2c27851fe6cbf88fbd1137609cefab8b10d0615aaeb6fd47975d74e" "/opt/rustwide/cargo-home/bin/cargo" "+1.54.0" "build" "--frozen" "--message-format=json", kill_on_drop: false }`
[INFO] [stdout] f755cfe04b9e742ecebf48278f4d8c8817481b3a805e5e3ef1d5d4540b1da7e3
[INFO] running `Command { std: "docker" "start" "-a" "f755cfe04b9e742ecebf48278f4d8c8817481b3a805e5e3ef1d5d4540b1da7e3", kill_on_drop: false }`
[INFO] [stderr]    Compiling autocfg v0.1.6
[INFO] [stderr]    Compiling libc v0.2.49
[INFO] [stderr]    Compiling encoding_rs v0.8.17
[INFO] [stderr]    Compiling cfg-if v0.1.9
[INFO] [stderr]    Compiling num-traits v0.2.8
[INFO] [stderr]    Compiling num-integer v0.1.41
[INFO] [stderr]    Compiling time v0.1.42
[INFO] [stderr]    Compiling chrono v0.4.8
[INFO] [stderr]    Compiling va-ts v0.0.4 (/opt/rustwide/workdir)
[INFO] [stdout] warning: unnecessary parentheses around type
[INFO] [stdout]    --> src/demuxer.rs:462:58
[INFO] [stdout]     |
[INFO] [stdout] 462 |     pub fn demux_tables(&mut self, raw: &[u8]) -> Result<(bool)> {
[INFO] [stdout]     |                                                          ^^^^^^ help: remove these parentheses
[INFO] [stdout]     |
[INFO] [stdout]     = note: `#[warn(unused_parens)]` on by default
[INFO] [stdout] 
[INFO] [stdout] 
[INFO] [stdout] warning: use of deprecated associated function `std::error::Error::description`: use the Display impl or to_string()
[INFO] [stdout]   --> src/error.rs:42:18
[INFO] [stdout]    |
[INFO] [stdout] 42 |             self.description()
[INFO] [stdout]    |                  ^^^^^^^^^^^
[INFO] [stdout]    |
[INFO] [stdout]    = note: `#[warn(deprecated)]` on by default
[INFO] [stdout] 
[INFO] [stdout] 
[INFO] [stdout] warning: use of deprecated associated function `std::error::Error::description`: use the Display impl or to_string()
[INFO] [stdout]   --> src/error.rs:88:38
[INFO] [stdout]    |
[INFO] [stdout] 88 |             Kind::Io(ref err) => err.description(),
[INFO] [stdout]    |                                      ^^^^^^^^^^^
[INFO] [stdout] 
[INFO] [stdout] 
[INFO] [stdout] warning: 3 warnings emitted
[INFO] [stdout] 
[INFO] [stdout] 
[INFO] [stderr]     Finished dev [unoptimized + debuginfo] target(s) in 5.98s
[INFO] running `Command { std: "docker" "inspect" "f755cfe04b9e742ecebf48278f4d8c8817481b3a805e5e3ef1d5d4540b1da7e3", kill_on_drop: false }`
[INFO] running `Command { std: "docker" "rm" "-f" "f755cfe04b9e742ecebf48278f4d8c8817481b3a805e5e3ef1d5d4540b1da7e3", kill_on_drop: false }`
[INFO] [stdout] f755cfe04b9e742ecebf48278f4d8c8817481b3a805e5e3ef1d5d4540b1da7e3
[INFO] running `Command { std: "docker" "create" "-v" "/var/lib/crater-agent-workspace/builds/worker-73/target:/opt/rustwide/target:rw,Z" "-v" "/var/lib/crater-agent-workspace/builds/worker-73/source:/opt/rustwide/workdir:ro,Z" "-v" "/var/lib/crater-agent-workspace/cargo-home:/opt/rustwide/cargo-home:ro,Z" "-v" "/var/lib/crater-agent-workspace/rustup-home:/opt/rustwide/rustup-home:ro,Z" "-e" "SOURCE_DIR=/opt/rustwide/workdir" "-e" "CARGO_TARGET_DIR=/opt/rustwide/target" "-e" "CARGO_INCREMENTAL=0" "-e" "RUST_BACKTRACE=full" "-e" "RUSTFLAGS=--cap-lints=warn" "-e" "CARGO_HOME=/opt/rustwide/cargo-home" "-e" "RUSTUP_HOME=/opt/rustwide/rustup-home" "-w" "/opt/rustwide/workdir" "-m" "1610612736" "--user" "0:0" "--network" "none" "ghcr.io/rust-lang/crates-build-env/linux@sha256:34b6a614d2c27851fe6cbf88fbd1137609cefab8b10d0615aaeb6fd47975d74e" "/opt/rustwide/cargo-home/bin/cargo" "+1.54.0" "test" "--frozen" "--no-run" "--message-format=json", kill_on_drop: false }`
[INFO] [stdout] a4917571263e661f5515535bd066ab1c964e6bc579a0f93053549db39de71edc
[INFO] running `Command { std: "docker" "start" "-a" "a4917571263e661f5515535bd066ab1c964e6bc579a0f93053549db39de71edc", kill_on_drop: false }`
[INFO] [stderr]    Compiling matches v0.1.8
[INFO] [stderr]    Compiling bitflags v1.1.0
[INFO] [stderr]    Compiling smallvec v0.6.9
[INFO] [stderr]    Compiling percent-encoding v2.1.0
[INFO] [stderr]    Compiling unicode-width v0.1.5
[INFO] [stderr]    Compiling strsim v0.8.0
[INFO] [stderr]    Compiling vec_map v0.8.1
[INFO] [stderr]    Compiling ansi_term v0.11.0
[INFO] [stderr]    Compiling atty v0.2.13
[INFO] [stdout] warning: unnecessary parentheses around type
[INFO] [stdout]    --> src/demuxer.rs:462:58
[INFO] [stdout]     |
[INFO] [stdout] 462 |     pub fn demux_tables(&mut self, raw: &[u8]) -> Result<(bool)> {
[INFO] [stdout]     |                                                          ^^^^^^ help: remove these parentheses
[INFO] [stdout]     |
[INFO] [stdout]     = note: `#[warn(unused_parens)]` on by default
[INFO] [stdout] 
[INFO] [stdout] 
[INFO] [stdout] warning: use of deprecated associated function `std::error::Error::description`: use the Display impl or to_string()
[INFO] [stdout]   --> src/error.rs:42:18
[INFO] [stdout]    |
[INFO] [stdout] 42 |             self.description()
[INFO] [stdout]    |                  ^^^^^^^^^^^
[INFO] [stdout]    |
[INFO] [stdout]    = note: `#[warn(deprecated)]` on by default
[INFO] [stdout] 
[INFO] [stdout] 
[INFO] [stdout] warning: use of deprecated associated function `std::error::Error::description`: use the Display impl or to_string()
[INFO] [stdout]   --> src/error.rs:88:38
[INFO] [stdout]    |
[INFO] [stdout] 88 |             Kind::Io(ref err) => err.description(),
[INFO] [stdout]    |                                      ^^^^^^^^^^^
[INFO] [stdout] 
[INFO] [stdout] 
[INFO] [stdout] warning: 3 warnings emitted
[INFO] [stdout] 
[INFO] [stdout] 
[INFO] [stderr]    Compiling unicode-bidi v0.3.4
[INFO] [stderr]    Compiling textwrap v0.11.0
[INFO] [stderr]    Compiling form_urlencoded v1.0.0
[INFO] [stderr]    Compiling unicode-normalization v0.1.8
[INFO] [stderr]    Compiling clap v2.33.0
[INFO] [stderr]    Compiling idna v0.2.0
[INFO] [stderr]    Compiling url v2.2.0
[INFO] [stderr]    Compiling va-ts v0.0.4 (/opt/rustwide/workdir)
[INFO] [stdout] warning: unnecessary parentheses around type
[INFO] [stdout]    --> src/demuxer.rs:462:58
[INFO] [stdout]     |
[INFO] [stdout] 462 |     pub fn demux_tables(&mut self, raw: &[u8]) -> Result<(bool)> {
[INFO] [stdout]     |                                                          ^^^^^^ help: remove these parentheses
[INFO] [stdout]     |
[INFO] [stdout]     = note: `#[warn(unused_parens)]` on by default
[INFO] [stdout] 
[INFO] [stdout] 
[INFO] [stdout] warning: use of deprecated associated function `std::error::Error::description`: use the Display impl or to_string()
[INFO] [stdout]   --> examples/probe/error.rs:69:60
[INFO] [stdout]    |
[INFO] [stdout] 69 |         write!(f, r#"(:error {:?} ("{}""#, self.kind, self.description())?;
[INFO] [stdout]    |                                                            ^^^^^^^^^^^
[INFO] [stdout]    |
[INFO] [stdout]    = note: `#[warn(deprecated)]` on by default
[INFO] [stdout] 
[INFO] [stdout] 
[INFO] [stdout] warning: use of deprecated associated function `std::error::Error::description`: use the Display impl or to_string()
[INFO] [stdout]   --> examples/probe/error.rs:84:44
[INFO] [stdout]    |
[INFO] [stdout] 84 |             Kind::Encoding(ref err) => err.description(),
[INFO] [stdout]    |                                            ^^^^^^^^^^^
[INFO] [stdout] 
[INFO] [stdout] 
[INFO] [stdout] warning: use of deprecated associated function `std::error::Error::description`: use the Display impl or to_string()
[INFO] [stdout]   --> examples/probe/error.rs:85:38
[INFO] [stdout]    |
[INFO] [stdout] 85 |             Kind::Io(ref err) => err.description(),
[INFO] [stdout]    |                                      ^^^^^^^^^^^
[INFO] [stdout] 
[INFO] [stdout] 
[INFO] [stdout] warning: use of deprecated associated function `std::error::Error::description`: use the Display impl or to_string()
[INFO] [stdout]   --> examples/probe/error.rs:86:39
[INFO] [stdout]    |
[INFO] [stdout] 86 |             Kind::Fmt(ref err) => err.description(),
[INFO] [stdout]    |                                       ^^^^^^^^^^^
[INFO] [stdout] 
[INFO] [stdout] 
[INFO] [stdout] warning: use of deprecated associated function `std::error::Error::description`: use the Display impl or to_string()
[INFO] [stdout]   --> examples/probe/error.rs:88:38
[INFO] [stdout]    |
[INFO] [stdout] 88 |             Kind::Ts(ref err) => err.description(),
[INFO] [stdout]    |                                      ^^^^^^^^^^^
[INFO] [stdout] 
[INFO] [stdout] 
[INFO] [stdout] warning: use of deprecated associated function `std::error::Error::description`: use the Display impl or to_string()
[INFO] [stdout]   --> examples/probe/error.rs:90:43
[INFO] [stdout]    |
[INFO] [stdout] 90 |             Kind::Unknown(ref err) => err.description(),
[INFO] [stdout]    |                                           ^^^^^^^^^^^
[INFO] [stdout] 
[INFO] [stdout] 
[INFO] [stdout] warning: use of deprecated associated function `std::error::Error::description`: use the Display impl or to_string()
[INFO] [stdout]   --> src/error.rs:42:18
[INFO] [stdout]    |
[INFO] [stdout] 42 |             self.description()
[INFO] [stdout]    |                  ^^^^^^^^^^^
[INFO] [stdout]    |
[INFO] [stdout]    = note: `#[warn(deprecated)]` on by default
[INFO] [stdout] 
[INFO] [stdout] 
[INFO] [stdout] warning: use of deprecated associated function `std::error::Error::description`: use the Display impl or to_string()
[INFO] [stdout]   --> src/error.rs:88:38
[INFO] [stdout]    |
[INFO] [stdout] 88 |             Kind::Io(ref err) => err.description(),
[INFO] [stdout]    |                                      ^^^^^^^^^^^
[INFO] [stdout] 
[INFO] [stdout] 
[INFO] [stdout] warning: 3 warnings emitted
[INFO] [stdout] 
[INFO] [stdout] 
[INFO] [stdout] warning: 6 warnings emitted
[INFO] [stdout] 
[INFO] [stdout] 
[INFO] [stderr]     Finished test [unoptimized + debuginfo] target(s) in 9.68s
[INFO] running `Command { std: "docker" "inspect" "a4917571263e661f5515535bd066ab1c964e6bc579a0f93053549db39de71edc", kill_on_drop: false }`
[INFO] running `Command { std: "docker" "rm" "-f" "a4917571263e661f5515535bd066ab1c964e6bc579a0f93053549db39de71edc", kill_on_drop: false }`
[INFO] [stdout] a4917571263e661f5515535bd066ab1c964e6bc579a0f93053549db39de71edc
[INFO] running `Command { std: "docker" "create" "-v" "/var/lib/crater-agent-workspace/builds/worker-73/target:/opt/rustwide/target:rw,Z" "-v" "/var/lib/crater-agent-workspace/builds/worker-73/source:/opt/rustwide/workdir:ro,Z" "-v" "/var/lib/crater-agent-workspace/cargo-home:/opt/rustwide/cargo-home:ro,Z" "-v" "/var/lib/crater-agent-workspace/rustup-home:/opt/rustwide/rustup-home:ro,Z" "-e" "SOURCE_DIR=/opt/rustwide/workdir" "-e" "CARGO_TARGET_DIR=/opt/rustwide/target" "-e" "CARGO_INCREMENTAL=0" "-e" "RUST_BACKTRACE=full" "-e" "RUSTFLAGS=--cap-lints=warn" "-e" "CARGO_HOME=/opt/rustwide/cargo-home" "-e" "RUSTUP_HOME=/opt/rustwide/rustup-home" "-w" "/opt/rustwide/workdir" "-m" "1610612736" "--user" "0:0" "--network" "none" "ghcr.io/rust-lang/crates-build-env/linux@sha256:34b6a614d2c27851fe6cbf88fbd1137609cefab8b10d0615aaeb6fd47975d74e" "/opt/rustwide/cargo-home/bin/cargo" "+1.54.0" "test" "--frozen", kill_on_drop: false }`
[INFO] [stdout] f81868558ccbd75df19b5675e65a1018b60d4597fef1331010a34e98c67013e5
[INFO] running `Command { std: "docker" "start" "-a" "f81868558ccbd75df19b5675e65a1018b60d4597fef1331010a34e98c67013e5", kill_on_drop: false }`
[INFO] [stderr] warning: unnecessary parentheses around type
[INFO] [stderr]    --> src/demuxer.rs:462:58
[INFO] [stderr]     |
[INFO] [stderr] 462 |     pub fn demux_tables(&mut self, raw: &[u8]) -> Result<(bool)> {
[INFO] [stderr]     |                                                          ^^^^^^ help: remove these parentheses
[INFO] [stderr]     |
[INFO] [stderr]     = note: `#[warn(unused_parens)]` on by default
[INFO] [stderr] 
[INFO] [stderr] warning: use of deprecated associated function `std::error::Error::description`: use the Display impl or to_string()
[INFO] [stderr]   --> src/error.rs:42:18
[INFO] [stderr]    |
[INFO] [stderr] 42 |             self.description()
[INFO] [stderr]    |                  ^^^^^^^^^^^
[INFO] [stderr]    |
[INFO] [stderr]    = note: `#[warn(deprecated)]` on by default
[INFO] [stderr] 
[INFO] [stderr] warning: use of deprecated associated function `std::error::Error::description`: use the Display impl or to_string()
[INFO] [stderr]   --> src/error.rs:88:38
[INFO] [stderr]    |
[INFO] [stderr] 88 |             Kind::Io(ref err) => err.description(),
[INFO] [stderr]    |                                      ^^^^^^^^^^^
[INFO] [stderr] 
[INFO] [stderr] warning: 3 warnings emitted
[INFO] [stderr] 
[INFO] [stderr] warning: unnecessary parentheses around type
[INFO] [stderr]    --> src/demuxer.rs:462:58
[INFO] [stderr]     |
[INFO] [stderr] 462 |     pub fn demux_tables(&mut self, raw: &[u8]) -> Result<(bool)> {
[INFO] [stderr]     |                                                          ^^^^^^ help: remove these parentheses
[INFO] [stderr]     |
[INFO] [stderr]     = note: `#[warn(unused_parens)]` on by default
[INFO] [stderr] 
[INFO] [stderr] warning: use of deprecated associated function `std::error::Error::description`: use the Display impl or to_string()
[INFO] [stderr]   --> src/error.rs:42:18
[INFO] [stderr]    |
[INFO] [stderr] 42 |             self.description()
[INFO] [stderr]    |                  ^^^^^^^^^^^
[INFO] [stderr]    |
[INFO] [stderr]    = note: `#[warn(deprecated)]` on by default
[INFO] [stderr] 
[INFO] [stderr] warning: use of deprecated associated function `std::error::Error::description`: use the Display impl or to_string()
[INFO] [stderr]   --> src/error.rs:88:38
[INFO] [stderr]    |
[INFO] [stderr] 88 |             Kind::Io(ref err) => err.description(),
[INFO] [stderr]    |                                      ^^^^^^^^^^^
[INFO] [stderr] 
[INFO] [stderr] warning: 3 warnings emitted
[INFO] [stderr] 
[INFO] [stderr] warning: use of deprecated associated function `std::error::Error::description`: use the Display impl or to_string()
[INFO] [stderr]   --> examples/probe/error.rs:69:60
[INFO] [stderr]    |
[INFO] [stderr] 69 |         write!(f, r#"(:error {:?} ("{}""#, self.kind, self.description())?;
[INFO] [stderr]    |                                                            ^^^^^^^^^^^
[INFO] [stderr]    |
[INFO] [stderr]    = note: `#[warn(deprecated)]` on by default
[INFO] [stderr] 
[INFO] [stderr] warning: use of deprecated associated function `std::error::Error::description`: use the Display impl or to_string()
[INFO] [stderr]   --> examples/probe/error.rs:84:44
[INFO] [stderr]    |
[INFO] [stderr] 84 |             Kind::Encoding(ref err) => err.description(),
[INFO] [stderr]    |                                            ^^^^^^^^^^^
[INFO] [stderr] 
[INFO] [stderr] warning: use of deprecated associated function `std::error::Error::description`: use the Display impl or to_string()
[INFO] [stderr]   --> examples/probe/error.rs:85:38
[INFO] [stderr]    |
[INFO] [stderr] 85 |             Kind::Io(ref err) => err.description(),
[INFO] [stderr]    |                                      ^^^^^^^^^^^
[INFO] [stderr] 
[INFO] [stderr] warning: use of deprecated associated function `std::error::Error::description`: use the Display impl or to_string()
[INFO] [stderr]   --> examples/probe/error.rs:86:39
[INFO] [stderr]    |
[INFO] [stderr] 86 |             Kind::Fmt(ref err) => err.description(),
[INFO] [stderr]    |                                       ^^^^^^^^^^^
[INFO] [stderr] 
[INFO] [stderr] warning: use of deprecated associated function `std::error::Error::description`: use the Display impl or to_string()
[INFO] [stderr]   --> examples/probe/error.rs:88:38
[INFO] [stderr]    |
[INFO] [stderr] 88 |             Kind::Ts(ref err) => err.description(),
[INFO] [stderr]    |                                      ^^^^^^^^^^^
[INFO] [stderr] 
[INFO] [stderr] warning: use of deprecated associated function `std::error::Error::description`: use the Display impl or to_string()
[INFO] [stderr]   --> examples/probe/error.rs:90:43
[INFO] [stderr]    |
[INFO] [stderr] 90 |             Kind::Unknown(ref err) => err.description(),
[INFO] [stderr]    |                                           ^^^^^^^^^^^
[INFO] [stderr] 
[INFO] [stderr] warning: 6 warnings emitted
[INFO] [stderr] 
[INFO] [stderr]     Finished test [unoptimized + debuginfo] target(s) in 0.03s
[INFO] [stderr]      Running unittests (/opt/rustwide/target/debug/deps/va_ts-0db003173294db57)
[INFO] [stdout] 
[INFO] [stdout] running 8 tests
[INFO] [stdout] test annex_a2::tests::decode ... ok
[INFO] [stdout] test annex_c::tests::parse_datetime ... ok
[INFO] [stdout] test annex_c::tests::parse_duration ... ok
[INFO] [stdout] test duration_fmt::tests::fmt_h_m_s ... ok
[INFO] [stdout] test duration_fmt::tests::fmt_ms_us ... ok
[INFO] [stdout] test duration_fmt::tests::fmt_ns ... ok
[INFO] [stdout] test annex_c::tests::err_parse_datetime ... FAILED
[INFO] [stdout] test annex_c::tests::err_parse_duration ... FAILED
[INFO] [stdout] 
[INFO] [stdout] failures:
[INFO] [stdout] 
[INFO] [stdout] ---- annex_c::tests::err_parse_datetime stdout ----
[INFO] [stdout] thread 'annex_c::tests::err_parse_datetime' panicked at 'assertion failed: `(left == right)`
[INFO] [stdout]   left: `(:error (AnnexCBuf(4, 5)) (:txt "(annex-c parse) buffer is too small, more data required" (:sz-actual 4 :sz-expected 5)))`,
[INFO] [stdout]  right: `(:error (AnnexCBuf(4, 5)) (:txt "(annex-c parse) buffer is too small, more data required" (:sz-actual 4 :sz-expected 5)))`', src/annex_c.rs:97:13
[INFO] [stdout] stack backtrace:
[INFO] [stdout]    0:     0x55c210016230 - std::backtrace_rs::backtrace::libunwind::trace::h34055254b57d8e79
[INFO] [stdout]                                at /rustc/a178d0322ce20e33eac124758e837cbd80a6f633/library/std/src/../../backtrace/src/backtrace/libunwind.rs:90:5
[INFO] [stdout]    1:     0x55c210016230 - std::backtrace_rs::backtrace::trace_unsynchronized::h8f1e3fbd9afff6ec
[INFO] [stdout]                                at /rustc/a178d0322ce20e33eac124758e837cbd80a6f633/library/std/src/../../backtrace/src/backtrace/mod.rs:66:5
[INFO] [stdout]    2:     0x55c210016230 - std::sys_common::backtrace::_print_fmt::h3a99a796b770c360
[INFO] [stdout]                                at /rustc/a178d0322ce20e33eac124758e837cbd80a6f633/library/std/src/sys_common/backtrace.rs:67:5
[INFO] [stdout]    3:     0x55c210016230 - <std::sys_common::backtrace::_print::DisplayBacktrace as core::fmt::Display>::fmt::h32d1f94a80615d18
[INFO] [stdout]                                at /rustc/a178d0322ce20e33eac124758e837cbd80a6f633/library/std/src/sys_common/backtrace.rs:46:22
[INFO] [stdout]    4:     0x55c210038fcc - core::fmt::write::h306731c068f7162c
[INFO] [stdout]                                at /rustc/a178d0322ce20e33eac124758e837cbd80a6f633/library/core/src/fmt/mod.rs:1110:17
[INFO] [stdout]    5:     0x55c210013155 - std::io::Write::write_fmt::h87f19b0a2cd190bc
[INFO] [stdout]                                at /rustc/a178d0322ce20e33eac124758e837cbd80a6f633/library/std/src/io/mod.rs:1588:15
[INFO] [stdout]    6:     0x55c21001839b - std::sys_common::backtrace::_print::h5abaa2601a852287
[INFO] [stdout]                                at /rustc/a178d0322ce20e33eac124758e837cbd80a6f633/library/std/src/sys_common/backtrace.rs:49:5
[INFO] [stdout]    7:     0x55c21001839b - std::sys_common::backtrace::print::h8d81445442bb638f
[INFO] [stdout]                                at /rustc/a178d0322ce20e33eac124758e837cbd80a6f633/library/std/src/sys_common/backtrace.rs:36:9
[INFO] [stdout]    8:     0x55c21001839b - std::panicking::default_hook::{{closure}}::hcfe804496a9fa747
[INFO] [stdout]                                at /rustc/a178d0322ce20e33eac124758e837cbd80a6f633/library/std/src/panicking.rs:208:50
[INFO] [stdout]    9:     0x55c210017eac - std::panicking::default_hook::hbea8e3ccf2ba8901
[INFO] [stdout]                                at /rustc/a178d0322ce20e33eac124758e837cbd80a6f633/library/std/src/panicking.rs:222:9
[INFO] [stdout]   10:     0x55c210018a64 - std::panicking::rust_panic_with_hook::h7ee9e1a2d0f8975a
[INFO] [stdout]                                at /rustc/a178d0322ce20e33eac124758e837cbd80a6f633/library/std/src/panicking.rs:622:17
[INFO] [stdout]   11:     0x55c210018547 - std::panicking::begin_panic_handler::{{closure}}::h8ab3b4491718b2c7
[INFO] [stdout]                                at /rustc/a178d0322ce20e33eac124758e837cbd80a6f633/library/std/src/panicking.rs:519:13
[INFO] [stdout]   12:     0x55c21001672c - std::sys_common::backtrace::__rust_end_short_backtrace::hd489062ffa586a9f
[INFO] [stdout]                                at /rustc/a178d0322ce20e33eac124758e837cbd80a6f633/library/std/src/sys_common/backtrace.rs:141:18
[INFO] [stdout]   13:     0x55c2100184a9 - rust_begin_unwind
[INFO] [stdout]                                at /rustc/a178d0322ce20e33eac124758e837cbd80a6f633/library/std/src/panicking.rs:515:5
[INFO] [stdout]   14:     0x55c20ffb5641 - core::panicking::panic_fmt::hca6330e3e14086b4
[INFO] [stdout]                                at /rustc/a178d0322ce20e33eac124758e837cbd80a6f633/library/core/src/panicking.rs:92:14
[INFO] [stdout]   15:     0x55c210037348 - core::panicking::assert_failed_inner::h33b45280069a80ed
[INFO] [stdout]   16:     0x55c20ffb858a - core::panicking::assert_failed::h27c7694444aa3177
[INFO] [stdout]                                at /rustc/a178d0322ce20e33eac124758e837cbd80a6f633/library/core/src/panicking.rs:117:5
[INFO] [stdout]   17:     0x55c20ffbb59d - va_ts::annex_c::tests::err_parse_datetime::hc5425c4cbc9697c9
[INFO] [stdout]                                at /opt/rustwide/workdir/src/annex_c.rs:97:13
[INFO] [stdout]   18:     0x55c20ffbb39a - va_ts::annex_c::tests::err_parse_datetime::{{closure}}::h41bd22195d399933
[INFO] [stdout]                                at /opt/rustwide/workdir/src/annex_c.rs:90:5
[INFO] [stdout]   19:     0x55c20ffb8a4e - core::ops::function::FnOnce::call_once::hde6df28e735a2319
[INFO] [stdout]                                at /rustc/a178d0322ce20e33eac124758e837cbd80a6f633/library/core/src/ops/function.rs:227:5
[INFO] [stdout]   20:     0x55c20ffe5453 - core::ops::function::FnOnce::call_once::h152e7e439ff59e19
[INFO] [stdout]                                at /rustc/a178d0322ce20e33eac124758e837cbd80a6f633/library/core/src/ops/function.rs:227:5
[INFO] [stdout]   21:     0x55c20ffe5453 - test::__rust_begin_short_backtrace::h0908f3b1fdbb72ab
[INFO] [stdout]                                at /rustc/a178d0322ce20e33eac124758e837cbd80a6f633/library/test/src/lib.rs:577:5
[INFO] [stdout]   22:     0x55c20ffe3f10 - <alloc::boxed::Box<F,A> as core::ops::function::FnOnce<Args>>::call_once::hf6d2a51e5587546c
[INFO] [stdout]                                at /rustc/a178d0322ce20e33eac124758e837cbd80a6f633/library/alloc/src/boxed.rs:1575:9
[INFO] [stdout]   23:     0x55c20ffe3f10 - <std::panic::AssertUnwindSafe<F> as core::ops::function::FnOnce<()>>::call_once::h8af660f3a89ef593
[INFO] [stdout]                                at /rustc/a178d0322ce20e33eac124758e837cbd80a6f633/library/std/src/panic.rs:347:9
[INFO] [stdout]   24:     0x55c20ffe3f10 - std::panicking::try::do_call::hd36aef60f84b6d36
[INFO] [stdout]                                at /rustc/a178d0322ce20e33eac124758e837cbd80a6f633/library/std/src/panicking.rs:401:40
[INFO] [stdout]   25:     0x55c20ffe3f10 - std::panicking::try::h9932b4480e69817c
[INFO] [stdout]                                at /rustc/a178d0322ce20e33eac124758e837cbd80a6f633/library/std/src/panicking.rs:365:19
[INFO] [stdout]   26:     0x55c20ffe3f10 - std::panic::catch_unwind::h6aa177099cfff5f8
[INFO] [stdout]                                at /rustc/a178d0322ce20e33eac124758e837cbd80a6f633/library/std/src/panic.rs:434:14
[INFO] [stdout]   27:     0x55c20ffe3f10 - test::run_test_in_process::h5884d6f2d99e20c3
[INFO] [stdout]                                at /rustc/a178d0322ce20e33eac124758e837cbd80a6f633/library/test/src/lib.rs:600:18
[INFO] [stdout]   28:     0x55c20ffe3f10 - test::run_test::run_test_inner::{{closure}}::h6fdc58c6d5f5b6e3
[INFO] [stdout]                                at /rustc/a178d0322ce20e33eac124758e837cbd80a6f633/library/test/src/lib.rs:492:39
[INFO] [stdout]   29:     0x55c20ffbd5c2 - test::run_test::run_test_inner::{{closure}}::h408365d67a78ade8
[INFO] [stdout]                                at /rustc/a178d0322ce20e33eac124758e837cbd80a6f633/library/test/src/lib.rs:519:37
[INFO] [stdout]   30:     0x55c20ffbd5c2 - std::sys_common::backtrace::__rust_begin_short_backtrace::hb560b77c4f701523
[INFO] [stdout]                                at /rustc/a178d0322ce20e33eac124758e837cbd80a6f633/library/std/src/sys_common/backtrace.rs:125:18
[INFO] [stdout]   31:     0x55c20ffc1178 - std::thread::Builder::spawn_unchecked::{{closure}}::{{closure}}::hf2e7831dad93c597
[INFO] [stdout]                                at /rustc/a178d0322ce20e33eac124758e837cbd80a6f633/library/std/src/thread/mod.rs:481:17
[INFO] [stdout]   32:     0x55c20ffc1178 - <std::panic::AssertUnwindSafe<F> as core::ops::function::FnOnce<()>>::call_once::hd2e08783d8be4d02
[INFO] [stdout]                                at /rustc/a178d0322ce20e33eac124758e837cbd80a6f633/library/std/src/panic.rs:347:9
[INFO] [stdout]   33:     0x55c20ffc1178 - std::panicking::try::do_call::h062597b7acfd6b82
[INFO] [stdout]                                at /rustc/a178d0322ce20e33eac124758e837cbd80a6f633/library/std/src/panicking.rs:401:40
[INFO] [stdout]   34:     0x55c20ffc1178 - std::panicking::try::h0d7b79db04c14552
[INFO] [stdout]                                at /rustc/a178d0322ce20e33eac124758e837cbd80a6f633/library/std/src/panicking.rs:365:19
[INFO] [stdout]   35:     0x55c20ffc1178 - std::panic::catch_unwind::hb01a0b5e7c8cd43b
[INFO] [stdout]                                at /rustc/a178d0322ce20e33eac124758e837cbd80a6f633/library/std/src/panic.rs:434:14
[INFO] [stdout]   36:     0x55c20ffc1178 - std::thread::Builder::spawn_unchecked::{{closure}}::h5bde48cc887e0d1e
[INFO] [stdout]                                at /rustc/a178d0322ce20e33eac124758e837cbd80a6f633/library/std/src/thread/mod.rs:480:30
[INFO] [stdout]   37:     0x55c20ffc1178 - core::ops::function::FnOnce::call_once{{vtable.shim}}::h745ea30807a29e55
[INFO] [stdout]                                at /rustc/a178d0322ce20e33eac124758e837cbd80a6f633/library/core/src/ops/function.rs:227:5
[INFO] [stdout]   38:     0x55c21001d527 - <alloc::boxed::Box<F,A> as core::ops::function::FnOnce<Args>>::call_once::h7ece6cfefaff1005
[INFO] [stdout]                                at /rustc/a178d0322ce20e33eac124758e837cbd80a6f633/library/alloc/src/boxed.rs:1575:9
[INFO] [stdout]   39:     0x55c21001d527 - <alloc::boxed::Box<F,A> as core::ops::function::FnOnce<Args>>::call_once::hb8b48e55c21f193e
[INFO] [stdout]                                at /rustc/a178d0322ce20e33eac124758e837cbd80a6f633/library/alloc/src/boxed.rs:1575:9
[INFO] [stdout]   40:     0x55c21001d527 - std::sys::unix::thread::Thread::new::thread_start::h8c7c4450dba62914
[INFO] [stdout]                                at /rustc/a178d0322ce20e33eac124758e837cbd80a6f633/library/std/src/sys/unix/thread.rs:71:17
[INFO] [stdout]   41:     0x7f0ab0415609 - start_thread
[INFO] [stdout]   42:     0x7f0ab01e7293 - clone
[INFO] [stdout]   43:                0x0 - <unknown>
[INFO] [stdout] 
[INFO] [stdout] ---- annex_c::tests::err_parse_duration stdout ----
[INFO] [stdout] thread 'annex_c::tests::err_parse_duration' panicked at 'assertion failed: `(left == right)`
[INFO] [stdout]   left: `(:error (AnnexCBuf(2, 3)) (:txt "(annex-c parse) buffer is too small, more data required" (:sz-actual 2 :sz-expected 3)))`,
[INFO] [stdout]  right: `(:error (AnnexCBuf(2, 3)) (:txt "(annex-c parse) buffer is too small, more data required" (:sz-actual 2 :sz-expected 3)))`', src/annex_c.rs:122:13
[INFO] [stdout] stack backtrace:
[INFO] [stdout]    0:     0x55c210016230 - std::backtrace_rs::backtrace::libunwind::trace::h34055254b57d8e79
[INFO] [stdout]                                at /rustc/a178d0322ce20e33eac124758e837cbd80a6f633/library/std/src/../../backtrace/src/backtrace/libunwind.rs:90:5
[INFO] [stdout]    1:     0x55c210016230 - std::backtrace_rs::backtrace::trace_unsynchronized::h8f1e3fbd9afff6ec
[INFO] [stdout]                                at /rustc/a178d0322ce20e33eac124758e837cbd80a6f633/library/std/src/../../backtrace/src/backtrace/mod.rs:66:5
[INFO] [stdout]    2:     0x55c210016230 - std::sys_common::backtrace::_print_fmt::h3a99a796b770c360
[INFO] [stdout]                                at /rustc/a178d0322ce20e33eac124758e837cbd80a6f633/library/std/src/sys_common/backtrace.rs:67:5
[INFO] [stdout]    3:     0x55c210016230 - <std::sys_common::backtrace::_print::DisplayBacktrace as core::fmt::Display>::fmt::h32d1f94a80615d18
[INFO] [stdout]                                at /rustc/a178d0322ce20e33eac124758e837cbd80a6f633/library/std/src/sys_common/backtrace.rs:46:22
[INFO] [stdout]    4:     0x55c210038fcc - core::fmt::write::h306731c068f7162c
[INFO] [stdout]                                at /rustc/a178d0322ce20e33eac124758e837cbd80a6f633/library/core/src/fmt/mod.rs:1110:17
[INFO] [stdout]    5:     0x55c210013155 - std::io::Write::write_fmt::h87f19b0a2cd190bc
[INFO] [stdout]                                at /rustc/a178d0322ce20e33eac124758e837cbd80a6f633/library/std/src/io/mod.rs:1588:15
[INFO] [stdout]    6:     0x55c21001839b - std::sys_common::backtrace::_print::h5abaa2601a852287
[INFO] [stdout]                                at /rustc/a178d0322ce20e33eac124758e837cbd80a6f633/library/std/src/sys_common/backtrace.rs:49:5
[INFO] [stdout]    7:     0x55c21001839b - std::sys_common::backtrace::print::h8d81445442bb638f
[INFO] [stdout]                                at /rustc/a178d0322ce20e33eac124758e837cbd80a6f633/library/std/src/sys_common/backtrace.rs:36:9
[INFO] [stdout]    8:     0x55c21001839b - std::panicking::default_hook::{{closure}}::hcfe804496a9fa747
[INFO] [stdout]                                at /rustc/a178d0322ce20e33eac124758e837cbd80a6f633/library/std/src/panicking.rs:208:50
[INFO] [stdout]    9:     0x55c210017eac - std::panicking::default_hook::hbea8e3ccf2ba8901
[INFO] [stdout]                                at /rustc/a178d0322ce20e33eac124758e837cbd80a6f633/library/std/src/panicking.rs:222:9
[INFO] [stdout]   10:     0x55c210018a64 - std::panicking::rust_panic_with_hook::h7ee9e1a2d0f8975a
[INFO] [stdout]                                at /rustc/a178d0322ce20e33eac124758e837cbd80a6f633/library/std/src/panicking.rs:622:17
[INFO] [stdout]   11:     0x55c210018547 - std::panicking::begin_panic_handler::{{closure}}::h8ab3b4491718b2c7
[INFO] [stdout]                                at /rustc/a178d0322ce20e33eac124758e837cbd80a6f633/library/std/src/panicking.rs:519:13
[INFO] [stdout]   12:     0x55c21001672c - std::sys_common::backtrace::__rust_end_short_backtrace::hd489062ffa586a9f
[INFO] [stdout]                                at /rustc/a178d0322ce20e33eac124758e837cbd80a6f633/library/std/src/sys_common/backtrace.rs:141:18
[INFO] [stdout]   13:     0x55c2100184a9 - rust_begin_unwind
[INFO] [stdout]                                at /rustc/a178d0322ce20e33eac124758e837cbd80a6f633/library/std/src/panicking.rs:515:5
[INFO] [stdout]   14:     0x55c20ffb5641 - core::panicking::panic_fmt::hca6330e3e14086b4
[INFO] [stdout]                                at /rustc/a178d0322ce20e33eac124758e837cbd80a6f633/library/core/src/panicking.rs:92:14
[INFO] [stdout]   15:     0x55c210037348 - core::panicking::assert_failed_inner::h33b45280069a80ed
[INFO] [stdout]   16:     0x55c20ffb858a - core::panicking::assert_failed::h27c7694444aa3177
[INFO] [stdout]                                at /rustc/a178d0322ce20e33eac124758e837cbd80a6f633/library/core/src/panicking.rs:117:5
[INFO] [stdout]   17:     0x55c20ffbba8d - va_ts::annex_c::tests::err_parse_duration::hf833e8789ffa5009
[INFO] [stdout]                                at /opt/rustwide/workdir/src/annex_c.rs:122:13
[INFO] [stdout]   18:     0x55c20ffbb89a - va_ts::annex_c::tests::err_parse_duration::{{closure}}::hbcbb6e5db3f3ea08
[INFO] [stdout]                                at /opt/rustwide/workdir/src/annex_c.rs:115:5
[INFO] [stdout]   19:     0x55c20ffb892e - core::ops::function::FnOnce::call_once::h6829b883e8347a08
[INFO] [stdout]                                at /rustc/a178d0322ce20e33eac124758e837cbd80a6f633/library/core/src/ops/function.rs:227:5
[INFO] [stdout]   20:     0x55c20ffe5453 - core::ops::function::FnOnce::call_once::h152e7e439ff59e19
[INFO] [stdout]                                at /rustc/a178d0322ce20e33eac124758e837cbd80a6f633/library/core/src/ops/function.rs:227:5
[INFO] [stdout]   21:     0x55c20ffe5453 - test::__rust_begin_short_backtrace::h0908f3b1fdbb72ab
[INFO] [stdout]                                at /rustc/a178d0322ce20e33eac124758e837cbd80a6f633/library/test/src/lib.rs:577:5
[INFO] [stdout]   22:     0x55c20ffe3f10 - <alloc::boxed::Box<F,A> as core::ops::function::FnOnce<Args>>::call_once::hf6d2a51e5587546c
[INFO] [stdout]                                at /rustc/a178d0322ce20e33eac124758e837cbd80a6f633/library/alloc/src/boxed.rs:1575:9
[INFO] [stdout]   23:     0x55c20ffe3f10 - <std::panic::AssertUnwindSafe<F> as core::ops::function::FnOnce<()>>::call_once::h8af660f3a89ef593
[INFO] [stdout]                                at /rustc/a178d0322ce20e33eac124758e837cbd80a6f633/library/std/src/panic.rs:347:9
[INFO] [stdout]   24:     0x55c20ffe3f10 - std::panicking::try::do_call::hd36aef60f84b6d36
[INFO] [stdout]                                at /rustc/a178d0322ce20e33eac124758e837cbd80a6f633/library/std/src/panicking.rs:401:40
[INFO] [stdout]   25:     0x55c20ffe3f10 - std::panicking::try::h9932b4480e69817c
[INFO] [stdout]                                at /rustc/a178d0322ce20e33eac124758e837cbd80a6f633/library/std/src/panicking.rs:365:19
[INFO] [stdout]   26:     0x55c20ffe3f10 - std::panic::catch_unwind::h6aa177099cfff5f8
[INFO] [stdout]                                at /rustc/a178d0322ce20e33eac124758e837cbd80a6f633/library/std/src/panic.rs:434:14
[INFO] [stdout]   27:     0x55c20ffe3f10 - test::run_test_in_process::h5884d6f2d99e20c3
[INFO] [stdout]                                at /rustc/a178d0322ce20e33eac124758e837cbd80a6f633/library/test/src/lib.rs:600:18
[INFO] [stdout]   28:     0x55c20ffe3f10 - test::run_test::run_test_inner::{{closure}}::h6fdc58c6d5f5b6e3
[INFO] [stdout]                                at /rustc/a178d0322ce20e33eac124758e837cbd80a6f633/library/test/src/lib.rs:492:39
[INFO] [stdout]   29:     0x55c20ffbd5c2 - test::run_test::run_test_inner::{{closure}}::h408365d67a78ade8
[INFO] [stdout]                                at /rustc/a178d0322ce20e33eac124758e837cbd80a6f633/library/test/src/lib.rs:519:37
[INFO] [stdout]   30:     0x55c20ffbd5c2 - std::sys_common::backtrace::__rust_begin_short_backtrace::hb560b77c4f701523
[INFO] [stdout]                                at /rustc/a178d0322ce20e33eac124758e837cbd80a6f633/library/std/src/sys_common/backtrace.rs:125:18
[INFO] [stdout]   31:     0x55c20ffc1178 - std::thread::Builder::spawn_unchecked::{{closure}}::{{closure}}::hf2e7831dad93c597
[INFO] [stdout]                                at /rustc/a178d0322ce20e33eac124758e837cbd80a6f633/library/std/src/thread/mod.rs:481:17
[INFO] [stdout]   32:     0x55c20ffc1178 - <std::panic::AssertUnwindSafe<F> as core::ops::function::FnOnce<()>>::call_once::hd2e08783d8be4d02
[INFO] [stdout]                                at /rustc/a178d0322ce20e33eac124758e837cbd80a6f633/library/std/src/panic.rs:347:9
[INFO] [stdout]   33:     0x55c20ffc1178 - std::panicking::try::do_call::h062597b7acfd6b82
[INFO] [stdout]                                at /rustc/a178d0322ce20e33eac124758e837cbd80a6f633/library/std/src/panicking.rs:401:40
[INFO] [stdout]   34:     0x55c20ffc1178 - std::panicking::try::h0d7b79db04c14552
[INFO] [stdout]                                at /rustc/a178d0322ce20e33eac124758e837cbd80a6f633/library/std/src/panicking.rs:365:19
[INFO] [stdout]   35:     0x55c20ffc1178 - std::panic::catch_unwind::hb01a0b5e7c8cd43b
[INFO] [stdout]                                at /rustc/a178d0322ce20e33eac124758e837cbd80a6f633/library/std/src/panic.rs:434:14
[INFO] [stdout]   36:     0x55c20ffc1178 - std::thread::Builder::spawn_unchecked::{{closure}}::h5bde48cc887e0d1e
[INFO] [stdout]                                at /rustc/a178d0322ce20e33eac124758e837cbd80a6f633/library/std/src/thread/mod.rs:480:30
[INFO] [stdout]   37:     0x55c20ffc1178 - core::ops::function::FnOnce::call_once{{vtable.shim}}::h745ea30807a29e55
[INFO] [stdout]                                at /rustc/a178d0322ce20e33eac124758e837cbd80a6f633/library/core/src/ops/function.rs:227:5
[INFO] [stdout]   38:     0x55c21001d527 - <alloc::boxed::Box<F,A> as core::ops::function::FnOnce<Args>>::call_once::h7ece6cfefaff1005
[INFO] [stdout]                                at /rustc/a178d0322ce20e33eac124758e837cbd80a6f633/library/alloc/src/boxed.rs:1575:9
[INFO] [stdout]   39:     0x55c21001d527 - <alloc::boxed::Box<F,A> as core::ops::function::FnOnce<Args>>::call_once::hb8b48e55c21f193e
[INFO] [stdout]                                at /rustc/a178d0322ce20e33eac124758e837cbd80a6f633/library/alloc/src/boxed.rs:1575:9
[INFO] [stdout]   40:     0x55c21001d527 - std::sys::unix::thread::Thread::new::thread_start::h8c7c4450dba62914
[INFO] [stdout]                                at /rustc/a178d0322ce20e33eac124758e837cbd80a6f633/library/std/src/sys/unix/thread.rs:71:17
[INFO] [stdout]   41:     0x7f0ab0415609 - start_thread
[INFO] [stdout]   42:     0x7f0ab01e7293 - clone
[INFO] [stdout]   43:                0x0 - <unknown>
[INFO] [stdout] 
[INFO] [stdout] 
[INFO] [stdout] failures:
[INFO] [stdout]     annex_c::tests::err_parse_datetime
[INFO] [stdout]     annex_c::tests::err_parse_duration
[INFO] [stdout] 
[INFO] [stdout] test result: FAILED. 6 passed; 2 failed; 0 ignored; 0 measured; 0 filtered out; finished in 0.01s
[INFO] [stdout] 
[INFO] [stderr] error: test failed, to rerun pass '--lib'
[INFO] running `Command { std: "docker" "inspect" "f81868558ccbd75df19b5675e65a1018b60d4597fef1331010a34e98c67013e5", kill_on_drop: false }`
[INFO] running `Command { std: "docker" "rm" "-f" "f81868558ccbd75df19b5675e65a1018b60d4597fef1331010a34e98c67013e5", kill_on_drop: false }`
[INFO] [stdout] f81868558ccbd75df19b5675e65a1018b60d4597fef1331010a34e98c67013e5
