[INFO] fetching crate v_eval 0.6.0...
[INFO] testing v_eval-0.6.0 against beta-2021-08-01 for beta-1.55-1
[INFO] extracting crate v_eval 0.6.0 into /workspace/builds/worker-71/source
[INFO] validating manifest of crates.io crate v_eval 0.6.0 on toolchain beta-2021-08-01
[INFO] running `Command { std: "/workspace/cargo-home/bin/cargo" "+beta-2021-08-01" "metadata" "--manifest-path" "Cargo.toml" "--no-deps", kill_on_drop: false }`
[INFO] started tweaking crates.io crate v_eval 0.6.0
[INFO] finished tweaking crates.io crate v_eval 0.6.0
[INFO] tweaked toml for crates.io crate v_eval 0.6.0 written to /workspace/builds/worker-71/source/Cargo.toml
[INFO] running `Command { std: "/workspace/cargo-home/bin/cargo" "+beta-2021-08-01" "generate-lockfile" "--manifest-path" "Cargo.toml" "-Zno-index-update", kill_on_drop: false }`
[INFO] running `Command { std: "/workspace/cargo-home/bin/cargo" "+beta-2021-08-01" "fetch" "--manifest-path" "Cargo.toml", kill_on_drop: false }`
[INFO] [stderr]     Blocking waiting for file lock on package cache
[INFO] [stderr]     Blocking waiting for file lock on package cache
[INFO] running `Command { std: "docker" "create" "-v" "/var/lib/crater-agent-workspace/builds/worker-71/target:/opt/rustwide/target:rw,Z" "-v" "/var/lib/crater-agent-workspace/builds/worker-71/source:/opt/rustwide/workdir:ro,Z" "-v" "/var/lib/crater-agent-workspace/cargo-home:/opt/rustwide/cargo-home:ro,Z" "-v" "/var/lib/crater-agent-workspace/rustup-home:/opt/rustwide/rustup-home:ro,Z" "-e" "SOURCE_DIR=/opt/rustwide/workdir" "-e" "CARGO_TARGET_DIR=/opt/rustwide/target" "-e" "CARGO_HOME=/opt/rustwide/cargo-home" "-e" "RUSTUP_HOME=/opt/rustwide/rustup-home" "-w" "/opt/rustwide/workdir" "-m" "1610612736" "--user" "0:0" "--network" "none" "ghcr.io/rust-lang/crates-build-env/linux@sha256:34b6a614d2c27851fe6cbf88fbd1137609cefab8b10d0615aaeb6fd47975d74e" "/opt/rustwide/cargo-home/bin/cargo" "+beta-2021-08-01" "metadata" "--no-deps" "--format-version=1", kill_on_drop: false }`
[INFO] [stdout] 266f2779b14b3438f7b551d0f32f4248c40b5f27c997f7e0365f0a2a93f38741
[INFO] running `Command { std: "docker" "start" "-a" "266f2779b14b3438f7b551d0f32f4248c40b5f27c997f7e0365f0a2a93f38741", kill_on_drop: false }`
[INFO] running `Command { std: "docker" "inspect" "266f2779b14b3438f7b551d0f32f4248c40b5f27c997f7e0365f0a2a93f38741", kill_on_drop: false }`
[INFO] running `Command { std: "docker" "rm" "-f" "266f2779b14b3438f7b551d0f32f4248c40b5f27c997f7e0365f0a2a93f38741", kill_on_drop: false }`
[INFO] [stdout] 266f2779b14b3438f7b551d0f32f4248c40b5f27c997f7e0365f0a2a93f38741
[INFO] running `Command { std: "docker" "create" "-v" "/var/lib/crater-agent-workspace/builds/worker-71/target:/opt/rustwide/target:rw,Z" "-v" "/var/lib/crater-agent-workspace/builds/worker-71/source:/opt/rustwide/workdir:ro,Z" "-v" "/var/lib/crater-agent-workspace/cargo-home:/opt/rustwide/cargo-home:ro,Z" "-v" "/var/lib/crater-agent-workspace/rustup-home:/opt/rustwide/rustup-home:ro,Z" "-e" "SOURCE_DIR=/opt/rustwide/workdir" "-e" "CARGO_TARGET_DIR=/opt/rustwide/target" "-e" "CARGO_INCREMENTAL=0" "-e" "RUST_BACKTRACE=full" "-e" "RUSTFLAGS=--cap-lints=warn" "-e" "CARGO_HOME=/opt/rustwide/cargo-home" "-e" "RUSTUP_HOME=/opt/rustwide/rustup-home" "-w" "/opt/rustwide/workdir" "-m" "1610612736" "--user" "0:0" "--network" "none" "ghcr.io/rust-lang/crates-build-env/linux@sha256:34b6a614d2c27851fe6cbf88fbd1137609cefab8b10d0615aaeb6fd47975d74e" "/opt/rustwide/cargo-home/bin/cargo" "+beta-2021-08-01" "build" "--frozen" "--message-format=json", kill_on_drop: false }`
[INFO] [stdout] 4ac0422d9d8060fea7ce31e6d2fee7a0bc0fc0f396ef882c0213ebaafc9b192a
[INFO] running `Command { std: "docker" "start" "-a" "4ac0422d9d8060fea7ce31e6d2fee7a0bc0fc0f396ef882c0213ebaafc9b192a", kill_on_drop: false }`
[INFO] [stderr]    Compiling proc-macro2 v1.0.28
[INFO] [stderr]    Compiling memchr v2.4.0
[INFO] [stderr]    Compiling syn v1.0.74
[INFO] [stderr]    Compiling regex-syntax v0.6.25
[INFO] [stderr]    Compiling aho-corasick v0.7.18
[INFO] [stderr]    Compiling quote v1.0.9
[INFO] [stderr]    Compiling regex v1.5.4
[INFO] [stderr]    Compiling v_eval v0.6.0 (/opt/rustwide/workdir)
[INFO] [stderr]     Finished dev [unoptimized + debuginfo] target(s) in 8.03s
[INFO] running `Command { std: "docker" "inspect" "4ac0422d9d8060fea7ce31e6d2fee7a0bc0fc0f396ef882c0213ebaafc9b192a", kill_on_drop: false }`
[INFO] running `Command { std: "docker" "rm" "-f" "4ac0422d9d8060fea7ce31e6d2fee7a0bc0fc0f396ef882c0213ebaafc9b192a", kill_on_drop: false }`
[INFO] [stdout] 4ac0422d9d8060fea7ce31e6d2fee7a0bc0fc0f396ef882c0213ebaafc9b192a
[INFO] running `Command { std: "docker" "create" "-v" "/var/lib/crater-agent-workspace/builds/worker-71/target:/opt/rustwide/target:rw,Z" "-v" "/var/lib/crater-agent-workspace/builds/worker-71/source:/opt/rustwide/workdir:ro,Z" "-v" "/var/lib/crater-agent-workspace/cargo-home:/opt/rustwide/cargo-home:ro,Z" "-v" "/var/lib/crater-agent-workspace/rustup-home:/opt/rustwide/rustup-home:ro,Z" "-e" "SOURCE_DIR=/opt/rustwide/workdir" "-e" "CARGO_TARGET_DIR=/opt/rustwide/target" "-e" "CARGO_INCREMENTAL=0" "-e" "RUST_BACKTRACE=full" "-e" "RUSTFLAGS=--cap-lints=warn" "-e" "CARGO_HOME=/opt/rustwide/cargo-home" "-e" "RUSTUP_HOME=/opt/rustwide/rustup-home" "-w" "/opt/rustwide/workdir" "-m" "1610612736" "--user" "0:0" "--network" "none" "ghcr.io/rust-lang/crates-build-env/linux@sha256:34b6a614d2c27851fe6cbf88fbd1137609cefab8b10d0615aaeb6fd47975d74e" "/opt/rustwide/cargo-home/bin/cargo" "+beta-2021-08-01" "test" "--frozen" "--no-run" "--message-format=json", kill_on_drop: false }`
[INFO] [stdout] a8618b5d85debfc7a5233914c8a79ec5191daccc8ef25673c90da598216fa16e
[INFO] running `Command { std: "docker" "start" "-a" "a8618b5d85debfc7a5233914c8a79ec5191daccc8ef25673c90da598216fa16e", kill_on_drop: false }`
[INFO] [stderr]    Compiling v_eval v0.6.0 (/opt/rustwide/workdir)
[INFO] [stderr]     Finished test [unoptimized + debuginfo] target(s) in 3.32s
[INFO] running `Command { std: "docker" "inspect" "a8618b5d85debfc7a5233914c8a79ec5191daccc8ef25673c90da598216fa16e", kill_on_drop: false }`
[INFO] running `Command { std: "docker" "rm" "-f" "a8618b5d85debfc7a5233914c8a79ec5191daccc8ef25673c90da598216fa16e", kill_on_drop: false }`
[INFO] [stdout] a8618b5d85debfc7a5233914c8a79ec5191daccc8ef25673c90da598216fa16e
[INFO] running `Command { std: "docker" "create" "-v" "/var/lib/crater-agent-workspace/builds/worker-71/target:/opt/rustwide/target:rw,Z" "-v" "/var/lib/crater-agent-workspace/builds/worker-71/source:/opt/rustwide/workdir:ro,Z" "-v" "/var/lib/crater-agent-workspace/cargo-home:/opt/rustwide/cargo-home:ro,Z" "-v" "/var/lib/crater-agent-workspace/rustup-home:/opt/rustwide/rustup-home:ro,Z" "-e" "SOURCE_DIR=/opt/rustwide/workdir" "-e" "CARGO_TARGET_DIR=/opt/rustwide/target" "-e" "CARGO_INCREMENTAL=0" "-e" "RUST_BACKTRACE=full" "-e" "RUSTFLAGS=--cap-lints=warn" "-e" "CARGO_HOME=/opt/rustwide/cargo-home" "-e" "RUSTUP_HOME=/opt/rustwide/rustup-home" "-w" "/opt/rustwide/workdir" "-m" "1610612736" "--user" "0:0" "--network" "none" "ghcr.io/rust-lang/crates-build-env/linux@sha256:34b6a614d2c27851fe6cbf88fbd1137609cefab8b10d0615aaeb6fd47975d74e" "/opt/rustwide/cargo-home/bin/cargo" "+beta-2021-08-01" "test" "--frozen", kill_on_drop: false }`
[INFO] [stdout] c5b17826625ada001dbafeb882dbebfb767cce0c4a07993b760d3576bfc47810
[INFO] running `Command { std: "docker" "start" "-a" "c5b17826625ada001dbafeb882dbebfb767cce0c4a07993b760d3576bfc47810", kill_on_drop: false }`
[INFO] [stderr]     Blocking waiting for file lock on package cache
[INFO] [stderr]     Finished test [unoptimized + debuginfo] target(s) in 0.55s
[INFO] [stderr]      Running unittests (/opt/rustwide/target/debug/deps/v_eval-afd6d258b7a8a896)
[INFO] [stdout] 
[INFO] [stdout] running 16 tests
[INFO] [stdout] test reflect::test::test_evaluate_div ... ok
[INFO] [stdout] test operator::test::test_op_preference ... ok
[INFO] [stdout] test reflect::test::test_evaluate_le ... ok
[INFO] [stdout] test reflect::test::test_evaluate_lt ... ok
[INFO] [stdout] test reflect::test::test_evaluate_mul ... ok
[INFO] [stdout] test reflect::test::test_evaluate_rem ... ok
[INFO] [stdout] test reflect::test::test_evaluate_sub ... ok
[INFO] [stdout] test reflect::test::test_evaluate_add ... ok
[INFO] [stdout] test reflect::test::test_eval_literal ... ok
[INFO] [stdout] test reflect::test::test_evaluate_gt ... ok
[INFO] [stdout] test reflect::test::test_evaluate_ge ... ok
[INFO] [stdout] test reflect::test::test_evaluate_eq ... ok
[INFO] [stdout] test test::test_opt ... ok
[INFO] [stdout] test reflect::test::test_eval_one ... ok
[INFO] [stdout] test reflect::test::test_eval ... ok
[INFO] [stderr]    Doc-tests v_eval
[INFO] [stdout] test test::test ... ok
[INFO] [stdout] 
[INFO] [stdout] test result: ok. 16 passed; 0 failed; 0 ignored; 0 measured; 0 filtered out; finished in 0.04s
[INFO] [stdout] 
[INFO] [stdout] 
[INFO] [stdout] running 34 tests
[INFO] [stdout] test src/lib.rs - (line 302) ... FAILED
[INFO] [stdout] test src/lib.rs - (line 7) ... FAILED
[INFO] [stdout] test src/lib.rs - (line 534) ... FAILED
[INFO] [stdout] test src/lib.rs - (line 216) ... FAILED
[INFO] [stdout] test src/lib.rs - (line 51) ... FAILED
[INFO] [stdout] test src/lib.rs - (line 518) ... FAILED
[INFO] [stdout] test src/lib.rs - (line 83) ... FAILED
[INFO] [stdout] test src/lib.rs - (line 136) ... FAILED
[INFO] [stdout] test src/lib.rs - (line 397) ... FAILED
[INFO] [stdout] test src/lib.rs - (line 268) ... FAILED
[INFO] [stdout] test src/lib.rs - (line 67) ... FAILED
[INFO] [stdout] test src/lib.rs - (line 168) ... FAILED
[INFO] [stdout] test src/lib.rs - (line 427) ... FAILED
[INFO] [stdout] test src/lib.rs - (line 457) ... FAILED
[INFO] [stdout] test src/lib.rs - (line 100) ... FAILED
[INFO] [stdout] test src/lib.rs - (line 251) ... FAILED
[INFO] [stdout] test src/lib.rs - (line 285) ... FAILED
[INFO] [stdout] test src/lib.rs - (line 442) ... FAILED
[INFO] [stdout] test src/lib.rs - (line 120) ... FAILED
[INFO] [stdout] test src/lib.rs - (line 382) ... FAILED
[INFO] [stdout] test src/lib.rs - (line 487) ... FAILED
[INFO] [stdout] test src/lib.rs - (line 503) ... FAILED
[INFO] [stdout] test src/lib.rs - (line 472) ... FAILED
[INFO] [stdout] test src/lib.rs - (line 235) ... FAILED
[INFO] [stdout] test src/lib.rs - (line 200) ... FAILED
[INFO] [stdout] test src/lib.rs - (line 366) ... FAILED
[INFO] [stdout] test src/lib.rs - (line 412) ... FAILED
[INFO] [stdout] test src/lib.rs - (line 184) ... FAILED
[INFO] [stdout] test src/lib.rs - (line 335) ... FAILED
[INFO] [stdout] test src/lib.rs - (line 152) ... FAILED
[INFO] [stdout] test src/lib.rs - (line 588) ... FAILED
[INFO] [stdout] test src/lib.rs - (line 350) ... FAILED
[INFO] [stdout] test src/lib.rs - (line 34) ... FAILED
[INFO] [stdout] test src/lib.rs - (line 320) ... ok
[INFO] [stdout] 
[INFO] [stdout] failures:
[INFO] [stdout] 
[INFO] [stdout] ---- src/lib.rs - (line 302) stdout ----
[INFO] [stdout] Couldn't compile the test.
[INFO] [stdout] ---- src/lib.rs - (line 7) stdout ----
[INFO] [stdout] Couldn't compile the test.
[INFO] [stdout] ---- src/lib.rs - (line 534) stdout ----
[INFO] [stdout] Couldn't compile the test.
[INFO] [stdout] ---- src/lib.rs - (line 216) stdout ----
[INFO] [stdout] Couldn't compile the test.
[INFO] [stdout] ---- src/lib.rs - (line 51) stdout ----
[INFO] [stdout] Couldn't compile the test.
[INFO] [stdout] ---- src/lib.rs - (line 518) stdout ----
[INFO] [stdout] Couldn't compile the test.
[INFO] [stdout] ---- src/lib.rs - (line 83) stdout ----
[INFO] [stdout] Couldn't compile the test.
[INFO] [stdout] ---- src/lib.rs - (line 136) stdout ----
[INFO] [stdout] Couldn't compile the test.
[INFO] [stdout] ---- src/lib.rs - (line 397) stdout ----
[INFO] [stdout] Couldn't compile the test.
[INFO] [stdout] ---- src/lib.rs - (line 268) stdout ----
[INFO] [stdout] Couldn't compile the test.
[INFO] [stdout] ---- src/lib.rs - (line 67) stdout ----
[INFO] [stdout] Couldn't compile the test.
[INFO] [stdout] ---- src/lib.rs - (line 168) stdout ----
[INFO] [stdout] Couldn't compile the test.
[INFO] [stdout] ---- src/lib.rs - (line 427) stdout ----
[INFO] [stdout] Couldn't compile the test.
[INFO] [stdout] ---- src/lib.rs - (line 457) stdout ----
[INFO] [stdout] Couldn't compile the test.
[INFO] [stdout] ---- src/lib.rs - (line 100) stdout ----
[INFO] [stdout] Couldn't compile the test.
[INFO] [stdout] ---- src/lib.rs - (line 251) stdout ----
[INFO] [stdout] Couldn't compile the test.
[INFO] [stdout] ---- src/lib.rs - (line 285) stdout ----
[INFO] [stdout] Couldn't compile the test.
[INFO] [stdout] ---- src/lib.rs - (line 442) stdout ----
[INFO] [stdout] Couldn't compile the test.
[INFO] [stdout] ---- src/lib.rs - (line 120) stdout ----
[INFO] [stdout] Couldn't compile the test.
[INFO] [stdout] ---- src/lib.rs - (line 382) stdout ----
[INFO] [stdout] Couldn't compile the test.
[INFO] [stdout] ---- src/lib.rs - (line 487) stdout ----
[INFO] [stdout] Couldn't compile the test.
[INFO] [stdout] ---- src/lib.rs - (line 503) stdout ----
[INFO] [stdout] Couldn't compile the test.
[INFO] [stdout] ---- src/lib.rs - (line 472) stdout ----
[INFO] [stdout] Couldn't compile the test.
[INFO] [stdout] ---- src/lib.rs - (line 235) stdout ----
[INFO] [stdout] Couldn't compile the test.
[INFO] [stdout] ---- src/lib.rs - (line 200) stdout ----
[INFO] [stdout] Couldn't compile the test.
[INFO] [stdout] ---- src/lib.rs - (line 366) stdout ----
[INFO] [stdout] Couldn't compile the test.
[INFO] [stdout] ---- src/lib.rs - (line 412) stdout ----
[INFO] [stdout] Couldn't compile the test.
[INFO] [stdout] ---- src/lib.rs - (line 184) stdout ----
[INFO] [stdout] Couldn't compile the test.
[INFO] [stdout] ---- src/lib.rs - (line 335) stdout ----
[INFO] [stdout] Couldn't compile the test.
[INFO] [stdout] ---- src/lib.rs - (line 152) stdout ----
[INFO] [stdout] Couldn't compile the test.
[INFO] [stdout] ---- src/lib.rs - (line 588) stdout ----
[INFO] [stdout] Couldn't compile the test.
[INFO] [stdout] ---- src/lib.rs - (line 350) stdout ----
[INFO] [stdout] Couldn't compile the test.
[INFO] [stdout] ---- src/lib.rs - (line 34) stdout ----
[INFO] [stdout] error: linking with `cc` failed: exit status: 1
[INFO] [stdout]   |
[INFO] [stdout]   = note: "cc" "-m64" "/tmp/rustdoctest00FxOw/rust_out.rust_out.1376475e-cgu.0.rcgu.o" "/tmp/rustdoctest00FxOw/rust_out.3oi7hjnjienb8flc.rcgu.o" "-Wl,--as-needed" "-L" "/opt/rustwide/target/debug/deps" "-L" "/opt/rustwide/target/debug/deps" "-L" "/opt/rustwide/rustup-home/toolchains/beta-2021-08-01-x86_64-unknown-linux-gnu/lib/rustlib/x86_64-unknown-linux-gnu/lib" "-Wl,-Bstatic" "/opt/rustwide/target/debug/deps/libv_eval-780f08fe23623e6f.rlib" "/opt/rustwide/target/debug/deps/libregex-a3872ea1c1199fca.rlib" "/opt/rustwide/target/debug/deps/libaho_corasick-e187271509b4f902.rlib" "/opt/rustwide/target/debug/deps/libmemchr-fdb14ed691dc70dd.rlib" "/opt/rustwide/target/debug/deps/libregex_syntax-b1f5a8f2fb571c3f.rlib" "/opt/rustwide/target/debug/deps/libsyn-5854f098bc56c430.rlib" "/opt/rustwide/target/debug/deps/libquote-6581c6e24ac9f92c.rlib" "/opt/rustwide/target/debug/deps/libproc_macro2-8e7dc80b95c29c2c.rlib" "/opt/rustwide/target/debug/deps/libunicode_xid-fa95828b78fbac73.rlib" "/opt/rustwide/rustup-home/toolchains/beta-2021-08-01-x86_64-unknown-linux-gnu/lib/rustlib/x86_64-unknown-linux-gnu/lib/libproc_macro-250975341ba4f64a.rlib" "-Wl,--start-group" "/opt/rustwide/rustup-home/toolchains/beta-2021-08-01-x86_64-unknown-linux-gnu/lib/rustlib/x86_64-unknown-linux-gnu/lib/libstd-197d933f09d9a590.rlib" "/opt/rustwide/rustup-home/toolchains/beta-2021-08-01-x86_64-unknown-linux-gnu/lib/rustlib/x86_64-unknown-linux-gnu/lib/libpanic_unwind-46a006cddfd334f0.rlib" "/opt/rustwide/rustup-home/toolchains/beta-2021-08-01-x86_64-unknown-linux-gnu/lib/rustlib/x86_64-unknown-linux-gnu/lib/libminiz_oxide-5b9870310e470b38.rlib" "/opt/rustwide/rustup-home/toolchains/beta-2021-08-01-x86_64-unknown-linux-gnu/lib/rustlib/x86_64-unknown-linux-gnu/lib/libadler-260022ba8f1ab4ee.rlib" "/opt/rustwide/rustup-home/toolchains/beta-2021-08-01-x86_64-unknown-linux-gnu/lib/rustlib/x86_64-unknown-linux-gnu/lib/libobject-71377435a799394f.rlib" "/opt/rustwide/rustup-home/toolchains/beta-2021-08-01-x86_64-unknown-linux-gnu/lib/rustlib/x86_64-unknown-linux-gnu/lib/libaddr2line-658ee5924fde57cd.rlib" "/opt/rustwide/rustup-home/toolchains/beta-2021-08-01-x86_64-unknown-linux-gnu/lib/rustlib/x86_64-unknown-linux-gnu/lib/libgimli-9e8627da6bd1b94a.rlib" "/opt/rustwide/rustup-home/toolchains/beta-2021-08-01-x86_64-unknown-linux-gnu/lib/rustlib/x86_64-unknown-linux-gnu/lib/libstd_detect-19fdaac49f59be84.rlib" "/opt/rustwide/rustup-home/toolchains/beta-2021-08-01-x86_64-unknown-linux-gnu/lib/rustlib/x86_64-unknown-linux-gnu/lib/librustc_demangle-cb00e2691ea45905.rlib" "/opt/rustwide/rustup-home/toolchains/beta-2021-08-01-x86_64-unknown-linux-gnu/lib/rustlib/x86_64-unknown-linux-gnu/lib/libhashbrown-50f6726defae5ae1.rlib" "/opt/rustwide/rustup-home/toolchains/beta-2021-08-01-x86_64-unknown-linux-gnu/lib/rustlib/x86_64-unknown-linux-gnu/lib/librustc_std_workspace_alloc-2afc16311deea26e.rlib" "/opt/rustwide/rustup-home/toolchains/beta-2021-08-01-x86_64-unknown-linux-gnu/lib/rustlib/x86_64-unknown-linux-gnu/lib/libunwind-bb5cb0fe086ee8cf.rlib" "/opt/rustwide/rustup-home/toolchains/beta-2021-08-01-x86_64-unknown-linux-gnu/lib/rustlib/x86_64-unknown-linux-gnu/lib/libcfg_if-896053247b5dfd0b.rlib" "/opt/rustwide/rustup-home/toolchains/beta-2021-08-01-x86_64-unknown-linux-gnu/lib/rustlib/x86_64-unknown-linux-gnu/lib/liblibc-735e1f2ac3cf23be.rlib" "/opt/rustwide/rustup-home/toolchains/beta-2021-08-01-x86_64-unknown-linux-gnu/lib/rustlib/x86_64-unknown-linux-gnu/lib/liballoc-9dfb6622644c732c.rlib" "/opt/rustwide/rustup-home/toolchains/beta-2021-08-01-x86_64-unknown-linux-gnu/lib/rustlib/x86_64-unknown-linux-gnu/lib/librustc_std_workspace_core-beea7d9617fe25c5.rlib" "/opt/rustwide/rustup-home/toolchains/beta-2021-08-01-x86_64-unknown-linux-gnu/lib/rustlib/x86_64-unknown-linux-gnu/lib/libcore-8ef7dd43fc671f88.rlib" "-Wl,--end-group" "/opt/rustwide/rustup-home/toolchains/beta-2021-08-01-x86_64-unknown-linux-gnu/lib/rustlib/x86_64-unknown-linux-gnu/lib/libcompiler_builtins-a9a3b2ad67977f47.rlib" "-Wl,-Bdynamic" "-lgcc_s" "-lutil" "-lrt" "-lpthread" "-lm" "-ldl" "-lc" "-Wl,--eh-frame-hdr" "-Wl,-znoexecstack" "-L" "/opt/rustwide/rustup-home/toolchains/beta-2021-08-01-x86_64-unknown-linux-gnu/lib/rustlib/x86_64-unknown-linux-gnu/lib" "-o" "/tmp/rustdoctest00FxOw/rust_out" "-Wl,--gc-sections" "-pie" "-Wl,-zrelro" "-Wl,-znow" "-nodefaultlibs"
[INFO] [stdout]   = note: collect2: fatal error: ld terminated with signal 9 [Killed]
[INFO] [stdout]           compilation terminated.
[INFO] [stdout]           
[INFO] [stdout] 
[INFO] [stdout] error: aborting due to previous error
[INFO] [stdout] 
[INFO] [stdout] Couldn't compile the test.
[INFO] [stdout] 
[INFO] [stdout] failures:
[INFO] [stdout]     src/lib.rs - (line 100)
[INFO] [stdout]     src/lib.rs - (line 120)
[INFO] [stdout]     src/lib.rs - (line 136)
[INFO] [stdout]     src/lib.rs - (line 152)
[INFO] [stdout]     src/lib.rs - (line 168)
[INFO] [stdout]     src/lib.rs - (line 184)
[INFO] [stdout]     src/lib.rs - (line 200)
[INFO] [stdout]     src/lib.rs - (line 216)
[INFO] [stdout]     src/lib.rs - (line 235)
[INFO] [stdout]     src/lib.rs - (line 251)
[INFO] [stdout]     src/lib.rs - (line 268)
[INFO] [stdout]     src/lib.rs - (line 285)
[INFO] [stdout]     src/lib.rs - (line 302)
[INFO] [stdout]     src/lib.rs - (line 335)
[INFO] [stdout]     src/lib.rs - (line 34)
[INFO] [stdout]     src/lib.rs - (line 350)
[INFO] [stdout]     src/lib.rs - (line 366)
[INFO] [stdout]     src/lib.rs - (line 382)
[INFO] [stdout]     src/lib.rs - (line 397)
[INFO] [stdout]     src/lib.rs - (line 412)
[INFO] [stdout]     src/lib.rs - (line 427)
[INFO] [stdout]     src/lib.rs - (line 442)
[INFO] [stdout]     src/lib.rs - (line 457)
[INFO] [stdout]     src/lib.rs - (line 472)
[INFO] [stdout]     src/lib.rs - (line 487)
[INFO] [stdout]     src/lib.rs - (line 503)
[INFO] [stdout]     src/lib.rs - (line 51)
[INFO] [stdout]     src/lib.rs - (line 518)
[INFO] [stdout]     src/lib.rs - (line 534)
[INFO] [stdout]     src/lib.rs - (line 588)
[INFO] [stdout]     src/lib.rs - (line 67)
[INFO] [stdout]     src/lib.rs - (line 7)
[INFO] [stdout]     src/lib.rs - (line 83)
[INFO] [stdout] 
[INFO] [stdout] test result: FAILED. 1 passed; 33 failed; 0 ignored; 0 measured; 0 filtered out; finished in 13.62s
[INFO] [stdout] 
[INFO] [stderr] error: test failed, to rerun pass '--doc'
[INFO] running `Command { std: "docker" "inspect" "c5b17826625ada001dbafeb882dbebfb767cce0c4a07993b760d3576bfc47810", kill_on_drop: false }`
[INFO] running `Command { std: "docker" "rm" "-f" "c5b17826625ada001dbafeb882dbebfb767cce0c4a07993b760d3576bfc47810", kill_on_drop: false }`
[INFO] [stdout] c5b17826625ada001dbafeb882dbebfb767cce0c4a07993b760d3576bfc47810
