[INFO] fetching crate uuid-rs 0.6.2...
[INFO] testing uuid-rs-0.6.2 against beta-2021-08-01 for beta-1.55-1
[INFO] extracting crate uuid-rs 0.6.2 into /workspace/builds/worker-109/source
[INFO] validating manifest of crates.io crate uuid-rs 0.6.2 on toolchain beta-2021-08-01
[INFO] running `Command { std: "/workspace/cargo-home/bin/cargo" "+beta-2021-08-01" "metadata" "--manifest-path" "Cargo.toml" "--no-deps", kill_on_drop: false }`
[INFO] started tweaking crates.io crate uuid-rs 0.6.2
[INFO] finished tweaking crates.io crate uuid-rs 0.6.2
[INFO] tweaked toml for crates.io crate uuid-rs 0.6.2 written to /workspace/builds/worker-109/source/Cargo.toml
[INFO] running `Command { std: "/workspace/cargo-home/bin/cargo" "+beta-2021-08-01" "generate-lockfile" "--manifest-path" "Cargo.toml" "-Zno-index-update", kill_on_drop: false }`
[INFO] running `Command { std: "/workspace/cargo-home/bin/cargo" "+beta-2021-08-01" "fetch" "--manifest-path" "Cargo.toml", kill_on_drop: false }`
[INFO] running `Command { std: "docker" "create" "-v" "/var/lib/crater-agent-workspace/builds/worker-109/target:/opt/rustwide/target:rw,Z" "-v" "/var/lib/crater-agent-workspace/builds/worker-109/source:/opt/rustwide/workdir:ro,Z" "-v" "/var/lib/crater-agent-workspace/cargo-home:/opt/rustwide/cargo-home:ro,Z" "-v" "/var/lib/crater-agent-workspace/rustup-home:/opt/rustwide/rustup-home:ro,Z" "-e" "SOURCE_DIR=/opt/rustwide/workdir" "-e" "CARGO_TARGET_DIR=/opt/rustwide/target" "-e" "CARGO_HOME=/opt/rustwide/cargo-home" "-e" "RUSTUP_HOME=/opt/rustwide/rustup-home" "-w" "/opt/rustwide/workdir" "-m" "1610612736" "--user" "0:0" "--network" "none" "ghcr.io/rust-lang/crates-build-env/linux@sha256:34b6a614d2c27851fe6cbf88fbd1137609cefab8b10d0615aaeb6fd47975d74e" "/opt/rustwide/cargo-home/bin/cargo" "+beta-2021-08-01" "metadata" "--no-deps" "--format-version=1", kill_on_drop: false }`
[INFO] [stdout] 8b6f1f9f06a01b876a8a57d04e8852f52ef4b84020fa089e71a202c127737927
[INFO] running `Command { std: "docker" "start" "-a" "8b6f1f9f06a01b876a8a57d04e8852f52ef4b84020fa089e71a202c127737927", kill_on_drop: false }`
[INFO] running `Command { std: "docker" "inspect" "8b6f1f9f06a01b876a8a57d04e8852f52ef4b84020fa089e71a202c127737927", kill_on_drop: false }`
[INFO] running `Command { std: "docker" "rm" "-f" "8b6f1f9f06a01b876a8a57d04e8852f52ef4b84020fa089e71a202c127737927", kill_on_drop: false }`
[INFO] [stdout] 8b6f1f9f06a01b876a8a57d04e8852f52ef4b84020fa089e71a202c127737927
[INFO] running `Command { std: "docker" "create" "-v" "/var/lib/crater-agent-workspace/builds/worker-109/target:/opt/rustwide/target:rw,Z" "-v" "/var/lib/crater-agent-workspace/builds/worker-109/source:/opt/rustwide/workdir:ro,Z" "-v" "/var/lib/crater-agent-workspace/cargo-home:/opt/rustwide/cargo-home:ro,Z" "-v" "/var/lib/crater-agent-workspace/rustup-home:/opt/rustwide/rustup-home:ro,Z" "-e" "SOURCE_DIR=/opt/rustwide/workdir" "-e" "CARGO_TARGET_DIR=/opt/rustwide/target" "-e" "CARGO_INCREMENTAL=0" "-e" "RUST_BACKTRACE=full" "-e" "RUSTFLAGS=--cap-lints=warn" "-e" "CARGO_HOME=/opt/rustwide/cargo-home" "-e" "RUSTUP_HOME=/opt/rustwide/rustup-home" "-w" "/opt/rustwide/workdir" "-m" "1610612736" "--user" "0:0" "--network" "none" "ghcr.io/rust-lang/crates-build-env/linux@sha256:34b6a614d2c27851fe6cbf88fbd1137609cefab8b10d0615aaeb6fd47975d74e" "/opt/rustwide/cargo-home/bin/cargo" "+beta-2021-08-01" "build" "--frozen" "--message-format=json", kill_on_drop: false }`
[INFO] [stdout] deb9523c3695d6975a643473ea33c5773fa6fa7c23aee5771b48fca69ec09cc1
[INFO] running `Command { std: "docker" "start" "-a" "deb9523c3695d6975a643473ea33c5773fa6fa7c23aee5771b48fca69ec09cc1", kill_on_drop: false }`
[INFO] [stderr]    Compiling uuid-rs v0.6.2 (/opt/rustwide/workdir)
[INFO] [stderr]     Finished dev [unoptimized + debuginfo] target(s) in 0.40s
[INFO] running `Command { std: "docker" "inspect" "deb9523c3695d6975a643473ea33c5773fa6fa7c23aee5771b48fca69ec09cc1", kill_on_drop: false }`
[INFO] running `Command { std: "docker" "rm" "-f" "deb9523c3695d6975a643473ea33c5773fa6fa7c23aee5771b48fca69ec09cc1", kill_on_drop: false }`
[INFO] [stdout] deb9523c3695d6975a643473ea33c5773fa6fa7c23aee5771b48fca69ec09cc1
[INFO] running `Command { std: "docker" "create" "-v" "/var/lib/crater-agent-workspace/builds/worker-109/target:/opt/rustwide/target:rw,Z" "-v" "/var/lib/crater-agent-workspace/builds/worker-109/source:/opt/rustwide/workdir:ro,Z" "-v" "/var/lib/crater-agent-workspace/cargo-home:/opt/rustwide/cargo-home:ro,Z" "-v" "/var/lib/crater-agent-workspace/rustup-home:/opt/rustwide/rustup-home:ro,Z" "-e" "SOURCE_DIR=/opt/rustwide/workdir" "-e" "CARGO_TARGET_DIR=/opt/rustwide/target" "-e" "CARGO_INCREMENTAL=0" "-e" "RUST_BACKTRACE=full" "-e" "RUSTFLAGS=--cap-lints=warn" "-e" "CARGO_HOME=/opt/rustwide/cargo-home" "-e" "RUSTUP_HOME=/opt/rustwide/rustup-home" "-w" "/opt/rustwide/workdir" "-m" "1610612736" "--user" "0:0" "--network" "none" "ghcr.io/rust-lang/crates-build-env/linux@sha256:34b6a614d2c27851fe6cbf88fbd1137609cefab8b10d0615aaeb6fd47975d74e" "/opt/rustwide/cargo-home/bin/cargo" "+beta-2021-08-01" "test" "--frozen" "--no-run" "--message-format=json", kill_on_drop: false }`
[INFO] [stdout] f97391924c340578c6190aa06643a88c8f5966b3c0764a7f632ef8c2dc1a60de
[INFO] running `Command { std: "docker" "start" "-a" "f97391924c340578c6190aa06643a88c8f5966b3c0764a7f632ef8c2dc1a60de", kill_on_drop: false }`
[INFO] [stderr]     Blocking waiting for file lock on package cache
[INFO] [stderr]     Blocking waiting for file lock on package cache
[INFO] [stderr]    Compiling aho-corasick v0.7.18
[INFO] [stderr]    Compiling regex v1.5.4
[INFO] [stderr]    Compiling uuid-rs v0.6.2 (/opt/rustwide/workdir)
[INFO] [stderr]     Finished test [unoptimized + debuginfo] target(s) in 7.10s
[INFO] running `Command { std: "docker" "inspect" "f97391924c340578c6190aa06643a88c8f5966b3c0764a7f632ef8c2dc1a60de", kill_on_drop: false }`
[INFO] running `Command { std: "docker" "rm" "-f" "f97391924c340578c6190aa06643a88c8f5966b3c0764a7f632ef8c2dc1a60de", kill_on_drop: false }`
[INFO] [stdout] f97391924c340578c6190aa06643a88c8f5966b3c0764a7f632ef8c2dc1a60de
[INFO] running `Command { std: "docker" "create" "-v" "/var/lib/crater-agent-workspace/builds/worker-109/target:/opt/rustwide/target:rw,Z" "-v" "/var/lib/crater-agent-workspace/builds/worker-109/source:/opt/rustwide/workdir:ro,Z" "-v" "/var/lib/crater-agent-workspace/cargo-home:/opt/rustwide/cargo-home:ro,Z" "-v" "/var/lib/crater-agent-workspace/rustup-home:/opt/rustwide/rustup-home:ro,Z" "-e" "SOURCE_DIR=/opt/rustwide/workdir" "-e" "CARGO_TARGET_DIR=/opt/rustwide/target" "-e" "CARGO_INCREMENTAL=0" "-e" "RUST_BACKTRACE=full" "-e" "RUSTFLAGS=--cap-lints=warn" "-e" "CARGO_HOME=/opt/rustwide/cargo-home" "-e" "RUSTUP_HOME=/opt/rustwide/rustup-home" "-w" "/opt/rustwide/workdir" "-m" "1610612736" "--user" "0:0" "--network" "none" "ghcr.io/rust-lang/crates-build-env/linux@sha256:34b6a614d2c27851fe6cbf88fbd1137609cefab8b10d0615aaeb6fd47975d74e" "/opt/rustwide/cargo-home/bin/cargo" "+beta-2021-08-01" "test" "--frozen", kill_on_drop: false }`
[INFO] [stdout] 4d430d5a7c5400da2205985716f5378905b130c5589b0d50950a9b6240760803
[INFO] running `Command { std: "docker" "start" "-a" "4d430d5a7c5400da2205985716f5378905b130c5589b0d50950a9b6240760803", kill_on_drop: false }`
[INFO] [stderr]     Finished test [unoptimized + debuginfo] target(s) in 0.04s
[INFO] [stderr]      Running unittests (/opt/rustwide/target/debug/deps/uuid_rs-a58f6644cfac9197)
[INFO] [stdout] 
[INFO] [stdout] running 0 tests
[INFO] [stdout] 
[INFO] [stdout] test result: ok. 0 passed; 0 failed; 0 ignored; 0 measured; 0 filtered out; finished in 0.00s
[INFO] [stdout] 
[INFO] [stderr]    Doc-tests uuid-rs
[INFO] [stdout] 
[INFO] [stdout] running 1 test
[INFO] [stdout] test src/lib.rs - (line 11) ... FAILED
[INFO] [stdout] 
[INFO] [stdout] failures:
[INFO] [stdout] 
[INFO] [stdout] ---- src/lib.rs - (line 11) stdout ----
[INFO] [stdout] error[E0432]: unresolved import `uuid_rs::v4`
[INFO] [stdout]  --> src/lib.rs:12:5
[INFO] [stdout]   |
[INFO] [stdout] 3 | use uuid_rs::v4;
[INFO] [stdout]   |     ^^^^^^^^^^^ no `v4` in the root
[INFO] [stdout] 
[INFO] [stdout] error: cannot determine resolution for the macro `v4`
[INFO] [stdout]  --> src/lib.rs:15:20
[INFO] [stdout]   |
[INFO] [stdout] 6 |     println!("{}", v4!());
[INFO] [stdout]   |                    ^^
[INFO] [stdout]   |
[INFO] [stdout]   = note: import resolution is stuck, try simplifying macro imports
[INFO] [stdout] 
[INFO] [stdout] error: aborting due to 2 previous errors
[INFO] [stdout] 
[INFO] [stdout] For more information about this error, try `rustc --explain E0432`.
[INFO] [stdout] Couldn't compile the test.
[INFO] [stdout] 
[INFO] [stdout] failures:
[INFO] [stdout]     src/lib.rs - (line 11)
[INFO] [stdout] 
[INFO] [stdout] test result: FAILED. 0 passed; 1 failed; 0 ignored; 0 measured; 0 filtered out; finished in 0.07s
[INFO] [stdout] 
[INFO] [stderr] error: test failed, to rerun pass '--doc'
[INFO] running `Command { std: "docker" "inspect" "4d430d5a7c5400da2205985716f5378905b130c5589b0d50950a9b6240760803", kill_on_drop: false }`
[INFO] running `Command { std: "docker" "rm" "-f" "4d430d5a7c5400da2205985716f5378905b130c5589b0d50950a9b6240760803", kill_on_drop: false }`
[INFO] [stdout] 4d430d5a7c5400da2205985716f5378905b130c5589b0d50950a9b6240760803
