[INFO] fetching crate usgs-eros-client 0.5.0...
[INFO] testing usgs-eros-client-0.5.0 against 1.54.0 for beta-1.55-1
[INFO] extracting crate usgs-eros-client 0.5.0 into /workspace/builds/worker-20/source
[INFO] validating manifest of crates.io crate usgs-eros-client 0.5.0 on toolchain 1.54.0
[INFO] running `Command { std: "/workspace/cargo-home/bin/cargo" "+1.54.0" "metadata" "--manifest-path" "Cargo.toml" "--no-deps", kill_on_drop: false }`
[INFO] started tweaking crates.io crate usgs-eros-client 0.5.0
[INFO] finished tweaking crates.io crate usgs-eros-client 0.5.0
[INFO] tweaked toml for crates.io crate usgs-eros-client 0.5.0 written to /workspace/builds/worker-20/source/Cargo.toml
[INFO] running `Command { std: "/workspace/cargo-home/bin/cargo" "+1.54.0" "generate-lockfile" "--manifest-path" "Cargo.toml" "-Zno-index-update", kill_on_drop: false }`
[INFO] [stderr]     Blocking waiting for file lock on package cache
[INFO] running `Command { std: "/workspace/cargo-home/bin/cargo" "+1.54.0" "fetch" "--manifest-path" "Cargo.toml", kill_on_drop: false }`
[INFO] [stderr]     Blocking waiting for file lock on package cache
[INFO] [stderr]     Blocking waiting for file lock on package cache
[INFO] running `Command { std: "docker" "create" "-v" "/var/lib/crater-agent-workspace/builds/worker-20/target:/opt/rustwide/target:rw,Z" "-v" "/var/lib/crater-agent-workspace/builds/worker-20/source:/opt/rustwide/workdir:ro,Z" "-v" "/var/lib/crater-agent-workspace/cargo-home:/opt/rustwide/cargo-home:ro,Z" "-v" "/var/lib/crater-agent-workspace/rustup-home:/opt/rustwide/rustup-home:ro,Z" "-e" "SOURCE_DIR=/opt/rustwide/workdir" "-e" "CARGO_TARGET_DIR=/opt/rustwide/target" "-e" "CARGO_HOME=/opt/rustwide/cargo-home" "-e" "RUSTUP_HOME=/opt/rustwide/rustup-home" "-w" "/opt/rustwide/workdir" "-m" "1610612736" "--user" "0:0" "--network" "none" "ghcr.io/rust-lang/crates-build-env/linux@sha256:34b6a614d2c27851fe6cbf88fbd1137609cefab8b10d0615aaeb6fd47975d74e" "/opt/rustwide/cargo-home/bin/cargo" "+1.54.0" "metadata" "--no-deps" "--format-version=1", kill_on_drop: false }`
[INFO] [stdout] 5ad5755ecedf6e4110ef1c58420bcda440758a6bb94992d3494fad6891fb7a45
[INFO] running `Command { std: "docker" "start" "-a" "5ad5755ecedf6e4110ef1c58420bcda440758a6bb94992d3494fad6891fb7a45", kill_on_drop: false }`
[INFO] running `Command { std: "docker" "inspect" "5ad5755ecedf6e4110ef1c58420bcda440758a6bb94992d3494fad6891fb7a45", kill_on_drop: false }`
[INFO] running `Command { std: "docker" "rm" "-f" "5ad5755ecedf6e4110ef1c58420bcda440758a6bb94992d3494fad6891fb7a45", kill_on_drop: false }`
[INFO] [stdout] 5ad5755ecedf6e4110ef1c58420bcda440758a6bb94992d3494fad6891fb7a45
[INFO] running `Command { std: "docker" "create" "-v" "/var/lib/crater-agent-workspace/builds/worker-20/target:/opt/rustwide/target:rw,Z" "-v" "/var/lib/crater-agent-workspace/builds/worker-20/source:/opt/rustwide/workdir:ro,Z" "-v" "/var/lib/crater-agent-workspace/cargo-home:/opt/rustwide/cargo-home:ro,Z" "-v" "/var/lib/crater-agent-workspace/rustup-home:/opt/rustwide/rustup-home:ro,Z" "-e" "SOURCE_DIR=/opt/rustwide/workdir" "-e" "CARGO_TARGET_DIR=/opt/rustwide/target" "-e" "CARGO_INCREMENTAL=0" "-e" "RUST_BACKTRACE=full" "-e" "RUSTFLAGS=--cap-lints=warn" "-e" "CARGO_HOME=/opt/rustwide/cargo-home" "-e" "RUSTUP_HOME=/opt/rustwide/rustup-home" "-w" "/opt/rustwide/workdir" "-m" "1610612736" "--user" "0:0" "--network" "none" "ghcr.io/rust-lang/crates-build-env/linux@sha256:34b6a614d2c27851fe6cbf88fbd1137609cefab8b10d0615aaeb6fd47975d74e" "/opt/rustwide/cargo-home/bin/cargo" "+1.54.0" "build" "--frozen" "--message-format=json", kill_on_drop: false }`
[INFO] [stdout] b8cd02e656219c94dc94ddc6a06fc05e54a8fb7c46a5d76aae3439ef3a3ed7e5
[INFO] running `Command { std: "docker" "start" "-a" "b8cd02e656219c94dc94ddc6a06fc05e54a8fb7c46a5d76aae3439ef3a3ed7e5", kill_on_drop: false }`
[INFO] [stderr]    Compiling syn v1.0.74
[INFO] [stderr]    Compiling libc v0.2.98
[INFO] [stderr]    Compiling log v0.4.14
[INFO] [stderr]    Compiling futures-core v0.3.16
[INFO] [stderr]    Compiling cc v1.0.69
[INFO] [stderr]    Compiling fnv v1.0.7
[INFO] [stderr]    Compiling slab v0.4.4
[INFO] [stderr]    Compiling cfg-if v0.1.10
[INFO] [stderr]    Compiling itoa v0.4.7
[INFO] [stderr]    Compiling bytes v0.5.6
[INFO] [stderr]    Compiling pin-project-lite v0.1.12
[INFO] [stderr]    Compiling pin-project-lite v0.2.7
[INFO] [stderr]    Compiling futures-task v0.3.16
[INFO] [stderr]    Compiling serde v1.0.127
[INFO] [stderr]    Compiling foreign-types-shared v0.1.1
[INFO] [stderr]    Compiling openssl v0.10.35
[INFO] [stderr]    Compiling matches v0.1.8
[INFO] [stderr]    Compiling futures-channel v0.3.16
[INFO] [stderr]    Compiling futures-io v0.3.16
[INFO] [stderr]    Compiling once_cell v1.8.0
[INFO] [stderr]    Compiling native-tls v0.2.7
[INFO] [stderr]    Compiling hashbrown v0.11.2
[INFO] [stderr]    Compiling tinyvec_macros v0.1.0
[INFO] [stderr]    Compiling futures-sink v0.3.16
[INFO] [stderr]    Compiling httparse v1.4.1
[INFO] [stderr]    Compiling openssl-probe v0.1.4
[INFO] [stderr]    Compiling percent-encoding v2.1.0
[INFO] [stderr]    Compiling try-lock v0.2.3
[INFO] [stderr]    Compiling tower-service v0.3.1
[INFO] [stderr]    Compiling encoding_rs v0.8.28
[INFO] [stderr]    Compiling serde_json v1.0.66
[INFO] [stderr]    Compiling httpdate v0.3.2
[INFO] [stderr]    Compiling mime v0.3.16
[INFO] [stderr]    Compiling ipnet v2.3.1
[INFO] [stderr]    Compiling base64 v0.13.0
[INFO] [stderr]    Compiling futures-util v0.3.16
[INFO] [stderr]    Compiling indexmap v1.7.0
[INFO] [stderr]    Compiling num-traits v0.2.14
[INFO] [stderr]    Compiling num-integer v0.1.44
[INFO] [stderr]    Compiling unicase v2.6.0
[INFO] [stderr]    Compiling tracing-core v0.1.18
[INFO] [stderr]    Compiling foreign-types v0.3.2
[INFO] [stderr]    Compiling http v0.2.4
[INFO] [stderr]    Compiling tinyvec v1.3.1
[INFO] [stderr]    Compiling unicode-bidi v0.3.5
[INFO] [stderr]    Compiling form_urlencoded v1.0.1
[INFO] [stderr]    Compiling tracing v0.1.26
[INFO] [stderr]    Compiling want v0.3.0
[INFO] [stderr]    Compiling openssl-sys v0.9.65
[INFO] [stderr]    Compiling unicode-normalization v0.1.19
[INFO] [stderr]    Compiling mime_guess v2.0.3
[INFO] [stderr]    Compiling net2 v0.2.37
[INFO] [stderr]    Compiling iovec v0.1.4
[INFO] [stderr]    Compiling num_cpus v1.13.0
[INFO] [stderr]    Compiling socket2 v0.3.19
[INFO] [stderr]    Compiling time v0.1.43
[INFO] [stderr]    Compiling mio v0.6.23
[INFO] [stderr]    Compiling idna v0.2.3
[INFO] [stderr]    Compiling http-body v0.3.1
[INFO] [stderr]    Compiling url v2.2.2
[INFO] [stderr]    Compiling tokio-macros v0.2.6
[INFO] [stderr]    Compiling pin-project-internal v1.0.8
[INFO] [stderr]    Compiling serde_derive v1.0.127
[INFO] [stderr]    Compiling thiserror-impl v1.0.26
[INFO] [stderr]    Compiling tokio v0.2.25
[INFO] [stderr]    Compiling thiserror v1.0.26
[INFO] [stderr]    Compiling pin-project v1.0.8
[INFO] [stderr]    Compiling tracing-futures v0.2.5
[INFO] [stderr]    Compiling tokio-util v0.3.1
[INFO] [stderr]    Compiling tokio-tls v0.3.1
[INFO] [stderr]    Compiling h2 v0.2.7
[INFO] [stderr]    Compiling serde_urlencoded v0.7.0
[INFO] [stderr]    Compiling chrono v0.4.19
[INFO] [stderr]    Compiling hyper v0.13.10
[INFO] [stderr]    Compiling hyper-tls v0.4.3
[INFO] [stderr]    Compiling reqwest v0.10.10
[INFO] [stderr]    Compiling usgs-eros-client v0.5.0 (/opt/rustwide/workdir)
[INFO] [stderr]     Finished dev [unoptimized + debuginfo] target(s) in 39.77s
[INFO] running `Command { std: "docker" "inspect" "b8cd02e656219c94dc94ddc6a06fc05e54a8fb7c46a5d76aae3439ef3a3ed7e5", kill_on_drop: false }`
[INFO] running `Command { std: "docker" "rm" "-f" "b8cd02e656219c94dc94ddc6a06fc05e54a8fb7c46a5d76aae3439ef3a3ed7e5", kill_on_drop: false }`
[INFO] [stdout] b8cd02e656219c94dc94ddc6a06fc05e54a8fb7c46a5d76aae3439ef3a3ed7e5
[INFO] running `Command { std: "docker" "create" "-v" "/var/lib/crater-agent-workspace/builds/worker-20/target:/opt/rustwide/target:rw,Z" "-v" "/var/lib/crater-agent-workspace/builds/worker-20/source:/opt/rustwide/workdir:ro,Z" "-v" "/var/lib/crater-agent-workspace/cargo-home:/opt/rustwide/cargo-home:ro,Z" "-v" "/var/lib/crater-agent-workspace/rustup-home:/opt/rustwide/rustup-home:ro,Z" "-e" "SOURCE_DIR=/opt/rustwide/workdir" "-e" "CARGO_TARGET_DIR=/opt/rustwide/target" "-e" "CARGO_INCREMENTAL=0" "-e" "RUST_BACKTRACE=full" "-e" "RUSTFLAGS=--cap-lints=warn" "-e" "CARGO_HOME=/opt/rustwide/cargo-home" "-e" "RUSTUP_HOME=/opt/rustwide/rustup-home" "-w" "/opt/rustwide/workdir" "-m" "1610612736" "--user" "0:0" "--network" "none" "ghcr.io/rust-lang/crates-build-env/linux@sha256:34b6a614d2c27851fe6cbf88fbd1137609cefab8b10d0615aaeb6fd47975d74e" "/opt/rustwide/cargo-home/bin/cargo" "+1.54.0" "test" "--frozen" "--no-run" "--message-format=json", kill_on_drop: false }`
[INFO] [stdout] 8492c140809815672f7381534ddfb4b87cb736a9bb6abd9c1d8578f8f7d0ca4b
[INFO] running `Command { std: "docker" "start" "-a" "8492c140809815672f7381534ddfb4b87cb736a9bb6abd9c1d8578f8f7d0ca4b", kill_on_drop: false }`
[INFO] [stderr]    Compiling getrandom v0.1.16
[INFO] [stderr]    Compiling dtoa v0.4.8
[INFO] [stderr]    Compiling regex-syntax v0.6.25
[INFO] [stderr]    Compiling difference v2.0.0
[INFO] [stderr]    Compiling aho-corasick v0.7.18
[INFO] [stderr]    Compiling atty v0.2.14
[INFO] [stderr]    Compiling proc-macro-error-attr v1.0.4
[INFO] [stderr]    Compiling colored v1.9.3
[INFO] [stderr]    Compiling serde_urlencoded v0.6.1
[INFO] [stderr]    Compiling rand_core v0.5.1
[INFO] [stderr]    Compiling rand_chacha v0.2.2
[INFO] [stderr]    Compiling proc-macro-error v1.0.4
[INFO] [stderr]    Compiling rand v0.7.3
[INFO] [stderr]    Compiling extend v0.1.2
[INFO] [stderr]    Compiling assert-json-diff v1.1.0
[INFO] [stderr]    Compiling regex v1.5.4
[INFO] [stderr]    Compiling mockito v0.27.0
[INFO] [stderr]    Compiling usgs-eros-client v0.5.0 (/opt/rustwide/workdir)
[INFO] [stderr]     Finished test [unoptimized + debuginfo] target(s) in 14.59s
[INFO] running `Command { std: "docker" "inspect" "8492c140809815672f7381534ddfb4b87cb736a9bb6abd9c1d8578f8f7d0ca4b", kill_on_drop: false }`
[INFO] running `Command { std: "docker" "rm" "-f" "8492c140809815672f7381534ddfb4b87cb736a9bb6abd9c1d8578f8f7d0ca4b", kill_on_drop: false }`
[INFO] [stdout] 8492c140809815672f7381534ddfb4b87cb736a9bb6abd9c1d8578f8f7d0ca4b
[INFO] running `Command { std: "docker" "create" "-v" "/var/lib/crater-agent-workspace/builds/worker-20/target:/opt/rustwide/target:rw,Z" "-v" "/var/lib/crater-agent-workspace/builds/worker-20/source:/opt/rustwide/workdir:ro,Z" "-v" "/var/lib/crater-agent-workspace/cargo-home:/opt/rustwide/cargo-home:ro,Z" "-v" "/var/lib/crater-agent-workspace/rustup-home:/opt/rustwide/rustup-home:ro,Z" "-e" "SOURCE_DIR=/opt/rustwide/workdir" "-e" "CARGO_TARGET_DIR=/opt/rustwide/target" "-e" "CARGO_INCREMENTAL=0" "-e" "RUST_BACKTRACE=full" "-e" "RUSTFLAGS=--cap-lints=warn" "-e" "CARGO_HOME=/opt/rustwide/cargo-home" "-e" "RUSTUP_HOME=/opt/rustwide/rustup-home" "-w" "/opt/rustwide/workdir" "-m" "1610612736" "--user" "0:0" "--network" "none" "ghcr.io/rust-lang/crates-build-env/linux@sha256:34b6a614d2c27851fe6cbf88fbd1137609cefab8b10d0615aaeb6fd47975d74e" "/opt/rustwide/cargo-home/bin/cargo" "+1.54.0" "test" "--frozen", kill_on_drop: false }`
[INFO] [stdout] 8fafb364ee189cd7831cb136c37617eb2228a08ae8ce9b67f29950dd271cbc77
[INFO] running `Command { std: "docker" "start" "-a" "8fafb364ee189cd7831cb136c37617eb2228a08ae8ce9b67f29950dd271cbc77", kill_on_drop: false }`
[INFO] [stderr]     Finished test [unoptimized + debuginfo] target(s) in 0.10s
[INFO] [stderr]      Running unittests (/opt/rustwide/target/debug/deps/usgs_eros_client-765f99170e444634)
[INFO] [stdout] 
[INFO] [stdout] running 6 tests
[INFO] [stdout] test client::test::test_dataset_search ... ok
[INFO] [stdout] test client::test::test_dataset ... ok
[INFO] [stdout] test client::test::test_scene_search_simple ... ok
[INFO] [stdout] test client::test::test_nominal ... ok
[INFO] [stdout] test client::test::test_scene_search_involved ... ok
[INFO] [stdout] test client::test::test_dataset_coverage ... ok
[INFO] [stdout] 
[INFO] [stdout] test result: ok. 6 passed; 0 failed; 0 ignored; 0 measured; 0 filtered out; finished in 0.32s
[INFO] [stdout] 
[INFO] [stderr]    Doc-tests usgs-eros-client
[INFO] [stdout] 
[INFO] [stdout] running 26 tests
[INFO] [stdout] test src/client.rs - client::Client::close_session (line 259) - compile ... ok
[INFO] [stdout] test src/client.rs - client::Client::dataset (line 130) - compile ... ok
[INFO] [stdout] test src/client.rs - client::Client::new (line 47) - compile ... ok
[INFO] [stdout] test src/client.rs - client::Client::dataset_coverage (line 155) - compile ... ok
[INFO] [stdout] test src/client.rs - client::Client::scene_search (line 216) - compile ... ok
[INFO] [stdout] test src/lib.rs - (line 14) - compile ... ok
[INFO] [stdout] test src/client.rs - client::Client::dataset_search (line 185) - compile ... ok
[INFO] [stdout] test src/types/spatial_bounds.rs - types::spatial_bounds::GeoJson::from_file (line 35) - compile ... ok
[INFO] [stdout] test src/types/credentials.rs - types::credentials::Credentials::new (line 31) ... FAILED
[INFO] [stdout] test src/types/metadata_filter.rs - types::metadata_filter::MetadataFilter::and (line 43) ... FAILED
[INFO] [stdout] test src/types/metadata_filter.rs - types::metadata_filter::MetadataFilter::or (line 62) ... FAILED
[INFO] [stdout] test src/types/scene_filter.rs - types::scene_filter::SceneFilter::metadata_filter (line 129) ... FAILED
[INFO] [stdout] test src/types/cloud_cover_filter.rs - types::cloud_cover_filter::CloudCoverFilter::new (line 17) ... FAILED
[INFO] [stdout] test src/types/scene_filter.rs - types::scene_filter::SceneFilter::dataset_name (line 90) ... FAILED
[INFO] [stdout] test src/types/metadata_filter.rs - types::metadata_filter::MetadataFilter::between (line 81) ... FAILED
[INFO] [stdout] test src/types/scene_filter.rs - types::scene_filter::SceneFilter::cloud_cover_filter (line 70) ... FAILED
[INFO] [stdout] test src/types/scene_filter.rs - types::scene_filter::SceneFilter::acquisition_filter (line 50) ... FAILED
[INFO] [stdout] test src/types/scene_filter.rs - types::scene_filter::SceneFilter::ingest_filter (line 109) ... FAILED
[INFO] [stdout] test src/types/scene_filter.rs - types::scene_filter::SceneFilter::seasonal_filter (line 151) ... FAILED
[INFO] [stdout] test src/types/scene_filter.rs - types::scene_filter::SceneFilter::spatial_filter (line 171) ... FAILED
[INFO] [stdout] test src/types/metadata_filter.rs - types::metadata_filter::MetadataFilter::value (line 102) ... FAILED
[INFO] [stdout] test src/types/scene_filter.rs - types::scene_filter::SceneFilter::new (line 25) ... FAILED
[INFO] [stdout] test src/types/temporal_filter.rs - types::temporal_filter::TemporalFilter::new (line 22) ... FAILED
[INFO] [stdout] test src/types/spatial_filter.rs - types::spatial_filter::SpatialFilter::mbr (line 25) ... FAILED
[INFO] [stdout] test src/types/spatial_filter.rs - types::spatial_filter::SpatialFilter::geojson (line 49) ... FAILED
[INFO] [stdout] test src/types/date_range.rs - types::date_range::DateRange::new (line 29) ... ok
[INFO] [stdout] 
[INFO] [stdout] failures:
[INFO] [stdout] 
[INFO] [stdout] ---- src/types/credentials.rs - types::credentials::Credentials::new (line 31) stdout ----
[INFO] [stdout] Couldn't compile the test.
[INFO] [stdout] ---- src/types/metadata_filter.rs - types::metadata_filter::MetadataFilter::and (line 43) stdout ----
[INFO] [stdout] Couldn't compile the test.
[INFO] [stdout] ---- src/types/metadata_filter.rs - types::metadata_filter::MetadataFilter::or (line 62) stdout ----
[INFO] [stdout] Couldn't compile the test.
[INFO] [stdout] ---- src/types/scene_filter.rs - types::scene_filter::SceneFilter::metadata_filter (line 129) stdout ----
[INFO] [stdout] Couldn't compile the test.
[INFO] [stdout] ---- src/types/cloud_cover_filter.rs - types::cloud_cover_filter::CloudCoverFilter::new (line 17) stdout ----
[INFO] [stdout] Couldn't compile the test.
[INFO] [stdout] ---- src/types/scene_filter.rs - types::scene_filter::SceneFilter::dataset_name (line 90) stdout ----
[INFO] [stdout] Couldn't compile the test.
[INFO] [stdout] ---- src/types/metadata_filter.rs - types::metadata_filter::MetadataFilter::between (line 81) stdout ----
[INFO] [stdout] Couldn't compile the test.
[INFO] [stdout] ---- src/types/scene_filter.rs - types::scene_filter::SceneFilter::cloud_cover_filter (line 70) stdout ----
[INFO] [stdout] Couldn't compile the test.
[INFO] [stdout] ---- src/types/scene_filter.rs - types::scene_filter::SceneFilter::acquisition_filter (line 50) stdout ----
[INFO] [stdout] Couldn't compile the test.
[INFO] [stdout] ---- src/types/scene_filter.rs - types::scene_filter::SceneFilter::ingest_filter (line 109) stdout ----
[INFO] [stdout] Couldn't compile the test.
[INFO] [stdout] ---- src/types/scene_filter.rs - types::scene_filter::SceneFilter::seasonal_filter (line 151) stdout ----
[INFO] [stdout] Couldn't compile the test.
[INFO] [stdout] ---- src/types/scene_filter.rs - types::scene_filter::SceneFilter::spatial_filter (line 171) stdout ----
[INFO] [stdout] Couldn't compile the test.
[INFO] [stdout] ---- src/types/metadata_filter.rs - types::metadata_filter::MetadataFilter::value (line 102) stdout ----
[INFO] [stdout] Couldn't compile the test.
[INFO] [stdout] ---- src/types/scene_filter.rs - types::scene_filter::SceneFilter::new (line 25) stdout ----
[INFO] [stdout] Couldn't compile the test.
[INFO] [stdout] ---- src/types/temporal_filter.rs - types::temporal_filter::TemporalFilter::new (line 22) stdout ----
[INFO] [stdout] error: linking with `cc` failed: exit status: 1
[INFO] [stdout]   |
[INFO] [stdout]   = note: "cc" "-m64" "/tmp/rustdoctestNPQBvW/rust_out.rust_out.7rcbfp3g-cgu.0.rcgu.o" "/tmp/rustdoctestNPQBvW/rust_out.33dyzt1ekirinwy8.rcgu.o" "-Wl,--as-needed" "-L" "/opt/rustwide/target/debug/deps" "-L" "/opt/rustwide/target/debug/deps" "-L" "/opt/rustwide/rustup-home/toolchains/1.54.0-x86_64-unknown-linux-gnu/lib/rustlib/x86_64-unknown-linux-gnu/lib" "-Wl,-Bstatic" "/opt/rustwide/target/debug/deps/libusgs_eros_client-768f6fc8d2416fef.rlib" "/opt/rustwide/target/debug/deps/libthiserror-7d8a94aa91ca06f8.rlib" "/opt/rustwide/target/debug/deps/libchrono-cf125ac1b87a8fd5.rlib" "/opt/rustwide/target/debug/deps/libnum_integer-016eaeb10a6f0eb9.rlib" "/opt/rustwide/target/debug/deps/libnum_traits-3ea67f5534c2ade7.rlib" "/opt/rustwide/target/debug/deps/libtime-be70fef4bf2e1284.rlib" "/opt/rustwide/target/debug/deps/libreqwest-1026f91e06e2b387.rlib" "/opt/rustwide/target/debug/deps/libhyper_tls-c36e5cf44054e54f.rlib" "/opt/rustwide/target/debug/deps/libipnet-6757a43fea3f5c50.rlib" "/opt/rustwide/target/debug/deps/libtokio_tls-c5804a6f4c4c1f00.rlib" "/opt/rustwide/target/debug/deps/libserde_urlencoded-172f7378a1591fdf.rlib" "/opt/rustwide/target/debug/deps/libencoding_rs-51e21ce37bda7a9c.rlib" "/opt/rustwide/target/debug/deps/libserde_json-83a4a0038f10f81b.rlib" "/opt/rustwide/target/debug/deps/libryu-059aa1fbb24cd15e.rlib" "/opt/rustwide/target/debug/deps/libserde-c39ce3e6ac5d8adf.rlib" "/opt/rustwide/target/debug/deps/libbase64-5c7414cfb92860e8.rlib" "/opt/rustwide/target/debug/deps/libmime_guess-6ab4efc8840367b4.rlib" "/opt/rustwide/target/debug/deps/libunicase-3712d2bec500204b.rlib" "/opt/rustwide/target/debug/deps/libmime-12522ef5c2462da9.rlib" "/opt/rustwide/target/debug/deps/libnative_tls-5d0d4a2adc47516f.rlib" "/opt/rustwide/target/debug/deps/libopenssl_probe-a7953e41b0152cb3.rlib" "/opt/rustwide/target/debug/deps/libopenssl-3c0a1a4bdb385bab.rlib" "/opt/rustwide/target/debug/deps/libonce_cell-a76c90beb999d50a.rlib" "/opt/rustwide/target/debug/deps/libbitflags-f89ae4b715176e2d.rlib" "/opt/rustwide/target/debug/deps/libforeign_types-6dd7ccee81750d2f.rlib" "/opt/rustwide/target/debug/deps/libforeign_types_shared-1812f2e1ab1a4883.rlib" "/opt/rustwide/target/debug/deps/libopenssl_sys-fa86c9f0c510e272.rlib" "/opt/rustwide/target/debug/deps/libhyper-01792783b08efc5f.rlib" "/opt/rustwide/target/debug/deps/libhttparse-1c870db38feb2e5b.rlib" "/opt/rustwide/target/debug/deps/libwant-8978c7a581707af0.rlib" "/opt/rustwide/target/debug/deps/libtry_lock-a39996d6fbbee158.rlib" "/opt/rustwide/target/debug/deps/libh2-b2f2b0d771b25246.rlib" "/opt/rustwide/target/debug/deps/libtracing_futures-85d4c02cb2d533b3.rlib" "/opt/rustwide/target/debug/deps/libindexmap-d8d3c76f0f3a39a5.rlib" "/opt/rustwide/target/debug/deps/libhashbrown-8c5395ff9e9a0462.rlib" "/opt/rustwide/target/debug/deps/libtokio_util-0da08fad0a17d0eb.rlib" "/opt/rustwide/target/debug/deps/libfutures_sink-888229fc48e582a3.rlib" "/opt/rustwide/target/debug/deps/libhttpdate-ec1c6030e5d9e9dd.rlib" "/opt/rustwide/target/debug/deps/libsocket2-0c3b28c80dea28ae.rlib" "/opt/rustwide/target/debug/deps/libtower_service-6686e1e00a5b1c4a.rlib" "/opt/rustwide/target/debug/deps/libfutures_channel-f27136eabe005019.rlib" "/opt/rustwide/target/debug/deps/libpin_project-8016d0ae28c8bcde.rlib" "/opt/rustwide/target/debug/deps/libtracing-aa0d402d0297f5f8.rlib" "/opt/rustwide/target/debug/deps/libtracing_core-0e11f0c341661672.rlib" "/opt/rustwide/target/debug/deps/libtokio-268682d78b5d130c.rlib" "/opt/rustwide/target/debug/deps/libnum_cpus-6df632f11f9627c8.rlib" "/opt/rustwide/target/debug/deps/libmio-76b94b108503c86b.rlib" "/opt/rustwide/target/debug/deps/libiovec-a7a612086921a75b.rlib" "/opt/rustwide/target/debug/deps/libnet2-61d1992153070206.rlib" "/opt/rustwide/target/debug/deps/libcfg_if-e7a28af79b261e75.rlib" "/opt/rustwide/target/debug/deps/liblibc-3d1d2a7a9ea42ed0.rlib" "/opt/rustwide/target/debug/deps/libpin_project_lite-75b1067fb9bf87bb.rlib" "/opt/rustwide/target/debug/deps/libhttp_body-3ddfb80e0a847a72.rlib" "/opt/rustwide/target/debug/deps/libbytes-4adc91177522b7b0.rlib" "/opt/rustwide/target/debug/deps/liblog-975203197fcf8dc1.rlib" "/opt/rustwide/target/debug/deps/libcfg_if-38c8a3e888ecb06a.rlib" "/opt/rustwide/target/debug/deps/libfutures_util-58ad35013d6a44ef.rlib" "/opt/rustwide/target/debug/deps/libmemchr-1f0d97dc9aa3dd56.rlib" "/opt/rustwide/target/debug/deps/libfutures_io-12ff95146a6896b4.rlib" "/opt/rustwide/target/debug/deps/libslab-f0931e7482d64922.rlib" "/opt/rustwide/target/debug/deps/libpin_project_lite-ed06e07546a7102f.rlib" "/opt/rustwide/target/debug/deps/libfutures_task-5b8f6133e14601aa.rlib" "/opt/rustwide/target/debug/deps/libpin_utils-576e633f12357c97.rlib" "/opt/rustwide/target/debug/deps/libfutures_core-28804fd28ce97755.rlib" "/opt/rustwide/target/debug/deps/liblazy_static-5c53d641eb010a81.rlib" "/opt/rustwide/target/debug/deps/liburl-98505fcfc663a9d7.rlib" "/opt/rustwide/target/debug/deps/libidna-144743a1c87fc8e9.rlib" "/opt/rustwide/target/debug/deps/libunicode_normalization-f88ccced2be4bc93.rlib" "/opt/rustwide/target/debug/deps/libtinyvec-b0b99c866aca13aa.rlib" "/opt/rustwide/target/debug/deps/libtinyvec_macros-f6b5563d3767ea26.rlib" "/opt/rustwide/target/debug/deps/libunicode_bidi-cd5d16f1476c6336.rlib" "/opt/rustwide/target/debug/deps/libform_urlencoded-64c48050f569228e.rlib" "/opt/rustwide/target/debug/deps/libpercent_encoding-549c334c22432c49.rlib" "/opt/rustwide/target/debug/deps/libmatches-5bfcef5685786a07.rlib" "/opt/rustwide/target/debug/deps/libhttp-f934d99aebf29821.rlib" "/opt/rustwide/target/debug/deps/libitoa-9ccdb0b3e3d11258.rlib" "/opt/rustwide/target/debug/deps/libbytes-df7cac8fc38da202.rlib" "/opt/rustwide/target/debug/deps/libfnv-56e05e18a5751d51.rlib" "-Wl,--start-group" "/opt/rustwide/rustup-home/toolchains/1.54.0-x86_64-unknown-linux-gnu/lib/rustlib/x86_64-unknown-linux-gnu/lib/libstd-2420485b9e5ef5e1.rlib" "/opt/rustwide/rustup-home/toolchains/1.54.0-x86_64-unknown-linux-gnu/lib/rustlib/x86_64-unknown-linux-gnu/lib/libpanic_unwind-785e3cb61c4b1960.rlib" "/opt/rustwide/rustup-home/toolchains/1.54.0-x86_64-unknown-linux-gnu/lib/rustlib/x86_64-unknown-linux-gnu/lib/libminiz_oxide-087191a88bdaa22d.rlib" "/opt/rustwide/rustup-home/toolchains/1.54.0-x86_64-unknown-linux-gnu/lib/rustlib/x86_64-unknown-linux-gnu/lib/libadler-9981842c02975178.rlib" "/opt/rustwide/rustup-home/toolchains/1.54.0-x86_64-unknown-linux-gnu/lib/rustlib/x86_64-unknown-linux-gnu/lib/libobject-6fb405869b015fde.rlib" "/opt/rustwide/rustup-home/toolchains/1.54.0-x86_64-unknown-linux-gnu/lib/rustlib/x86_64-unknown-linux-gnu/lib/libaddr2line-d05c5c3c56004b7b.rlib" "/opt/rustwide/rustup-home/toolchains/1.54.0-x86_64-unknown-linux-gnu/lib/rustlib/x86_64-unknown-linux-gnu/lib/libgimli-42d74d2097528b38.rlib" "/opt/rustwide/rustup-home/toolchains/1.54.0-x86_64-unknown-linux-gnu/lib/rustlib/x86_64-unknown-linux-gnu/lib/libstd_detect-fb36534c113d2209.rlib" "/opt/rustwide/rustup-home/toolchains/1.54.0-x86_64-unknown-linux-gnu/lib/rustlib/x86_64-unknown-linux-gnu/lib/librustc_demangle-b56b9042c12b6535.rlib" "/opt/rustwide/rustup-home/toolchains/1.54.0-x86_64-unknown-linux-gnu/lib/rustlib/x86_64-unknown-linux-gnu/lib/libhashbrown-491902d6cb3e76df.rlib" "/opt/rustwide/rustup-home/toolchains/1.54.0-x86_64-unknown-linux-gnu/lib/rustlib/x86_64-unknown-linux-gnu/lib/librustc_std_workspace_alloc-61834e0981b8c367.rlib" "/opt/rustwide/rustup-home/toolchains/1.54.0-x86_64-unknown-linux-gnu/lib/rustlib/x86_64-unknown-linux-gnu/lib/libunwind-f78aa99d613a55bc.rlib" "/opt/rustwide/rustup-home/toolchains/1.54.0-x86_64-unknown-linux-gnu/lib/rustlib/x86_64-unknown-linux-gnu/lib/libcfg_if-53ee54cd7fed2c57.rlib" "/opt/rustwide/rustup-home/toolchains/1.54.0-x86_64-unknown-linux-gnu/lib/rustlib/x86_64-unknown-linux-gnu/lib/liblibc-544ecdbd6cda3c58.rlib" "/opt/rustwide/rustup-home/toolchains/1.54.0-x86_64-unknown-linux-gnu/lib/rustlib/x86_64-unknown-linux-gnu/lib/liballoc-379cc252b6943a79.rlib" "/opt/rustwide/rustup-home/toolchains/1.54.0-x86_64-unknown-linux-gnu/lib/rustlib/x86_64-unknown-linux-gnu/lib/librustc_std_workspace_core-8063eea38dcc5e62.rlib" "/opt/rustwide/rustup-home/toolchains/1.54.0-x86_64-unknown-linux-gnu/lib/rustlib/x86_64-unknown-linux-gnu/lib/libcore-5b228734afae15ee.rlib" "-Wl,--end-group" "/opt/rustwide/rustup-home/toolchains/1.54.0-x86_64-unknown-linux-gnu/lib/rustlib/x86_64-unknown-linux-gnu/lib/libcompiler_builtins-d6c7a399d95d173f.rlib" "-Wl,-Bdynamic" "-lssl" "-lcrypto" "-lgcc_s" "-lutil" "-lrt" "-lpthread" "-lm" "-ldl" "-lc" "-Wl,--eh-frame-hdr" "-Wl,-znoexecstack" "-L" "/opt/rustwide/rustup-home/toolchains/1.54.0-x86_64-unknown-linux-gnu/lib/rustlib/x86_64-unknown-linux-gnu/lib" "-o" "/tmp/rustdoctestNPQBvW/rust_out" "-Wl,--gc-sections" "-pie" "-Wl,-zrelro" "-Wl,-znow" "-nodefaultlibs"
[INFO] [stdout]   = note: collect2: fatal error: ld terminated with signal 9 [Killed]
[INFO] [stdout]           compilation terminated.
[INFO] [stdout]           
[INFO] [stdout] 
[INFO] [stdout] error: aborting due to previous error
[INFO] [stdout] 
[INFO] [stdout] Couldn't compile the test.
[INFO] [stdout] ---- src/types/spatial_filter.rs - types::spatial_filter::SpatialFilter::mbr (line 25) stdout ----
[INFO] [stdout] error: linking with `cc` failed: exit status: 1
[INFO] [stdout]   |
[INFO] [stdout]   = note: "cc" "-m64" "/tmp/rustdoctest7Pf4fW/rust_out.rust_out.7rcbfp3g-cgu.0.rcgu.o" "/tmp/rustdoctest7Pf4fW/rust_out.33dyzt1ekirinwy8.rcgu.o" "-Wl,--as-needed" "-L" "/opt/rustwide/target/debug/deps" "-L" "/opt/rustwide/target/debug/deps" "-L" "/opt/rustwide/rustup-home/toolchains/1.54.0-x86_64-unknown-linux-gnu/lib/rustlib/x86_64-unknown-linux-gnu/lib" "-Wl,-Bstatic" "/opt/rustwide/target/debug/deps/libusgs_eros_client-768f6fc8d2416fef.rlib" "/opt/rustwide/target/debug/deps/libthiserror-7d8a94aa91ca06f8.rlib" "/opt/rustwide/target/debug/deps/libchrono-cf125ac1b87a8fd5.rlib" "/opt/rustwide/target/debug/deps/libnum_integer-016eaeb10a6f0eb9.rlib" "/opt/rustwide/target/debug/deps/libnum_traits-3ea67f5534c2ade7.rlib" "/opt/rustwide/target/debug/deps/libtime-be70fef4bf2e1284.rlib" "/opt/rustwide/target/debug/deps/libreqwest-1026f91e06e2b387.rlib" "/opt/rustwide/target/debug/deps/libhyper_tls-c36e5cf44054e54f.rlib" "/opt/rustwide/target/debug/deps/libipnet-6757a43fea3f5c50.rlib" "/opt/rustwide/target/debug/deps/libtokio_tls-c5804a6f4c4c1f00.rlib" "/opt/rustwide/target/debug/deps/libserde_urlencoded-172f7378a1591fdf.rlib" "/opt/rustwide/target/debug/deps/libencoding_rs-51e21ce37bda7a9c.rlib" "/opt/rustwide/target/debug/deps/libserde_json-83a4a0038f10f81b.rlib" "/opt/rustwide/target/debug/deps/libryu-059aa1fbb24cd15e.rlib" "/opt/rustwide/target/debug/deps/libserde-c39ce3e6ac5d8adf.rlib" "/opt/rustwide/target/debug/deps/libbase64-5c7414cfb92860e8.rlib" "/opt/rustwide/target/debug/deps/libmime_guess-6ab4efc8840367b4.rlib" "/opt/rustwide/target/debug/deps/libunicase-3712d2bec500204b.rlib" "/opt/rustwide/target/debug/deps/libmime-12522ef5c2462da9.rlib" "/opt/rustwide/target/debug/deps/libnative_tls-5d0d4a2adc47516f.rlib" "/opt/rustwide/target/debug/deps/libopenssl_probe-a7953e41b0152cb3.rlib" "/opt/rustwide/target/debug/deps/libopenssl-3c0a1a4bdb385bab.rlib" "/opt/rustwide/target/debug/deps/libonce_cell-a76c90beb999d50a.rlib" "/opt/rustwide/target/debug/deps/libbitflags-f89ae4b715176e2d.rlib" "/opt/rustwide/target/debug/deps/libforeign_types-6dd7ccee81750d2f.rlib" "/opt/rustwide/target/debug/deps/libforeign_types_shared-1812f2e1ab1a4883.rlib" "/opt/rustwide/target/debug/deps/libopenssl_sys-fa86c9f0c510e272.rlib" "/opt/rustwide/target/debug/deps/libhyper-01792783b08efc5f.rlib" "/opt/rustwide/target/debug/deps/libhttparse-1c870db38feb2e5b.rlib" "/opt/rustwide/target/debug/deps/libwant-8978c7a581707af0.rlib" "/opt/rustwide/target/debug/deps/libtry_lock-a39996d6fbbee158.rlib" "/opt/rustwide/target/debug/deps/libh2-b2f2b0d771b25246.rlib" "/opt/rustwide/target/debug/deps/libtracing_futures-85d4c02cb2d533b3.rlib" "/opt/rustwide/target/debug/deps/libindexmap-d8d3c76f0f3a39a5.rlib" "/opt/rustwide/target/debug/deps/libhashbrown-8c5395ff9e9a0462.rlib" "/opt/rustwide/target/debug/deps/libtokio_util-0da08fad0a17d0eb.rlib" "/opt/rustwide/target/debug/deps/libfutures_sink-888229fc48e582a3.rlib" "/opt/rustwide/target/debug/deps/libhttpdate-ec1c6030e5d9e9dd.rlib" "/opt/rustwide/target/debug/deps/libsocket2-0c3b28c80dea28ae.rlib" "/opt/rustwide/target/debug/deps/libtower_service-6686e1e00a5b1c4a.rlib" "/opt/rustwide/target/debug/deps/libfutures_channel-f27136eabe005019.rlib" "/opt/rustwide/target/debug/deps/libpin_project-8016d0ae28c8bcde.rlib" "/opt/rustwide/target/debug/deps/libtracing-aa0d402d0297f5f8.rlib" "/opt/rustwide/target/debug/deps/libtracing_core-0e11f0c341661672.rlib" "/opt/rustwide/target/debug/deps/libtokio-268682d78b5d130c.rlib" "/opt/rustwide/target/debug/deps/libnum_cpus-6df632f11f9627c8.rlib" "/opt/rustwide/target/debug/deps/libmio-76b94b108503c86b.rlib" "/opt/rustwide/target/debug/deps/libiovec-a7a612086921a75b.rlib" "/opt/rustwide/target/debug/deps/libnet2-61d1992153070206.rlib" "/opt/rustwide/target/debug/deps/libcfg_if-e7a28af79b261e75.rlib" "/opt/rustwide/target/debug/deps/liblibc-3d1d2a7a9ea42ed0.rlib" "/opt/rustwide/target/debug/deps/libpin_project_lite-75b1067fb9bf87bb.rlib" "/opt/rustwide/target/debug/deps/libhttp_body-3ddfb80e0a847a72.rlib" "/opt/rustwide/target/debug/deps/libbytes-4adc91177522b7b0.rlib" "/opt/rustwide/target/debug/deps/liblog-975203197fcf8dc1.rlib" "/opt/rustwide/target/debug/deps/libcfg_if-38c8a3e888ecb06a.rlib" "/opt/rustwide/target/debug/deps/libfutures_util-58ad35013d6a44ef.rlib" "/opt/rustwide/target/debug/deps/libmemchr-1f0d97dc9aa3dd56.rlib" "/opt/rustwide/target/debug/deps/libfutures_io-12ff95146a6896b4.rlib" "/opt/rustwide/target/debug/deps/libslab-f0931e7482d64922.rlib" "/opt/rustwide/target/debug/deps/libpin_project_lite-ed06e07546a7102f.rlib" "/opt/rustwide/target/debug/deps/libfutures_task-5b8f6133e14601aa.rlib" "/opt/rustwide/target/debug/deps/libpin_utils-576e633f12357c97.rlib" "/opt/rustwide/target/debug/deps/libfutures_core-28804fd28ce97755.rlib" "/opt/rustwide/target/debug/deps/liblazy_static-5c53d641eb010a81.rlib" "/opt/rustwide/target/debug/deps/liburl-98505fcfc663a9d7.rlib" "/opt/rustwide/target/debug/deps/libidna-144743a1c87fc8e9.rlib" "/opt/rustwide/target/debug/deps/libunicode_normalization-f88ccced2be4bc93.rlib" "/opt/rustwide/target/debug/deps/libtinyvec-b0b99c866aca13aa.rlib" "/opt/rustwide/target/debug/deps/libtinyvec_macros-f6b5563d3767ea26.rlib" "/opt/rustwide/target/debug/deps/libunicode_bidi-cd5d16f1476c6336.rlib" "/opt/rustwide/target/debug/deps/libform_urlencoded-64c48050f569228e.rlib" "/opt/rustwide/target/debug/deps/libpercent_encoding-549c334c22432c49.rlib" "/opt/rustwide/target/debug/deps/libmatches-5bfcef5685786a07.rlib" "/opt/rustwide/target/debug/deps/libhttp-f934d99aebf29821.rlib" "/opt/rustwide/target/debug/deps/libitoa-9ccdb0b3e3d11258.rlib" "/opt/rustwide/target/debug/deps/libbytes-df7cac8fc38da202.rlib" "/opt/rustwide/target/debug/deps/libfnv-56e05e18a5751d51.rlib" "-Wl,--start-group" "/opt/rustwide/rustup-home/toolchains/1.54.0-x86_64-unknown-linux-gnu/lib/rustlib/x86_64-unknown-linux-gnu/lib/libstd-2420485b9e5ef5e1.rlib" "/opt/rustwide/rustup-home/toolchains/1.54.0-x86_64-unknown-linux-gnu/lib/rustlib/x86_64-unknown-linux-gnu/lib/libpanic_unwind-785e3cb61c4b1960.rlib" "/opt/rustwide/rustup-home/toolchains/1.54.0-x86_64-unknown-linux-gnu/lib/rustlib/x86_64-unknown-linux-gnu/lib/libminiz_oxide-087191a88bdaa22d.rlib" "/opt/rustwide/rustup-home/toolchains/1.54.0-x86_64-unknown-linux-gnu/lib/rustlib/x86_64-unknown-linux-gnu/lib/libadler-9981842c02975178.rlib" "/opt/rustwide/rustup-home/toolchains/1.54.0-x86_64-unknown-linux-gnu/lib/rustlib/x86_64-unknown-linux-gnu/lib/libobject-6fb405869b015fde.rlib" "/opt/rustwide/rustup-home/toolchains/1.54.0-x86_64-unknown-linux-gnu/lib/rustlib/x86_64-unknown-linux-gnu/lib/libaddr2line-d05c5c3c56004b7b.rlib" "/opt/rustwide/rustup-home/toolchains/1.54.0-x86_64-unknown-linux-gnu/lib/rustlib/x86_64-unknown-linux-gnu/lib/libgimli-42d74d2097528b38.rlib" "/opt/rustwide/rustup-home/toolchains/1.54.0-x86_64-unknown-linux-gnu/lib/rustlib/x86_64-unknown-linux-gnu/lib/libstd_detect-fb36534c113d2209.rlib" "/opt/rustwide/rustup-home/toolchains/1.54.0-x86_64-unknown-linux-gnu/lib/rustlib/x86_64-unknown-linux-gnu/lib/librustc_demangle-b56b9042c12b6535.rlib" "/opt/rustwide/rustup-home/toolchains/1.54.0-x86_64-unknown-linux-gnu/lib/rustlib/x86_64-unknown-linux-gnu/lib/libhashbrown-491902d6cb3e76df.rlib" "/opt/rustwide/rustup-home/toolchains/1.54.0-x86_64-unknown-linux-gnu/lib/rustlib/x86_64-unknown-linux-gnu/lib/librustc_std_workspace_alloc-61834e0981b8c367.rlib" "/opt/rustwide/rustup-home/toolchains/1.54.0-x86_64-unknown-linux-gnu/lib/rustlib/x86_64-unknown-linux-gnu/lib/libunwind-f78aa99d613a55bc.rlib" "/opt/rustwide/rustup-home/toolchains/1.54.0-x86_64-unknown-linux-gnu/lib/rustlib/x86_64-unknown-linux-gnu/lib/libcfg_if-53ee54cd7fed2c57.rlib" "/opt/rustwide/rustup-home/toolchains/1.54.0-x86_64-unknown-linux-gnu/lib/rustlib/x86_64-unknown-linux-gnu/lib/liblibc-544ecdbd6cda3c58.rlib" "/opt/rustwide/rustup-home/toolchains/1.54.0-x86_64-unknown-linux-gnu/lib/rustlib/x86_64-unknown-linux-gnu/lib/liballoc-379cc252b6943a79.rlib" "/opt/rustwide/rustup-home/toolchains/1.54.0-x86_64-unknown-linux-gnu/lib/rustlib/x86_64-unknown-linux-gnu/lib/librustc_std_workspace_core-8063eea38dcc5e62.rlib" "/opt/rustwide/rustup-home/toolchains/1.54.0-x86_64-unknown-linux-gnu/lib/rustlib/x86_64-unknown-linux-gnu/lib/libcore-5b228734afae15ee.rlib" "-Wl,--end-group" "/opt/rustwide/rustup-home/toolchains/1.54.0-x86_64-unknown-linux-gnu/lib/rustlib/x86_64-unknown-linux-gnu/lib/libcompiler_builtins-d6c7a399d95d173f.rlib" "-Wl,-Bdynamic" "-lssl" "-lcrypto" "-lgcc_s" "-lutil" "-lrt" "-lpthread" "-lm" "-ldl" "-lc" "-Wl,--eh-frame-hdr" "-Wl,-znoexecstack" "-L" "/opt/rustwide/rustup-home/toolchains/1.54.0-x86_64-unknown-linux-gnu/lib/rustlib/x86_64-unknown-linux-gnu/lib" "-o" "/tmp/rustdoctest7Pf4fW/rust_out" "-Wl,--gc-sections" "-pie" "-Wl,-zrelro" "-Wl,-znow" "-nodefaultlibs"
[INFO] [stdout]   = note: collect2: fatal error: ld terminated with signal 9 [Killed]
[INFO] [stdout]           compilation terminated.
[INFO] [stdout]           
[INFO] [stdout] 
[INFO] [stdout] error: aborting due to previous error
[INFO] [stdout] 
[INFO] [stdout] Couldn't compile the test.
[INFO] [stdout] ---- src/types/spatial_filter.rs - types::spatial_filter::SpatialFilter::geojson (line 49) stdout ----
[INFO] [stdout] error: linking with `cc` failed: exit status: 1
[INFO] [stdout]   |
[INFO] [stdout]   = note: "cc" "-m64" "/tmp/rustdoctestCR0V8L/rust_out.rust_out.7rcbfp3g-cgu.0.rcgu.o" "/tmp/rustdoctestCR0V8L/rust_out.33dyzt1ekirinwy8.rcgu.o" "-Wl,--as-needed" "-L" "/opt/rustwide/target/debug/deps" "-L" "/opt/rustwide/target/debug/deps" "-L" "/opt/rustwide/rustup-home/toolchains/1.54.0-x86_64-unknown-linux-gnu/lib/rustlib/x86_64-unknown-linux-gnu/lib" "-Wl,-Bstatic" "/opt/rustwide/target/debug/deps/libusgs_eros_client-768f6fc8d2416fef.rlib" "/opt/rustwide/target/debug/deps/libthiserror-7d8a94aa91ca06f8.rlib" "/opt/rustwide/target/debug/deps/libchrono-cf125ac1b87a8fd5.rlib" "/opt/rustwide/target/debug/deps/libnum_integer-016eaeb10a6f0eb9.rlib" "/opt/rustwide/target/debug/deps/libnum_traits-3ea67f5534c2ade7.rlib" "/opt/rustwide/target/debug/deps/libtime-be70fef4bf2e1284.rlib" "/opt/rustwide/target/debug/deps/libreqwest-1026f91e06e2b387.rlib" "/opt/rustwide/target/debug/deps/libhyper_tls-c36e5cf44054e54f.rlib" "/opt/rustwide/target/debug/deps/libipnet-6757a43fea3f5c50.rlib" "/opt/rustwide/target/debug/deps/libtokio_tls-c5804a6f4c4c1f00.rlib" "/opt/rustwide/target/debug/deps/libserde_urlencoded-172f7378a1591fdf.rlib" "/opt/rustwide/target/debug/deps/libencoding_rs-51e21ce37bda7a9c.rlib" "/opt/rustwide/target/debug/deps/libserde_json-83a4a0038f10f81b.rlib" "/opt/rustwide/target/debug/deps/libryu-059aa1fbb24cd15e.rlib" "/opt/rustwide/target/debug/deps/libserde-c39ce3e6ac5d8adf.rlib" "/opt/rustwide/target/debug/deps/libbase64-5c7414cfb92860e8.rlib" "/opt/rustwide/target/debug/deps/libmime_guess-6ab4efc8840367b4.rlib" "/opt/rustwide/target/debug/deps/libunicase-3712d2bec500204b.rlib" "/opt/rustwide/target/debug/deps/libmime-12522ef5c2462da9.rlib" "/opt/rustwide/target/debug/deps/libnative_tls-5d0d4a2adc47516f.rlib" "/opt/rustwide/target/debug/deps/libopenssl_probe-a7953e41b0152cb3.rlib" "/opt/rustwide/target/debug/deps/libopenssl-3c0a1a4bdb385bab.rlib" "/opt/rustwide/target/debug/deps/libonce_cell-a76c90beb999d50a.rlib" "/opt/rustwide/target/debug/deps/libbitflags-f89ae4b715176e2d.rlib" "/opt/rustwide/target/debug/deps/libforeign_types-6dd7ccee81750d2f.rlib" "/opt/rustwide/target/debug/deps/libforeign_types_shared-1812f2e1ab1a4883.rlib" "/opt/rustwide/target/debug/deps/libopenssl_sys-fa86c9f0c510e272.rlib" "/opt/rustwide/target/debug/deps/libhyper-01792783b08efc5f.rlib" "/opt/rustwide/target/debug/deps/libhttparse-1c870db38feb2e5b.rlib" "/opt/rustwide/target/debug/deps/libwant-8978c7a581707af0.rlib" "/opt/rustwide/target/debug/deps/libtry_lock-a39996d6fbbee158.rlib" "/opt/rustwide/target/debug/deps/libh2-b2f2b0d771b25246.rlib" "/opt/rustwide/target/debug/deps/libtracing_futures-85d4c02cb2d533b3.rlib" "/opt/rustwide/target/debug/deps/libindexmap-d8d3c76f0f3a39a5.rlib" "/opt/rustwide/target/debug/deps/libhashbrown-8c5395ff9e9a0462.rlib" "/opt/rustwide/target/debug/deps/libtokio_util-0da08fad0a17d0eb.rlib" "/opt/rustwide/target/debug/deps/libfutures_sink-888229fc48e582a3.rlib" "/opt/rustwide/target/debug/deps/libhttpdate-ec1c6030e5d9e9dd.rlib" "/opt/rustwide/target/debug/deps/libsocket2-0c3b28c80dea28ae.rlib" "/opt/rustwide/target/debug/deps/libtower_service-6686e1e00a5b1c4a.rlib" "/opt/rustwide/target/debug/deps/libfutures_channel-f27136eabe005019.rlib" "/opt/rustwide/target/debug/deps/libpin_project-8016d0ae28c8bcde.rlib" "/opt/rustwide/target/debug/deps/libtracing-aa0d402d0297f5f8.rlib" "/opt/rustwide/target/debug/deps/libtracing_core-0e11f0c341661672.rlib" "/opt/rustwide/target/debug/deps/libtokio-268682d78b5d130c.rlib" "/opt/rustwide/target/debug/deps/libnum_cpus-6df632f11f9627c8.rlib" "/opt/rustwide/target/debug/deps/libmio-76b94b108503c86b.rlib" "/opt/rustwide/target/debug/deps/libiovec-a7a612086921a75b.rlib" "/opt/rustwide/target/debug/deps/libnet2-61d1992153070206.rlib" "/opt/rustwide/target/debug/deps/libcfg_if-e7a28af79b261e75.rlib" "/opt/rustwide/target/debug/deps/liblibc-3d1d2a7a9ea42ed0.rlib" "/opt/rustwide/target/debug/deps/libpin_project_lite-75b1067fb9bf87bb.rlib" "/opt/rustwide/target/debug/deps/libhttp_body-3ddfb80e0a847a72.rlib" "/opt/rustwide/target/debug/deps/libbytes-4adc91177522b7b0.rlib" "/opt/rustwide/target/debug/deps/liblog-975203197fcf8dc1.rlib" "/opt/rustwide/target/debug/deps/libcfg_if-38c8a3e888ecb06a.rlib" "/opt/rustwide/target/debug/deps/libfutures_util-58ad35013d6a44ef.rlib" "/opt/rustwide/target/debug/deps/libmemchr-1f0d97dc9aa3dd56.rlib" "/opt/rustwide/target/debug/deps/libfutures_io-12ff95146a6896b4.rlib" "/opt/rustwide/target/debug/deps/libslab-f0931e7482d64922.rlib" "/opt/rustwide/target/debug/deps/libpin_project_lite-ed06e07546a7102f.rlib" "/opt/rustwide/target/debug/deps/libfutures_task-5b8f6133e14601aa.rlib" "/opt/rustwide/target/debug/deps/libpin_utils-576e633f12357c97.rlib" "/opt/rustwide/target/debug/deps/libfutures_core-28804fd28ce97755.rlib" "/opt/rustwide/target/debug/deps/liblazy_static-5c53d641eb010a81.rlib" "/opt/rustwide/target/debug/deps/liburl-98505fcfc663a9d7.rlib" "/opt/rustwide/target/debug/deps/libidna-144743a1c87fc8e9.rlib" "/opt/rustwide/target/debug/deps/libunicode_normalization-f88ccced2be4bc93.rlib" "/opt/rustwide/target/debug/deps/libtinyvec-b0b99c866aca13aa.rlib" "/opt/rustwide/target/debug/deps/libtinyvec_macros-f6b5563d3767ea26.rlib" "/opt/rustwide/target/debug/deps/libunicode_bidi-cd5d16f1476c6336.rlib" "/opt/rustwide/target/debug/deps/libform_urlencoded-64c48050f569228e.rlib" "/opt/rustwide/target/debug/deps/libpercent_encoding-549c334c22432c49.rlib" "/opt/rustwide/target/debug/deps/libmatches-5bfcef5685786a07.rlib" "/opt/rustwide/target/debug/deps/libhttp-f934d99aebf29821.rlib" "/opt/rustwide/target/debug/deps/libitoa-9ccdb0b3e3d11258.rlib" "/opt/rustwide/target/debug/deps/libbytes-df7cac8fc38da202.rlib" "/opt/rustwide/target/debug/deps/libfnv-56e05e18a5751d51.rlib" "-Wl,--start-group" "/opt/rustwide/rustup-home/toolchains/1.54.0-x86_64-unknown-linux-gnu/lib/rustlib/x86_64-unknown-linux-gnu/lib/libstd-2420485b9e5ef5e1.rlib" "/opt/rustwide/rustup-home/toolchains/1.54.0-x86_64-unknown-linux-gnu/lib/rustlib/x86_64-unknown-linux-gnu/lib/libpanic_unwind-785e3cb61c4b1960.rlib" "/opt/rustwide/rustup-home/toolchains/1.54.0-x86_64-unknown-linux-gnu/lib/rustlib/x86_64-unknown-linux-gnu/lib/libminiz_oxide-087191a88bdaa22d.rlib" "/opt/rustwide/rustup-home/toolchains/1.54.0-x86_64-unknown-linux-gnu/lib/rustlib/x86_64-unknown-linux-gnu/lib/libadler-9981842c02975178.rlib" "/opt/rustwide/rustup-home/toolchains/1.54.0-x86_64-unknown-linux-gnu/lib/rustlib/x86_64-unknown-linux-gnu/lib/libobject-6fb405869b015fde.rlib" "/opt/rustwide/rustup-home/toolchains/1.54.0-x86_64-unknown-linux-gnu/lib/rustlib/x86_64-unknown-linux-gnu/lib/libaddr2line-d05c5c3c56004b7b.rlib" "/opt/rustwide/rustup-home/toolchains/1.54.0-x86_64-unknown-linux-gnu/lib/rustlib/x86_64-unknown-linux-gnu/lib/libgimli-42d74d2097528b38.rlib" "/opt/rustwide/rustup-home/toolchains/1.54.0-x86_64-unknown-linux-gnu/lib/rustlib/x86_64-unknown-linux-gnu/lib/libstd_detect-fb36534c113d2209.rlib" "/opt/rustwide/rustup-home/toolchains/1.54.0-x86_64-unknown-linux-gnu/lib/rustlib/x86_64-unknown-linux-gnu/lib/librustc_demangle-b56b9042c12b6535.rlib" "/opt/rustwide/rustup-home/toolchains/1.54.0-x86_64-unknown-linux-gnu/lib/rustlib/x86_64-unknown-linux-gnu/lib/libhashbrown-491902d6cb3e76df.rlib" "/opt/rustwide/rustup-home/toolchains/1.54.0-x86_64-unknown-linux-gnu/lib/rustlib/x86_64-unknown-linux-gnu/lib/librustc_std_workspace_alloc-61834e0981b8c367.rlib" "/opt/rustwide/rustup-home/toolchains/1.54.0-x86_64-unknown-linux-gnu/lib/rustlib/x86_64-unknown-linux-gnu/lib/libunwind-f78aa99d613a55bc.rlib" "/opt/rustwide/rustup-home/toolchains/1.54.0-x86_64-unknown-linux-gnu/lib/rustlib/x86_64-unknown-linux-gnu/lib/libcfg_if-53ee54cd7fed2c57.rlib" "/opt/rustwide/rustup-home/toolchains/1.54.0-x86_64-unknown-linux-gnu/lib/rustlib/x86_64-unknown-linux-gnu/lib/liblibc-544ecdbd6cda3c58.rlib" "/opt/rustwide/rustup-home/toolchains/1.54.0-x86_64-unknown-linux-gnu/lib/rustlib/x86_64-unknown-linux-gnu/lib/liballoc-379cc252b6943a79.rlib" "/opt/rustwide/rustup-home/toolchains/1.54.0-x86_64-unknown-linux-gnu/lib/rustlib/x86_64-unknown-linux-gnu/lib/librustc_std_workspace_core-8063eea38dcc5e62.rlib" "/opt/rustwide/rustup-home/toolchains/1.54.0-x86_64-unknown-linux-gnu/lib/rustlib/x86_64-unknown-linux-gnu/lib/libcore-5b228734afae15ee.rlib" "-Wl,--end-group" "/opt/rustwide/rustup-home/toolchains/1.54.0-x86_64-unknown-linux-gnu/lib/rustlib/x86_64-unknown-linux-gnu/lib/libcompiler_builtins-d6c7a399d95d173f.rlib" "-Wl,-Bdynamic" "-lssl" "-lcrypto" "-lgcc_s" "-lutil" "-lrt" "-lpthread" "-lm" "-ldl" "-lc" "-Wl,--eh-frame-hdr" "-Wl,-znoexecstack" "-L" "/opt/rustwide/rustup-home/toolchains/1.54.0-x86_64-unknown-linux-gnu/lib/rustlib/x86_64-unknown-linux-gnu/lib" "-o" "/tmp/rustdoctestCR0V8L/rust_out" "-Wl,--gc-sections" "-pie" "-Wl,-zrelro" "-Wl,-znow" "-nodefaultlibs"
[INFO] [stdout]   = note: collect2: fatal error: ld terminated with signal 9 [Killed]
[INFO] [stdout]           compilation terminated.
[INFO] [stdout]           
[INFO] [stdout] 
[INFO] [stdout] error: aborting due to previous error
[INFO] [stdout] 
[INFO] [stdout] Couldn't compile the test.
[INFO] [stdout] 
[INFO] [stdout] failures:
[INFO] [stdout]     src/types/cloud_cover_filter.rs - types::cloud_cover_filter::CloudCoverFilter::new (line 17)
[INFO] [stdout]     src/types/credentials.rs - types::credentials::Credentials::new (line 31)
[INFO] [stdout]     src/types/metadata_filter.rs - types::metadata_filter::MetadataFilter::and (line 43)
[INFO] [stdout]     src/types/metadata_filter.rs - types::metadata_filter::MetadataFilter::between (line 81)
[INFO] [stdout]     src/types/metadata_filter.rs - types::metadata_filter::MetadataFilter::or (line 62)
[INFO] [stdout]     src/types/metadata_filter.rs - types::metadata_filter::MetadataFilter::value (line 102)
[INFO] [stdout]     src/types/scene_filter.rs - types::scene_filter::SceneFilter::acquisition_filter (line 50)
[INFO] [stdout]     src/types/scene_filter.rs - types::scene_filter::SceneFilter::cloud_cover_filter (line 70)
[INFO] [stdout]     src/types/scene_filter.rs - types::scene_filter::SceneFilter::dataset_name (line 90)
[INFO] [stdout]     src/types/scene_filter.rs - types::scene_filter::SceneFilter::ingest_filter (line 109)
[INFO] [stdout]     src/types/scene_filter.rs - types::scene_filter::SceneFilter::metadata_filter (line 129)
[INFO] [stdout]     src/types/scene_filter.rs - types::scene_filter::SceneFilter::new (line 25)
[INFO] [stdout]     src/types/scene_filter.rs - types::scene_filter::SceneFilter::seasonal_filter (line 151)
[INFO] [stdout]     src/types/scene_filter.rs - types::scene_filter::SceneFilter::spatial_filter (line 171)
[INFO] [stdout]     src/types/spatial_filter.rs - types::spatial_filter::SpatialFilter::geojson (line 49)
[INFO] [stdout]     src/types/spatial_filter.rs - types::spatial_filter::SpatialFilter::mbr (line 25)
[INFO] [stdout]     src/types/temporal_filter.rs - types::temporal_filter::TemporalFilter::new (line 22)
[INFO] [stdout] 
[INFO] [stdout] test result: FAILED. 9 passed; 17 failed; 0 ignored; 0 measured; 0 filtered out; finished in 5.74s
[INFO] [stdout] 
[INFO] [stderr] error: test failed, to rerun pass '--doc'
[INFO] running `Command { std: "docker" "inspect" "8fafb364ee189cd7831cb136c37617eb2228a08ae8ce9b67f29950dd271cbc77", kill_on_drop: false }`
[INFO] running `Command { std: "docker" "rm" "-f" "8fafb364ee189cd7831cb136c37617eb2228a08ae8ce9b67f29950dd271cbc77", kill_on_drop: false }`
[INFO] [stdout] 8fafb364ee189cd7831cb136c37617eb2228a08ae8ce9b67f29950dd271cbc77
