[INFO] fetching crate uset 0.1.0...
[INFO] testing uset-0.1.0 against beta-2021-08-01 for beta-1.55-1
[INFO] extracting crate uset 0.1.0 into /workspace/builds/worker-36/source
[INFO] validating manifest of crates.io crate uset 0.1.0 on toolchain beta-2021-08-01
[INFO] running `Command { std: "/workspace/cargo-home/bin/cargo" "+beta-2021-08-01" "metadata" "--manifest-path" "Cargo.toml" "--no-deps", kill_on_drop: false }`
[INFO] started tweaking crates.io crate uset 0.1.0
[INFO] finished tweaking crates.io crate uset 0.1.0
[INFO] tweaked toml for crates.io crate uset 0.1.0 written to /workspace/builds/worker-36/source/Cargo.toml
[INFO] running `Command { std: "/workspace/cargo-home/bin/cargo" "+beta-2021-08-01" "generate-lockfile" "--manifest-path" "Cargo.toml" "-Zno-index-update", kill_on_drop: false }`
[INFO] [stderr]     Blocking waiting for file lock on package cache
[INFO] running `Command { std: "/workspace/cargo-home/bin/cargo" "+beta-2021-08-01" "fetch" "--manifest-path" "Cargo.toml", kill_on_drop: false }`
[INFO] [stderr]     Blocking waiting for file lock on package cache
[INFO] [stderr]     Blocking waiting for file lock on package cache
[INFO] [stderr]  Downloading crates ...
[INFO] [stderr]   Downloaded spectral v0.6.0
[INFO] running `Command { std: "docker" "create" "-v" "/var/lib/crater-agent-workspace/builds/worker-36/target:/opt/rustwide/target:rw,Z" "-v" "/var/lib/crater-agent-workspace/builds/worker-36/source:/opt/rustwide/workdir:ro,Z" "-v" "/var/lib/crater-agent-workspace/cargo-home:/opt/rustwide/cargo-home:ro,Z" "-v" "/var/lib/crater-agent-workspace/rustup-home:/opt/rustwide/rustup-home:ro,Z" "-e" "SOURCE_DIR=/opt/rustwide/workdir" "-e" "CARGO_TARGET_DIR=/opt/rustwide/target" "-e" "CARGO_HOME=/opt/rustwide/cargo-home" "-e" "RUSTUP_HOME=/opt/rustwide/rustup-home" "-w" "/opt/rustwide/workdir" "-m" "1610612736" "--user" "0:0" "--network" "none" "ghcr.io/rust-lang/crates-build-env/linux@sha256:34b6a614d2c27851fe6cbf88fbd1137609cefab8b10d0615aaeb6fd47975d74e" "/opt/rustwide/cargo-home/bin/cargo" "+beta-2021-08-01" "metadata" "--no-deps" "--format-version=1", kill_on_drop: false }`
[INFO] [stdout] 64839450c69220f183c80a162d64357eb7b5e2fee81c99d950cc183d5fd666a3
[INFO] running `Command { std: "docker" "start" "-a" "64839450c69220f183c80a162d64357eb7b5e2fee81c99d950cc183d5fd666a3", kill_on_drop: false }`
[INFO] running `Command { std: "docker" "inspect" "64839450c69220f183c80a162d64357eb7b5e2fee81c99d950cc183d5fd666a3", kill_on_drop: false }`
[INFO] running `Command { std: "docker" "rm" "-f" "64839450c69220f183c80a162d64357eb7b5e2fee81c99d950cc183d5fd666a3", kill_on_drop: false }`
[INFO] [stdout] 64839450c69220f183c80a162d64357eb7b5e2fee81c99d950cc183d5fd666a3
[INFO] running `Command { std: "docker" "create" "-v" "/var/lib/crater-agent-workspace/builds/worker-36/target:/opt/rustwide/target:rw,Z" "-v" "/var/lib/crater-agent-workspace/builds/worker-36/source:/opt/rustwide/workdir:ro,Z" "-v" "/var/lib/crater-agent-workspace/cargo-home:/opt/rustwide/cargo-home:ro,Z" "-v" "/var/lib/crater-agent-workspace/rustup-home:/opt/rustwide/rustup-home:ro,Z" "-e" "SOURCE_DIR=/opt/rustwide/workdir" "-e" "CARGO_TARGET_DIR=/opt/rustwide/target" "-e" "CARGO_INCREMENTAL=0" "-e" "RUST_BACKTRACE=full" "-e" "RUSTFLAGS=--cap-lints=warn" "-e" "CARGO_HOME=/opt/rustwide/cargo-home" "-e" "RUSTUP_HOME=/opt/rustwide/rustup-home" "-w" "/opt/rustwide/workdir" "-m" "1610612736" "--user" "0:0" "--network" "none" "ghcr.io/rust-lang/crates-build-env/linux@sha256:34b6a614d2c27851fe6cbf88fbd1137609cefab8b10d0615aaeb6fd47975d74e" "/opt/rustwide/cargo-home/bin/cargo" "+beta-2021-08-01" "build" "--frozen" "--message-format=json", kill_on_drop: false }`
[INFO] [stdout] d734d61a58ef5ad6da4689ee5e65a7ddef8da409574e64188c05a5fbc1bb5dc5
[INFO] running `Command { std: "docker" "start" "-a" "d734d61a58ef5ad6da4689ee5e65a7ddef8da409574e64188c05a5fbc1bb5dc5", kill_on_drop: false }`
[INFO] [stderr]    Compiling getrandom v0.1.16
[INFO] [stderr]    Compiling either v1.6.1
[INFO] [stderr]    Compiling lazy_static v1.4.0
[INFO] [stderr]    Compiling itertools v0.8.2
[INFO] [stderr]    Compiling rand_core v0.5.1
[INFO] [stderr]    Compiling rand_chacha v0.2.2
[INFO] [stderr]    Compiling rand v0.7.3
[INFO] [stderr]    Compiling uset v0.1.0 (/opt/rustwide/workdir)
[INFO] [stderr]     Finished dev [unoptimized + debuginfo] target(s) in 3.22s
[INFO] running `Command { std: "docker" "inspect" "d734d61a58ef5ad6da4689ee5e65a7ddef8da409574e64188c05a5fbc1bb5dc5", kill_on_drop: false }`
[INFO] running `Command { std: "docker" "rm" "-f" "d734d61a58ef5ad6da4689ee5e65a7ddef8da409574e64188c05a5fbc1bb5dc5", kill_on_drop: false }`
[INFO] [stdout] d734d61a58ef5ad6da4689ee5e65a7ddef8da409574e64188c05a5fbc1bb5dc5
[INFO] running `Command { std: "docker" "create" "-v" "/var/lib/crater-agent-workspace/builds/worker-36/target:/opt/rustwide/target:rw,Z" "-v" "/var/lib/crater-agent-workspace/builds/worker-36/source:/opt/rustwide/workdir:ro,Z" "-v" "/var/lib/crater-agent-workspace/cargo-home:/opt/rustwide/cargo-home:ro,Z" "-v" "/var/lib/crater-agent-workspace/rustup-home:/opt/rustwide/rustup-home:ro,Z" "-e" "SOURCE_DIR=/opt/rustwide/workdir" "-e" "CARGO_TARGET_DIR=/opt/rustwide/target" "-e" "CARGO_INCREMENTAL=0" "-e" "RUST_BACKTRACE=full" "-e" "RUSTFLAGS=--cap-lints=warn" "-e" "CARGO_HOME=/opt/rustwide/cargo-home" "-e" "RUSTUP_HOME=/opt/rustwide/rustup-home" "-w" "/opt/rustwide/workdir" "-m" "1610612736" "--user" "0:0" "--network" "none" "ghcr.io/rust-lang/crates-build-env/linux@sha256:34b6a614d2c27851fe6cbf88fbd1137609cefab8b10d0615aaeb6fd47975d74e" "/opt/rustwide/cargo-home/bin/cargo" "+beta-2021-08-01" "test" "--frozen" "--no-run" "--message-format=json", kill_on_drop: false }`
[INFO] [stdout] 536bbbb5251a2a926c16a1ed5f3f33143bc8da277022b251f8b0b0155a60b33c
[INFO] running `Command { std: "docker" "start" "-a" "536bbbb5251a2a926c16a1ed5f3f33143bc8da277022b251f8b0b0155a60b33c", kill_on_drop: false }`
[INFO] [stderr]    Compiling memchr v2.4.0
[INFO] [stderr]    Compiling semver v1.0.4
[INFO] [stderr]    Compiling crossbeam-utils v0.8.5
[INFO] [stderr]    Compiling serde v1.0.127
[INFO] [stderr]    Compiling crossbeam-epoch v0.9.5
[INFO] [stderr]    Compiling rayon-core v1.9.1
[INFO] [stderr]    Compiling rustc-serialize v0.3.24
[INFO] [stderr]    Compiling scopeguard v1.1.0
[INFO] [stderr]    Compiling regex-syntax v0.6.25
[INFO] [stderr]    Compiling syn v1.0.74
[INFO] [stderr]    Compiling itoa v0.4.7
[INFO] [stderr]    Compiling serde_json v1.0.66
[INFO] [stderr]    Compiling log v0.4.14
[INFO] [stderr]    Compiling plotters-backend v0.3.2
[INFO] [stderr]    Compiling regex-automata v0.1.10
[INFO] [stderr]    Compiling serde_derive v1.0.127
[INFO] [stderr]    Compiling same-file v1.0.6
[INFO] [stderr]    Compiling half v1.7.1
[INFO] [stderr]    Compiling oorandom v11.1.3
[INFO] [stderr]    Compiling num-traits v0.2.14
[INFO] [stderr]    Compiling num-integer v0.1.44
[INFO] [stderr]    Compiling memoffset v0.6.4
[INFO] [stderr]    Compiling num-iter v0.1.42
[INFO] [stderr]    Compiling rayon v1.5.1
[INFO] [stderr]    Compiling ryu v1.0.5
[INFO] [stderr]    Compiling itertools v0.10.1
[INFO] [stderr]    Compiling rand v0.4.6
[INFO] [stderr]    Compiling num_cpus v1.13.0
[INFO] [stderr]    Compiling clap v2.33.3
[INFO] [stderr]    Compiling walkdir v2.3.2
[INFO] [stderr]    Compiling plotters-svg v0.3.1
[INFO] [stderr]    Compiling rustc_version v0.4.0
[INFO] [stderr]    Compiling aho-corasick v0.7.18
[INFO] [stderr]    Compiling csv-core v0.1.10
[INFO] [stderr]    Compiling crossbeam-channel v0.5.1
[INFO] [stderr]    Compiling cast v0.2.7
[INFO] [stderr]    Compiling crossbeam-deque v0.8.1
[INFO] [stderr]    Compiling num-complex v0.1.43
[INFO] [stderr]    Compiling plotters v0.3.1
[INFO] [stderr]    Compiling regex v1.5.4
[INFO] [stderr]    Compiling criterion-plot v0.4.4
[INFO] [stderr]    Compiling num-bigint v0.1.44
[INFO] [stderr]    Compiling num-rational v0.1.42
[INFO] [stderr]    Compiling num v0.1.42
[INFO] [stderr]    Compiling env_logger v0.7.1
[INFO] [stderr]    Compiling spectral v0.6.0
[INFO] [stderr]    Compiling quickcheck v0.9.2
[INFO] [stderr]    Compiling bstr v0.2.16
[INFO] [stderr]    Compiling serde_cbor v0.11.1
[INFO] [stderr]    Compiling csv v1.1.6
[INFO] [stderr]    Compiling tinytemplate v1.2.1
[INFO] [stderr]    Compiling criterion v0.3.5
[INFO] [stderr]    Compiling uset v0.1.0 (/opt/rustwide/workdir)
[INFO] [stdout] warning: unused import: `uset::core::uset::*`
[INFO] [stdout]  --> tests/integration_tests.rs:3:5
[INFO] [stdout]   |
[INFO] [stdout] 3 | use uset::core::uset::*;
[INFO] [stdout]   |     ^^^^^^^^^^^^^^^^^^^
[INFO] [stdout]   |
[INFO] [stdout]   = note: `#[warn(unused_imports)]` on by default
[INFO] [stdout] 
[INFO] [stdout] 
[INFO] [stdout] warning: 1 warning emitted
[INFO] [stdout] 
[INFO] [stdout] 
[INFO] [stderr]     Finished test [unoptimized + debuginfo] target(s) in 26.87s
[INFO] running `Command { std: "docker" "inspect" "536bbbb5251a2a926c16a1ed5f3f33143bc8da277022b251f8b0b0155a60b33c", kill_on_drop: false }`
[INFO] running `Command { std: "docker" "rm" "-f" "536bbbb5251a2a926c16a1ed5f3f33143bc8da277022b251f8b0b0155a60b33c", kill_on_drop: false }`
[INFO] [stdout] 536bbbb5251a2a926c16a1ed5f3f33143bc8da277022b251f8b0b0155a60b33c
[INFO] running `Command { std: "docker" "create" "-v" "/var/lib/crater-agent-workspace/builds/worker-36/target:/opt/rustwide/target:rw,Z" "-v" "/var/lib/crater-agent-workspace/builds/worker-36/source:/opt/rustwide/workdir:ro,Z" "-v" "/var/lib/crater-agent-workspace/cargo-home:/opt/rustwide/cargo-home:ro,Z" "-v" "/var/lib/crater-agent-workspace/rustup-home:/opt/rustwide/rustup-home:ro,Z" "-e" "SOURCE_DIR=/opt/rustwide/workdir" "-e" "CARGO_TARGET_DIR=/opt/rustwide/target" "-e" "CARGO_INCREMENTAL=0" "-e" "RUST_BACKTRACE=full" "-e" "RUSTFLAGS=--cap-lints=warn" "-e" "CARGO_HOME=/opt/rustwide/cargo-home" "-e" "RUSTUP_HOME=/opt/rustwide/rustup-home" "-w" "/opt/rustwide/workdir" "-m" "1610612736" "--user" "0:0" "--network" "none" "ghcr.io/rust-lang/crates-build-env/linux@sha256:34b6a614d2c27851fe6cbf88fbd1137609cefab8b10d0615aaeb6fd47975d74e" "/opt/rustwide/cargo-home/bin/cargo" "+beta-2021-08-01" "test" "--frozen", kill_on_drop: false }`
[INFO] [stdout] 12bf21d9af94425266f61bdafdd0d73b99533956170e2cc228a6d119d2d12e08
[INFO] running `Command { std: "docker" "start" "-a" "12bf21d9af94425266f61bdafdd0d73b99533956170e2cc228a6d119d2d12e08", kill_on_drop: false }`
[INFO] [stderr]     Blocking waiting for file lock on package cache
[INFO] [stderr] warning: unused import: `uset::core::uset::*`
[INFO] [stderr]  --> tests/integration_tests.rs:3:5
[INFO] [stderr]   |
[INFO] [stderr] 3 | use uset::core::uset::*;
[INFO] [stderr]   |     ^^^^^^^^^^^^^^^^^^^
[INFO] [stderr]   |
[INFO] [stderr]   = note: `#[warn(unused_imports)]` on by default
[INFO] [stderr] 
[INFO] [stderr] warning: `uset` (test "integration_tests") generated 1 warning
[INFO] [stderr]     Finished test [unoptimized + debuginfo] target(s) in 0.43s
[INFO] [stderr]      Running unittests (/opt/rustwide/target/debug/deps/uset-9fe20d3348570b4f)
[INFO] [stdout] 
[INFO] [stdout] running 25 tests
[INFO] [stdout] test core::umap_tests::umap_tests::should_impl_basic_iterator ... ok
[INFO] [stdout] test core::umap_tests::umap_tests::should_impl_better_iterator ... ok
[INFO] [stdout] test core::umap_tests::umap_tests::should_join_maps ... ok
[INFO] [stdout] test core::umap_tests::umap_tests::should_min_max_when_empty ... ok
[INFO] [stdout] test core::umap_tests::umap_tests::should_modify_with_get_ref_mut ... ok
[INFO] [stdout] test core::uset_tests::uset_tests::should_add ... ok
[INFO] [stdout] test core::uset_tests::uset_tests::set_from_and_to_vec ... ok
[INFO] [stdout] test core::uset_tests::uset_tests::should_find_max ... ok
[INFO] [stdout] test core::uset_tests::uset_tests::should_implement_into_iter ... ok
[INFO] [stdout] test core::uset_tests::uset_tests::should_be_equal ... ok
[INFO] [stdout] test core::umap_tests::umap_tests::should_do_basic_operations ... ok
[INFO] [stdout] test core::umap_tests::umap_tests::should_min_max ... ok
[INFO] [stdout] test core::umap_tests::umap_tests::should_extract_submap ... ok
[INFO] [stdout] test core::uset_tests::uset_tests::should_join_sets ... ok
[INFO] [stdout] test core::uset_tests::uset_tests::should_find_min ... ok
[INFO] [stdout] test core::umap_tests::umap_tests::should_use_umap_macro ... ok
[INFO] [stdout] test core::uset_tests::uset_tests::should_push_all ... ok
[INFO] [stdout] test core::uset_tests::uset_tests::should_mul ... ok
[INFO] [stdout] test core::uset_tests::uset_tests::should_shrink_to_fit ... ok
[INFO] [stdout] test core::uset_tests::uset_tests::should_make_set_from_iter ... ok
[INFO] [stdout] test core::uset_tests::uset_tests::should_substract ... ok
[INFO] [stdout] test core::uset_tests::uset_tests::should_xor ... ok
[INFO] [stdout] test core::uset_tests::uset_tests::should_substract_sets ... ok
[INFO] [stdout] test core::uset_tests::uset_tests::should_compile ... ok
[INFO] [stderr]      Running tests/integration_tests.rs (/opt/rustwide/target/debug/deps/integration_tests-db620a621c0f88c8)
[INFO] [stdout] test core::uset_tests::uset_tests::from_and_to_vec ... ok
[INFO] [stderr]    Doc-tests uset
[INFO] [stdout] 
[INFO] [stdout] test result: ok. 25 passed; 0 failed; 0 ignored; 0 measured; 0 filtered out; finished in 0.23s
[INFO] [stdout] 
[INFO] [stdout] 
[INFO] [stdout] running 1 test
[INFO] [stdout] test foo ... ok
[INFO] [stdout] 
[INFO] [stdout] test result: ok. 1 passed; 0 failed; 0 ignored; 0 measured; 0 filtered out; finished in 0.01s
[INFO] [stdout] 
[INFO] [stdout] 
[INFO] [stdout] running 69 tests
[INFO] [stdout] test src/core/umap.rs - core::umap::UMap<T>::put_all (line 878) ... FAILED
[INFO] [stdout] test src/core/umap.rs - core::umap::UMap<T>::join (line 950) ... FAILED
[INFO] [stdout] test src/core/umap.rs - core::umap::UMap<T>::iter (line 741) ... FAILED
[INFO] [stdout] test src/core/umap.rs - core::umap::UMap<T>::remove_all (line 1188) ... FAILED
[INFO] [stdout] test src/core/umap.rs - core::umap::UMap<T>::retrieve_ref (line 1055) ... FAILED
[INFO] [stdout] test src/core/umap.rs - core::umap::UMap<T>::pop (line 693) ... FAILED
[INFO] [stdout] test src/core/umap.rs - core::umap::UMap<T>::remove (line 623) ... FAILED
[INFO] [stdout] test src/core/umap.rs - core::umap::UMap<T>::replace_all (line 1238) ... FAILED
[INFO] [stdout] test src/core/uset.rs - core::uset::USet::drain (line 324) ... FAILED
[INFO] [stdout] test src/core/umap.rs - core::umap::UMap<T>::truncate (line 234) ... FAILED
[INFO] [stdout] test src/core/uset.rs - core::uset::USet::iter (line 600) ... FAILED
[INFO] [stdout] test src/core/umap.rs - core::umap::UMap<T>::submap (line 1003) ... FAILED
[INFO] [stdout] test src/core/uset.rs - core::uset::USet::max (line 689) ... FAILED
[INFO] [stderr] error: test failed, to rerun pass '--doc'
[INFO] [stderr] 
[INFO] [stderr] Caused by:
[INFO] [stderr]   process didn't exit successfully: `rustdoc --edition=2018 --crate-type lib --crate-name uset --test /opt/rustwide/workdir/src/lib.rs -L dependency=/opt/rustwide/target/debug/deps -L dependency=/opt/rustwide/target/debug/deps --extern criterion=/opt/rustwide/target/debug/deps/libcriterion-8a096b22fe38aa1a.rlib --extern itertools=/opt/rustwide/target/debug/deps/libitertools-4806aa4d2d2c31bc.rlib --extern lazy_static=/opt/rustwide/target/debug/deps/liblazy_static-e92083d5a39a8b50.rlib --extern quickcheck=/opt/rustwide/target/debug/deps/libquickcheck-5c8934eabdfcddfe.rlib --extern rand=/opt/rustwide/target/debug/deps/librand-e085ba6f6ef0faff.rlib --extern spectral=/opt/rustwide/target/debug/deps/libspectral-fb828072e35ba1d8.rlib --extern uset=/opt/rustwide/target/debug/deps/libuset-fe94ee58c356646b.rlib -C embed-bitcode=no --error-format human` (signal: 9, SIGKILL: kill)
[INFO] running `Command { std: "docker" "inspect" "12bf21d9af94425266f61bdafdd0d73b99533956170e2cc228a6d119d2d12e08", kill_on_drop: false }`
[INFO] running `Command { std: "docker" "rm" "-f" "12bf21d9af94425266f61bdafdd0d73b99533956170e2cc228a6d119d2d12e08", kill_on_drop: false }`
[INFO] [stdout] 12bf21d9af94425266f61bdafdd0d73b99533956170e2cc228a6d119d2d12e08
