[INFO] fetching crate url_encoded_data 0.6.1...
[INFO] testing url_encoded_data-0.6.1 against 1.54.0 for beta-1.55-1
[INFO] extracting crate url_encoded_data 0.6.1 into /workspace/builds/worker-112/source
[INFO] validating manifest of crates.io crate url_encoded_data 0.6.1 on toolchain 1.54.0
[INFO] running `Command { std: "/workspace/cargo-home/bin/cargo" "+1.54.0" "metadata" "--manifest-path" "Cargo.toml" "--no-deps", kill_on_drop: false }`
[INFO] started tweaking crates.io crate url_encoded_data 0.6.1
[INFO] finished tweaking crates.io crate url_encoded_data 0.6.1
[INFO] tweaked toml for crates.io crate url_encoded_data 0.6.1 written to /workspace/builds/worker-112/source/Cargo.toml
[INFO] crate crates.io crate url_encoded_data 0.6.1 already has a lockfile, it will not be regenerated
[INFO] running `Command { std: "/workspace/cargo-home/bin/cargo" "+1.54.0" "fetch" "--manifest-path" "Cargo.toml", kill_on_drop: false }`
[INFO] [stderr]     Blocking waiting for file lock on package cache
[INFO] running `Command { std: "docker" "create" "-v" "/var/lib/crater-agent-workspace/builds/worker-112/target:/opt/rustwide/target:rw,Z" "-v" "/var/lib/crater-agent-workspace/builds/worker-112/source:/opt/rustwide/workdir:ro,Z" "-v" "/var/lib/crater-agent-workspace/cargo-home:/opt/rustwide/cargo-home:ro,Z" "-v" "/var/lib/crater-agent-workspace/rustup-home:/opt/rustwide/rustup-home:ro,Z" "-e" "SOURCE_DIR=/opt/rustwide/workdir" "-e" "CARGO_TARGET_DIR=/opt/rustwide/target" "-e" "CARGO_HOME=/opt/rustwide/cargo-home" "-e" "RUSTUP_HOME=/opt/rustwide/rustup-home" "-w" "/opt/rustwide/workdir" "-m" "1610612736" "--user" "0:0" "--network" "none" "ghcr.io/rust-lang/crates-build-env/linux@sha256:34b6a614d2c27851fe6cbf88fbd1137609cefab8b10d0615aaeb6fd47975d74e" "/opt/rustwide/cargo-home/bin/cargo" "+1.54.0" "metadata" "--no-deps" "--format-version=1", kill_on_drop: false }`
[INFO] [stdout] ef1fe2be2b96c1aa5e4384b420cf728b98316a5795c5c3ccf575860f678ba391
[INFO] running `Command { std: "docker" "start" "-a" "ef1fe2be2b96c1aa5e4384b420cf728b98316a5795c5c3ccf575860f678ba391", kill_on_drop: false }`
[INFO] running `Command { std: "docker" "inspect" "ef1fe2be2b96c1aa5e4384b420cf728b98316a5795c5c3ccf575860f678ba391", kill_on_drop: false }`
[INFO] running `Command { std: "docker" "rm" "-f" "ef1fe2be2b96c1aa5e4384b420cf728b98316a5795c5c3ccf575860f678ba391", kill_on_drop: false }`
[INFO] [stdout] ef1fe2be2b96c1aa5e4384b420cf728b98316a5795c5c3ccf575860f678ba391
[INFO] running `Command { std: "docker" "create" "-v" "/var/lib/crater-agent-workspace/builds/worker-112/target:/opt/rustwide/target:rw,Z" "-v" "/var/lib/crater-agent-workspace/builds/worker-112/source:/opt/rustwide/workdir:ro,Z" "-v" "/var/lib/crater-agent-workspace/cargo-home:/opt/rustwide/cargo-home:ro,Z" "-v" "/var/lib/crater-agent-workspace/rustup-home:/opt/rustwide/rustup-home:ro,Z" "-e" "SOURCE_DIR=/opt/rustwide/workdir" "-e" "CARGO_TARGET_DIR=/opt/rustwide/target" "-e" "CARGO_INCREMENTAL=0" "-e" "RUST_BACKTRACE=full" "-e" "RUSTFLAGS=--cap-lints=warn" "-e" "CARGO_HOME=/opt/rustwide/cargo-home" "-e" "RUSTUP_HOME=/opt/rustwide/rustup-home" "-w" "/opt/rustwide/workdir" "-m" "1610612736" "--user" "0:0" "--network" "none" "ghcr.io/rust-lang/crates-build-env/linux@sha256:34b6a614d2c27851fe6cbf88fbd1137609cefab8b10d0615aaeb6fd47975d74e" "/opt/rustwide/cargo-home/bin/cargo" "+1.54.0" "build" "--frozen" "--message-format=json", kill_on_drop: false }`
[INFO] [stdout] 5a33de3735fdc07a70052b1d7f52377c392eabf9913a83faa7ea5033244b60bd
[INFO] running `Command { std: "docker" "start" "-a" "5a33de3735fdc07a70052b1d7f52377c392eabf9913a83faa7ea5033244b60bd", kill_on_drop: false }`
[INFO] [stderr]     Blocking waiting for file lock on package cache
[INFO] [stderr]    Compiling tinyvec_macros v0.1.0
[INFO] [stderr]    Compiling anyhow v1.0.38
[INFO] [stderr]    Compiling form_urlencoded v1.0.1
[INFO] [stderr]    Compiling tinyvec v1.1.1
[INFO] [stderr]    Compiling unicode-normalization v0.1.17
[INFO] [stderr]    Compiling idna v0.2.2
[INFO] [stderr]    Compiling url v2.2.1
[INFO] [stderr]    Compiling url_encoded_data v0.6.1 (/opt/rustwide/workdir)
[INFO] [stderr]     Finished dev [unoptimized + debuginfo] target(s) in 10.01s
[INFO] running `Command { std: "docker" "inspect" "5a33de3735fdc07a70052b1d7f52377c392eabf9913a83faa7ea5033244b60bd", kill_on_drop: false }`
[INFO] running `Command { std: "docker" "rm" "-f" "5a33de3735fdc07a70052b1d7f52377c392eabf9913a83faa7ea5033244b60bd", kill_on_drop: false }`
[INFO] [stdout] 5a33de3735fdc07a70052b1d7f52377c392eabf9913a83faa7ea5033244b60bd
[INFO] running `Command { std: "docker" "create" "-v" "/var/lib/crater-agent-workspace/builds/worker-112/target:/opt/rustwide/target:rw,Z" "-v" "/var/lib/crater-agent-workspace/builds/worker-112/source:/opt/rustwide/workdir:ro,Z" "-v" "/var/lib/crater-agent-workspace/cargo-home:/opt/rustwide/cargo-home:ro,Z" "-v" "/var/lib/crater-agent-workspace/rustup-home:/opt/rustwide/rustup-home:ro,Z" "-e" "SOURCE_DIR=/opt/rustwide/workdir" "-e" "CARGO_TARGET_DIR=/opt/rustwide/target" "-e" "CARGO_INCREMENTAL=0" "-e" "RUST_BACKTRACE=full" "-e" "RUSTFLAGS=--cap-lints=warn" "-e" "CARGO_HOME=/opt/rustwide/cargo-home" "-e" "RUSTUP_HOME=/opt/rustwide/rustup-home" "-w" "/opt/rustwide/workdir" "-m" "1610612736" "--user" "0:0" "--network" "none" "ghcr.io/rust-lang/crates-build-env/linux@sha256:34b6a614d2c27851fe6cbf88fbd1137609cefab8b10d0615aaeb6fd47975d74e" "/opt/rustwide/cargo-home/bin/cargo" "+1.54.0" "test" "--frozen" "--no-run" "--message-format=json", kill_on_drop: false }`
[INFO] [stdout] 0109454a0df0c9770faceb9edf31dcc99641ef8536959f03fa1f667726e690f7
[INFO] running `Command { std: "docker" "start" "-a" "0109454a0df0c9770faceb9edf31dcc99641ef8536959f03fa1f667726e690f7", kill_on_drop: false }`
[INFO] [stderr]    Compiling url_encoded_data v0.6.1 (/opt/rustwide/workdir)
[INFO] [stderr]     Finished test [unoptimized + debuginfo] target(s) in 1.12s
[INFO] running `Command { std: "docker" "inspect" "0109454a0df0c9770faceb9edf31dcc99641ef8536959f03fa1f667726e690f7", kill_on_drop: false }`
[INFO] running `Command { std: "docker" "rm" "-f" "0109454a0df0c9770faceb9edf31dcc99641ef8536959f03fa1f667726e690f7", kill_on_drop: false }`
[INFO] [stdout] 0109454a0df0c9770faceb9edf31dcc99641ef8536959f03fa1f667726e690f7
[INFO] running `Command { std: "docker" "create" "-v" "/var/lib/crater-agent-workspace/builds/worker-112/target:/opt/rustwide/target:rw,Z" "-v" "/var/lib/crater-agent-workspace/builds/worker-112/source:/opt/rustwide/workdir:ro,Z" "-v" "/var/lib/crater-agent-workspace/cargo-home:/opt/rustwide/cargo-home:ro,Z" "-v" "/var/lib/crater-agent-workspace/rustup-home:/opt/rustwide/rustup-home:ro,Z" "-e" "SOURCE_DIR=/opt/rustwide/workdir" "-e" "CARGO_TARGET_DIR=/opt/rustwide/target" "-e" "CARGO_INCREMENTAL=0" "-e" "RUST_BACKTRACE=full" "-e" "RUSTFLAGS=--cap-lints=warn" "-e" "CARGO_HOME=/opt/rustwide/cargo-home" "-e" "RUSTUP_HOME=/opt/rustwide/rustup-home" "-w" "/opt/rustwide/workdir" "-m" "1610612736" "--user" "0:0" "--network" "none" "ghcr.io/rust-lang/crates-build-env/linux@sha256:34b6a614d2c27851fe6cbf88fbd1137609cefab8b10d0615aaeb6fd47975d74e" "/opt/rustwide/cargo-home/bin/cargo" "+1.54.0" "test" "--frozen", kill_on_drop: false }`
[INFO] [stdout] ee2097f8525630e2420b807b7699366f82fceeb7590181075c79362fe3dca6e5
[INFO] running `Command { std: "docker" "start" "-a" "ee2097f8525630e2420b807b7699366f82fceeb7590181075c79362fe3dca6e5", kill_on_drop: false }`
[INFO] [stderr]     Blocking waiting for file lock on package cache
[INFO] [stderr]     Finished test [unoptimized + debuginfo] target(s) in 0.32s
[INFO] [stderr]      Running unittests (/opt/rustwide/target/debug/deps/url_encoded_data-d6233a417c5e42c1)
[INFO] [stdout] 
[INFO] [stdout] running 6 tests
[INFO] [stdout] test test_qs::test_can_construct_instance ... ok
[INFO] [stdout] test test_qs::test_builder_pattern ... ok
[INFO] [stdout] test test_qs::test_delete ... ok
[INFO] [stdout] test test_qs::test_done ... ok
[INFO] [stdout] test test_qs::test_to_string ... ok
[INFO] [stdout] test test_qs::test_qs ... ok
[INFO] [stderr]    Doc-tests url_encoded_data
[INFO] [stdout] 
[INFO] [stdout] test result: ok. 6 passed; 0 failed; 0 ignored; 0 measured; 0 filtered out; finished in 0.00s
[INFO] [stdout] 
[INFO] [stdout] 
[INFO] [stdout] running 56 tests
[INFO] [stdout] test src/lib.rs - UrlEncodedData::as_map_of_single_key_to_first_occurrence_value (line 1115) ... FAILED
[INFO] [stdout] test src/lib.rs - UrlEncodedData::keys_of_original_order (line 1616) ... FAILED
[INFO] [stdout] test src/lib.rs - UrlEncodedData::as_pairs_of_sorted_order (line 890) ... FAILED
[INFO] [stdout] test src/lib.rs - UrlEncodedDataPairScanner::parse_from_str (line 554) ... FAILED
[INFO] [stdout] test src/lib.rs - UrlEncodedData::get_last_occurrence_value (line 1296) ... FAILED
[INFO] [stderr] error: test failed, to rerun pass '--doc'
[INFO] [stderr] 
[INFO] [stderr] Caused by:
[INFO] [stderr]   process didn't exit successfully: `rustdoc --edition=2018 --crate-type lib --crate-name url_encoded_data --test /opt/rustwide/workdir/src/lib.rs -L dependency=/opt/rustwide/target/debug/deps -L dependency=/opt/rustwide/target/debug/deps --extern anyhow=/opt/rustwide/target/debug/deps/libanyhow-a2189cf81ad3db79.rlib --extern maplit=/opt/rustwide/target/debug/deps/libmaplit-c7915d2ae04ba2e5.rlib --extern url=/opt/rustwide/target/debug/deps/liburl-970a44b2393ae2ad.rlib --extern url_encoded_data=/opt/rustwide/target/debug/deps/liburl_encoded_data-701eb6f8cb443a70.rlib -C embed-bitcode=no --error-format human` (signal: 9, SIGKILL: kill)
[INFO] running `Command { std: "docker" "inspect" "ee2097f8525630e2420b807b7699366f82fceeb7590181075c79362fe3dca6e5", kill_on_drop: false }`
[INFO] running `Command { std: "docker" "rm" "-f" "ee2097f8525630e2420b807b7699366f82fceeb7590181075c79362fe3dca6e5", kill_on_drop: false }`
[INFO] [stdout] ee2097f8525630e2420b807b7699366f82fceeb7590181075c79362fe3dca6e5
