[INFO] fetching crate url 2.2.2...
[INFO] testing url-2.2.2 against 1.54.0 for beta-1.55-1
[INFO] extracting crate url 2.2.2 into /workspace/builds/worker-21/source
[INFO] validating manifest of crates.io crate url 2.2.2 on toolchain 1.54.0
[INFO] running `Command { std: "/workspace/cargo-home/bin/cargo" "+1.54.0" "metadata" "--manifest-path" "Cargo.toml" "--no-deps", kill_on_drop: false }`
[INFO] started tweaking crates.io crate url 2.2.2
[INFO] finished tweaking crates.io crate url 2.2.2
[INFO] tweaked toml for crates.io crate url 2.2.2 written to /workspace/builds/worker-21/source/Cargo.toml
[INFO] running `Command { std: "/workspace/cargo-home/bin/cargo" "+1.54.0" "generate-lockfile" "--manifest-path" "Cargo.toml" "-Zno-index-update", kill_on_drop: false }`
[INFO] running `Command { std: "/workspace/cargo-home/bin/cargo" "+1.54.0" "fetch" "--manifest-path" "Cargo.toml", kill_on_drop: false }`
[INFO] [stderr]     Blocking waiting for file lock on package cache
[INFO] running `Command { std: "docker" "create" "-v" "/var/lib/crater-agent-workspace/builds/worker-21/target:/opt/rustwide/target:rw,Z" "-v" "/var/lib/crater-agent-workspace/builds/worker-21/source:/opt/rustwide/workdir:ro,Z" "-v" "/var/lib/crater-agent-workspace/cargo-home:/opt/rustwide/cargo-home:ro,Z" "-v" "/var/lib/crater-agent-workspace/rustup-home:/opt/rustwide/rustup-home:ro,Z" "-e" "SOURCE_DIR=/opt/rustwide/workdir" "-e" "CARGO_TARGET_DIR=/opt/rustwide/target" "-e" "CARGO_HOME=/opt/rustwide/cargo-home" "-e" "RUSTUP_HOME=/opt/rustwide/rustup-home" "-w" "/opt/rustwide/workdir" "-m" "1610612736" "--user" "0:0" "--network" "none" "ghcr.io/rust-lang/crates-build-env/linux@sha256:34b6a614d2c27851fe6cbf88fbd1137609cefab8b10d0615aaeb6fd47975d74e" "/opt/rustwide/cargo-home/bin/cargo" "+1.54.0" "metadata" "--no-deps" "--format-version=1", kill_on_drop: false }`
[INFO] [stdout] e3984129a945f927d24ff9f643c47106cb0602f264bee86dd666b675de15dff4
[INFO] running `Command { std: "docker" "start" "-a" "e3984129a945f927d24ff9f643c47106cb0602f264bee86dd666b675de15dff4", kill_on_drop: false }`
[INFO] running `Command { std: "docker" "inspect" "e3984129a945f927d24ff9f643c47106cb0602f264bee86dd666b675de15dff4", kill_on_drop: false }`
[INFO] running `Command { std: "docker" "rm" "-f" "e3984129a945f927d24ff9f643c47106cb0602f264bee86dd666b675de15dff4", kill_on_drop: false }`
[INFO] [stdout] e3984129a945f927d24ff9f643c47106cb0602f264bee86dd666b675de15dff4
[INFO] running `Command { std: "docker" "create" "-v" "/var/lib/crater-agent-workspace/builds/worker-21/target:/opt/rustwide/target:rw,Z" "-v" "/var/lib/crater-agent-workspace/builds/worker-21/source:/opt/rustwide/workdir:ro,Z" "-v" "/var/lib/crater-agent-workspace/cargo-home:/opt/rustwide/cargo-home:ro,Z" "-v" "/var/lib/crater-agent-workspace/rustup-home:/opt/rustwide/rustup-home:ro,Z" "-e" "SOURCE_DIR=/opt/rustwide/workdir" "-e" "CARGO_TARGET_DIR=/opt/rustwide/target" "-e" "CARGO_INCREMENTAL=0" "-e" "RUST_BACKTRACE=full" "-e" "RUSTFLAGS=--cap-lints=warn" "-e" "CARGO_HOME=/opt/rustwide/cargo-home" "-e" "RUSTUP_HOME=/opt/rustwide/rustup-home" "-w" "/opt/rustwide/workdir" "-m" "1610612736" "--user" "0:0" "--network" "none" "ghcr.io/rust-lang/crates-build-env/linux@sha256:34b6a614d2c27851fe6cbf88fbd1137609cefab8b10d0615aaeb6fd47975d74e" "/opt/rustwide/cargo-home/bin/cargo" "+1.54.0" "build" "--frozen" "--message-format=json", kill_on_drop: false }`
[INFO] [stdout] 030b9e92f26bd1b40aa2037651583c0b531b7ad100db089fa425430feec1277d
[INFO] running `Command { std: "docker" "start" "-a" "030b9e92f26bd1b40aa2037651583c0b531b7ad100db089fa425430feec1277d", kill_on_drop: false }`
[INFO] [stderr]     Blocking waiting for file lock on package cache
[INFO] [stderr]    Compiling url v2.2.2 (/opt/rustwide/workdir)
[INFO] [stderr]     Finished dev [unoptimized + debuginfo] target(s) in 1.73s
[INFO] running `Command { std: "docker" "inspect" "030b9e92f26bd1b40aa2037651583c0b531b7ad100db089fa425430feec1277d", kill_on_drop: false }`
[INFO] running `Command { std: "docker" "rm" "-f" "030b9e92f26bd1b40aa2037651583c0b531b7ad100db089fa425430feec1277d", kill_on_drop: false }`
[INFO] [stdout] 030b9e92f26bd1b40aa2037651583c0b531b7ad100db089fa425430feec1277d
[INFO] running `Command { std: "docker" "create" "-v" "/var/lib/crater-agent-workspace/builds/worker-21/target:/opt/rustwide/target:rw,Z" "-v" "/var/lib/crater-agent-workspace/builds/worker-21/source:/opt/rustwide/workdir:ro,Z" "-v" "/var/lib/crater-agent-workspace/cargo-home:/opt/rustwide/cargo-home:ro,Z" "-v" "/var/lib/crater-agent-workspace/rustup-home:/opt/rustwide/rustup-home:ro,Z" "-e" "SOURCE_DIR=/opt/rustwide/workdir" "-e" "CARGO_TARGET_DIR=/opt/rustwide/target" "-e" "CARGO_INCREMENTAL=0" "-e" "RUST_BACKTRACE=full" "-e" "RUSTFLAGS=--cap-lints=warn" "-e" "CARGO_HOME=/opt/rustwide/cargo-home" "-e" "RUSTUP_HOME=/opt/rustwide/rustup-home" "-w" "/opt/rustwide/workdir" "-m" "1610612736" "--user" "0:0" "--network" "none" "ghcr.io/rust-lang/crates-build-env/linux@sha256:34b6a614d2c27851fe6cbf88fbd1137609cefab8b10d0615aaeb6fd47975d74e" "/opt/rustwide/cargo-home/bin/cargo" "+1.54.0" "test" "--frozen" "--no-run" "--message-format=json", kill_on_drop: false }`
[INFO] [stdout] 1497446b9eb8d046f12b75c7d663f95389538edc8458fc8534d2ff0d6323eba5
[INFO] running `Command { std: "docker" "start" "-a" "1497446b9eb8d046f12b75c7d663f95389538edc8458fc8534d2ff0d6323eba5", kill_on_drop: false }`
[INFO] [stderr]    Compiling serde v1.0.127
[INFO] [stderr]    Compiling itoa v0.4.7
[INFO] [stderr]    Compiling bencher v0.1.5
[INFO] [stderr]    Compiling serde_json v1.0.66
[INFO] [stderr]    Compiling url v2.2.2 (/opt/rustwide/workdir)
[INFO] [stderr]     Finished test [unoptimized + debuginfo] target(s) in 7.76s
[INFO] running `Command { std: "docker" "inspect" "1497446b9eb8d046f12b75c7d663f95389538edc8458fc8534d2ff0d6323eba5", kill_on_drop: false }`
[INFO] running `Command { std: "docker" "rm" "-f" "1497446b9eb8d046f12b75c7d663f95389538edc8458fc8534d2ff0d6323eba5", kill_on_drop: false }`
[INFO] [stdout] 1497446b9eb8d046f12b75c7d663f95389538edc8458fc8534d2ff0d6323eba5
[INFO] running `Command { std: "docker" "create" "-v" "/var/lib/crater-agent-workspace/builds/worker-21/target:/opt/rustwide/target:rw,Z" "-v" "/var/lib/crater-agent-workspace/builds/worker-21/source:/opt/rustwide/workdir:ro,Z" "-v" "/var/lib/crater-agent-workspace/cargo-home:/opt/rustwide/cargo-home:ro,Z" "-v" "/var/lib/crater-agent-workspace/rustup-home:/opt/rustwide/rustup-home:ro,Z" "-e" "SOURCE_DIR=/opt/rustwide/workdir" "-e" "CARGO_TARGET_DIR=/opt/rustwide/target" "-e" "CARGO_INCREMENTAL=0" "-e" "RUST_BACKTRACE=full" "-e" "RUSTFLAGS=--cap-lints=warn" "-e" "CARGO_HOME=/opt/rustwide/cargo-home" "-e" "RUSTUP_HOME=/opt/rustwide/rustup-home" "-w" "/opt/rustwide/workdir" "-m" "1610612736" "--user" "0:0" "--network" "none" "ghcr.io/rust-lang/crates-build-env/linux@sha256:34b6a614d2c27851fe6cbf88fbd1137609cefab8b10d0615aaeb6fd47975d74e" "/opt/rustwide/cargo-home/bin/cargo" "+1.54.0" "test" "--frozen", kill_on_drop: false }`
[INFO] [stdout] 2dbbdbea2bb24994e4871a85ef21f2801599f38bb9fb7db4c65c0417a1649890
[INFO] running `Command { std: "docker" "start" "-a" "2dbbdbea2bb24994e4871a85ef21f2801599f38bb9fb7db4c65c0417a1649890", kill_on_drop: false }`
[INFO] [stderr]     Blocking waiting for file lock on package cache
[INFO] [stderr]     Finished test [unoptimized + debuginfo] target(s) in 0.32s
[INFO] [stderr]      Running unittests (/opt/rustwide/target/debug/deps/url-20b762de4ff0f890)
[INFO] [stdout] 
[INFO] [stdout] running 0 tests
[INFO] [stdout] 
[INFO] [stdout] test result: ok. 0 passed; 0 failed; 0 ignored; 0 measured; 0 filtered out; finished in 0.00s
[INFO] [stdout] 
[INFO] [stderr]      Running tests/data.rs (/opt/rustwide/target/debug/deps/data-8b5929aadaae764c)
[INFO] [stdout] 
[INFO] [stdout] running 2 tests
[INFO] [stdout] test setters_tests ... ok
[INFO] [stderr]      Running tests/unit.rs (/opt/rustwide/target/debug/deps/unit-7b5c4439d9fd6732)
[INFO] [stdout] test urltestdata ... ok
[INFO] [stdout] 
[INFO] [stdout] test result: ok. 2 passed; 0 failed; 0 ignored; 0 measured; 0 filtered out; finished in 0.11s
[INFO] [stdout] 
[INFO] [stdout] 
[INFO] [stdout] running 55 tests
[INFO] [stdout] test issue_124 ... ok
[INFO] [stdout] test new_directory_paths ... ok
[INFO] [stdout] test new_file_paths ... ok
[INFO] [stdout] test new_path_windows_fun ... ok
[INFO] [stdout] test new_path_bad_utf8 ... ok
[INFO] [stdout] test no_panic ... ok
[INFO] [stdout] test parse_with_params ... ok
[INFO] [stdout] test pop_if_empty_in_bounds ... ok
[INFO] [stdout] test size ... ok
[INFO] [stdout] test path_backslash_fun ... ok
[INFO] [stdout] test test_domain ... ok
[INFO] [stdout] test test_form_serialize ... ok
[INFO] [stdout] test test_form_urlencoded ... ok
[INFO] [stdout] test test_domain_encoding_quirks ... ok
[INFO] [stdout] test test_fragment ... ok
[INFO] [stdout] test issue_241 ... ok
[INFO] [stdout] test test_idna ... ok
[INFO] [stdout] test host_serialization ... ok
[INFO] [stdout] test issue_61 ... ok
[INFO] [stdout] test form_urlencoded_encoding_override ... ok
[INFO] [stdout] test test_leading_dots ... ok
[INFO] [stdout] test append_trailing_slash ... ok
[INFO] [stdout] test from_str ... ok
[INFO] [stdout] test test_make_relative ... ok
[INFO] [stdout] test test_equality ... ok
[INFO] [stdout] test test_no_base_url ... ok
[INFO] [stdout] test host ... ok
[INFO] [stdout] test issue_197 ... ok
[INFO] [stdout] test test_non_special_path3 ... ok
[INFO] [stdout] test test_non_special_path2 ... ok
[INFO] [stdout] test test_origin_opaque ... ok
[INFO] [stdout] test test_relative_empty ... ok
[INFO] [stdout] test test_relative ... ok
[INFO] [stdout] test test_origin_blob_equality ... ok
[INFO] [stdout] test test_options_reuse ... ok
[INFO] [stdout] test test_query ... ok
[INFO] [stdout] test test_non_special_path ... ok
[INFO] [stdout] test extend_query_pairs_then_mutate ... ok
[INFO] [stdout] test test_serialization ... ok
[INFO] [stdout] test test_set_empty_host ... ok
[INFO] [stdout] test test_set_empty_hostname ... ok
[INFO] [stdout] test test_set_host ... ok
[INFO] [stdout] test test_origin_unicode_serialization ... ok
[INFO] [stdout] test test_syntax_violation_callback ... ok
[INFO] [stdout] test test_url_from_file_path ... ok
[INFO] [stdout] test append_empty_segment_then_mutate ... ok
[INFO] [stdout] test test_windows_unc_path ... ok
[INFO] [stdout] test test_syntax_violation_callback_lifetimes ... ok
[INFO] [stdout] test test_set_ip_host ... ok
[INFO] [stdout] test test_syntax_violation_callback_types ... ok
[INFO] [stdout] test test_set_scheme_to_file_with_host ... ok
[INFO] [stdout] test test_slicing ... ok
[INFO] [stdout] test test_set_href ... ok
[INFO] [stdout] test test_origin_hash ... ok
[INFO] [stderr]    Doc-tests url
[INFO] [stdout] test test_socket_addrs ... ok
[INFO] [stdout] 
[INFO] [stdout] test result: ok. 55 passed; 0 failed; 0 ignored; 0 measured; 0 filtered out; finished in 0.06s
[INFO] [stdout] 
[INFO] [stdout] 
[INFO] [stdout] running 65 tests
[INFO] [stdout] test src/path_segments.rs - path_segments::PathSegmentsMut::extend (line 202) ... FAILED
[INFO] [stdout] test src/lib.rs - Url::set_username (line 2047) ... FAILED
[INFO] [stdout] test src/lib.rs - Url::set_scheme (line 2147) ... FAILED
[INFO] [stdout] test src/lib.rs - Url::set_fragment (line 1364) ... FAILED
[INFO] [stderr] error: test failed, to rerun pass '--doc'
[INFO] [stderr] 
[INFO] [stderr] Caused by:
[INFO] [stderr]   process didn't exit successfully: `rustdoc --edition=2018 --crate-type lib --crate-name url --test /opt/rustwide/workdir/src/lib.rs -L dependency=/opt/rustwide/target/debug/deps -L dependency=/opt/rustwide/target/debug/deps --extern bencher=/opt/rustwide/target/debug/deps/libbencher-c12b1e6d258e5da3.rlib --extern form_urlencoded=/opt/rustwide/target/debug/deps/libform_urlencoded-64c48050f569228e.rlib --extern idna=/opt/rustwide/target/debug/deps/libidna-144743a1c87fc8e9.rlib --extern matches=/opt/rustwide/target/debug/deps/libmatches-5bfcef5685786a07.rlib --extern percent_encoding=/opt/rustwide/target/debug/deps/libpercent_encoding-549c334c22432c49.rlib --extern serde_json=/opt/rustwide/target/debug/deps/libserde_json-5da3fa9544a63ac7.rlib --extern url=/opt/rustwide/target/debug/deps/liburl-166783ee06003c01.rlib -C embed-bitcode=no --error-format human` (signal: 9, SIGKILL: kill)
[INFO] running `Command { std: "docker" "inspect" "2dbbdbea2bb24994e4871a85ef21f2801599f38bb9fb7db4c65c0417a1649890", kill_on_drop: false }`
[INFO] running `Command { std: "docker" "rm" "-f" "2dbbdbea2bb24994e4871a85ef21f2801599f38bb9fb7db4c65c0417a1649890", kill_on_drop: false }`
[INFO] [stdout] 2dbbdbea2bb24994e4871a85ef21f2801599f38bb9fb7db4c65c0417a1649890
