[INFO] fetching crate url-decompose 0.1.0...
[INFO] testing url-decompose-0.1.0 against beta-2021-08-01 for beta-1.55-1
[INFO] extracting crate url-decompose 0.1.0 into /workspace/builds/worker-5/source
[INFO] validating manifest of crates.io crate url-decompose 0.1.0 on toolchain beta-2021-08-01
[INFO] running `Command { std: "/workspace/cargo-home/bin/cargo" "+beta-2021-08-01" "metadata" "--manifest-path" "Cargo.toml" "--no-deps", kill_on_drop: false }`
[INFO] started tweaking crates.io crate url-decompose 0.1.0
[INFO] finished tweaking crates.io crate url-decompose 0.1.0
[INFO] tweaked toml for crates.io crate url-decompose 0.1.0 written to /workspace/builds/worker-5/source/Cargo.toml
[INFO] running `Command { std: "/workspace/cargo-home/bin/cargo" "+beta-2021-08-01" "generate-lockfile" "--manifest-path" "Cargo.toml" "-Zno-index-update", kill_on_drop: false }`
[INFO] [stderr]     Blocking waiting for file lock on package cache
[INFO] running `Command { std: "/workspace/cargo-home/bin/cargo" "+beta-2021-08-01" "fetch" "--manifest-path" "Cargo.toml", kill_on_drop: false }`
[INFO] [stderr]     Blocking waiting for file lock on package cache
[INFO] running `Command { std: "docker" "create" "-v" "/var/lib/crater-agent-workspace/builds/worker-5/target:/opt/rustwide/target:rw,Z" "-v" "/var/lib/crater-agent-workspace/builds/worker-5/source:/opt/rustwide/workdir:ro,Z" "-v" "/var/lib/crater-agent-workspace/cargo-home:/opt/rustwide/cargo-home:ro,Z" "-v" "/var/lib/crater-agent-workspace/rustup-home:/opt/rustwide/rustup-home:ro,Z" "-e" "SOURCE_DIR=/opt/rustwide/workdir" "-e" "CARGO_TARGET_DIR=/opt/rustwide/target" "-e" "CARGO_HOME=/opt/rustwide/cargo-home" "-e" "RUSTUP_HOME=/opt/rustwide/rustup-home" "-w" "/opt/rustwide/workdir" "-m" "1610612736" "--user" "0:0" "--network" "none" "ghcr.io/rust-lang/crates-build-env/linux@sha256:34b6a614d2c27851fe6cbf88fbd1137609cefab8b10d0615aaeb6fd47975d74e" "/opt/rustwide/cargo-home/bin/cargo" "+beta-2021-08-01" "metadata" "--no-deps" "--format-version=1", kill_on_drop: false }`
[INFO] [stdout] 128b7cdf2600ccd906ec353553d121f57025cc2788f48d9962212382610b2df1
[INFO] running `Command { std: "docker" "start" "-a" "128b7cdf2600ccd906ec353553d121f57025cc2788f48d9962212382610b2df1", kill_on_drop: false }`
[INFO] running `Command { std: "docker" "inspect" "128b7cdf2600ccd906ec353553d121f57025cc2788f48d9962212382610b2df1", kill_on_drop: false }`
[INFO] running `Command { std: "docker" "rm" "-f" "128b7cdf2600ccd906ec353553d121f57025cc2788f48d9962212382610b2df1", kill_on_drop: false }`
[INFO] [stdout] 128b7cdf2600ccd906ec353553d121f57025cc2788f48d9962212382610b2df1
[INFO] running `Command { std: "docker" "create" "-v" "/var/lib/crater-agent-workspace/builds/worker-5/target:/opt/rustwide/target:rw,Z" "-v" "/var/lib/crater-agent-workspace/builds/worker-5/source:/opt/rustwide/workdir:ro,Z" "-v" "/var/lib/crater-agent-workspace/cargo-home:/opt/rustwide/cargo-home:ro,Z" "-v" "/var/lib/crater-agent-workspace/rustup-home:/opt/rustwide/rustup-home:ro,Z" "-e" "SOURCE_DIR=/opt/rustwide/workdir" "-e" "CARGO_TARGET_DIR=/opt/rustwide/target" "-e" "CARGO_INCREMENTAL=0" "-e" "RUST_BACKTRACE=full" "-e" "RUSTFLAGS=--cap-lints=warn" "-e" "CARGO_HOME=/opt/rustwide/cargo-home" "-e" "RUSTUP_HOME=/opt/rustwide/rustup-home" "-w" "/opt/rustwide/workdir" "-m" "1610612736" "--user" "0:0" "--network" "none" "ghcr.io/rust-lang/crates-build-env/linux@sha256:34b6a614d2c27851fe6cbf88fbd1137609cefab8b10d0615aaeb6fd47975d74e" "/opt/rustwide/cargo-home/bin/cargo" "+beta-2021-08-01" "build" "--frozen" "--message-format=json", kill_on_drop: false }`
[INFO] [stdout] 395b19306ac324ee46d96079587194e95f4f9ff8f81bed4a6721b3fd6a74d18b
[INFO] running `Command { std: "docker" "start" "-a" "395b19306ac324ee46d96079587194e95f4f9ff8f81bed4a6721b3fd6a74d18b", kill_on_drop: false }`
[INFO] [stderr]    Compiling memchr v2.4.0
[INFO] [stderr]    Compiling regex-syntax v0.6.25
[INFO] [stderr]    Compiling const_format_proc_macros v0.2.14
[INFO] [stderr]    Compiling aho-corasick v0.7.18
[INFO] [stderr]    Compiling const_format v0.2.17
[INFO] [stderr]    Compiling regex v1.5.4
[INFO] [stderr]    Compiling url-decompose v0.1.0 (/opt/rustwide/workdir)
[INFO] [stderr]     Finished dev [unoptimized + debuginfo] target(s) in 7.11s
[INFO] running `Command { std: "docker" "inspect" "395b19306ac324ee46d96079587194e95f4f9ff8f81bed4a6721b3fd6a74d18b", kill_on_drop: false }`
[INFO] running `Command { std: "docker" "rm" "-f" "395b19306ac324ee46d96079587194e95f4f9ff8f81bed4a6721b3fd6a74d18b", kill_on_drop: false }`
[INFO] [stdout] 395b19306ac324ee46d96079587194e95f4f9ff8f81bed4a6721b3fd6a74d18b
[INFO] running `Command { std: "docker" "create" "-v" "/var/lib/crater-agent-workspace/builds/worker-5/target:/opt/rustwide/target:rw,Z" "-v" "/var/lib/crater-agent-workspace/builds/worker-5/source:/opt/rustwide/workdir:ro,Z" "-v" "/var/lib/crater-agent-workspace/cargo-home:/opt/rustwide/cargo-home:ro,Z" "-v" "/var/lib/crater-agent-workspace/rustup-home:/opt/rustwide/rustup-home:ro,Z" "-e" "SOURCE_DIR=/opt/rustwide/workdir" "-e" "CARGO_TARGET_DIR=/opt/rustwide/target" "-e" "CARGO_INCREMENTAL=0" "-e" "RUST_BACKTRACE=full" "-e" "RUSTFLAGS=--cap-lints=warn" "-e" "CARGO_HOME=/opt/rustwide/cargo-home" "-e" "RUSTUP_HOME=/opt/rustwide/rustup-home" "-w" "/opt/rustwide/workdir" "-m" "1610612736" "--user" "0:0" "--network" "none" "ghcr.io/rust-lang/crates-build-env/linux@sha256:34b6a614d2c27851fe6cbf88fbd1137609cefab8b10d0615aaeb6fd47975d74e" "/opt/rustwide/cargo-home/bin/cargo" "+beta-2021-08-01" "test" "--frozen" "--no-run" "--message-format=json", kill_on_drop: false }`
[INFO] [stdout] 02fce0593da2f9dea6c0dc7d6b6accd2f9ab787593e19630834aec2436259d41
[INFO] running `Command { std: "docker" "start" "-a" "02fce0593da2f9dea6c0dc7d6b6accd2f9ab787593e19630834aec2436259d41", kill_on_drop: false }`
[INFO] [stderr]     Blocking waiting for file lock on package cache
[INFO] [stderr]    Compiling url-decompose v0.1.0 (/opt/rustwide/workdir)
[INFO] [stderr]     Finished test [unoptimized + debuginfo] target(s) in 2.39s
[INFO] running `Command { std: "docker" "inspect" "02fce0593da2f9dea6c0dc7d6b6accd2f9ab787593e19630834aec2436259d41", kill_on_drop: false }`
[INFO] running `Command { std: "docker" "rm" "-f" "02fce0593da2f9dea6c0dc7d6b6accd2f9ab787593e19630834aec2436259d41", kill_on_drop: false }`
[INFO] [stdout] 02fce0593da2f9dea6c0dc7d6b6accd2f9ab787593e19630834aec2436259d41
[INFO] running `Command { std: "docker" "create" "-v" "/var/lib/crater-agent-workspace/builds/worker-5/target:/opt/rustwide/target:rw,Z" "-v" "/var/lib/crater-agent-workspace/builds/worker-5/source:/opt/rustwide/workdir:ro,Z" "-v" "/var/lib/crater-agent-workspace/cargo-home:/opt/rustwide/cargo-home:ro,Z" "-v" "/var/lib/crater-agent-workspace/rustup-home:/opt/rustwide/rustup-home:ro,Z" "-e" "SOURCE_DIR=/opt/rustwide/workdir" "-e" "CARGO_TARGET_DIR=/opt/rustwide/target" "-e" "CARGO_INCREMENTAL=0" "-e" "RUST_BACKTRACE=full" "-e" "RUSTFLAGS=--cap-lints=warn" "-e" "CARGO_HOME=/opt/rustwide/cargo-home" "-e" "RUSTUP_HOME=/opt/rustwide/rustup-home" "-w" "/opt/rustwide/workdir" "-m" "1610612736" "--user" "0:0" "--network" "none" "ghcr.io/rust-lang/crates-build-env/linux@sha256:34b6a614d2c27851fe6cbf88fbd1137609cefab8b10d0615aaeb6fd47975d74e" "/opt/rustwide/cargo-home/bin/cargo" "+beta-2021-08-01" "test" "--frozen", kill_on_drop: false }`
[INFO] [stdout] a415aad7711c90d67a966f2a911d80e73d5b24909a3e76d76cd6ea906d010712
[INFO] running `Command { std: "docker" "start" "-a" "a415aad7711c90d67a966f2a911d80e73d5b24909a3e76d76cd6ea906d010712", kill_on_drop: false }`
[INFO] [stderr]     Finished test [unoptimized + debuginfo] target(s) in 0.02s
[INFO] [stderr]      Running unittests (/opt/rustwide/target/debug/deps/url_decompose-addb8bc575b86ab7)
[INFO] [stdout] 
[INFO] [stdout] running 1 test
[INFO] [stdout] test tests::url_scheme ... ok
[INFO] [stdout] 
[INFO] [stdout] test result: ok. 1 passed; 0 failed; 0 ignored; 0 measured; 0 filtered out; finished in 0.09s
[INFO] [stdout] 
[INFO] [stderr]    Doc-tests url-decompose
[INFO] [stdout] 
[INFO] [stdout] running 10 tests
[INFO] [stdout] test src/url.rs - url::Url<S>::dispatch_domains (line 261) ... FAILED
[INFO] [stdout] test src/url.rs - url::Url<S>::port (line 153) ... FAILED
[INFO] [stdout] test src/url.rs - url::Url<S>::host (line 134) ... FAILED
[INFO] [stdout] test src/url.rs - url::Url<S>::scheme (line 78) ... FAILED
[INFO] [stdout] test src/url.rs - url::Url<S>::path (line 174) ... FAILED
[INFO] [stdout] test src/url.rs - url::Url<S>::user (line 97) ... FAILED
[INFO] [stdout] test src/url.rs - url::Url<S>::password (line 117) ... FAILED
[INFO] [stdout] test src/url.rs - url::Url<S>::query (line 194) ... FAILED
[INFO] [stdout] test src/url.rs - url::Url<S>::fragment (line 211) ... FAILED
[INFO] [stdout] test src/url.rs - url::Url<S>::dispatch_query (line 228) ... FAILED
[INFO] [stdout] 
[INFO] [stdout] failures:
[INFO] [stdout] 
[INFO] [stdout] ---- src/url.rs - url::Url<S>::dispatch_domains (line 261) stdout ----
[INFO] [stdout] error[E0432]: unresolved import `url_compose`
[INFO] [stdout]  --> src/url.rs:262:5
[INFO] [stdout]   |
[INFO] [stdout] 3 | use url_compose::Url;
[INFO] [stdout]   |     ^^^^^^^^^^^ use of undeclared crate or module `url_compose`
[INFO] [stdout] 
[INFO] [stdout] error: aborting due to previous error
[INFO] [stdout] 
[INFO] [stdout] For more information about this error, try `rustc --explain E0432`.
[INFO] [stdout] Couldn't compile the test.
[INFO] [stdout] ---- src/url.rs - url::Url<S>::port (line 153) stdout ----
[INFO] [stdout] error[E0432]: unresolved import `url_compose`
[INFO] [stdout]  --> src/url.rs:154:5
[INFO] [stdout]   |
[INFO] [stdout] 3 | use url_compose::Url;
[INFO] [stdout]   |     ^^^^^^^^^^^ use of undeclared crate or module `url_compose`
[INFO] [stdout] 
[INFO] [stdout] error: aborting due to previous error
[INFO] [stdout] 
[INFO] [stdout] For more information about this error, try `rustc --explain E0432`.
[INFO] [stdout] Couldn't compile the test.
[INFO] [stdout] ---- src/url.rs - url::Url<S>::host (line 134) stdout ----
[INFO] [stdout] error[E0432]: unresolved import `url_compose`
[INFO] [stdout]  --> src/url.rs:135:5
[INFO] [stdout]   |
[INFO] [stdout] 3 | use url_compose::Url;
[INFO] [stdout]   |     ^^^^^^^^^^^ use of undeclared crate or module `url_compose`
[INFO] [stdout] 
[INFO] [stdout] error: aborting due to previous error
[INFO] [stdout] 
[INFO] [stdout] For more information about this error, try `rustc --explain E0432`.
[INFO] [stdout] Couldn't compile the test.
[INFO] [stdout] ---- src/url.rs - url::Url<S>::scheme (line 78) stdout ----
[INFO] [stdout] error[E0432]: unresolved import `url_compose`
[INFO] [stdout]  --> src/url.rs:79:5
[INFO] [stdout]   |
[INFO] [stdout] 3 | use url_compose::Url;
[INFO] [stdout]   |     ^^^^^^^^^^^ use of undeclared crate or module `url_compose`
[INFO] [stdout] 
[INFO] [stdout] error: aborting due to previous error
[INFO] [stdout] 
[INFO] [stdout] For more information about this error, try `rustc --explain E0432`.
[INFO] [stdout] Couldn't compile the test.
[INFO] [stdout] ---- src/url.rs - url::Url<S>::path (line 174) stdout ----
[INFO] [stdout] error[E0432]: unresolved import `url_compose`
[INFO] [stdout]  --> src/url.rs:175:5
[INFO] [stdout]   |
[INFO] [stdout] 3 | use url_compose::Url;
[INFO] [stdout]   |     ^^^^^^^^^^^ use of undeclared crate or module `url_compose`
[INFO] [stdout] 
[INFO] [stdout] error: aborting due to previous error
[INFO] [stdout] 
[INFO] [stdout] For more information about this error, try `rustc --explain E0432`.
[INFO] [stdout] Couldn't compile the test.
[INFO] [stdout] ---- src/url.rs - url::Url<S>::user (line 97) stdout ----
[INFO] [stdout] error[E0432]: unresolved import `url_compose`
[INFO] [stdout]  --> src/url.rs:98:5
[INFO] [stdout]   |
[INFO] [stdout] 3 | use url_compose::Url;
[INFO] [stdout]   |     ^^^^^^^^^^^ use of undeclared crate or module `url_compose`
[INFO] [stdout] 
[INFO] [stdout] error: aborting due to previous error
[INFO] [stdout] 
[INFO] [stdout] For more information about this error, try `rustc --explain E0432`.
[INFO] [stdout] Couldn't compile the test.
[INFO] [stdout] ---- src/url.rs - url::Url<S>::password (line 117) stdout ----
[INFO] [stdout] error[E0432]: unresolved import `url_compose`
[INFO] [stdout]  --> src/url.rs:118:5
[INFO] [stdout]   |
[INFO] [stdout] 3 | use url_compose::Url;
[INFO] [stdout]   |     ^^^^^^^^^^^ use of undeclared crate or module `url_compose`
[INFO] [stdout] 
[INFO] [stdout] error: aborting due to previous error
[INFO] [stdout] 
[INFO] [stdout] For more information about this error, try `rustc --explain E0432`.
[INFO] [stdout] Couldn't compile the test.
[INFO] [stdout] ---- src/url.rs - url::Url<S>::query (line 194) stdout ----
[INFO] [stdout] error[E0432]: unresolved import `url_compose`
[INFO] [stdout]  --> src/url.rs:195:5
[INFO] [stdout]   |
[INFO] [stdout] 3 | use url_compose::Url;
[INFO] [stdout]   |     ^^^^^^^^^^^ use of undeclared crate or module `url_compose`
[INFO] [stdout] 
[INFO] [stdout] error: aborting due to previous error
[INFO] [stdout] 
[INFO] [stdout] For more information about this error, try `rustc --explain E0432`.
[INFO] [stdout] Couldn't compile the test.
[INFO] [stdout] ---- src/url.rs - url::Url<S>::fragment (line 211) stdout ----
[INFO] [stdout] error[E0432]: unresolved import `url_compose`
[INFO] [stdout]  --> src/url.rs:212:5
[INFO] [stdout]   |
[INFO] [stdout] 3 | use url_compose::Url;
[INFO] [stdout]   |     ^^^^^^^^^^^ use of undeclared crate or module `url_compose`
[INFO] [stdout] 
[INFO] [stdout] error: aborting due to previous error
[INFO] [stdout] 
[INFO] [stdout] For more information about this error, try `rustc --explain E0432`.
[INFO] [stdout] Couldn't compile the test.
[INFO] [stdout] ---- src/url.rs - url::Url<S>::dispatch_query (line 228) stdout ----
[INFO] [stdout] error[E0433]: failed to resolve: use of undeclared crate or module `url_compose`
[INFO] [stdout]  --> src/url.rs:230:5
[INFO] [stdout]   |
[INFO] [stdout] 4 | use url_compose::Query::{Form, Field};
[INFO] [stdout]   |     ^^^^^^^^^^^ use of undeclared crate or module `url_compose`
[INFO] [stdout] 
[INFO] [stdout] error[E0432]: unresolved import `url_compose`
[INFO] [stdout]  --> src/url.rs:229:5
[INFO] [stdout]   |
[INFO] [stdout] 3 | use url_compose::Url;
[INFO] [stdout]   |     ^^^^^^^^^^^ use of undeclared crate or module `url_compose`
[INFO] [stdout] 
[INFO] [stdout] error[E0425]: cannot find function, tuple struct or tuple variant `Form` in this scope
[INFO] [stdout]  --> src/url.rs:233:35
[INFO] [stdout]   |
[INFO] [stdout] 7 | assert_eq!(url.dispatch_query(), [Form("field1", "value1"), Form("field2", "value2"), Field("present")]);
[INFO] [stdout]   |                                   ^^^^ not found in this scope
[INFO] [stdout]   |
[INFO] [stdout] help: consider importing this tuple variant
[INFO] [stdout]   |
[INFO] [stdout] 2 | use url_decompose::Query::Form;
[INFO] [stdout]   |
[INFO] [stdout] 
[INFO] [stdout] error[E0425]: cannot find function, tuple struct or tuple variant `Form` in this scope
[INFO] [stdout]  --> src/url.rs:233:61
[INFO] [stdout]   |
[INFO] [stdout] 7 | assert_eq!(url.dispatch_query(), [Form("field1", "value1"), Form("field2", "value2"), Field("present")]);
[INFO] [stdout]   |                                                             ^^^^ not found in this scope
[INFO] [stdout]   |
[INFO] [stdout] help: consider importing this tuple variant
[INFO] [stdout]   |
[INFO] [stdout] 2 | use url_decompose::Query::Form;
[INFO] [stdout]   |
[INFO] [stdout] 
[INFO] [stdout] error[E0425]: cannot find function, tuple struct or tuple variant `Field` in this scope
[INFO] [stdout]  --> src/url.rs:233:87
[INFO] [stdout]   |
[INFO] [stdout] 7 | assert_eq!(url.dispatch_query(), [Form("field1", "value1"), Form("field2", "value2"), Field("present")]);
[INFO] [stdout]   |                                                                                       ^^^^^ not found in this scope
[INFO] [stdout]   |
[INFO] [stdout] help: consider importing this tuple variant
[INFO] [stdout]   |
[INFO] [stdout] 2 | use url_decompose::Query::Field;
[INFO] [stdout]   |
[INFO] [stdout] 
[INFO] [stdout] error[E0425]: cannot find function, tuple struct or tuple variant `Form` in this scope
[INFO] [stdout]  --> src/url.rs:235:35
[INFO] [stdout]   |
[INFO] [stdout] 9 | assert_eq!(url.dispatch_query(), [Form("field1", "value1"), Form("field2", "value2")]);
[INFO] [stdout]   |                                   ^^^^ not found in this scope
[INFO] [stdout]   |
[INFO] [stdout] help: consider importing this tuple variant
[INFO] [stdout]   |
[INFO] [stdout] 2 | use url_decompose::Query::Form;
[INFO] [stdout]   |
[INFO] [stdout] 
[INFO] [stdout] error[E0425]: cannot find function, tuple struct or tuple variant `Form` in this scope
[INFO] [stdout]  --> src/url.rs:235:61
[INFO] [stdout]   |
[INFO] [stdout] 9 | assert_eq!(url.dispatch_query(), [Form("field1", "value1"), Form("field2", "value2")]);
[INFO] [stdout]   |                                                             ^^^^ not found in this scope
[INFO] [stdout]   |
[INFO] [stdout] help: consider importing this tuple variant
[INFO] [stdout]   |
[INFO] [stdout] 2 | use url_decompose::Query::Form;
[INFO] [stdout]   |
[INFO] [stdout] 
[INFO] [stdout] error: aborting due to 7 previous errors
[INFO] [stdout] 
[INFO] [stdout] Some errors have detailed explanations: E0425, E0432, E0433.
[INFO] [stdout] For more information about an error, try `rustc --explain E0425`.
[INFO] [stdout] Couldn't compile the test.
[INFO] [stdout] 
[INFO] [stdout] failures:
[INFO] [stdout]     src/url.rs - url::Url<S>::dispatch_domains (line 261)
[INFO] [stdout]     src/url.rs - url::Url<S>::dispatch_query (line 228)
[INFO] [stdout]     src/url.rs - url::Url<S>::fragment (line 211)
[INFO] [stdout]     src/url.rs - url::Url<S>::host (line 134)
[INFO] [stdout]     src/url.rs - url::Url<S>::password (line 117)
[INFO] [stdout]     src/url.rs - url::Url<S>::path (line 174)
[INFO] [stdout]     src/url.rs - url::Url<S>::port (line 153)
[INFO] [stdout]     src/url.rs - url::Url<S>::query (line 194)
[INFO] [stdout]     src/url.rs - url::Url<S>::scheme (line 78)
[INFO] [stdout]     src/url.rs - url::Url<S>::user (line 97)
[INFO] [stdout] 
[INFO] [stdout] test result: FAILED. 0 passed; 10 failed; 0 ignored; 0 measured; 0 filtered out; finished in 0.10s
[INFO] [stdout] 
[INFO] [stderr] error: test failed, to rerun pass '--doc'
[INFO] running `Command { std: "docker" "inspect" "a415aad7711c90d67a966f2a911d80e73d5b24909a3e76d76cd6ea906d010712", kill_on_drop: false }`
[INFO] running `Command { std: "docker" "rm" "-f" "a415aad7711c90d67a966f2a911d80e73d5b24909a3e76d76cd6ea906d010712", kill_on_drop: false }`
[INFO] [stdout] a415aad7711c90d67a966f2a911d80e73d5b24909a3e76d76cd6ea906d010712
