[INFO] fetching crate uquery 0.1.3...
[INFO] testing uquery-0.1.3 against 1.54.0 for beta-1.55-1
[INFO] extracting crate uquery 0.1.3 into /workspace/builds/worker-41/source
[INFO] validating manifest of crates.io crate uquery 0.1.3 on toolchain 1.54.0
[INFO] running `Command { std: "/workspace/cargo-home/bin/cargo" "+1.54.0" "metadata" "--manifest-path" "Cargo.toml" "--no-deps", kill_on_drop: false }`
[INFO] started tweaking crates.io crate uquery 0.1.3
[INFO] finished tweaking crates.io crate uquery 0.1.3
[INFO] tweaked toml for crates.io crate uquery 0.1.3 written to /workspace/builds/worker-41/source/Cargo.toml
[INFO] running `Command { std: "/workspace/cargo-home/bin/cargo" "+1.54.0" "generate-lockfile" "--manifest-path" "Cargo.toml" "-Zno-index-update", kill_on_drop: false }`
[INFO] running `Command { std: "/workspace/cargo-home/bin/cargo" "+1.54.0" "fetch" "--manifest-path" "Cargo.toml", kill_on_drop: false }`
[INFO] running `Command { std: "docker" "create" "-v" "/var/lib/crater-agent-workspace/builds/worker-41/target:/opt/rustwide/target:rw,Z" "-v" "/var/lib/crater-agent-workspace/builds/worker-41/source:/opt/rustwide/workdir:ro,Z" "-v" "/var/lib/crater-agent-workspace/cargo-home:/opt/rustwide/cargo-home:ro,Z" "-v" "/var/lib/crater-agent-workspace/rustup-home:/opt/rustwide/rustup-home:ro,Z" "-e" "SOURCE_DIR=/opt/rustwide/workdir" "-e" "CARGO_TARGET_DIR=/opt/rustwide/target" "-e" "CARGO_HOME=/opt/rustwide/cargo-home" "-e" "RUSTUP_HOME=/opt/rustwide/rustup-home" "-w" "/opt/rustwide/workdir" "-m" "1610612736" "--user" "0:0" "--network" "none" "ghcr.io/rust-lang/crates-build-env/linux@sha256:34b6a614d2c27851fe6cbf88fbd1137609cefab8b10d0615aaeb6fd47975d74e" "/opt/rustwide/cargo-home/bin/cargo" "+1.54.0" "metadata" "--no-deps" "--format-version=1", kill_on_drop: false }`
[INFO] [stdout] 4cee5f2ba0829861dda5579662559edfc3d5c2bae431d3eef39245dd1b966b03
[INFO] running `Command { std: "docker" "start" "-a" "4cee5f2ba0829861dda5579662559edfc3d5c2bae431d3eef39245dd1b966b03", kill_on_drop: false }`
[INFO] running `Command { std: "docker" "inspect" "4cee5f2ba0829861dda5579662559edfc3d5c2bae431d3eef39245dd1b966b03", kill_on_drop: false }`
[INFO] running `Command { std: "docker" "rm" "-f" "4cee5f2ba0829861dda5579662559edfc3d5c2bae431d3eef39245dd1b966b03", kill_on_drop: false }`
[INFO] [stdout] 4cee5f2ba0829861dda5579662559edfc3d5c2bae431d3eef39245dd1b966b03
[INFO] running `Command { std: "docker" "create" "-v" "/var/lib/crater-agent-workspace/builds/worker-41/target:/opt/rustwide/target:rw,Z" "-v" "/var/lib/crater-agent-workspace/builds/worker-41/source:/opt/rustwide/workdir:ro,Z" "-v" "/var/lib/crater-agent-workspace/cargo-home:/opt/rustwide/cargo-home:ro,Z" "-v" "/var/lib/crater-agent-workspace/rustup-home:/opt/rustwide/rustup-home:ro,Z" "-e" "SOURCE_DIR=/opt/rustwide/workdir" "-e" "CARGO_TARGET_DIR=/opt/rustwide/target" "-e" "CARGO_INCREMENTAL=0" "-e" "RUST_BACKTRACE=full" "-e" "RUSTFLAGS=--cap-lints=warn" "-e" "CARGO_HOME=/opt/rustwide/cargo-home" "-e" "RUSTUP_HOME=/opt/rustwide/rustup-home" "-w" "/opt/rustwide/workdir" "-m" "1610612736" "--user" "0:0" "--network" "none" "ghcr.io/rust-lang/crates-build-env/linux@sha256:34b6a614d2c27851fe6cbf88fbd1137609cefab8b10d0615aaeb6fd47975d74e" "/opt/rustwide/cargo-home/bin/cargo" "+1.54.0" "build" "--frozen" "--message-format=json", kill_on_drop: false }`
[INFO] [stdout] 9c2b904ec87081cbc403bc7d3ccadaf562e2c833d5aa7ffe4a5bf1477f36fbc1
[INFO] running `Command { std: "docker" "start" "-a" "9c2b904ec87081cbc403bc7d3ccadaf562e2c833d5aa7ffe4a5bf1477f36fbc1", kill_on_drop: false }`
[INFO] [stderr]     Blocking waiting for file lock on package cache
[INFO] [stderr]    Compiling libc v0.2.98
[INFO] [stderr]    Compiling atty v0.2.14
[INFO] [stderr]    Compiling term_size v0.3.2
[INFO] [stderr]    Compiling colored v2.0.0
[INFO] [stderr]    Compiling uquery v0.1.3 (/opt/rustwide/workdir)
[INFO] [stderr]     Finished dev [unoptimized + debuginfo] target(s) in 2.63s
[INFO] running `Command { std: "docker" "inspect" "9c2b904ec87081cbc403bc7d3ccadaf562e2c833d5aa7ffe4a5bf1477f36fbc1", kill_on_drop: false }`
[INFO] running `Command { std: "docker" "rm" "-f" "9c2b904ec87081cbc403bc7d3ccadaf562e2c833d5aa7ffe4a5bf1477f36fbc1", kill_on_drop: false }`
[INFO] [stdout] 9c2b904ec87081cbc403bc7d3ccadaf562e2c833d5aa7ffe4a5bf1477f36fbc1
[INFO] running `Command { std: "docker" "create" "-v" "/var/lib/crater-agent-workspace/builds/worker-41/target:/opt/rustwide/target:rw,Z" "-v" "/var/lib/crater-agent-workspace/builds/worker-41/source:/opt/rustwide/workdir:ro,Z" "-v" "/var/lib/crater-agent-workspace/cargo-home:/opt/rustwide/cargo-home:ro,Z" "-v" "/var/lib/crater-agent-workspace/rustup-home:/opt/rustwide/rustup-home:ro,Z" "-e" "SOURCE_DIR=/opt/rustwide/workdir" "-e" "CARGO_TARGET_DIR=/opt/rustwide/target" "-e" "CARGO_INCREMENTAL=0" "-e" "RUST_BACKTRACE=full" "-e" "RUSTFLAGS=--cap-lints=warn" "-e" "CARGO_HOME=/opt/rustwide/cargo-home" "-e" "RUSTUP_HOME=/opt/rustwide/rustup-home" "-w" "/opt/rustwide/workdir" "-m" "1610612736" "--user" "0:0" "--network" "none" "ghcr.io/rust-lang/crates-build-env/linux@sha256:34b6a614d2c27851fe6cbf88fbd1137609cefab8b10d0615aaeb6fd47975d74e" "/opt/rustwide/cargo-home/bin/cargo" "+1.54.0" "test" "--frozen" "--no-run" "--message-format=json", kill_on_drop: false }`
[INFO] [stdout] 9ec075b115ecbae2e78c32a5fd96d8dfa4768b737d6b00586b8653c813d67092
[INFO] running `Command { std: "docker" "start" "-a" "9ec075b115ecbae2e78c32a5fd96d8dfa4768b737d6b00586b8653c813d67092", kill_on_drop: false }`
[INFO] [stderr]    Compiling uquery v0.1.3 (/opt/rustwide/workdir)
[INFO] [stderr]     Finished test [unoptimized + debuginfo] target(s) in 1.28s
[INFO] running `Command { std: "docker" "inspect" "9ec075b115ecbae2e78c32a5fd96d8dfa4768b737d6b00586b8653c813d67092", kill_on_drop: false }`
[INFO] running `Command { std: "docker" "rm" "-f" "9ec075b115ecbae2e78c32a5fd96d8dfa4768b737d6b00586b8653c813d67092", kill_on_drop: false }`
[INFO] [stdout] 9ec075b115ecbae2e78c32a5fd96d8dfa4768b737d6b00586b8653c813d67092
[INFO] running `Command { std: "docker" "create" "-v" "/var/lib/crater-agent-workspace/builds/worker-41/target:/opt/rustwide/target:rw,Z" "-v" "/var/lib/crater-agent-workspace/builds/worker-41/source:/opt/rustwide/workdir:ro,Z" "-v" "/var/lib/crater-agent-workspace/cargo-home:/opt/rustwide/cargo-home:ro,Z" "-v" "/var/lib/crater-agent-workspace/rustup-home:/opt/rustwide/rustup-home:ro,Z" "-e" "SOURCE_DIR=/opt/rustwide/workdir" "-e" "CARGO_TARGET_DIR=/opt/rustwide/target" "-e" "CARGO_INCREMENTAL=0" "-e" "RUST_BACKTRACE=full" "-e" "RUSTFLAGS=--cap-lints=warn" "-e" "CARGO_HOME=/opt/rustwide/cargo-home" "-e" "RUSTUP_HOME=/opt/rustwide/rustup-home" "-w" "/opt/rustwide/workdir" "-m" "1610612736" "--user" "0:0" "--network" "none" "ghcr.io/rust-lang/crates-build-env/linux@sha256:34b6a614d2c27851fe6cbf88fbd1137609cefab8b10d0615aaeb6fd47975d74e" "/opt/rustwide/cargo-home/bin/cargo" "+1.54.0" "test" "--frozen", kill_on_drop: false }`
[INFO] [stdout] f4da547dba7203583e9ee69f910160ac887a3682cb8efb7589fdade4a39f92f5
[INFO] running `Command { std: "docker" "start" "-a" "f4da547dba7203583e9ee69f910160ac887a3682cb8efb7589fdade4a39f92f5", kill_on_drop: false }`
[INFO] [stderr]     Finished test [unoptimized + debuginfo] target(s) in 0.05s
[INFO] [stderr]      Running unittests (/opt/rustwide/target/debug/deps/uquery-a672a88cac81228a)
[INFO] [stdout] 
[INFO] [stderr]    Doc-tests uquery
[INFO] [stdout] running 0 tests
[INFO] [stdout] 
[INFO] [stdout] test result: ok. 0 passed; 0 failed; 0 ignored; 0 measured; 0 filtered out; finished in 0.00s
[INFO] [stdout] 
[INFO] [stdout] 
[INFO] [stdout] running 1 test
[INFO] [stdout] test src/lib.rs - (line 7) ... FAILED
[INFO] [stdout] 
[INFO] [stdout] failures:
[INFO] [stdout] 
[INFO] [stdout] ---- src/lib.rs - (line 7) stdout ----
[INFO] [stdout] error[E0425]: cannot find function `int` in crate `uquery`
[INFO] [stdout]  --> src/lib.rs:14:33
[INFO] [stdout]   |
[INFO] [stdout] 9 |     let favourite_number = uquery::int::<i64>("What is your favourite number");
[INFO] [stdout]   |                                    ^^^ not found in `uquery`
[INFO] [stdout] 
[INFO] [stdout] error[E0425]: cannot find function `boolean` in crate `uquery`
[INFO] [stdout]   --> src/lib.rs:20:16
[INFO] [stdout]    |
[INFO] [stdout] 15 |     match uquery::boolean("Are you sure you have entered the correct details") {
[INFO] [stdout]    |                   ^^^^^^^ not found in `uquery`
[INFO] [stdout] 
[INFO] [stdout] error[E0308]: mismatched types
[INFO] [stdout]   --> src/lib.rs:17:62
[INFO] [stdout]    |
[INFO] [stdout] 12 |     let name = uquery::string_with_default("What is your name", "John Doe");
[INFO] [stdout]    |                                                                 ^^^^^^^^^^ expected enum `Option`, found `&str`
[INFO] [stdout]    |
[INFO] [stdout]    = note:   expected enum `Option<String>`
[INFO] [stdout]            found reference `&'static str`
[INFO] [stdout] 
[INFO] [stdout] error[E0308]: mismatched types
[INFO] [stdout]   --> src/lib.rs:37:5
[INFO] [stdout]    |
[INFO] [stdout] 32 |                 "Redo the form"
[INFO] [stdout]    |                 ^^^^^^^^^^^^^^^
[INFO] [stdout]    |                 |
[INFO] [stdout]    |                 expected enum `Option`, found `&str`
[INFO] [stdout]    |                 help: try using a variant of the expected enum: `Some("Redo the form")`
[INFO] [stdout]    |
[INFO] [stdout]    = note:   expected enum `Option<&str>`
[INFO] [stdout]            found reference `&'static str`
[INFO] [stdout] 
[INFO] [stdout] error: aborting due to 4 previous errors
[INFO] [stdout] 
[INFO] [stdout] Some errors have detailed explanations: E0308, E0425.
[INFO] [stdout] For more information about an error, try `rustc --explain E0308`.
[INFO] [stdout] Couldn't compile the test.
[INFO] [stdout] 
[INFO] [stdout] failures:
[INFO] [stdout]     src/lib.rs - (line 7)
[INFO] [stdout] 
[INFO] [stdout] test result: FAILED. 0 passed; 1 failed; 0 ignored; 0 measured; 0 filtered out; finished in 0.31s
[INFO] [stdout] 
[INFO] [stderr] error: test failed, to rerun pass '--doc'
[INFO] running `Command { std: "docker" "inspect" "f4da547dba7203583e9ee69f910160ac887a3682cb8efb7589fdade4a39f92f5", kill_on_drop: false }`
[INFO] running `Command { std: "docker" "rm" "-f" "f4da547dba7203583e9ee69f910160ac887a3682cb8efb7589fdade4a39f92f5", kill_on_drop: false }`
[INFO] [stdout] f4da547dba7203583e9ee69f910160ac887a3682cb8efb7589fdade4a39f92f5
