[INFO] fetching crate upnp-rs 0.1.0...
[INFO] testing upnp-rs-0.1.0 against 1.54.0 for beta-1.55-1
[INFO] extracting crate upnp-rs 0.1.0 into /workspace/builds/worker-60/source
[INFO] validating manifest of crates.io crate upnp-rs 0.1.0 on toolchain 1.54.0
[INFO] running `Command { std: "/workspace/cargo-home/bin/cargo" "+1.54.0" "metadata" "--manifest-path" "Cargo.toml" "--no-deps", kill_on_drop: false }`
[INFO] started tweaking crates.io crate upnp-rs 0.1.0
[INFO] finished tweaking crates.io crate upnp-rs 0.1.0
[INFO] tweaked toml for crates.io crate upnp-rs 0.1.0 written to /workspace/builds/worker-60/source/Cargo.toml
[INFO] crate crates.io crate upnp-rs 0.1.0 already has a lockfile, it will not be regenerated
[INFO] running `Command { std: "/workspace/cargo-home/bin/cargo" "+1.54.0" "fetch" "--manifest-path" "Cargo.toml", kill_on_drop: false }`
[INFO] [stderr]     Blocking waiting for file lock on package cache
[INFO] [stderr]     Blocking waiting for file lock on package cache
[INFO] running `Command { std: "docker" "create" "-v" "/var/lib/crater-agent-workspace/builds/worker-60/target:/opt/rustwide/target:rw,Z" "-v" "/var/lib/crater-agent-workspace/builds/worker-60/source:/opt/rustwide/workdir:ro,Z" "-v" "/var/lib/crater-agent-workspace/cargo-home:/opt/rustwide/cargo-home:ro,Z" "-v" "/var/lib/crater-agent-workspace/rustup-home:/opt/rustwide/rustup-home:ro,Z" "-e" "SOURCE_DIR=/opt/rustwide/workdir" "-e" "CARGO_TARGET_DIR=/opt/rustwide/target" "-e" "CARGO_HOME=/opt/rustwide/cargo-home" "-e" "RUSTUP_HOME=/opt/rustwide/rustup-home" "-w" "/opt/rustwide/workdir" "-m" "1610612736" "--user" "0:0" "--network" "none" "ghcr.io/rust-lang/crates-build-env/linux@sha256:34b6a614d2c27851fe6cbf88fbd1137609cefab8b10d0615aaeb6fd47975d74e" "/opt/rustwide/cargo-home/bin/cargo" "+1.54.0" "metadata" "--no-deps" "--format-version=1", kill_on_drop: false }`
[INFO] [stdout] e96c90c91ea2705ef77051213e81e449e55de257a3a0c54c140f89e6c4bc4e1e
[INFO] running `Command { std: "docker" "start" "-a" "e96c90c91ea2705ef77051213e81e449e55de257a3a0c54c140f89e6c4bc4e1e", kill_on_drop: false }`
[INFO] running `Command { std: "docker" "inspect" "e96c90c91ea2705ef77051213e81e449e55de257a3a0c54c140f89e6c4bc4e1e", kill_on_drop: false }`
[INFO] running `Command { std: "docker" "rm" "-f" "e96c90c91ea2705ef77051213e81e449e55de257a3a0c54c140f89e6c4bc4e1e", kill_on_drop: false }`
[INFO] [stdout] e96c90c91ea2705ef77051213e81e449e55de257a3a0c54c140f89e6c4bc4e1e
[INFO] running `Command { std: "docker" "create" "-v" "/var/lib/crater-agent-workspace/builds/worker-60/target:/opt/rustwide/target:rw,Z" "-v" "/var/lib/crater-agent-workspace/builds/worker-60/source:/opt/rustwide/workdir:ro,Z" "-v" "/var/lib/crater-agent-workspace/cargo-home:/opt/rustwide/cargo-home:ro,Z" "-v" "/var/lib/crater-agent-workspace/rustup-home:/opt/rustwide/rustup-home:ro,Z" "-e" "SOURCE_DIR=/opt/rustwide/workdir" "-e" "CARGO_TARGET_DIR=/opt/rustwide/target" "-e" "CARGO_INCREMENTAL=0" "-e" "RUST_BACKTRACE=full" "-e" "RUSTFLAGS=--cap-lints=warn" "-e" "CARGO_HOME=/opt/rustwide/cargo-home" "-e" "RUSTUP_HOME=/opt/rustwide/rustup-home" "-w" "/opt/rustwide/workdir" "-m" "1610612736" "--user" "0:0" "--network" "none" "ghcr.io/rust-lang/crates-build-env/linux@sha256:34b6a614d2c27851fe6cbf88fbd1137609cefab8b10d0615aaeb6fd47975d74e" "/opt/rustwide/cargo-home/bin/cargo" "+1.54.0" "build" "--frozen" "--message-format=json", kill_on_drop: false }`
[INFO] [stdout] cc69a1ea0cfc80e840837049430d01a8e0f0d60a1dfb7d4b490ac9ef82806ab2
[INFO] running `Command { std: "docker" "start" "-a" "cc69a1ea0cfc80e840837049430d01a8e0f0d60a1dfb7d4b490ac9ef82806ab2", kill_on_drop: false }`
[INFO] [stderr]    Compiling libc v0.2.66
[INFO] [stderr]    Compiling log v0.4.8
[INFO] [stderr]    Compiling memchr v2.3.0
[INFO] [stderr]    Compiling cfg-if v0.1.10
[INFO] [stderr]    Compiling rustc-serialize v0.3.24
[INFO] [stderr]    Compiling unicode-xid v0.0.3
[INFO] [stderr]    Compiling term v0.4.6
[INFO] [stderr]    Compiling regex v0.2.11
[INFO] [stderr]    Compiling ucd-util v0.1.7
[INFO] [stderr]    Compiling bitflags v0.5.0
[INFO] [stderr]    Compiling utf8-ranges v1.0.4
[INFO] [stderr]    Compiling serde v1.0.104
[INFO] [stderr]    Compiling pnet_base v0.22.0
[INFO] [stderr]    Compiling glob v0.2.11
[INFO] [stderr]    Compiling pnet v0.25.0
[INFO] [stderr]    Compiling regex-syntax v0.6.14
[INFO] [stderr]    Compiling thread_local v0.3.6
[INFO] [stderr]    Compiling thread_local v1.0.1
[INFO] [stderr]    Compiling regex-syntax v0.5.6
[INFO] [stderr]    Compiling pnet_macros_support v0.25.0
[INFO] [stderr]    Compiling log v0.3.9
[INFO] [stderr]    Compiling aho-corasick v0.6.10
[INFO] [stderr]    Compiling aho-corasick v0.7.8
[INFO] [stderr]    Compiling pnet_sys v0.25.0
[INFO] [stderr]    Compiling syntex_pos v0.42.0
[INFO] [stderr]    Compiling syntex_errors v0.42.0
[INFO] [stderr]    Compiling regex v1.3.4
[INFO] [stderr]    Compiling syntex_syntax v0.42.0
[INFO] [stderr]    Compiling ipnetwork v0.15.1
[INFO] [stderr]    Compiling ipnetwork v0.16.0
[INFO] [stderr]    Compiling pnet_datalink v0.25.0
[INFO] [stderr]    Compiling syntex v0.42.2
[INFO] [stderr]    Compiling pnet_macros v0.21.0
[INFO] [stderr]    Compiling pnet_packet v0.25.0
[INFO] [stderr]    Compiling pnet_transport v0.25.0
[INFO] [stderr]    Compiling upnp-rs v0.1.0 (/opt/rustwide/workdir)
[INFO] [stderr]     Finished dev [unoptimized + debuginfo] target(s) in 35.06s
[INFO] running `Command { std: "docker" "inspect" "cc69a1ea0cfc80e840837049430d01a8e0f0d60a1dfb7d4b490ac9ef82806ab2", kill_on_drop: false }`
[INFO] running `Command { std: "docker" "rm" "-f" "cc69a1ea0cfc80e840837049430d01a8e0f0d60a1dfb7d4b490ac9ef82806ab2", kill_on_drop: false }`
[INFO] [stdout] cc69a1ea0cfc80e840837049430d01a8e0f0d60a1dfb7d4b490ac9ef82806ab2
[INFO] running `Command { std: "docker" "create" "-v" "/var/lib/crater-agent-workspace/builds/worker-60/target:/opt/rustwide/target:rw,Z" "-v" "/var/lib/crater-agent-workspace/builds/worker-60/source:/opt/rustwide/workdir:ro,Z" "-v" "/var/lib/crater-agent-workspace/cargo-home:/opt/rustwide/cargo-home:ro,Z" "-v" "/var/lib/crater-agent-workspace/rustup-home:/opt/rustwide/rustup-home:ro,Z" "-e" "SOURCE_DIR=/opt/rustwide/workdir" "-e" "CARGO_TARGET_DIR=/opt/rustwide/target" "-e" "CARGO_INCREMENTAL=0" "-e" "RUST_BACKTRACE=full" "-e" "RUSTFLAGS=--cap-lints=warn" "-e" "CARGO_HOME=/opt/rustwide/cargo-home" "-e" "RUSTUP_HOME=/opt/rustwide/rustup-home" "-w" "/opt/rustwide/workdir" "-m" "1610612736" "--user" "0:0" "--network" "none" "ghcr.io/rust-lang/crates-build-env/linux@sha256:34b6a614d2c27851fe6cbf88fbd1137609cefab8b10d0615aaeb6fd47975d74e" "/opt/rustwide/cargo-home/bin/cargo" "+1.54.0" "test" "--frozen" "--no-run" "--message-format=json", kill_on_drop: false }`
[INFO] [stdout] a54f51746f410b5a79749fd686c901d5625a1f2f86d5f680d18660c1a62c86ee
[INFO] running `Command { std: "docker" "start" "-a" "a54f51746f410b5a79749fd686c901d5625a1f2f86d5f680d18660c1a62c86ee", kill_on_drop: false }`
[INFO] [stderr]    Compiling upnp-rs v0.1.0 (/opt/rustwide/workdir)
[INFO] [stderr]     Finished test [unoptimized + debuginfo] target(s) in 1.95s
[INFO] running `Command { std: "docker" "inspect" "a54f51746f410b5a79749fd686c901d5625a1f2f86d5f680d18660c1a62c86ee", kill_on_drop: false }`
[INFO] running `Command { std: "docker" "rm" "-f" "a54f51746f410b5a79749fd686c901d5625a1f2f86d5f680d18660c1a62c86ee", kill_on_drop: false }`
[INFO] [stdout] a54f51746f410b5a79749fd686c901d5625a1f2f86d5f680d18660c1a62c86ee
[INFO] running `Command { std: "docker" "create" "-v" "/var/lib/crater-agent-workspace/builds/worker-60/target:/opt/rustwide/target:rw,Z" "-v" "/var/lib/crater-agent-workspace/builds/worker-60/source:/opt/rustwide/workdir:ro,Z" "-v" "/var/lib/crater-agent-workspace/cargo-home:/opt/rustwide/cargo-home:ro,Z" "-v" "/var/lib/crater-agent-workspace/rustup-home:/opt/rustwide/rustup-home:ro,Z" "-e" "SOURCE_DIR=/opt/rustwide/workdir" "-e" "CARGO_TARGET_DIR=/opt/rustwide/target" "-e" "CARGO_INCREMENTAL=0" "-e" "RUST_BACKTRACE=full" "-e" "RUSTFLAGS=--cap-lints=warn" "-e" "CARGO_HOME=/opt/rustwide/cargo-home" "-e" "RUSTUP_HOME=/opt/rustwide/rustup-home" "-w" "/opt/rustwide/workdir" "-m" "1610612736" "--user" "0:0" "--network" "none" "ghcr.io/rust-lang/crates-build-env/linux@sha256:34b6a614d2c27851fe6cbf88fbd1137609cefab8b10d0615aaeb6fd47975d74e" "/opt/rustwide/cargo-home/bin/cargo" "+1.54.0" "test" "--frozen", kill_on_drop: false }`
[INFO] [stdout] 9527654229a769e7b07c76f38b6c59557197adc0229be4e5683d4a986514592d
[INFO] running `Command { std: "docker" "start" "-a" "9527654229a769e7b07c76f38b6c59557197adc0229be4e5683d4a986514592d", kill_on_drop: false }`
[INFO] [stderr]     Finished test [unoptimized + debuginfo] target(s) in 0.08s
[INFO] [stderr]      Running unittests (/opt/rustwide/target/debug/deps/upnp_rs-6a5dcacbdd0650f5)
[INFO] [stdout] 
[INFO] [stdout] running 0 tests
[INFO] [stdout] 
[INFO] [stdout] test result: ok. 0 passed; 0 failed; 0 ignored; 0 measured; 0 filtered out; finished in 0.00s
[INFO] [stdout] 
[INFO] [stderr]    Doc-tests upnp-rs
[INFO] [stdout] 
[INFO] [stdout] running 1 test
[INFO] [stdout] test src/lib.rs - (line 23) - compile ... FAILED
[INFO] [stdout] 
[INFO] [stdout] failures:
[INFO] [stdout] 
[INFO] [stdout] ---- src/lib.rs - (line 23) stdout ----
[INFO] [stdout] error[E0433]: failed to resolve: use of undeclared crate or module `upnp`
[INFO] [stdout]  --> src/lib.rs:25:5
[INFO] [stdout]   |
[INFO] [stdout] 4 | use upnp::ssdp::search::*;
[INFO] [stdout]   |     ^^^^ use of undeclared crate or module `upnp`
[INFO] [stdout] 
[INFO] [stdout] error[E0432]: unresolved import `upnp`
[INFO] [stdout]  --> src/lib.rs:24:5
[INFO] [stdout]   |
[INFO] [stdout] 3 | use upnp::SpecVersion;
[INFO] [stdout]   |     ^^^^ use of undeclared crate or module `upnp`
[INFO] [stdout] 
[INFO] [stdout] error[E0433]: failed to resolve: use of undeclared type `SearchTarget`
[INFO] [stdout]  --> src/lib.rs:28:25
[INFO] [stdout]   |
[INFO] [stdout] 7 | options.search_target = SearchTarget::RootDevices;
[INFO] [stdout]   |                         ^^^^^^^^^^^^ use of undeclared type `SearchTarget`
[INFO] [stdout] 
[INFO] [stdout] error[E0433]: failed to resolve: use of undeclared type `Options`
[INFO] [stdout]    --> src/lib.rs:27:19
[INFO] [stdout]     |
[INFO] [stdout] 6   |   let mut options = Options::default_for(SpecVersion::V10);
[INFO] [stdout]     |                     ^^^^^^^
[INFO] [stdout]     |
[INFO] [stdout] help: an enum with a similar name exists
[INFO] [stdout]     |
[INFO] [stdout] 6   | let mut options = Option::default_for(SpecVersion::V10);
[INFO] [stdout]     |                   ^^^^^^
[INFO] [stdout] help: consider importing one of these items
[INFO] [stdout]     |
[INFO] [stdout] 2   | use upnp_rs::ssdp::notify::Options;
[INFO] [stdout]     |
[INFO] [stdout] 2   | use upnp_rs::ssdp::search::Options;
[INFO] [stdout]     |
[INFO] [stdout] 
[INFO] [stdout] error[E0425]: cannot find function `search_once` in this scope
[INFO] [stdout]  --> src/lib.rs:30:7
[INFO] [stdout]   |
[INFO] [stdout] 9 | match search_once(options) {
[INFO] [stdout]   |       ^^^^^^^^^^^ not found in this scope
[INFO] [stdout]   |
[INFO] [stdout] help: consider importing this function
[INFO] [stdout]   |
[INFO] [stdout] 2 | use upnp_rs::ssdp::search::search_once;
[INFO] [stdout]   |
[INFO] [stdout] 
[INFO] [stdout] error: aborting due to 5 previous errors
[INFO] [stdout] 
[INFO] [stdout] Some errors have detailed explanations: E0425, E0432, E0433.
[INFO] [stdout] For more information about an error, try `rustc --explain E0425`.
[INFO] [stdout] Couldn't compile the test.
[INFO] [stdout] 
[INFO] [stdout] failures:
[INFO] [stdout]     src/lib.rs - (line 23)
[INFO] [stdout] 
[INFO] [stdout] test result: FAILED. 0 passed; 1 failed; 0 ignored; 0 measured; 0 filtered out; finished in 0.11s
[INFO] [stdout] 
[INFO] [stderr] error: test failed, to rerun pass '--doc'
[INFO] running `Command { std: "docker" "inspect" "9527654229a769e7b07c76f38b6c59557197adc0229be4e5683d4a986514592d", kill_on_drop: false }`
[INFO] running `Command { std: "docker" "rm" "-f" "9527654229a769e7b07c76f38b6c59557197adc0229be4e5683d4a986514592d", kill_on_drop: false }`
[INFO] [stdout] 9527654229a769e7b07c76f38b6c59557197adc0229be4e5683d4a986514592d
