[INFO] fetching crate updater-lp 0.3.0...
[INFO] testing updater-lp-0.3.0 against beta-2021-08-01 for beta-1.55-1
[INFO] extracting crate updater-lp 0.3.0 into /workspace/builds/worker-95/source
[INFO] validating manifest of crates.io crate updater-lp 0.3.0 on toolchain beta-2021-08-01
[INFO] running `Command { std: "/workspace/cargo-home/bin/cargo" "+beta-2021-08-01" "metadata" "--manifest-path" "Cargo.toml" "--no-deps", kill_on_drop: false }`
[INFO] started tweaking crates.io crate updater-lp 0.3.0
[INFO] finished tweaking crates.io crate updater-lp 0.3.0
[INFO] tweaked toml for crates.io crate updater-lp 0.3.0 written to /workspace/builds/worker-95/source/Cargo.toml
[INFO] running `Command { std: "/workspace/cargo-home/bin/cargo" "+beta-2021-08-01" "generate-lockfile" "--manifest-path" "Cargo.toml" "-Zno-index-update", kill_on_drop: false }`
[INFO] [stderr]     Blocking waiting for file lock on package cache
[INFO] running `Command { std: "/workspace/cargo-home/bin/cargo" "+beta-2021-08-01" "fetch" "--manifest-path" "Cargo.toml", kill_on_drop: false }`
[INFO] [stderr]     Blocking waiting for file lock on package cache
[INFO] [stderr]     Blocking waiting for file lock on package cache
[INFO] [stderr]  Downloading crates ...
[INFO] [stderr]   Downloaded indicatif v0.10.3
[INFO] [stderr]   Downloaded archive-lp v0.2.3
[INFO] [stderr]   Downloaded restson v0.4.1
[INFO] [stderr]   Downloaded platform-lp v0.2.2
[INFO] [stderr]   Downloaded version-lp v0.2.1
[INFO] [stderr]   Downloaded download-lp v0.2.0
[INFO] running `Command { std: "docker" "create" "-v" "/var/lib/crater-agent-workspace/builds/worker-95/target:/opt/rustwide/target:rw,Z" "-v" "/var/lib/crater-agent-workspace/builds/worker-95/source:/opt/rustwide/workdir:ro,Z" "-v" "/var/lib/crater-agent-workspace/cargo-home:/opt/rustwide/cargo-home:ro,Z" "-v" "/var/lib/crater-agent-workspace/rustup-home:/opt/rustwide/rustup-home:ro,Z" "-e" "SOURCE_DIR=/opt/rustwide/workdir" "-e" "CARGO_TARGET_DIR=/opt/rustwide/target" "-e" "CARGO_HOME=/opt/rustwide/cargo-home" "-e" "RUSTUP_HOME=/opt/rustwide/rustup-home" "-w" "/opt/rustwide/workdir" "-m" "1610612736" "--user" "0:0" "--network" "none" "ghcr.io/rust-lang/crates-build-env/linux@sha256:34b6a614d2c27851fe6cbf88fbd1137609cefab8b10d0615aaeb6fd47975d74e" "/opt/rustwide/cargo-home/bin/cargo" "+beta-2021-08-01" "metadata" "--no-deps" "--format-version=1", kill_on_drop: false }`
[INFO] [stdout] be352b58ef4a3ea37e61ae995118c4b43da345d8699fe8a50a833e584bd231ac
[INFO] running `Command { std: "docker" "start" "-a" "be352b58ef4a3ea37e61ae995118c4b43da345d8699fe8a50a833e584bd231ac", kill_on_drop: false }`
[INFO] running `Command { std: "docker" "inspect" "be352b58ef4a3ea37e61ae995118c4b43da345d8699fe8a50a833e584bd231ac", kill_on_drop: false }`
[INFO] running `Command { std: "docker" "rm" "-f" "be352b58ef4a3ea37e61ae995118c4b43da345d8699fe8a50a833e584bd231ac", kill_on_drop: false }`
[INFO] [stdout] be352b58ef4a3ea37e61ae995118c4b43da345d8699fe8a50a833e584bd231ac
[INFO] running `Command { std: "docker" "create" "-v" "/var/lib/crater-agent-workspace/builds/worker-95/target:/opt/rustwide/target:rw,Z" "-v" "/var/lib/crater-agent-workspace/builds/worker-95/source:/opt/rustwide/workdir:ro,Z" "-v" "/var/lib/crater-agent-workspace/cargo-home:/opt/rustwide/cargo-home:ro,Z" "-v" "/var/lib/crater-agent-workspace/rustup-home:/opt/rustwide/rustup-home:ro,Z" "-e" "SOURCE_DIR=/opt/rustwide/workdir" "-e" "CARGO_TARGET_DIR=/opt/rustwide/target" "-e" "CARGO_INCREMENTAL=0" "-e" "RUST_BACKTRACE=full" "-e" "RUSTFLAGS=--cap-lints=warn" "-e" "CARGO_HOME=/opt/rustwide/cargo-home" "-e" "RUSTUP_HOME=/opt/rustwide/rustup-home" "-w" "/opt/rustwide/workdir" "-m" "1610612736" "--user" "0:0" "--network" "none" "ghcr.io/rust-lang/crates-build-env/linux@sha256:34b6a614d2c27851fe6cbf88fbd1137609cefab8b10d0615aaeb6fd47975d74e" "/opt/rustwide/cargo-home/bin/cargo" "+beta-2021-08-01" "build" "--frozen" "--message-format=json", kill_on_drop: false }`
[INFO] [stdout] 7a8eec159a42ce3e01c8791529e100454901e016c717a247409c485edca66c6b
[INFO] running `Command { std: "docker" "start" "-a" "7a8eec159a42ce3e01c8791529e100454901e016c717a247409c485edca66c6b", kill_on_drop: false }`
[INFO] [stderr]    Compiling cfg-if v0.1.10
[INFO] [stderr]    Compiling futures v0.1.31
[INFO] [stderr]    Compiling log v0.4.14
[INFO] [stderr]    Compiling proc-macro2 v1.0.28
[INFO] [stderr]    Compiling semver-parser v0.7.0
[INFO] [stderr]    Compiling maybe-uninit v2.0.0
[INFO] [stderr]    Compiling either v1.6.1
[INFO] [stderr]    Compiling scopeguard v1.1.0
[INFO] [stderr]    Compiling syn v1.0.74
[INFO] [stderr]    Compiling slab v0.4.4
[INFO] [stderr]    Compiling fnv v1.0.7
[INFO] [stderr]    Compiling memchr v2.4.0
[INFO] [stderr]    Compiling rand_core v0.4.2
[INFO] [stderr]    Compiling autocfg v0.1.7
[INFO] [stderr]    Compiling serde_derive v1.0.127
[INFO] [stderr]    Compiling serde v1.0.127
[INFO] [stderr]    Compiling itoa v0.4.7
[INFO] [stderr]    Compiling adler v1.0.2
[INFO] [stderr]    Compiling version_check v0.9.3
[INFO] [stderr]    Compiling hashbrown v0.11.2
[INFO] [stderr]    Compiling openssl v0.10.35
[INFO] [stderr]    Compiling crc32fast v1.2.1
[INFO] [stderr]    Compiling failure_derive v0.1.8
[INFO] [stderr]    Compiling gimli v0.25.0
[INFO] [stderr]    Compiling ryu v1.0.5
[INFO] [stderr]    Compiling serde_json v1.0.66
[INFO] [stderr]    Compiling once_cell v1.8.0
[INFO] [stderr]    Compiling native-tls v0.2.7
[INFO] [stderr]    Compiling rustc-demangle v0.1.20
[INFO] [stderr]    Compiling try-lock v0.2.3
[INFO] [stderr]    Compiling percent-encoding v2.1.0
[INFO] [stderr]    Compiling regex-syntax v0.6.25
[INFO] [stderr]    Compiling openssl-probe v0.1.4
[INFO] [stderr]    Compiling encoding_rs v0.8.28
[INFO] [stderr]    Compiling smallvec v1.6.1
[INFO] [stderr]    Compiling mime v0.3.16
[INFO] [stderr]    Compiling scoped-tls v0.1.2
[INFO] [stderr]    Compiling crossbeam-utils v0.7.2
[INFO] [stderr]    Compiling memoffset v0.5.6
[INFO] [stderr]    Compiling crossbeam-epoch v0.8.2
[INFO] [stderr]    Compiling miniz_oxide v0.4.4
[INFO] [stderr]    Compiling indexmap v1.7.0
[INFO] [stderr]    Compiling backtrace v0.3.61
[INFO] [stderr]    Compiling bzip2-sys v0.1.11+1.0.8
[INFO] [stderr]    Compiling instant v0.1.10
[INFO] [stderr]    Compiling lzma-sys v0.1.17
[INFO] [stderr]    Compiling num-integer v0.1.44
[INFO] [stderr]    Compiling try_from v0.3.2
[INFO] [stderr]    Compiling base64 v0.10.1
[INFO] [stderr]    Compiling iovec v0.1.4
[INFO] [stderr]    Compiling semver v0.9.0
[INFO] [stderr]    Compiling net2 v0.2.37
[INFO] [stderr]    Compiling lock_api v0.3.4
[INFO] [stderr]    Compiling time v0.1.43
[INFO] [stderr]    Compiling terminal_size v0.1.17
[INFO] [stderr]    Compiling lock_api v0.4.4
[INFO] [stderr]    Compiling filetime v0.2.14
[INFO] [stderr]    Compiling xattr v0.2.2
[INFO] [stderr]    Compiling idna v0.1.5
[INFO] [stderr]    Compiling idna v0.2.3
[INFO] [stderr]    Compiling number_prefix v0.2.8
[INFO] [stderr]    Compiling parking_lot_core v0.8.3
[INFO] [stderr]    Compiling bytes v0.4.12
[INFO] [stderr]    Compiling tar v0.4.35
[INFO] [stderr]    Compiling form_urlencoded v1.0.1
[INFO] [stderr]    Compiling rand_core v0.3.1
[INFO] [stderr]    Compiling rand_os v0.1.3
[INFO] [stderr]    Compiling rand_jitter v0.1.4
[INFO] [stderr]    Compiling unicase v2.6.0
[INFO] [stderr]    Compiling tokio-sync v0.1.8
[INFO] [stderr]    Compiling rand_pcg v0.1.2
[INFO] [stderr]    Compiling rand_chacha v0.1.1
[INFO] [stderr]    Compiling rand v0.6.5
[INFO] [stderr]    Compiling futures-cpupool v0.1.8
[INFO] [stderr]    Compiling rustc_version v0.2.3
[INFO] [stderr]    Compiling mio v0.6.23
[INFO] [stderr]    Compiling want v0.2.0
[INFO] [stderr]    Compiling object v0.26.0
[INFO] [stderr]    Compiling aho-corasick v0.7.18
[INFO] [stderr]    Compiling rand_xorshift v0.1.1
[INFO] [stderr]    Compiling rand_hc v0.1.0
[INFO] [stderr]    Compiling rand_isaac v0.1.1
[INFO] [stderr]    Compiling parking_lot v0.11.1
[INFO] [stderr]    Compiling tokio-io v0.1.13
[INFO] [stderr]    Compiling http v0.1.21
[INFO] [stderr]    Compiling tokio-buf v0.1.1
[INFO] [stderr]    Compiling string v0.2.1
[INFO] [stderr]    Compiling smallvec v0.6.14
[INFO] [stderr]    Compiling url v1.7.2
[INFO] [stderr]    Compiling url v2.2.2
[INFO] [stderr]    Compiling quote v1.0.9
[INFO] [stderr]    Compiling parking_lot_core v0.6.2
[INFO] [stderr]    Compiling parking_lot v0.9.0
[INFO] [stderr]    Compiling hyper v0.12.36
[INFO] [stderr]    Compiling xz2 v0.1.6
[INFO] [stderr]    Compiling tokio-codec v0.1.2
[INFO] [stderr]    Compiling mio-uds v0.6.8
[INFO] [stderr]    Compiling publicsuffix v1.5.6
[INFO] [stderr]    Compiling chrono v0.4.19
[INFO] [stderr]    Compiling addr2line v0.16.0
[INFO] [stderr]    Compiling flate2 v1.0.20
[INFO] [stderr]    Compiling mime_guess v2.0.3
[INFO] [stderr]    Compiling cookie v0.12.0
[INFO] [stderr]    Compiling tokio-executor v0.1.10
[INFO] [stderr]    Compiling crossbeam-queue v0.2.3
[INFO] [stderr]    Compiling bzip2 v0.4.3
[INFO] [stderr]    Compiling crossbeam-deque v0.7.4
[INFO] [stderr]    Compiling tokio-timer v0.2.13
[INFO] [stderr]    Compiling tokio-current-thread v0.1.7
[INFO] [stderr]    Compiling tokio-threadpool v0.1.18
[INFO] [stderr]    Compiling regex v1.5.4
[INFO] [stderr]    Compiling h2 v0.1.26
[INFO] [stderr]    Compiling http-body v0.1.0
[INFO] [stderr]    Compiling tokio-reactor v0.1.12
[INFO] [stderr]    Compiling uuid v0.7.4
[INFO] [stderr]    Compiling tokio-fs v0.1.7
[INFO] [stderr]    Compiling tokio-uds v0.2.7
[INFO] [stderr]    Compiling tokio-udp v0.1.6
[INFO] [stderr]    Compiling tokio-tcp v0.1.4
[INFO] [stderr]    Compiling synstructure v0.12.5
[INFO] [stderr]    Compiling tokio v0.1.22
[INFO] [stderr]    Compiling console v0.14.1
[INFO] [stderr]    Compiling tokio-core v0.1.18
[INFO] [stderr]    Compiling indicatif v0.10.3
[INFO] [stderr]    Compiling thiserror-impl v1.0.26
[INFO] [stderr]    Compiling failure v0.1.8
[INFO] [stderr]    Compiling thiserror v1.0.26
[INFO] [stderr]    Compiling zip v0.5.13
[INFO] [stderr]    Compiling hyper-tls v0.3.2
[INFO] [stderr]    Compiling archive-lp v0.2.3
[INFO] [stderr]    Compiling serde_urlencoded v0.5.5
[INFO] [stderr]    Compiling serde_test v1.0.127
[INFO] [stderr]    Compiling platform-lp v0.2.2
[INFO] [stderr]    Compiling version-lp v0.2.1
[INFO] [stderr]    Compiling cookie_store v0.7.0
[INFO] [stderr]    Compiling restson v0.4.1
[INFO] [stderr]    Compiling reqwest v0.9.24
[INFO] [stderr]    Compiling download-lp v0.2.0
[INFO] [stderr]    Compiling updater-lp v0.3.0 (/opt/rustwide/workdir)
[INFO] [stdout] warning: unused import: `NAME`
[INFO] [stdout]   --> src/sources/github/github.rs:11:45
[INFO] [stdout]    |
[INFO] [stdout] 11 |     params:: { GithubParams, REPO_URL, API, NAME },
[INFO] [stdout]    |                                             ^^^^
[INFO] [stdout]    |
[INFO] [stdout]    = note: `#[warn(unused_imports)]` on by default
[INFO] [stdout] 
[INFO] [stdout] 
[INFO] [stdout] warning: unused import: `traits::provider::Provider`
[INFO] [stdout]   --> src/lib.rs:86:17
[INFO] [stdout]    |
[INFO] [stdout] 86 | mod traits; use traits::provider::Provider;
[INFO] [stdout]    |                 ^^^^^^^^^^^^^^^^^^^^^^^^^^
[INFO] [stdout] 
[INFO] [stdout] 
[INFO] [stdout] warning: static is never used: `NAME`
[INFO] [stdout]  --> src/sources/github/params.rs:3:1
[INFO] [stdout]   |
[INFO] [stdout] 3 | pub static NAME : &str = "Github";
[INFO] [stdout]   | ^^^^^^^^^^^^^^^^^^^^^^^^^^^^^^^^^^
[INFO] [stdout]   |
[INFO] [stdout]   = note: `#[warn(dead_code)]` on by default
[INFO] [stdout] 
[INFO] [stdout] 
[INFO] [stdout] warning: 3 warnings emitted
[INFO] [stdout] 
[INFO] [stdout] 
[INFO] [stderr]     Finished dev [unoptimized + debuginfo] target(s) in 30.91s
[INFO] running `Command { std: "docker" "inspect" "7a8eec159a42ce3e01c8791529e100454901e016c717a247409c485edca66c6b", kill_on_drop: false }`
[INFO] running `Command { std: "docker" "rm" "-f" "7a8eec159a42ce3e01c8791529e100454901e016c717a247409c485edca66c6b", kill_on_drop: false }`
[INFO] [stdout] 7a8eec159a42ce3e01c8791529e100454901e016c717a247409c485edca66c6b
[INFO] running `Command { std: "docker" "create" "-v" "/var/lib/crater-agent-workspace/builds/worker-95/target:/opt/rustwide/target:rw,Z" "-v" "/var/lib/crater-agent-workspace/builds/worker-95/source:/opt/rustwide/workdir:ro,Z" "-v" "/var/lib/crater-agent-workspace/cargo-home:/opt/rustwide/cargo-home:ro,Z" "-v" "/var/lib/crater-agent-workspace/rustup-home:/opt/rustwide/rustup-home:ro,Z" "-e" "SOURCE_DIR=/opt/rustwide/workdir" "-e" "CARGO_TARGET_DIR=/opt/rustwide/target" "-e" "CARGO_INCREMENTAL=0" "-e" "RUST_BACKTRACE=full" "-e" "RUSTFLAGS=--cap-lints=warn" "-e" "CARGO_HOME=/opt/rustwide/cargo-home" "-e" "RUSTUP_HOME=/opt/rustwide/rustup-home" "-w" "/opt/rustwide/workdir" "-m" "1610612736" "--user" "0:0" "--network" "none" "ghcr.io/rust-lang/crates-build-env/linux@sha256:34b6a614d2c27851fe6cbf88fbd1137609cefab8b10d0615aaeb6fd47975d74e" "/opt/rustwide/cargo-home/bin/cargo" "+beta-2021-08-01" "test" "--frozen" "--no-run" "--message-format=json", kill_on_drop: false }`
[INFO] [stdout] 52b663be9f88552b74e40504bb346c3ad7bc1cff9ba30ad5eb80b7a836e3434d
[INFO] running `Command { std: "docker" "start" "-a" "52b663be9f88552b74e40504bb346c3ad7bc1cff9ba30ad5eb80b7a836e3434d", kill_on_drop: false }`
[INFO] [stderr]     Blocking waiting for file lock on package cache
[INFO] [stderr]    Compiling updater-lp v0.3.0 (/opt/rustwide/workdir)
[INFO] [stdout] warning: unused import: `NAME`
[INFO] [stdout]   --> src/sources/github/github.rs:11:45
[INFO] [stdout]    |
[INFO] [stdout] 11 |     params:: { GithubParams, REPO_URL, API, NAME },
[INFO] [stdout]    |                                             ^^^^
[INFO] [stdout]    |
[INFO] [stdout]    = note: `#[warn(unused_imports)]` on by default
[INFO] [stdout] 
[INFO] [stdout] 
[INFO] [stdout] warning: unused import: `traits::provider::Provider`
[INFO] [stdout]   --> src/lib.rs:86:17
[INFO] [stdout]    |
[INFO] [stdout] 86 | mod traits; use traits::provider::Provider;
[INFO] [stdout]    |                 ^^^^^^^^^^^^^^^^^^^^^^^^^^
[INFO] [stdout] 
[INFO] [stdout] 
[INFO] [stdout] warning: static is never used: `NAME`
[INFO] [stdout]  --> src/sources/github/params.rs:3:1
[INFO] [stdout]   |
[INFO] [stdout] 3 | pub static NAME : &str = "Github";
[INFO] [stdout]   | ^^^^^^^^^^^^^^^^^^^^^^^^^^^^^^^^^^
[INFO] [stdout]   |
[INFO] [stdout]   = note: `#[warn(dead_code)]` on by default
[INFO] [stdout] 
[INFO] [stdout] 
[INFO] [stdout] warning: 3 warnings emitted
[INFO] [stdout] 
[INFO] [stdout] 
[INFO] [stdout] warning: unused import: `NAME`
[INFO] [stdout]   --> src/sources/github/github.rs:11:45
[INFO] [stdout]    |
[INFO] [stdout] 11 |     params:: { GithubParams, REPO_URL, API, NAME },
[INFO] [stdout]    |                                             ^^^^
[INFO] [stdout]    |
[INFO] [stdout]    = note: `#[warn(unused_imports)]` on by default
[INFO] [stdout] 
[INFO] [stdout] 
[INFO] [stdout] warning: unused import: `traits::provider::Provider`
[INFO] [stdout]   --> src/lib.rs:86:17
[INFO] [stdout]    |
[INFO] [stdout] 86 | mod traits; use traits::provider::Provider;
[INFO] [stdout]    |                 ^^^^^^^^^^^^^^^^^^^^^^^^^^
[INFO] [stdout] 
[INFO] [stdout] 
[INFO] [stdout] warning: static is never used: `NAME`
[INFO] [stdout]  --> src/sources/github/params.rs:3:1
[INFO] [stdout]   |
[INFO] [stdout] 3 | pub static NAME : &str = "Github";
[INFO] [stdout]   | ^^^^^^^^^^^^^^^^^^^^^^^^^^^^^^^^^^
[INFO] [stdout]   |
[INFO] [stdout]   = note: `#[warn(dead_code)]` on by default
[INFO] [stdout] 
[INFO] [stdout] 
[INFO] [stdout] warning: 3 warnings emitted
[INFO] [stdout] 
[INFO] [stdout] 
[INFO] [stderr]     Finished test [unoptimized + debuginfo] target(s) in 3.00s
[INFO] running `Command { std: "docker" "inspect" "52b663be9f88552b74e40504bb346c3ad7bc1cff9ba30ad5eb80b7a836e3434d", kill_on_drop: false }`
[INFO] running `Command { std: "docker" "rm" "-f" "52b663be9f88552b74e40504bb346c3ad7bc1cff9ba30ad5eb80b7a836e3434d", kill_on_drop: false }`
[INFO] [stdout] 52b663be9f88552b74e40504bb346c3ad7bc1cff9ba30ad5eb80b7a836e3434d
[INFO] running `Command { std: "docker" "create" "-v" "/var/lib/crater-agent-workspace/builds/worker-95/target:/opt/rustwide/target:rw,Z" "-v" "/var/lib/crater-agent-workspace/builds/worker-95/source:/opt/rustwide/workdir:ro,Z" "-v" "/var/lib/crater-agent-workspace/cargo-home:/opt/rustwide/cargo-home:ro,Z" "-v" "/var/lib/crater-agent-workspace/rustup-home:/opt/rustwide/rustup-home:ro,Z" "-e" "SOURCE_DIR=/opt/rustwide/workdir" "-e" "CARGO_TARGET_DIR=/opt/rustwide/target" "-e" "CARGO_INCREMENTAL=0" "-e" "RUST_BACKTRACE=full" "-e" "RUSTFLAGS=--cap-lints=warn" "-e" "CARGO_HOME=/opt/rustwide/cargo-home" "-e" "RUSTUP_HOME=/opt/rustwide/rustup-home" "-w" "/opt/rustwide/workdir" "-m" "1610612736" "--user" "0:0" "--network" "none" "ghcr.io/rust-lang/crates-build-env/linux@sha256:34b6a614d2c27851fe6cbf88fbd1137609cefab8b10d0615aaeb6fd47975d74e" "/opt/rustwide/cargo-home/bin/cargo" "+beta-2021-08-01" "test" "--frozen", kill_on_drop: false }`
[INFO] [stdout] 81bbc897b9aeef96ad73820733644732cd8aa40867a24e45eabea350af1b9fad
[INFO] running `Command { std: "docker" "start" "-a" "81bbc897b9aeef96ad73820733644732cd8aa40867a24e45eabea350af1b9fad", kill_on_drop: false }`
[INFO] [stderr] warning: unused import: `NAME`
[INFO] [stderr]   --> src/sources/github/github.rs:11:45
[INFO] [stderr]    |
[INFO] [stderr] 11 |     params:: { GithubParams, REPO_URL, API, NAME },
[INFO] [stderr]    |                                             ^^^^
[INFO] [stderr]    |
[INFO] [stderr]    = note: `#[warn(unused_imports)]` on by default
[INFO] [stderr] 
[INFO] [stderr] warning: unused import: `traits::provider::Provider`
[INFO] [stderr]   --> src/lib.rs:86:17
[INFO] [stderr]    |
[INFO] [stderr] 86 | mod traits; use traits::provider::Provider;
[INFO] [stderr]    |                 ^^^^^^^^^^^^^^^^^^^^^^^^^^
[INFO] [stderr] 
[INFO] [stderr] warning: static is never used: `NAME`
[INFO] [stderr]  --> src/sources/github/params.rs:3:1
[INFO] [stderr]   |
[INFO] [stderr] 3 | pub static NAME : &str = "Github";
[INFO] [stderr]   | ^^^^^^^^^^^^^^^^^^^^^^^^^^^^^^^^^^
[INFO] [stderr]   |
[INFO] [stderr]   = note: `#[warn(dead_code)]` on by default
[INFO] [stderr] 
[INFO] [stderr] warning: `updater-lp` (lib) generated 3 warnings
[INFO] [stderr] warning: `updater-lp` (lib test) generated 3 warnings (3 duplicates)
[INFO] [stderr]     Finished test [unoptimized + debuginfo] target(s) in 0.48s
[INFO] [stderr]      Running unittests (/opt/rustwide/target/debug/deps/updater_lp-d8a21d7ddcf1dbaa)
[INFO] [stdout] 
[INFO] [stderr]    Doc-tests updater-lp
[INFO] [stdout] running 0 tests
[INFO] [stdout] 
[INFO] [stdout] test result: ok. 0 passed; 0 failed; 0 ignored; 0 measured; 0 filtered out; finished in 0.00s
[INFO] [stdout] 
[INFO] [stdout] 
[INFO] [stdout] running 2 tests
[INFO] [stdout] test src/lib.rs - (line 36) ... ok
[INFO] [stdout] test src/lib.rs - (line 44) ... FAILED
[INFO] [stdout] 
[INFO] [stdout] failures:
[INFO] [stdout] 
[INFO] [stdout] ---- src/lib.rs - (line 44) stdout ----
[INFO] [stdout] error[E0308]: mismatched types
[INFO] [stdout]  --> src/lib.rs:47:47
[INFO] [stdout]   |
[INFO] [stdout] 5 | let this_version = updater_lp::create_version(&[01,2,3,4]);
[INFO] [stdout]   |                                               ^^^^^^^^^^^ expected `str`, found array `[{integer}; 4]`
[INFO] [stdout]   |
[INFO] [stdout]   = note: expected reference `&str`
[INFO] [stdout]              found reference `&[{integer}; 4]`
[INFO] [stdout] 
[INFO] [stdout] error[E0308]: mismatched types
[INFO] [stdout]   --> src/lib.rs:54:21
[INFO] [stdout]    |
[INFO] [stdout] 12 |         if latest > this_version {
[INFO] [stdout]    |                     ^^^^^^^^^^^^ expected struct `version_lp::version::Version`, found enum `Option`
[INFO] [stdout]    |
[INFO] [stdout]    = note: expected struct `version_lp::version::Version`
[INFO] [stdout]                 found enum `Option<version_lp::version::Version>`
[INFO] [stdout] 
[INFO] [stdout] error: aborting due to 2 previous errors
[INFO] [stdout] 
[INFO] [stdout] For more information about this error, try `rustc --explain E0308`.
[INFO] [stdout] Couldn't compile the test.
[INFO] [stdout] 
[INFO] [stdout] failures:
[INFO] [stdout]     src/lib.rs - (line 44)
[INFO] [stdout] 
[INFO] [stdout] test result: FAILED. 1 passed; 1 failed; 0 ignored; 0 measured; 0 filtered out; finished in 0.73s
[INFO] [stdout] 
[INFO] [stderr] error: test failed, to rerun pass '--doc'
[INFO] running `Command { std: "docker" "inspect" "81bbc897b9aeef96ad73820733644732cd8aa40867a24e45eabea350af1b9fad", kill_on_drop: false }`
[INFO] running `Command { std: "docker" "rm" "-f" "81bbc897b9aeef96ad73820733644732cd8aa40867a24e45eabea350af1b9fad", kill_on_drop: false }`
[INFO] [stdout] 81bbc897b9aeef96ad73820733644732cd8aa40867a24e45eabea350af1b9fad
