[INFO] fetching crate unsegen 0.3.0...
[INFO] testing unsegen-0.3.0 against beta-2021-08-01 for beta-1.55-1
[INFO] extracting crate unsegen 0.3.0 into /workspace/builds/worker-43/source
[INFO] validating manifest of crates.io crate unsegen 0.3.0 on toolchain beta-2021-08-01
[INFO] running `Command { std: "/workspace/cargo-home/bin/cargo" "+beta-2021-08-01" "metadata" "--manifest-path" "Cargo.toml" "--no-deps", kill_on_drop: false }`
[INFO] started tweaking crates.io crate unsegen 0.3.0
[INFO] finished tweaking crates.io crate unsegen 0.3.0
[INFO] tweaked toml for crates.io crate unsegen 0.3.0 written to /workspace/builds/worker-43/source/Cargo.toml
[INFO] running `Command { std: "/workspace/cargo-home/bin/cargo" "+beta-2021-08-01" "generate-lockfile" "--manifest-path" "Cargo.toml" "-Zno-index-update", kill_on_drop: false }`
[INFO] [stderr]     Blocking waiting for file lock on package cache
[INFO] running `Command { std: "/workspace/cargo-home/bin/cargo" "+beta-2021-08-01" "fetch" "--manifest-path" "Cargo.toml", kill_on_drop: false }`
[INFO] [stderr]     Blocking waiting for file lock on package cache
[INFO] running `Command { std: "docker" "create" "-v" "/var/lib/crater-agent-workspace/builds/worker-43/target:/opt/rustwide/target:rw,Z" "-v" "/var/lib/crater-agent-workspace/builds/worker-43/source:/opt/rustwide/workdir:ro,Z" "-v" "/var/lib/crater-agent-workspace/cargo-home:/opt/rustwide/cargo-home:ro,Z" "-v" "/var/lib/crater-agent-workspace/rustup-home:/opt/rustwide/rustup-home:ro,Z" "-e" "SOURCE_DIR=/opt/rustwide/workdir" "-e" "CARGO_TARGET_DIR=/opt/rustwide/target" "-e" "CARGO_HOME=/opt/rustwide/cargo-home" "-e" "RUSTUP_HOME=/opt/rustwide/rustup-home" "-w" "/opt/rustwide/workdir" "-m" "1610612736" "--user" "0:0" "--network" "none" "ghcr.io/rust-lang/crates-build-env/linux@sha256:34b6a614d2c27851fe6cbf88fbd1137609cefab8b10d0615aaeb6fd47975d74e" "/opt/rustwide/cargo-home/bin/cargo" "+beta-2021-08-01" "metadata" "--no-deps" "--format-version=1", kill_on_drop: false }`
[INFO] [stdout] 1b6c3154d0f64c533e55fda540d93efd0df92ad789cf5b18812145eb7eb4b59e
[INFO] running `Command { std: "docker" "start" "-a" "1b6c3154d0f64c533e55fda540d93efd0df92ad789cf5b18812145eb7eb4b59e", kill_on_drop: false }`
[INFO] running `Command { std: "docker" "inspect" "1b6c3154d0f64c533e55fda540d93efd0df92ad789cf5b18812145eb7eb4b59e", kill_on_drop: false }`
[INFO] running `Command { std: "docker" "rm" "-f" "1b6c3154d0f64c533e55fda540d93efd0df92ad789cf5b18812145eb7eb4b59e", kill_on_drop: false }`
[INFO] [stdout] 1b6c3154d0f64c533e55fda540d93efd0df92ad789cf5b18812145eb7eb4b59e
[INFO] running `Command { std: "docker" "create" "-v" "/var/lib/crater-agent-workspace/builds/worker-43/target:/opt/rustwide/target:rw,Z" "-v" "/var/lib/crater-agent-workspace/builds/worker-43/source:/opt/rustwide/workdir:ro,Z" "-v" "/var/lib/crater-agent-workspace/cargo-home:/opt/rustwide/cargo-home:ro,Z" "-v" "/var/lib/crater-agent-workspace/rustup-home:/opt/rustwide/rustup-home:ro,Z" "-e" "SOURCE_DIR=/opt/rustwide/workdir" "-e" "CARGO_TARGET_DIR=/opt/rustwide/target" "-e" "CARGO_INCREMENTAL=0" "-e" "RUST_BACKTRACE=full" "-e" "RUSTFLAGS=--cap-lints=warn" "-e" "CARGO_HOME=/opt/rustwide/cargo-home" "-e" "RUSTUP_HOME=/opt/rustwide/rustup-home" "-w" "/opt/rustwide/workdir" "-m" "1610612736" "--user" "0:0" "--network" "none" "ghcr.io/rust-lang/crates-build-env/linux@sha256:34b6a614d2c27851fe6cbf88fbd1137609cefab8b10d0615aaeb6fd47975d74e" "/opt/rustwide/cargo-home/bin/cargo" "+beta-2021-08-01" "build" "--frozen" "--message-format=json", kill_on_drop: false }`
[INFO] [stdout] 3a1f1fcc3d3e5d5990a4aba27ecc1dde4635401f9893899a95c81a67872d9c80
[INFO] running `Command { std: "docker" "start" "-a" "3a1f1fcc3d3e5d5990a4aba27ecc1dde4635401f9893899a95c81a67872d9c80", kill_on_drop: false }`
[INFO] [stderr]    Compiling proc-macro2 v0.4.30
[INFO] [stderr]    Compiling unicode-xid v0.1.0
[INFO] [stderr]    Compiling libc v0.2.98
[INFO] [stderr]    Compiling syn v0.15.44
[INFO] [stderr]    Compiling ndarray v0.8.4
[INFO] [stderr]    Compiling nix v0.17.0
[INFO] [stderr]    Compiling numtoa v0.1.0
[INFO] [stderr]    Compiling cfg-if v0.1.10
[INFO] [stderr]    Compiling void v1.0.2
[INFO] [stderr]    Compiling unicode-segmentation v1.8.0
[INFO] [stderr]    Compiling smallvec v0.3.4
[INFO] [stderr]    Compiling num-complex v0.1.43
[INFO] [stderr]    Compiling quote v0.6.13
[INFO] [stderr]    Compiling termion v1.5.6
[INFO] [stderr]    Compiling derive_more v0.14.1
[INFO] [stderr]    Compiling raw_tty v0.1.0
[INFO] [stderr]    Compiling unsegen v0.3.0 (/opt/rustwide/workdir)
[INFO] [stderr]     Finished dev [unoptimized + debuginfo] target(s) in 12.52s
[INFO] running `Command { std: "docker" "inspect" "3a1f1fcc3d3e5d5990a4aba27ecc1dde4635401f9893899a95c81a67872d9c80", kill_on_drop: false }`
[INFO] running `Command { std: "docker" "rm" "-f" "3a1f1fcc3d3e5d5990a4aba27ecc1dde4635401f9893899a95c81a67872d9c80", kill_on_drop: false }`
[INFO] [stdout] 3a1f1fcc3d3e5d5990a4aba27ecc1dde4635401f9893899a95c81a67872d9c80
[INFO] running `Command { std: "docker" "create" "-v" "/var/lib/crater-agent-workspace/builds/worker-43/target:/opt/rustwide/target:rw,Z" "-v" "/var/lib/crater-agent-workspace/builds/worker-43/source:/opt/rustwide/workdir:ro,Z" "-v" "/var/lib/crater-agent-workspace/cargo-home:/opt/rustwide/cargo-home:ro,Z" "-v" "/var/lib/crater-agent-workspace/rustup-home:/opt/rustwide/rustup-home:ro,Z" "-e" "SOURCE_DIR=/opt/rustwide/workdir" "-e" "CARGO_TARGET_DIR=/opt/rustwide/target" "-e" "CARGO_INCREMENTAL=0" "-e" "RUST_BACKTRACE=full" "-e" "RUSTFLAGS=--cap-lints=warn" "-e" "CARGO_HOME=/opt/rustwide/cargo-home" "-e" "RUSTUP_HOME=/opt/rustwide/rustup-home" "-w" "/opt/rustwide/workdir" "-m" "1610612736" "--user" "0:0" "--network" "none" "ghcr.io/rust-lang/crates-build-env/linux@sha256:34b6a614d2c27851fe6cbf88fbd1137609cefab8b10d0615aaeb6fd47975d74e" "/opt/rustwide/cargo-home/bin/cargo" "+beta-2021-08-01" "test" "--frozen" "--no-run" "--message-format=json", kill_on_drop: false }`
[INFO] [stdout] dfc6c183e78235adea17072dc467dd650a5bd9fc77b01cadd766853cf356077f
[INFO] running `Command { std: "docker" "start" "-a" "dfc6c183e78235adea17072dc467dd650a5bd9fc77b01cadd766853cf356077f", kill_on_drop: false }`
[INFO] [stderr]    Compiling rand v0.4.6
[INFO] [stderr]    Compiling unsegen v0.3.0 (/opt/rustwide/workdir)
[INFO] [stderr]     Finished test [unoptimized + debuginfo] target(s) in 4.21s
[INFO] running `Command { std: "docker" "inspect" "dfc6c183e78235adea17072dc467dd650a5bd9fc77b01cadd766853cf356077f", kill_on_drop: false }`
[INFO] running `Command { std: "docker" "rm" "-f" "dfc6c183e78235adea17072dc467dd650a5bd9fc77b01cadd766853cf356077f", kill_on_drop: false }`
[INFO] [stdout] dfc6c183e78235adea17072dc467dd650a5bd9fc77b01cadd766853cf356077f
[INFO] running `Command { std: "docker" "create" "-v" "/var/lib/crater-agent-workspace/builds/worker-43/target:/opt/rustwide/target:rw,Z" "-v" "/var/lib/crater-agent-workspace/builds/worker-43/source:/opt/rustwide/workdir:ro,Z" "-v" "/var/lib/crater-agent-workspace/cargo-home:/opt/rustwide/cargo-home:ro,Z" "-v" "/var/lib/crater-agent-workspace/rustup-home:/opt/rustwide/rustup-home:ro,Z" "-e" "SOURCE_DIR=/opt/rustwide/workdir" "-e" "CARGO_TARGET_DIR=/opt/rustwide/target" "-e" "CARGO_INCREMENTAL=0" "-e" "RUST_BACKTRACE=full" "-e" "RUSTFLAGS=--cap-lints=warn" "-e" "CARGO_HOME=/opt/rustwide/cargo-home" "-e" "RUSTUP_HOME=/opt/rustwide/rustup-home" "-w" "/opt/rustwide/workdir" "-m" "1610612736" "--user" "0:0" "--network" "none" "ghcr.io/rust-lang/crates-build-env/linux@sha256:34b6a614d2c27851fe6cbf88fbd1137609cefab8b10d0615aaeb6fd47975d74e" "/opt/rustwide/cargo-home/bin/cargo" "+beta-2021-08-01" "test" "--frozen", kill_on_drop: false }`
[INFO] [stdout] 82e2258aa28fbe36dd71a511ad6edea5c65639c033ef5041e46e6745e86a387c
[INFO] running `Command { std: "docker" "start" "-a" "82e2258aa28fbe36dd71a511ad6edea5c65639c033ef5041e46e6745e86a387c", kill_on_drop: false }`
[INFO] [stderr]     Finished test [unoptimized + debuginfo] target(s) in 0.05s
[INFO] [stderr]      Running unittests (/opt/rustwide/target/debug/deps/unsegen-d6d1a5f79692aa6b)
[INFO] [stdout] 
[INFO] [stdout] running 31 tests
[INFO] [stdout] test base::cursor::test::test_cursor_no_wrap ... ok
[INFO] [stdout] test base::cursor::test::test_cursor_simple ... ok
[INFO] [stdout] test base::cursor::test::test_cursor_tabs ... ok
[INFO] [stdout] test base::cursor::test::test_cursor_wide_cluster ... ok
[INFO] [stdout] test base::cursor::test::test_cursor_tabs_overwrite ... ok
[INFO] [stdout] test base::cursor::test::test_cursor_wide_cluster_overwrite ... ok
[INFO] [stdout] test base::cursor::test::test_cursor_wrap ... ok
[INFO] [stdout] test base::cursor::test::test_cursor_wrap_outside_window ... ok
[INFO] [stdout] test widget::builtin::promptline::test::test_search_next ... ok
[INFO] [stdout] test widget::builtin::promptline::test::test_search_prev ... ok
[INFO] [stdout] test widget::builtin::table::test::scroll_down_multiline ... ok
[INFO] [stdout] test widget::builtin::table::test::sep_alternate_rows ... ok
[INFO] [stdout] test widget::builtin::table::test::scroll_down_multiline_sep ... ok
[INFO] [stdout] test widget::builtin::table::test::scroll_down_sep ... ok
[INFO] [stdout] test widget::builtin::table::test::scroll_up_sep ... ok
[INFO] [stdout] test widget::builtin::table::test::sep_char ... ok
[INFO] [stdout] test widget::builtin::table::test::smaller_than_terminal ... ok
[INFO] [stdout] test widget::builtin::table::test::scroll_down_simple ... ok
[INFO] [stdout] test widget::builtin::table::test::scroll_up_simple ... ok
[INFO] [stdout] test widget::builtin::table::test::sep_none ... ok
[INFO] [stdout] test widget::layouts::test::test_horizontal_layout_draw ... ok
[INFO] [stdout] test widget::layouts::test::test_horizontal_layout_space_demand ... ok
[INFO] [stdout] test widget::layouts::test::test_layout_linearly_exact ... ok
[INFO] [stdout] test widget::layouts::test::test_layout_linearly_from_at_least ... ok
[INFO] [stdout] test widget::layouts::test::test_layout_linearly_from_to ... ok
[INFO] [stdout] test widget::layouts::test::test_layout_linearly_weighted_between_min_max ... ok
[INFO] [stdout] test widget::layouts::test::test_layout_linearly_mixed ... ok
[INFO] [stdout] test widget::layouts::test::test_layout_linearly_weighted_less_than_min ... ok
[INFO] [stdout] test widget::layouts::test::test_vertical_layout_space_demand ... ok
[INFO] [stdout] test widget::layouts::test::test_vertical_layout_draw ... ok
[INFO] [stdout] test widget::layouts::test::fuzz_layout_linearly ... ok
[INFO] [stdout] 
[INFO] [stdout] test result: ok. 31 passed; 0 failed; 0 ignored; 0 measured; 0 filtered out; finished in 0.58s
[INFO] [stdout] 
[INFO] [stderr]    Doc-tests unsegen
[INFO] [stdout] 
[INFO] [stdout] running 53 tests
[INFO] [stdout] test src/widget/mod.rs - widget (line 5) - compile ... ok
[INFO] [stdout] test src/base/mod.rs - base (line 5) - compile ... ok
[INFO] [stdout] test src/base/terminal.rs - base::terminal (line 8) - compile ... ok
[INFO] [stdout] test src/container/mod.rs - container (line 7) - compile ... ok
[INFO] [stdout] test src/input/mod.rs - input (line 5) ... FAILED
[INFO] [stdout] test src/base/cursor.rs - base::cursor::Cursor::move_by (line 137) ... FAILED
[INFO] [stdout] test src/base/grapheme_cluster.rs - base::grapheme_cluster::GraphemeCluster::try_from (line 85) ... FAILED
[INFO] [stderr] error: test failed, to rerun pass '--doc'
[INFO] [stderr] 
[INFO] [stderr] Caused by:
[INFO] [stderr]   process didn't exit successfully: `rustdoc --crate-type lib --crate-name unsegen --test /opt/rustwide/workdir/src/lib.rs -L dependency=/opt/rustwide/target/debug/deps -L dependency=/opt/rustwide/target/debug/deps --extern ndarray=/opt/rustwide/target/debug/deps/libndarray-3a1aec4a8f2767bb.rlib --extern nix=/opt/rustwide/target/debug/deps/libnix-612790a9b67409bd.rlib --extern rand=/opt/rustwide/target/debug/deps/librand-9b17135118d07609.rlib --extern raw_tty=/opt/rustwide/target/debug/deps/libraw_tty-71bddc384793d594.rlib --extern smallvec=/opt/rustwide/target/debug/deps/libsmallvec-99460da3be47d4fb.rlib --extern termion=/opt/rustwide/target/debug/deps/libtermion-ab7fc3289be5cc81.rlib --extern unicode_segmentation=/opt/rustwide/target/debug/deps/libunicode_segmentation-75100e385306d3a0.rlib --extern unicode_width=/opt/rustwide/target/debug/deps/libunicode_width-31fed32a2fe36ec3.rlib --extern unsegen=/opt/rustwide/target/debug/deps/libunsegen-68cd0c448700af2e.rlib -C embed-bitcode=no --error-format human` (signal: 9, SIGKILL: kill)
[INFO] running `Command { std: "docker" "inspect" "82e2258aa28fbe36dd71a511ad6edea5c65639c033ef5041e46e6745e86a387c", kill_on_drop: false }`
[INFO] running `Command { std: "docker" "rm" "-f" "82e2258aa28fbe36dd71a511ad6edea5c65639c033ef5041e46e6745e86a387c", kill_on_drop: false }`
[INFO] [stdout] 82e2258aa28fbe36dd71a511ad6edea5c65639c033ef5041e46e6745e86a387c
