[INFO] fetching crate unix-daemonize 0.1.2...
[INFO] testing unix-daemonize-0.1.2 against 1.54.0 for beta-1.55-1
[INFO] extracting crate unix-daemonize 0.1.2 into /workspace/builds/worker-73/source
[INFO] validating manifest of crates.io crate unix-daemonize 0.1.2 on toolchain 1.54.0
[INFO] running `Command { std: "/workspace/cargo-home/bin/cargo" "+1.54.0" "metadata" "--manifest-path" "Cargo.toml" "--no-deps", kill_on_drop: false }`
[INFO] started tweaking crates.io crate unix-daemonize 0.1.2
[INFO] finished tweaking crates.io crate unix-daemonize 0.1.2
[INFO] tweaked toml for crates.io crate unix-daemonize 0.1.2 written to /workspace/builds/worker-73/source/Cargo.toml
[INFO] running `Command { std: "/workspace/cargo-home/bin/cargo" "+1.54.0" "generate-lockfile" "--manifest-path" "Cargo.toml" "-Zno-index-update", kill_on_drop: false }`
[INFO] [stderr]     Blocking waiting for file lock on package cache
[INFO] running `Command { std: "/workspace/cargo-home/bin/cargo" "+1.54.0" "fetch" "--manifest-path" "Cargo.toml", kill_on_drop: false }`
[INFO] [stderr]     Blocking waiting for file lock on package cache
[INFO] [stderr]     Blocking waiting for file lock on package cache
[INFO] running `Command { std: "docker" "create" "-v" "/var/lib/crater-agent-workspace/builds/worker-73/target:/opt/rustwide/target:rw,Z" "-v" "/var/lib/crater-agent-workspace/builds/worker-73/source:/opt/rustwide/workdir:ro,Z" "-v" "/var/lib/crater-agent-workspace/cargo-home:/opt/rustwide/cargo-home:ro,Z" "-v" "/var/lib/crater-agent-workspace/rustup-home:/opt/rustwide/rustup-home:ro,Z" "-e" "SOURCE_DIR=/opt/rustwide/workdir" "-e" "CARGO_TARGET_DIR=/opt/rustwide/target" "-e" "CARGO_HOME=/opt/rustwide/cargo-home" "-e" "RUSTUP_HOME=/opt/rustwide/rustup-home" "-w" "/opt/rustwide/workdir" "-m" "1610612736" "--user" "0:0" "--network" "none" "ghcr.io/rust-lang/crates-build-env/linux@sha256:34b6a614d2c27851fe6cbf88fbd1137609cefab8b10d0615aaeb6fd47975d74e" "/opt/rustwide/cargo-home/bin/cargo" "+1.54.0" "metadata" "--no-deps" "--format-version=1", kill_on_drop: false }`
[INFO] [stdout] ac2a931d25fcc4e79d2d0ab058c99278b474b2e4191b174ceba47a4759a26acf
[INFO] running `Command { std: "docker" "start" "-a" "ac2a931d25fcc4e79d2d0ab058c99278b474b2e4191b174ceba47a4759a26acf", kill_on_drop: false }`
[INFO] running `Command { std: "docker" "inspect" "ac2a931d25fcc4e79d2d0ab058c99278b474b2e4191b174ceba47a4759a26acf", kill_on_drop: false }`
[INFO] running `Command { std: "docker" "rm" "-f" "ac2a931d25fcc4e79d2d0ab058c99278b474b2e4191b174ceba47a4759a26acf", kill_on_drop: false }`
[INFO] [stdout] ac2a931d25fcc4e79d2d0ab058c99278b474b2e4191b174ceba47a4759a26acf
[INFO] running `Command { std: "docker" "create" "-v" "/var/lib/crater-agent-workspace/builds/worker-73/target:/opt/rustwide/target:rw,Z" "-v" "/var/lib/crater-agent-workspace/builds/worker-73/source:/opt/rustwide/workdir:ro,Z" "-v" "/var/lib/crater-agent-workspace/cargo-home:/opt/rustwide/cargo-home:ro,Z" "-v" "/var/lib/crater-agent-workspace/rustup-home:/opt/rustwide/rustup-home:ro,Z" "-e" "SOURCE_DIR=/opt/rustwide/workdir" "-e" "CARGO_TARGET_DIR=/opt/rustwide/target" "-e" "CARGO_INCREMENTAL=0" "-e" "RUST_BACKTRACE=full" "-e" "RUSTFLAGS=--cap-lints=warn" "-e" "CARGO_HOME=/opt/rustwide/cargo-home" "-e" "RUSTUP_HOME=/opt/rustwide/rustup-home" "-w" "/opt/rustwide/workdir" "-m" "1610612736" "--user" "0:0" "--network" "none" "ghcr.io/rust-lang/crates-build-env/linux@sha256:34b6a614d2c27851fe6cbf88fbd1137609cefab8b10d0615aaeb6fd47975d74e" "/opt/rustwide/cargo-home/bin/cargo" "+1.54.0" "build" "--frozen" "--message-format=json", kill_on_drop: false }`
[INFO] [stdout] 482a8d757aa4292d37b2332a8a4c7af0f93bddb3ce8ac255b5f9245b76d8ae52
[INFO] running `Command { std: "docker" "start" "-a" "482a8d757aa4292d37b2332a8a4c7af0f93bddb3ce8ac255b5f9245b76d8ae52", kill_on_drop: false }`
[INFO] [stderr]     Blocking waiting for file lock on package cache
[INFO] [stderr]    Compiling unix-daemonize v0.1.2 (/opt/rustwide/workdir)
[INFO] [stdout] warning: use of deprecated macro `try`: use the `?` operator instead
[INFO] [stdout]   --> src/lib.rs:59:16
[INFO] [stdout]    |
[INFO] [stdout] 59 |     let path = try!(ffi::CString::new(try!(filename)).map_err(|e| Error::FilenameFFI(to_path_buf(&std), e)));
[INFO] [stdout]    |                ^^^
[INFO] [stdout]    |
[INFO] [stdout]    = note: `#[warn(deprecated)]` on by default
[INFO] [stdout] 
[INFO] [stdout] 
[INFO] [stdout] warning: use of deprecated macro `try`: use the `?` operator instead
[INFO] [stdout]   --> src/lib.rs:59:39
[INFO] [stdout]    |
[INFO] [stdout] 59 |     let path = try!(ffi::CString::new(try!(filename)).map_err(|e| Error::FilenameFFI(to_path_buf(&std), e)));
[INFO] [stdout]    |                                       ^^^
[INFO] [stdout] 
[INFO] [stdout] 
[INFO] [stdout] warning: use of deprecated macro `try`: use the `?` operator instead
[INFO] [stdout]   --> src/lib.rs:79:15
[INFO] [stdout]    |
[INFO] [stdout] 79 |     daemonize(try!(redirect(stdout)), try!(redirect(stderr)), chdir)
[INFO] [stdout]    |               ^^^
[INFO] [stdout] 
[INFO] [stdout] 
[INFO] [stdout] warning: use of deprecated macro `try`: use the `?` operator instead
[INFO] [stdout]   --> src/lib.rs:79:39
[INFO] [stdout]    |
[INFO] [stdout] 79 |     daemonize(try!(redirect(stdout)), try!(redirect(stderr)), chdir)
[INFO] [stdout]    |                                       ^^^
[INFO] [stdout] 
[INFO] [stdout] 
[INFO] [stdout] warning: 4 warnings emitted
[INFO] [stdout] 
[INFO] [stdout] 
[INFO] [stderr]     Finished dev [unoptimized + debuginfo] target(s) in 1.97s
[INFO] running `Command { std: "docker" "inspect" "482a8d757aa4292d37b2332a8a4c7af0f93bddb3ce8ac255b5f9245b76d8ae52", kill_on_drop: false }`
[INFO] running `Command { std: "docker" "rm" "-f" "482a8d757aa4292d37b2332a8a4c7af0f93bddb3ce8ac255b5f9245b76d8ae52", kill_on_drop: false }`
[INFO] [stdout] 482a8d757aa4292d37b2332a8a4c7af0f93bddb3ce8ac255b5f9245b76d8ae52
[INFO] running `Command { std: "docker" "create" "-v" "/var/lib/crater-agent-workspace/builds/worker-73/target:/opt/rustwide/target:rw,Z" "-v" "/var/lib/crater-agent-workspace/builds/worker-73/source:/opt/rustwide/workdir:ro,Z" "-v" "/var/lib/crater-agent-workspace/cargo-home:/opt/rustwide/cargo-home:ro,Z" "-v" "/var/lib/crater-agent-workspace/rustup-home:/opt/rustwide/rustup-home:ro,Z" "-e" "SOURCE_DIR=/opt/rustwide/workdir" "-e" "CARGO_TARGET_DIR=/opt/rustwide/target" "-e" "CARGO_INCREMENTAL=0" "-e" "RUST_BACKTRACE=full" "-e" "RUSTFLAGS=--cap-lints=warn" "-e" "CARGO_HOME=/opt/rustwide/cargo-home" "-e" "RUSTUP_HOME=/opt/rustwide/rustup-home" "-w" "/opt/rustwide/workdir" "-m" "1610612736" "--user" "0:0" "--network" "none" "ghcr.io/rust-lang/crates-build-env/linux@sha256:34b6a614d2c27851fe6cbf88fbd1137609cefab8b10d0615aaeb6fd47975d74e" "/opt/rustwide/cargo-home/bin/cargo" "+1.54.0" "test" "--frozen" "--no-run" "--message-format=json", kill_on_drop: false }`
[INFO] [stdout] 22478c795ebfc03b64b942038308add7026a2a3c5a2b7de2042f1e0c7a443d65
[INFO] running `Command { std: "docker" "start" "-a" "22478c795ebfc03b64b942038308add7026a2a3c5a2b7de2042f1e0c7a443d65", kill_on_drop: false }`
[INFO] [stderr]     Blocking waiting for file lock on package cache
[INFO] [stderr]    Compiling unix-daemonize v0.1.2 (/opt/rustwide/workdir)
[INFO] [stdout] warning: use of deprecated macro `try`: use the `?` operator instead
[INFO] [stdout]   --> src/lib.rs:59:16
[INFO] [stdout]    |
[INFO] [stdout] 59 |     let path = try!(ffi::CString::new(try!(filename)).map_err(|e| Error::FilenameFFI(to_path_buf(&std), e)));
[INFO] [stdout]    |                ^^^
[INFO] [stdout]    |
[INFO] [stdout]    = note: `#[warn(deprecated)]` on by default
[INFO] [stdout] 
[INFO] [stdout] 
[INFO] [stdout] warning: use of deprecated macro `try`: use the `?` operator instead
[INFO] [stdout]   --> src/lib.rs:59:39
[INFO] [stdout]    |
[INFO] [stdout] 59 |     let path = try!(ffi::CString::new(try!(filename)).map_err(|e| Error::FilenameFFI(to_path_buf(&std), e)));
[INFO] [stdout]    |                                       ^^^
[INFO] [stdout] 
[INFO] [stdout] 
[INFO] [stdout] warning: use of deprecated macro `try`: use the `?` operator instead
[INFO] [stdout]   --> src/lib.rs:79:15
[INFO] [stdout]    |
[INFO] [stdout] 79 |     daemonize(try!(redirect(stdout)), try!(redirect(stderr)), chdir)
[INFO] [stdout]    |               ^^^
[INFO] [stdout] 
[INFO] [stdout] 
[INFO] [stdout] warning: use of deprecated macro `try`: use the `?` operator instead
[INFO] [stdout]   --> src/lib.rs:79:39
[INFO] [stdout]    |
[INFO] [stdout] 79 |     daemonize(try!(redirect(stdout)), try!(redirect(stderr)), chdir)
[INFO] [stdout]    |                                       ^^^
[INFO] [stdout] 
[INFO] [stdout] 
[INFO] [stdout] warning: 4 warnings emitted
[INFO] [stdout] 
[INFO] [stdout] 
[INFO] [stdout] warning: use of deprecated macro `try`: use the `?` operator instead
[INFO] [stdout]   --> src/lib.rs:59:16
[INFO] [stdout]    |
[INFO] [stdout] 59 |     let path = try!(ffi::CString::new(try!(filename)).map_err(|e| Error::FilenameFFI(to_path_buf(&std), e)));
[INFO] [stdout]    |                ^^^
[INFO] [stdout]    |
[INFO] [stdout]    = note: `#[warn(deprecated)]` on by default
[INFO] [stdout] 
[INFO] [stdout] 
[INFO] [stdout] warning: use of deprecated macro `try`: use the `?` operator instead
[INFO] [stdout]   --> src/lib.rs:59:39
[INFO] [stdout]    |
[INFO] [stdout] 59 |     let path = try!(ffi::CString::new(try!(filename)).map_err(|e| Error::FilenameFFI(to_path_buf(&std), e)));
[INFO] [stdout]    |                                       ^^^
[INFO] [stdout] 
[INFO] [stdout] 
[INFO] [stdout] warning: use of deprecated macro `try`: use the `?` operator instead
[INFO] [stdout]   --> src/lib.rs:79:15
[INFO] [stdout]    |
[INFO] [stdout] 79 |     daemonize(try!(redirect(stdout)), try!(redirect(stderr)), chdir)
[INFO] [stdout]    |               ^^^
[INFO] [stdout] 
[INFO] [stdout] 
[INFO] [stdout] warning: use of deprecated macro `try`: use the `?` operator instead
[INFO] [stdout]   --> src/lib.rs:79:39
[INFO] [stdout]    |
[INFO] [stdout] 79 |     daemonize(try!(redirect(stdout)), try!(redirect(stderr)), chdir)
[INFO] [stdout]    |                                       ^^^
[INFO] [stdout] 
[INFO] [stdout] 
[INFO] [stdout] warning: 4 warnings emitted
[INFO] [stdout] 
[INFO] [stdout] 
[INFO] [stderr]     Finished test [unoptimized + debuginfo] target(s) in 1.15s
[INFO] running `Command { std: "docker" "inspect" "22478c795ebfc03b64b942038308add7026a2a3c5a2b7de2042f1e0c7a443d65", kill_on_drop: false }`
[INFO] running `Command { std: "docker" "rm" "-f" "22478c795ebfc03b64b942038308add7026a2a3c5a2b7de2042f1e0c7a443d65", kill_on_drop: false }`
[INFO] [stdout] 22478c795ebfc03b64b942038308add7026a2a3c5a2b7de2042f1e0c7a443d65
[INFO] running `Command { std: "docker" "create" "-v" "/var/lib/crater-agent-workspace/builds/worker-73/target:/opt/rustwide/target:rw,Z" "-v" "/var/lib/crater-agent-workspace/builds/worker-73/source:/opt/rustwide/workdir:ro,Z" "-v" "/var/lib/crater-agent-workspace/cargo-home:/opt/rustwide/cargo-home:ro,Z" "-v" "/var/lib/crater-agent-workspace/rustup-home:/opt/rustwide/rustup-home:ro,Z" "-e" "SOURCE_DIR=/opt/rustwide/workdir" "-e" "CARGO_TARGET_DIR=/opt/rustwide/target" "-e" "CARGO_INCREMENTAL=0" "-e" "RUST_BACKTRACE=full" "-e" "RUSTFLAGS=--cap-lints=warn" "-e" "CARGO_HOME=/opt/rustwide/cargo-home" "-e" "RUSTUP_HOME=/opt/rustwide/rustup-home" "-w" "/opt/rustwide/workdir" "-m" "1610612736" "--user" "0:0" "--network" "none" "ghcr.io/rust-lang/crates-build-env/linux@sha256:34b6a614d2c27851fe6cbf88fbd1137609cefab8b10d0615aaeb6fd47975d74e" "/opt/rustwide/cargo-home/bin/cargo" "+1.54.0" "test" "--frozen", kill_on_drop: false }`
[INFO] [stdout] 0da426f591e68a79b388bf9500e4f348cf30a566501110bbebb1445fed35aa0a
[INFO] running `Command { std: "docker" "start" "-a" "0da426f591e68a79b388bf9500e4f348cf30a566501110bbebb1445fed35aa0a", kill_on_drop: false }`
[INFO] [stderr] warning: use of deprecated macro `try`: use the `?` operator instead
[INFO] [stderr]   --> src/lib.rs:59:16
[INFO] [stderr]    |
[INFO] [stderr] 59 |     let path = try!(ffi::CString::new(try!(filename)).map_err(|e| Error::FilenameFFI(to_path_buf(&std), e)));
[INFO] [stderr]    |                ^^^
[INFO] [stderr]    |
[INFO] [stderr]    = note: `#[warn(deprecated)]` on by default
[INFO] [stderr] 
[INFO] [stderr] warning: use of deprecated macro `try`: use the `?` operator instead
[INFO] [stderr]   --> src/lib.rs:59:39
[INFO] [stderr]    |
[INFO] [stderr] 59 |     let path = try!(ffi::CString::new(try!(filename)).map_err(|e| Error::FilenameFFI(to_path_buf(&std), e)));
[INFO] [stderr]    |                                       ^^^
[INFO] [stderr] 
[INFO] [stderr] warning: use of deprecated macro `try`: use the `?` operator instead
[INFO] [stderr]   --> src/lib.rs:79:15
[INFO] [stderr]    |
[INFO] [stderr] 79 |     daemonize(try!(redirect(stdout)), try!(redirect(stderr)), chdir)
[INFO] [stderr]    |               ^^^
[INFO] [stderr] 
[INFO] [stderr] warning: use of deprecated macro `try`: use the `?` operator instead
[INFO] [stderr]   --> src/lib.rs:79:39
[INFO] [stderr]    |
[INFO] [stderr] 79 |     daemonize(try!(redirect(stdout)), try!(redirect(stderr)), chdir)
[INFO] [stderr]    |                                       ^^^
[INFO] [stderr] 
[INFO] [stderr] warning: 4 warnings emitted
[INFO] [stderr] 
[INFO] [stderr] warning: use of deprecated macro `try`: use the `?` operator instead
[INFO] [stderr]   --> src/lib.rs:59:16
[INFO] [stderr]    |
[INFO] [stderr] 59 |     let path = try!(ffi::CString::new(try!(filename)).map_err(|e| Error::FilenameFFI(to_path_buf(&std), e)));
[INFO] [stderr]    |                ^^^
[INFO] [stderr]    |
[INFO] [stderr]    = note: `#[warn(deprecated)]` on by default
[INFO] [stderr] 
[INFO] [stderr] warning: use of deprecated macro `try`: use the `?` operator instead
[INFO] [stderr]   --> src/lib.rs:59:39
[INFO] [stderr]    |
[INFO] [stderr] 59 |     let path = try!(ffi::CString::new(try!(filename)).map_err(|e| Error::FilenameFFI(to_path_buf(&std), e)));
[INFO] [stderr]    |                                       ^^^
[INFO] [stderr] 
[INFO] [stderr] warning: use of deprecated macro `try`: use the `?` operator instead
[INFO] [stderr]   --> src/lib.rs:79:15
[INFO] [stderr]    |
[INFO] [stderr] 79 |     daemonize(try!(redirect(stdout)), try!(redirect(stderr)), chdir)
[INFO] [stderr]    |               ^^^
[INFO] [stderr] 
[INFO] [stderr] warning: use of deprecated macro `try`: use the `?` operator instead
[INFO] [stderr]   --> src/lib.rs:79:39
[INFO] [stderr]    |
[INFO] [stderr] 79 |     daemonize(try!(redirect(stdout)), try!(redirect(stderr)), chdir)
[INFO] [stderr]    |                                       ^^^
[INFO] [stderr] 
[INFO] [stderr] warning: 4 warnings emitted
[INFO] [stderr] 
[INFO] [stderr]     Finished test [unoptimized + debuginfo] target(s) in 0.03s
[INFO] [stderr]      Running unittests (/opt/rustwide/target/debug/deps/unix_daemonize-1aab57a66734ba6c)
[INFO] [stdout] 
[INFO] [stdout] running 0 tests
[INFO] [stderr]    Doc-tests unix_daemonize
[INFO] [stdout] 
[INFO] [stdout] test result: ok. 0 passed; 0 failed; 0 ignored; 0 measured; 0 filtered out; finished in 0.00s
[INFO] [stdout] 
[INFO] [stdout] 
[INFO] [stdout] running 1 test
[INFO] [stdout] test src/lib.rs - (line 3) ... FAILED
[INFO] [stdout] 
[INFO] [stdout] failures:
[INFO] [stdout] 
[INFO] [stdout] ---- src/lib.rs - (line 3) stdout ----
[INFO] [stdout] error[E0433]: failed to resolve: use of undeclared type `ChdirMode`
[INFO] [stdout]  --> src/lib.rs:4:60
[INFO] [stdout]   |
[INFO] [stdout] 3 | daemonize_redirect(Some("stdout.log"), Some("stderr.log"), ChdirMode::ChdirRoot).unwrap();
[INFO] [stdout]   |                                                            ^^^^^^^^^ use of undeclared type `ChdirMode`
[INFO] [stdout] 
[INFO] [stdout] error[E0425]: cannot find function `daemonize_redirect` in this scope
[INFO] [stdout]  --> src/lib.rs:4:1
[INFO] [stdout]   |
[INFO] [stdout] 3 | daemonize_redirect(Some("stdout.log"), Some("stderr.log"), ChdirMode::ChdirRoot).unwrap();
[INFO] [stdout]   | ^^^^^^^^^^^^^^^^^^ not found in this scope
[INFO] [stdout] 
[INFO] [stdout] error: aborting due to 2 previous errors
[INFO] [stdout] 
[INFO] [stdout] Some errors have detailed explanations: E0425, E0433.
[INFO] [stdout] For more information about an error, try `rustc --explain E0425`.
[INFO] [stdout] Couldn't compile the test.
[INFO] [stdout] 
[INFO] [stdout] failures:
[INFO] [stdout]     src/lib.rs - (line 3)
[INFO] [stdout] 
[INFO] [stdout] test result: FAILED. 0 passed; 1 failed; 0 ignored; 0 measured; 0 filtered out; finished in 0.09s
[INFO] [stdout] 
[INFO] [stderr] error: test failed, to rerun pass '--doc'
[INFO] running `Command { std: "docker" "inspect" "0da426f591e68a79b388bf9500e4f348cf30a566501110bbebb1445fed35aa0a", kill_on_drop: false }`
[INFO] running `Command { std: "docker" "rm" "-f" "0da426f591e68a79b388bf9500e4f348cf30a566501110bbebb1445fed35aa0a", kill_on_drop: false }`
[INFO] [stdout] 0da426f591e68a79b388bf9500e4f348cf30a566501110bbebb1445fed35aa0a
