[INFO] fetching crate uniui_wrapper_minimalsize 0.0.2...
[INFO] testing uniui_wrapper_minimalsize-0.0.2 against 1.54.0 for beta-1.55-1
[INFO] extracting crate uniui_wrapper_minimalsize 0.0.2 into /workspace/builds/worker-56/source
[INFO] validating manifest of crates.io crate uniui_wrapper_minimalsize 0.0.2 on toolchain 1.54.0
[INFO] running `Command { std: "/workspace/cargo-home/bin/cargo" "+1.54.0" "metadata" "--manifest-path" "Cargo.toml" "--no-deps", kill_on_drop: false }`
[INFO] started tweaking crates.io crate uniui_wrapper_minimalsize 0.0.2
[INFO] finished tweaking crates.io crate uniui_wrapper_minimalsize 0.0.2
[INFO] tweaked toml for crates.io crate uniui_wrapper_minimalsize 0.0.2 written to /workspace/builds/worker-56/source/Cargo.toml
[INFO] running `Command { std: "/workspace/cargo-home/bin/cargo" "+1.54.0" "generate-lockfile" "--manifest-path" "Cargo.toml" "-Zno-index-update", kill_on_drop: false }`
[INFO] [stderr]     Blocking waiting for file lock on package cache
[INFO] running `Command { std: "/workspace/cargo-home/bin/cargo" "+1.54.0" "fetch" "--manifest-path" "Cargo.toml", kill_on_drop: false }`
[INFO] [stderr]     Blocking waiting for file lock on package cache
[INFO] [stderr]     Blocking waiting for file lock on package cache
[INFO] running `Command { std: "docker" "create" "-v" "/var/lib/crater-agent-workspace/builds/worker-56/target:/opt/rustwide/target:rw,Z" "-v" "/var/lib/crater-agent-workspace/builds/worker-56/source:/opt/rustwide/workdir:ro,Z" "-v" "/var/lib/crater-agent-workspace/cargo-home:/opt/rustwide/cargo-home:ro,Z" "-v" "/var/lib/crater-agent-workspace/rustup-home:/opt/rustwide/rustup-home:ro,Z" "-e" "SOURCE_DIR=/opt/rustwide/workdir" "-e" "CARGO_TARGET_DIR=/opt/rustwide/target" "-e" "CARGO_HOME=/opt/rustwide/cargo-home" "-e" "RUSTUP_HOME=/opt/rustwide/rustup-home" "-w" "/opt/rustwide/workdir" "-m" "1610612736" "--user" "0:0" "--network" "none" "ghcr.io/rust-lang/crates-build-env/linux@sha256:34b6a614d2c27851fe6cbf88fbd1137609cefab8b10d0615aaeb6fd47975d74e" "/opt/rustwide/cargo-home/bin/cargo" "+1.54.0" "metadata" "--no-deps" "--format-version=1", kill_on_drop: false }`
[INFO] [stdout] 1b906e896abc33acb90d60c91aa16ffce60e11f1d225f32168f43f4201de530d
[INFO] running `Command { std: "docker" "start" "-a" "1b906e896abc33acb90d60c91aa16ffce60e11f1d225f32168f43f4201de530d", kill_on_drop: false }`
[INFO] running `Command { std: "docker" "inspect" "1b906e896abc33acb90d60c91aa16ffce60e11f1d225f32168f43f4201de530d", kill_on_drop: false }`
[INFO] running `Command { std: "docker" "rm" "-f" "1b906e896abc33acb90d60c91aa16ffce60e11f1d225f32168f43f4201de530d", kill_on_drop: false }`
[INFO] [stdout] 1b906e896abc33acb90d60c91aa16ffce60e11f1d225f32168f43f4201de530d
[INFO] running `Command { std: "docker" "create" "-v" "/var/lib/crater-agent-workspace/builds/worker-56/target:/opt/rustwide/target:rw,Z" "-v" "/var/lib/crater-agent-workspace/builds/worker-56/source:/opt/rustwide/workdir:ro,Z" "-v" "/var/lib/crater-agent-workspace/cargo-home:/opt/rustwide/cargo-home:ro,Z" "-v" "/var/lib/crater-agent-workspace/rustup-home:/opt/rustwide/rustup-home:ro,Z" "-e" "SOURCE_DIR=/opt/rustwide/workdir" "-e" "CARGO_TARGET_DIR=/opt/rustwide/target" "-e" "CARGO_INCREMENTAL=0" "-e" "RUST_BACKTRACE=full" "-e" "RUSTFLAGS=--cap-lints=warn" "-e" "CARGO_HOME=/opt/rustwide/cargo-home" "-e" "RUSTUP_HOME=/opt/rustwide/rustup-home" "-w" "/opt/rustwide/workdir" "-m" "1610612736" "--user" "0:0" "--network" "none" "ghcr.io/rust-lang/crates-build-env/linux@sha256:34b6a614d2c27851fe6cbf88fbd1137609cefab8b10d0615aaeb6fd47975d74e" "/opt/rustwide/cargo-home/bin/cargo" "+1.54.0" "build" "--frozen" "--message-format=json", kill_on_drop: false }`
[INFO] [stdout] 072a9e5f377cc88d7f564ab7dcaaabe76b667b61a25b3809100c190cc71b6219
[INFO] running `Command { std: "docker" "start" "-a" "072a9e5f377cc88d7f564ab7dcaaabe76b667b61a25b3809100c190cc71b6219", kill_on_drop: false }`
[INFO] [stderr]     Blocking waiting for file lock on package cache
[INFO] [stderr]     Blocking waiting for file lock on package cache
[INFO] [stderr]    Compiling proc-macro2 v1.0.28
[INFO] [stderr]    Compiling syn v1.0.74
[INFO] [stderr]    Compiling getrandom v0.1.16
[INFO] [stderr]    Compiling ppv-lite86 v0.2.10
[INFO] [stderr]    Compiling semver-parser v0.7.0
[INFO] [stderr]    Compiling same-file v1.0.6
[INFO] [stderr]    Compiling uniui_core v0.0.4
[INFO] [stderr]    Compiling walkdir v2.3.2
[INFO] [stderr]    Compiling rand_core v0.5.1
[INFO] [stderr]    Compiling rand_chacha v0.2.2
[INFO] [stderr]    Compiling rand v0.7.3
[INFO] [stderr]    Compiling quote v1.0.9
[INFO] [stderr]    Compiling serde_derive v1.0.127
[INFO] [stderr]    Compiling thiserror-impl v1.0.26
[INFO] [stderr]    Compiling uni_components_macro v0.0.7
[INFO] [stderr]    Compiling thiserror v1.0.26
[INFO] [stderr]    Compiling serde v1.0.127
[INFO] [stderr]    Compiling serde_json v1.0.66
[INFO] [stderr]    Compiling semver v0.10.0
[INFO] [stderr]    Compiling serde_urlencoded v0.7.0
[INFO] [stderr]    Compiling toml v0.5.8
[INFO] [stderr]    Compiling uni_net v0.0.5
[INFO] [stderr]    Compiling cargo_metadata v0.11.4
[INFO] [stderr]    Compiling uni_components v0.0.9
[INFO] [stderr]    Compiling uniui_build v0.0.15
[INFO] [stderr]    Compiling uniui_gui v0.0.16
[INFO] [stderr]    Compiling uniui_gui_macro v0.0.15
[INFO] [stderr]    Compiling uniui_wrapper_minimalsize v0.0.2 (/opt/rustwide/workdir)
[INFO] [stderr]     Finished dev [unoptimized + debuginfo] target(s) in 27.46s
[INFO] running `Command { std: "docker" "inspect" "072a9e5f377cc88d7f564ab7dcaaabe76b667b61a25b3809100c190cc71b6219", kill_on_drop: false }`
[INFO] running `Command { std: "docker" "rm" "-f" "072a9e5f377cc88d7f564ab7dcaaabe76b667b61a25b3809100c190cc71b6219", kill_on_drop: false }`
[INFO] [stdout] 072a9e5f377cc88d7f564ab7dcaaabe76b667b61a25b3809100c190cc71b6219
[INFO] running `Command { std: "docker" "create" "-v" "/var/lib/crater-agent-workspace/builds/worker-56/target:/opt/rustwide/target:rw,Z" "-v" "/var/lib/crater-agent-workspace/builds/worker-56/source:/opt/rustwide/workdir:ro,Z" "-v" "/var/lib/crater-agent-workspace/cargo-home:/opt/rustwide/cargo-home:ro,Z" "-v" "/var/lib/crater-agent-workspace/rustup-home:/opt/rustwide/rustup-home:ro,Z" "-e" "SOURCE_DIR=/opt/rustwide/workdir" "-e" "CARGO_TARGET_DIR=/opt/rustwide/target" "-e" "CARGO_INCREMENTAL=0" "-e" "RUST_BACKTRACE=full" "-e" "RUSTFLAGS=--cap-lints=warn" "-e" "CARGO_HOME=/opt/rustwide/cargo-home" "-e" "RUSTUP_HOME=/opt/rustwide/rustup-home" "-w" "/opt/rustwide/workdir" "-m" "1610612736" "--user" "0:0" "--network" "none" "ghcr.io/rust-lang/crates-build-env/linux@sha256:34b6a614d2c27851fe6cbf88fbd1137609cefab8b10d0615aaeb6fd47975d74e" "/opt/rustwide/cargo-home/bin/cargo" "+1.54.0" "test" "--frozen" "--no-run" "--message-format=json", kill_on_drop: false }`
[INFO] [stdout] 5cebc749cf7478a3806ed774ac34f384a7c4650086fdf0377ba42205bc4951e4
[INFO] running `Command { std: "docker" "start" "-a" "5cebc749cf7478a3806ed774ac34f384a7c4650086fdf0377ba42205bc4951e4", kill_on_drop: false }`
[INFO] [stderr]     Blocking waiting for file lock on package cache
[INFO] [stderr]    Compiling uniui_wrapper_minimalsize v0.0.2 (/opt/rustwide/workdir)
[INFO] [stderr]     Finished test [unoptimized + debuginfo] target(s) in 1.33s
[INFO] running `Command { std: "docker" "inspect" "5cebc749cf7478a3806ed774ac34f384a7c4650086fdf0377ba42205bc4951e4", kill_on_drop: false }`
[INFO] running `Command { std: "docker" "rm" "-f" "5cebc749cf7478a3806ed774ac34f384a7c4650086fdf0377ba42205bc4951e4", kill_on_drop: false }`
[INFO] [stdout] 5cebc749cf7478a3806ed774ac34f384a7c4650086fdf0377ba42205bc4951e4
[INFO] running `Command { std: "docker" "create" "-v" "/var/lib/crater-agent-workspace/builds/worker-56/target:/opt/rustwide/target:rw,Z" "-v" "/var/lib/crater-agent-workspace/builds/worker-56/source:/opt/rustwide/workdir:ro,Z" "-v" "/var/lib/crater-agent-workspace/cargo-home:/opt/rustwide/cargo-home:ro,Z" "-v" "/var/lib/crater-agent-workspace/rustup-home:/opt/rustwide/rustup-home:ro,Z" "-e" "SOURCE_DIR=/opt/rustwide/workdir" "-e" "CARGO_TARGET_DIR=/opt/rustwide/target" "-e" "CARGO_INCREMENTAL=0" "-e" "RUST_BACKTRACE=full" "-e" "RUSTFLAGS=--cap-lints=warn" "-e" "CARGO_HOME=/opt/rustwide/cargo-home" "-e" "RUSTUP_HOME=/opt/rustwide/rustup-home" "-w" "/opt/rustwide/workdir" "-m" "1610612736" "--user" "0:0" "--network" "none" "ghcr.io/rust-lang/crates-build-env/linux@sha256:34b6a614d2c27851fe6cbf88fbd1137609cefab8b10d0615aaeb6fd47975d74e" "/opt/rustwide/cargo-home/bin/cargo" "+1.54.0" "test" "--frozen", kill_on_drop: false }`
[INFO] [stdout] d28040a8c23b66e42fab8c07f8b634cd20eb58275ffb3bc2582b2f6a885c2082
[INFO] running `Command { std: "docker" "start" "-a" "d28040a8c23b66e42fab8c07f8b634cd20eb58275ffb3bc2582b2f6a885c2082", kill_on_drop: false }`
[INFO] [stderr]     Blocking waiting for file lock on package cache
[INFO] [stderr]     Blocking waiting for file lock on package cache
[INFO] [stderr]     Finished test [unoptimized + debuginfo] target(s) in 0.72s
[INFO] [stderr]      Running unittests (/opt/rustwide/target/debug/deps/uniui_wrapper_minimalsize-7e74f41db2731058)
[INFO] [stdout] 
[INFO] [stderr]    Doc-tests uniui_wrapper_minimalsize
[INFO] [stdout] running 0 tests
[INFO] [stdout] 
[INFO] [stdout] test result: ok. 0 passed; 0 failed; 0 ignored; 0 measured; 0 filtered out; finished in 0.00s
[INFO] [stdout] 
[INFO] [stdout] 
[INFO] [stdout] running 2 tests
[INFO] [stdout] test src/lib.rs - u_minimalsize (line 67) ... FAILED
[INFO] [stdout] test src/lib.rs - MinimalSize (line 85) ... FAILED
[INFO] [stdout] 
[INFO] [stdout] failures:
[INFO] [stdout] 
[INFO] [stdout] ---- src/lib.rs - u_minimalsize (line 67) stdout ----
[INFO] [stdout] error: cannot find macro `u_minimalsize` in this scope
[INFO] [stdout]  --> src/lib.rs:68:22
[INFO] [stdout]   |
[INFO] [stdout] 3 | let minimal_widget = u_minimalsize!(widget);
[INFO] [stdout]   |                      ^^^^^^^^^^^^^
[INFO] [stdout]   |
[INFO] [stdout]   = note: consider importing this macro:
[INFO] [stdout]           uniui_wrapper_minimalsize::u_minimalsize
[INFO] [stdout] 
[INFO] [stdout] error: aborting due to previous error
[INFO] [stdout] 
[INFO] [stdout] Couldn't compile the test.
[INFO] [stdout] ---- src/lib.rs - MinimalSize (line 85) stdout ----
[INFO] [stdout] error[E0422]: cannot find struct, variant or union type `MinimalSize` in this scope
[INFO] [stdout]  --> src/lib.rs:86:28
[INFO] [stdout]   |
[INFO] [stdout] 3 | let nonexpandable_widget = MinimalSize {
[INFO] [stdout]   |                            ^^^^^^^^^^^ not found in this scope
[INFO] [stdout]   |
[INFO] [stdout] help: consider importing this struct
[INFO] [stdout]   |
[INFO] [stdout] 2 | use uniui_wrapper_minimalsize::MinimalSize;
[INFO] [stdout]   |
[INFO] [stdout] 
[INFO] [stdout] error[E0425]: cannot find value `expandable_widget` in this scope
[INFO] [stdout]  --> src/lib.rs:87:13
[INFO] [stdout]   |
[INFO] [stdout] 4 |     widget: expandable_widget,
[INFO] [stdout]   |             ^^^^^^^^^^^^^^^^^ not found in this scope
[INFO] [stdout] 
[INFO] [stdout] error: aborting due to 2 previous errors
[INFO] [stdout] 
[INFO] [stdout] Some errors have detailed explanations: E0422, E0425.
[INFO] [stdout] For more information about an error, try `rustc --explain E0422`.
[INFO] [stdout] Couldn't compile the test.
[INFO] [stdout] 
[INFO] [stdout] failures:
[INFO] [stdout]     src/lib.rs - MinimalSize (line 85)
[INFO] [stdout]     src/lib.rs - u_minimalsize (line 67)
[INFO] [stdout] 
[INFO] [stdout] test result: FAILED. 0 passed; 2 failed; 0 ignored; 0 measured; 0 filtered out; finished in 0.12s
[INFO] [stdout] 
[INFO] [stderr] error: test failed, to rerun pass '--doc'
[INFO] running `Command { std: "docker" "inspect" "d28040a8c23b66e42fab8c07f8b634cd20eb58275ffb3bc2582b2f6a885c2082", kill_on_drop: false }`
[INFO] running `Command { std: "docker" "rm" "-f" "d28040a8c23b66e42fab8c07f8b634cd20eb58275ffb3bc2582b2f6a885c2082", kill_on_drop: false }`
[INFO] [stdout] d28040a8c23b66e42fab8c07f8b634cd20eb58275ffb3bc2582b2f6a885c2082
