[INFO] fetching crate uniui_widget_textedit 0.0.11...
[INFO] testing uniui_widget_textedit-0.0.11 against beta-2021-08-01 for beta-1.55-1
[INFO] extracting crate uniui_widget_textedit 0.0.11 into /workspace/builds/worker-59/source
[INFO] validating manifest of crates.io crate uniui_widget_textedit 0.0.11 on toolchain beta-2021-08-01
[INFO] running `Command { std: "/workspace/cargo-home/bin/cargo" "+beta-2021-08-01" "metadata" "--manifest-path" "Cargo.toml" "--no-deps", kill_on_drop: false }`
[INFO] started tweaking crates.io crate uniui_widget_textedit 0.0.11
[INFO] finished tweaking crates.io crate uniui_widget_textedit 0.0.11
[INFO] tweaked toml for crates.io crate uniui_widget_textedit 0.0.11 written to /workspace/builds/worker-59/source/Cargo.toml
[INFO] running `Command { std: "/workspace/cargo-home/bin/cargo" "+beta-2021-08-01" "generate-lockfile" "--manifest-path" "Cargo.toml" "-Zno-index-update", kill_on_drop: false }`
[INFO] [stderr]     Blocking waiting for file lock on package cache
[INFO] running `Command { std: "/workspace/cargo-home/bin/cargo" "+beta-2021-08-01" "fetch" "--manifest-path" "Cargo.toml", kill_on_drop: false }`
[INFO] [stderr]     Blocking waiting for file lock on package cache
[INFO] [stderr]     Blocking waiting for file lock on package cache
[INFO] running `Command { std: "docker" "create" "-v" "/var/lib/crater-agent-workspace/builds/worker-59/target:/opt/rustwide/target:rw,Z" "-v" "/var/lib/crater-agent-workspace/builds/worker-59/source:/opt/rustwide/workdir:ro,Z" "-v" "/var/lib/crater-agent-workspace/cargo-home:/opt/rustwide/cargo-home:ro,Z" "-v" "/var/lib/crater-agent-workspace/rustup-home:/opt/rustwide/rustup-home:ro,Z" "-e" "SOURCE_DIR=/opt/rustwide/workdir" "-e" "CARGO_TARGET_DIR=/opt/rustwide/target" "-e" "CARGO_HOME=/opt/rustwide/cargo-home" "-e" "RUSTUP_HOME=/opt/rustwide/rustup-home" "-w" "/opt/rustwide/workdir" "-m" "1610612736" "--user" "0:0" "--network" "none" "ghcr.io/rust-lang/crates-build-env/linux@sha256:34b6a614d2c27851fe6cbf88fbd1137609cefab8b10d0615aaeb6fd47975d74e" "/opt/rustwide/cargo-home/bin/cargo" "+beta-2021-08-01" "metadata" "--no-deps" "--format-version=1", kill_on_drop: false }`
[INFO] [stdout] 065960073c345b50495f796b0e584a8ceb7765381cdaf3d88d1bb61f020e1948
[INFO] running `Command { std: "docker" "start" "-a" "065960073c345b50495f796b0e584a8ceb7765381cdaf3d88d1bb61f020e1948", kill_on_drop: false }`
[INFO] running `Command { std: "docker" "inspect" "065960073c345b50495f796b0e584a8ceb7765381cdaf3d88d1bb61f020e1948", kill_on_drop: false }`
[INFO] running `Command { std: "docker" "rm" "-f" "065960073c345b50495f796b0e584a8ceb7765381cdaf3d88d1bb61f020e1948", kill_on_drop: false }`
[INFO] [stdout] 065960073c345b50495f796b0e584a8ceb7765381cdaf3d88d1bb61f020e1948
[INFO] running `Command { std: "docker" "create" "-v" "/var/lib/crater-agent-workspace/builds/worker-59/target:/opt/rustwide/target:rw,Z" "-v" "/var/lib/crater-agent-workspace/builds/worker-59/source:/opt/rustwide/workdir:ro,Z" "-v" "/var/lib/crater-agent-workspace/cargo-home:/opt/rustwide/cargo-home:ro,Z" "-v" "/var/lib/crater-agent-workspace/rustup-home:/opt/rustwide/rustup-home:ro,Z" "-e" "SOURCE_DIR=/opt/rustwide/workdir" "-e" "CARGO_TARGET_DIR=/opt/rustwide/target" "-e" "CARGO_INCREMENTAL=0" "-e" "RUST_BACKTRACE=full" "-e" "RUSTFLAGS=--cap-lints=warn" "-e" "CARGO_HOME=/opt/rustwide/cargo-home" "-e" "RUSTUP_HOME=/opt/rustwide/rustup-home" "-w" "/opt/rustwide/workdir" "-m" "1610612736" "--user" "0:0" "--network" "none" "ghcr.io/rust-lang/crates-build-env/linux@sha256:34b6a614d2c27851fe6cbf88fbd1137609cefab8b10d0615aaeb6fd47975d74e" "/opt/rustwide/cargo-home/bin/cargo" "+beta-2021-08-01" "build" "--frozen" "--message-format=json", kill_on_drop: false }`
[INFO] [stdout] 858744af45315903ad6661e44228fa969110ad2dc198ed708310f59fb44ab444
[INFO] running `Command { std: "docker" "start" "-a" "858744af45315903ad6661e44228fa969110ad2dc198ed708310f59fb44ab444", kill_on_drop: false }`
[INFO] [stderr]     Blocking waiting for file lock on package cache
[INFO] [stderr]     Blocking waiting for file lock on package cache
[INFO] [stderr]    Compiling proc-macro2 v1.0.28
[INFO] [stderr]    Compiling syn v1.0.74
[INFO] [stderr]    Compiling serde_derive v1.0.127
[INFO] [stderr]    Compiling serde v1.0.127
[INFO] [stderr]    Compiling getrandom v0.1.16
[INFO] [stderr]    Compiling serde_json v1.0.66
[INFO] [stderr]    Compiling semver-parser v0.7.0
[INFO] [stderr]    Compiling cc v1.0.69
[INFO] [stderr]    Compiling tinyvec v1.3.1
[INFO] [stderr]    Compiling uniui_core v0.0.4
[INFO] [stderr]    Compiling rand_core v0.5.1
[INFO] [stderr]    Compiling rand_chacha v0.2.2
[INFO] [stderr]    Compiling quote v1.0.9
[INFO] [stderr]    Compiling unicode-normalization v0.1.19
[INFO] [stderr]    Compiling rand v0.7.3
[INFO] [stderr]    Compiling idna v0.2.3
[INFO] [stderr]    Compiling url v2.2.2
[INFO] [stderr]    Compiling thiserror-impl v1.0.26
[INFO] [stderr]    Compiling uni_components_macro v0.0.7
[INFO] [stderr]    Compiling thiserror v1.0.26
[INFO] [stderr]    Compiling semver v0.10.0
[INFO] [stderr]    Compiling serde_urlencoded v0.7.0
[INFO] [stderr]    Compiling toml v0.5.8
[INFO] [stderr]    Compiling uni_net v0.0.5
[INFO] [stderr]    Compiling cargo_metadata v0.11.4
[INFO] [stderr]    Compiling uni_components v0.0.9
[INFO] [stderr]    Compiling uniui_build v0.0.15
[INFO] [stderr]    Compiling uniui_gui v0.0.16
[INFO] [stderr]    Compiling uniui_widget_textedit v0.0.11 (/opt/rustwide/workdir)
[INFO] [stderr]    Compiling uniui_gui_macro v0.0.15
[INFO] [stderr] warning: In file included from /usr/include/x86_64-linux-gnu/qt5/QtCore/qlocale.h:43,
[INFO] [stderr] warning:                  from /usr/include/x86_64-linux-gnu/qt5/QtGui/qguiapplication.h:47,
[INFO] [stderr] warning:                  from /usr/include/x86_64-linux-gnu/qt5/QtWidgets/qapplication.h:52,
[INFO] [stderr] warning:                  from /usr/include/x86_64-linux-gnu/qt5/QtWidgets/QApplication:1,
[INFO] [stderr] warning:                  from cpp/source.cpp:1:
[INFO] [stderr] warning: /usr/include/x86_64-linux-gnu/qt5/QtCore/qvariant.h: In constructor 'QVariant::QVariant(QVariant&&)':
[INFO] [stderr] warning: /usr/include/x86_64-linux-gnu/qt5/QtCore/qvariant.h:275:25: warning: implicitly-declared 'QVariant::Private& QVariant::Private::operator=(const QVariant::Private&)' is deprecated [-Wdeprecated-copy]
[INFO] [stderr] warning:   275 |     { other.d = Private(); }
[INFO] [stderr] warning:       |                         ^
[INFO] [stderr] warning: /usr/include/x86_64-linux-gnu/qt5/QtCore/qvariant.h:401:16: note: because 'QVariant::Private' has user-provided 'QVariant::Private::Private(const QVariant::Private&)'
[INFO] [stderr] warning:   401 |         inline Private(const Private &other) Q_DECL_NOTHROW
[INFO] [stderr] warning:       |                ^~~~~~~
[INFO] [stderr]     Finished dev [unoptimized + debuginfo] target(s) in 26.81s
[INFO] running `Command { std: "docker" "inspect" "858744af45315903ad6661e44228fa969110ad2dc198ed708310f59fb44ab444", kill_on_drop: false }`
[INFO] running `Command { std: "docker" "rm" "-f" "858744af45315903ad6661e44228fa969110ad2dc198ed708310f59fb44ab444", kill_on_drop: false }`
[INFO] [stdout] 858744af45315903ad6661e44228fa969110ad2dc198ed708310f59fb44ab444
[INFO] running `Command { std: "docker" "create" "-v" "/var/lib/crater-agent-workspace/builds/worker-59/target:/opt/rustwide/target:rw,Z" "-v" "/var/lib/crater-agent-workspace/builds/worker-59/source:/opt/rustwide/workdir:ro,Z" "-v" "/var/lib/crater-agent-workspace/cargo-home:/opt/rustwide/cargo-home:ro,Z" "-v" "/var/lib/crater-agent-workspace/rustup-home:/opt/rustwide/rustup-home:ro,Z" "-e" "SOURCE_DIR=/opt/rustwide/workdir" "-e" "CARGO_TARGET_DIR=/opt/rustwide/target" "-e" "CARGO_INCREMENTAL=0" "-e" "RUST_BACKTRACE=full" "-e" "RUSTFLAGS=--cap-lints=warn" "-e" "CARGO_HOME=/opt/rustwide/cargo-home" "-e" "RUSTUP_HOME=/opt/rustwide/rustup-home" "-w" "/opt/rustwide/workdir" "-m" "1610612736" "--user" "0:0" "--network" "none" "ghcr.io/rust-lang/crates-build-env/linux@sha256:34b6a614d2c27851fe6cbf88fbd1137609cefab8b10d0615aaeb6fd47975d74e" "/opt/rustwide/cargo-home/bin/cargo" "+beta-2021-08-01" "test" "--frozen" "--no-run" "--message-format=json", kill_on_drop: false }`
[INFO] [stdout] d17dc203dd99c8ebc6c867322e4ed1828e296fe84b9c29bca1cf63d0035b2adf
[INFO] running `Command { std: "docker" "start" "-a" "d17dc203dd99c8ebc6c867322e4ed1828e296fe84b9c29bca1cf63d0035b2adf", kill_on_drop: false }`
[INFO] [stderr] warning: In file included from /usr/include/x86_64-linux-gnu/qt5/QtCore/qlocale.h:43,
[INFO] [stderr] warning:                  from /usr/include/x86_64-linux-gnu/qt5/QtGui/qguiapplication.h:47,
[INFO] [stderr] warning:                  from /usr/include/x86_64-linux-gnu/qt5/QtWidgets/qapplication.h:52,
[INFO] [stderr] warning:                  from /usr/include/x86_64-linux-gnu/qt5/QtWidgets/QApplication:1,
[INFO] [stderr] warning:                  from cpp/source.cpp:1:
[INFO] [stderr] warning: /usr/include/x86_64-linux-gnu/qt5/QtCore/qvariant.h: In constructor 'QVariant::QVariant(QVariant&&)':
[INFO] [stderr] warning: /usr/include/x86_64-linux-gnu/qt5/QtCore/qvariant.h:275:25: warning: implicitly-declared 'QVariant::Private& QVariant::Private::operator=(const QVariant::Private&)' is deprecated [-Wdeprecated-copy]
[INFO] [stderr] warning:   275 |     { other.d = Private(); }
[INFO] [stderr] warning:       |                         ^
[INFO] [stderr] warning: /usr/include/x86_64-linux-gnu/qt5/QtCore/qvariant.h:401:16: note: because 'QVariant::Private' has user-provided 'QVariant::Private::Private(const QVariant::Private&)'
[INFO] [stderr] warning:   401 |         inline Private(const Private &other) Q_DECL_NOTHROW
[INFO] [stderr] warning:       |                ^~~~~~~
[INFO] [stderr]    Compiling uniui_widget_textedit v0.0.11 (/opt/rustwide/workdir)
[INFO] [stderr]     Finished test [unoptimized + debuginfo] target(s) in 1.46s
[INFO] running `Command { std: "docker" "inspect" "d17dc203dd99c8ebc6c867322e4ed1828e296fe84b9c29bca1cf63d0035b2adf", kill_on_drop: false }`
[INFO] running `Command { std: "docker" "rm" "-f" "d17dc203dd99c8ebc6c867322e4ed1828e296fe84b9c29bca1cf63d0035b2adf", kill_on_drop: false }`
[INFO] [stdout] d17dc203dd99c8ebc6c867322e4ed1828e296fe84b9c29bca1cf63d0035b2adf
[INFO] running `Command { std: "docker" "create" "-v" "/var/lib/crater-agent-workspace/builds/worker-59/target:/opt/rustwide/target:rw,Z" "-v" "/var/lib/crater-agent-workspace/builds/worker-59/source:/opt/rustwide/workdir:ro,Z" "-v" "/var/lib/crater-agent-workspace/cargo-home:/opt/rustwide/cargo-home:ro,Z" "-v" "/var/lib/crater-agent-workspace/rustup-home:/opt/rustwide/rustup-home:ro,Z" "-e" "SOURCE_DIR=/opt/rustwide/workdir" "-e" "CARGO_TARGET_DIR=/opt/rustwide/target" "-e" "CARGO_INCREMENTAL=0" "-e" "RUST_BACKTRACE=full" "-e" "RUSTFLAGS=--cap-lints=warn" "-e" "CARGO_HOME=/opt/rustwide/cargo-home" "-e" "RUSTUP_HOME=/opt/rustwide/rustup-home" "-w" "/opt/rustwide/workdir" "-m" "1610612736" "--user" "0:0" "--network" "none" "ghcr.io/rust-lang/crates-build-env/linux@sha256:34b6a614d2c27851fe6cbf88fbd1137609cefab8b10d0615aaeb6fd47975d74e" "/opt/rustwide/cargo-home/bin/cargo" "+beta-2021-08-01" "test" "--frozen", kill_on_drop: false }`
[INFO] [stdout] 1fe8a10a23dc841cd9b8a14a70f0cf951c2a63235442b04a0d92100c9649aeed
[INFO] running `Command { std: "docker" "start" "-a" "1fe8a10a23dc841cd9b8a14a70f0cf951c2a63235442b04a0d92100c9649aeed", kill_on_drop: false }`
[INFO] [stderr] warning: In file included from /usr/include/x86_64-linux-gnu/qt5/QtCore/qlocale.h:43,
[INFO] [stderr] warning:                  from /usr/include/x86_64-linux-gnu/qt5/QtGui/qguiapplication.h:47,
[INFO] [stderr] warning:                  from /usr/include/x86_64-linux-gnu/qt5/QtWidgets/qapplication.h:52,
[INFO] [stderr] warning:                  from /usr/include/x86_64-linux-gnu/qt5/QtWidgets/QApplication:1,
[INFO] [stderr] warning:                  from cpp/source.cpp:1:
[INFO] [stderr] warning: /usr/include/x86_64-linux-gnu/qt5/QtCore/qvariant.h: In constructor 'QVariant::QVariant(QVariant&&)':
[INFO] [stderr] warning: /usr/include/x86_64-linux-gnu/qt5/QtCore/qvariant.h:275:25: warning: implicitly-declared 'QVariant::Private& QVariant::Private::operator=(const QVariant::Private&)' is deprecated [-Wdeprecated-copy]
[INFO] [stderr] warning:   275 |     { other.d = Private(); }
[INFO] [stderr] warning:       |                         ^
[INFO] [stderr] warning: /usr/include/x86_64-linux-gnu/qt5/QtCore/qvariant.h:401:16: note: because 'QVariant::Private' has user-provided 'QVariant::Private::Private(const QVariant::Private&)'
[INFO] [stderr] warning:   401 |         inline Private(const Private &other) Q_DECL_NOTHROW
[INFO] [stderr] warning:       |                ^~~~~~~
[INFO] [stderr]     Finished test [unoptimized + debuginfo] target(s) in 0.09s
[INFO] [stderr]      Running unittests (/opt/rustwide/target/debug/deps/uniui_widget_textedit-49cc34c3def73203)
[INFO] [stdout] 
[INFO] [stdout] running 0 tests
[INFO] [stdout] 
[INFO] [stdout] test result: ok. 0 passed; 0 failed; 0 ignored; 0 measured; 0 filtered out; finished in 0.00s
[INFO] [stdout] 
[INFO] [stderr]    Doc-tests uniui_widget_textedit
[INFO] [stdout] 
[INFO] [stdout] running 6 tests
[INFO] [stdout] test src/textedit.rs - textedit::TextEdit (line 35) ... FAILED
[INFO] [stdout] test src/textedit.rs - textedit::TextEdit::new (line 56) ... FAILED
[INFO] [stdout] test src/textedit.rs - textedit::TextEdit::signal_text_changed (line 74) ... FAILED
[INFO] [stdout] test src/textedit.rs - textedit::TextEdit::slot_set_text (line 92) ... FAILED
[INFO] [stdout] test src/macros.rs - u_textedit (line 29) ... FAILED
[INFO] [stdout] test src/textedit.rs - textedit::TextEdit (line 24) ... FAILED
[INFO] [stdout] 
[INFO] [stdout] failures:
[INFO] [stdout] 
[INFO] [stdout] ---- src/textedit.rs - textedit::TextEdit (line 35) stdout ----
[INFO] [stdout] error: cannot find macro `u_textedit` in this scope
[INFO] [stdout]  --> src/textedit.rs:38:17
[INFO] [stdout]   |
[INFO] [stdout] 5 | let text_edit = u_textedit!{
[INFO] [stdout]   |                 ^^^^^^^^^^
[INFO] [stdout]   |
[INFO] [stdout]   = note: consider importing this macro:
[INFO] [stdout]           uniui_widget_textedit::u_textedit
[INFO] [stdout] 
[INFO] [stdout] error[E0433]: failed to resolve: use of undeclared type `SlotImpl`
[INFO] [stdout]  --> src/textedit.rs:36:12
[INFO] [stdout]   |
[INFO] [stdout] 3 | let slot = SlotImpl::new();
[INFO] [stdout]   |            ^^^^^^^^ not found in this scope
[INFO] [stdout]   |
[INFO] [stdout] help: consider importing one of these items
[INFO] [stdout]   |
[INFO] [stdout] 2 | use uniui_core::SlotImpl;
[INFO] [stdout]   |
[INFO] [stdout] 2 | use uniui_gui::core::SlotImpl;
[INFO] [stdout]   |
[INFO] [stdout] 
[INFO] [stdout] error: aborting due to 2 previous errors
[INFO] [stdout] 
[INFO] [stdout] For more information about this error, try `rustc --explain E0433`.
[INFO] [stdout] Couldn't compile the test.
[INFO] [stdout] ---- src/textedit.rs - textedit::TextEdit::new (line 56) stdout ----
[INFO] [stdout] error[E0433]: failed to resolve: use of undeclared type `TextEdit`
[INFO] [stdout]  --> src/textedit.rs:57:13
[INFO] [stdout]   |
[INFO] [stdout] 3 | let label = TextEdit::new("First Name".to_owned());
[INFO] [stdout]   |             ^^^^^^^^ not found in this scope
[INFO] [stdout]   |
[INFO] [stdout] help: consider importing this struct
[INFO] [stdout]   |
[INFO] [stdout] 2 | use uniui_widget_textedit::TextEdit;
[INFO] [stdout]   |
[INFO] [stdout] 
[INFO] [stdout] error: aborting due to previous error
[INFO] [stdout] 
[INFO] [stdout] For more information about this error, try `rustc --explain E0433`.
[INFO] [stdout] Couldn't compile the test.
[INFO] [stdout] ---- src/textedit.rs - textedit::TextEdit::signal_text_changed (line 74) stdout ----
[INFO] [stdout] error: cannot find macro `u_textedit` in this scope
[INFO] [stdout]  --> src/textedit.rs:75:21
[INFO] [stdout]   |
[INFO] [stdout] 3 | let mut text_edit = u_textedit!{
[INFO] [stderr] error: test failed, to rerun pass '--doc'
[INFO] [stdout]   |                     ^^^^^^^^^^
[INFO] [stdout]   |
[INFO] [stdout]   = note: consider importing this macro:
[INFO] [stdout]           uniui_widget_textedit::u_textedit
[INFO] [stdout] 
[INFO] [stdout] error[E0433]: failed to resolve: use of undeclared type `SlotImpl`
[INFO] [stdout]  --> src/textedit.rs:79:12
[INFO] [stdout]   |
[INFO] [stdout] 7 | let slot = SlotImpl::new();
[INFO] [stdout]   |            ^^^^^^^^ not found in this scope
[INFO] [stdout]   |
[INFO] [stdout] help: consider importing one of these items
[INFO] [stdout]   |
[INFO] [stdout] 2 | use uniui_core::SlotImpl;
[INFO] [stdout]   |
[INFO] [stdout] 2 | use uniui_gui::core::SlotImpl;
[INFO] [stdout]   |
[INFO] [stdout] 
[INFO] [stdout] error: aborting due to 2 previous errors
[INFO] [stdout] 
[INFO] [stdout] For more information about this error, try `rustc --explain E0433`.
[INFO] [stdout] Couldn't compile the test.
[INFO] [stdout] ---- src/textedit.rs - textedit::TextEdit::slot_set_text (line 92) stdout ----
[INFO] [stdout] error: cannot find macro `u_textedit` in this scope
[INFO] [stdout]  --> src/textedit.rs:93:17
[INFO] [stdout]   |
[INFO] [stdout] 3 | let text_edit = u_textedit!{
[INFO] [stdout]   |                 ^^^^^^^^^^
[INFO] [stdout]   |
[INFO] [stdout]   = note: consider importing this macro:
[INFO] [stdout]           uniui_widget_textedit::u_textedit
[INFO] [stdout] 
[INFO] [stdout] error[E0433]: failed to resolve: use of undeclared type `Signal`
[INFO] [stdout]  --> src/textedit.rs:97:18
[INFO] [stdout]   |
[INFO] [stdout] 7 | let mut signal = Signal::new();
[INFO] [stdout]   |                  ^^^^^^ not found in this scope
[INFO] [stdout]   |
[INFO] [stdout] help: consider importing one of these items
[INFO] [stdout]   |
[INFO] [stdout] 2 | use uniui_core::Signal;
[INFO] [stdout]   |
[INFO] [stdout] 2 | use uniui_gui::core::Signal;
[INFO] [stdout]   |
[INFO] [stdout] 
[INFO] [stdout] error: aborting due to 2 previous errors
[INFO] [stdout] 
[INFO] [stdout] For more information about this error, try `rustc --explain E0433`.
[INFO] [stdout] Couldn't compile the test.
[INFO] [stdout] ---- src/macros.rs - u_textedit (line 29) stdout ----
[INFO] [stdout] error: cannot find macro `u_textedit` in this scope
[INFO] [stdout]  --> src/macros.rs:32:13
[INFO] [stdout]   |
[INFO] [stdout] 5 | let label = u_textedit! {
[INFO] [stdout]   |             ^^^^^^^^^^
[INFO] [stdout]   |
[INFO] [stdout]   = note: consider importing this macro:
[INFO] [stdout]           uniui_widget_textedit::u_textedit
[INFO] [stdout] 
[INFO] [stdout] error: aborting due to previous error
[INFO] [stdout] 
[INFO] [stdout] Couldn't compile the test.
[INFO] [stdout] ---- src/textedit.rs - textedit::TextEdit (line 24) stdout ----
[INFO] [stdout] error[E0433]: failed to resolve: use of undeclared type `TextEdit`
[INFO] [stdout]  --> src/textedit.rs:25:21
[INFO] [stdout]   |
[INFO] [stdout] 3 | let mut text_edit = TextEdit::new("First Name".to_owned());
[INFO] [stdout]   |                     ^^^^^^^^ not found in this scope
[INFO] [stdout]   |
[INFO] [stdout] help: consider importing this struct
[INFO] [stdout]   |
[INFO] [stdout] 2 | use uniui_widget_textedit::TextEdit;
[INFO] [stdout]   |
[INFO] [stdout] 
[INFO] [stdout] error[E0433]: failed to resolve: use of undeclared type `SlotImpl`
[INFO] [stdout]  --> src/textedit.rs:26:12
[INFO] [stdout]   |
[INFO] [stdout] 4 | let slot = SlotImpl::new();
[INFO] [stdout]   |            ^^^^^^^^ not found in this scope
[INFO] [stdout]   |
[INFO] [stdout] help: consider importing one of these items
[INFO] [stdout]   |
[INFO] [stdout] 2 | use uniui_core::SlotImpl;
[INFO] [stdout]   |
[INFO] [stdout] 2 | use uniui_gui::core::SlotImpl;
[INFO] [stdout]   |
[INFO] [stdout] 
[INFO] [stdout] error: aborting due to 2 previous errors
[INFO] [stdout] 
[INFO] [stdout] For more information about this error, try `rustc --explain E0433`.
[INFO] [stdout] Couldn't compile the test.
[INFO] [stdout] 
[INFO] [stdout] failures:
[INFO] [stdout]     src/macros.rs - u_textedit (line 29)
[INFO] [stdout]     src/textedit.rs - textedit::TextEdit (line 24)
[INFO] [stdout]     src/textedit.rs - textedit::TextEdit (line 35)
[INFO] [stdout]     src/textedit.rs - textedit::TextEdit::new (line 56)
[INFO] [stdout]     src/textedit.rs - textedit::TextEdit::signal_text_changed (line 74)
[INFO] [stdout]     src/textedit.rs - textedit::TextEdit::slot_set_text (line 92)
[INFO] [stdout] 
[INFO] [stdout] test result: FAILED. 0 passed; 6 failed; 0 ignored; 0 measured; 0 filtered out; finished in 0.27s
[INFO] [stdout] 
[INFO] running `Command { std: "docker" "inspect" "1fe8a10a23dc841cd9b8a14a70f0cf951c2a63235442b04a0d92100c9649aeed", kill_on_drop: false }`
[INFO] running `Command { std: "docker" "rm" "-f" "1fe8a10a23dc841cd9b8a14a70f0cf951c2a63235442b04a0d92100c9649aeed", kill_on_drop: false }`
[INFO] [stdout] 1fe8a10a23dc841cd9b8a14a70f0cf951c2a63235442b04a0d92100c9649aeed
